[INFO] fetching crate glazewm-extra 0.2.0...
[INFO] testing glazewm-extra-0.2.0 against 1.99.0-beta.8+cargoflags=--release for beta-release-1.100-2
[INFO] extracting crate glazewm-extra 0.2.0 into /workspace/builds/worker-0-tc1/source
[INFO] started tweaking crates.io crate glazewm-extra 0.2.0
[INFO] finished tweaking crates.io crate glazewm-extra 0.2.0
[INFO] tweaked toml for crates.io crate glazewm-extra 0.2.0 written to /workspace/builds/worker-0-tc1/source/Cargo.toml
[INFO] validating manifest of crates.io crate glazewm-extra 0.2.0 on toolchain 1.99.0-beta.8
[INFO] running `Command { std: CARGO_HOME="/workspace/cargo-home" RUSTUP_HOME="/workspace/rustup-home" "/workspace/cargo-home/bin/cargo" "+1.99.0-beta.8" "metadata" "--manifest-path" "Cargo.toml" "--no-deps", kill_on_drop: false }`
[INFO] crate crates.io crate glazewm-extra 0.2.0 already has a lockfile, it will not be regenerated
[INFO] running `Command { std: CARGO_HOME="/workspace/cargo-home" RUSTUP_HOME="/workspace/rustup-home" "/workspace/cargo-home/bin/cargo" "+1.99.0-beta.8" "fetch" "--manifest-path" "Cargo.toml", kill_on_drop: false }`
[INFO] [stderr]     Updating crates.io index
[INFO] [stderr]  Downloading crates ...
[INFO] [stderr]   Downloaded windows-interface v0.58.0
[INFO] [stderr]   Downloaded windows-result v0.2.0
[INFO] [stderr]   Downloaded windows-core v0.58.0
[INFO] [stderr]   Downloaded windows-strings v0.1.0
[INFO] [stderr]   Downloaded serde_spanned v0.6.7
[INFO] [stderr]   Downloaded tokio-macros v2.4.0
[INFO] [stderr]   Downloaded single-instance v0.3.3
[INFO] [stderr]   Downloaded redox_users v0.4.5
[INFO] [stderr]   Downloaded anstyle-wincon v3.0.4
[INFO] [stderr]   Downloaded padlock v0.2.0
[INFO] [stderr]   Downloaded vswhom-sys v0.1.2
[INFO] [stderr]   Downloaded rustc_version v0.4.0
[INFO] [stderr]   Downloaded libredox v0.1.3
[INFO] [stderr]   Downloaded clap_lex v0.7.2
[INFO] [stderr]   Downloaded thiserror-impl v1.0.63
[INFO] [stderr]   Downloaded windows-implement v0.58.0
[INFO] [stderr]   Downloaded anstyle v1.0.8
[INFO] [stderr]   Downloaded colorchoice v1.0.2
[INFO] [stderr]   Downloaded http-body-util v0.1.2
[INFO] [stderr]   Downloaded vswhom v0.1.0
[INFO] [stderr]   Downloaded anstyle-query v1.1.1
[INFO] [stderr]   Downloaded redox_syscall v0.5.3
[INFO] [stderr]   Downloaded toml_datetime v0.6.7
[INFO] [stderr]   Downloaded signal-hook-registry v1.4.2
[INFO] [stderr]   Downloaded autocfg v1.3.0
[INFO] [stderr]   Downloaded widestring v0.4.3
[INFO] [stderr]   Downloaded anstream v0.6.15
[INFO] [stderr]   Downloaded anstyle-parse v0.2.5
[INFO] [stderr]   Downloaded parking_lot_core v0.9.10
[INFO] [stderr]   Downloaded pin-project-internal v1.1.5
[INFO] [stderr]   Downloaded lock_api v0.4.12
[INFO] [stderr]   Downloaded thiserror v1.0.63
[INFO] [stderr]   Downloaded ppv-lite86 v0.2.17
[INFO] [stderr]   Downloaded pin-project-lite v0.2.14
[INFO] [stderr]   Downloaded embed-resource v2.4.3
[INFO] [stderr]   Downloaded semver v1.0.23
[INFO] [stderr]   Downloaded parking_lot v0.12.3
[INFO] [stderr]   Downloaded addr2line v0.22.0
[INFO] [stderr]   Downloaded httparse v1.9.4
[INFO] [stderr]   Downloaded once_cell v1.19.0
[INFO] [stderr]   Downloaded smallvec v1.13.2
[INFO] [stderr]   Downloaded tray-item v0.10.0
[INFO] [stderr]   Downloaded socket2 v0.5.7
[INFO] [stderr]   Downloaded fastwebsockets v0.8.0
[INFO] [stderr]   Downloaded clap_derive v4.5.11
[INFO] [stderr]   Downloaded anyhow v1.0.86
[INFO] [stderr]   Downloaded proc-macro2 v1.0.86
[INFO] [stderr]   Downloaded toml v0.8.16
[INFO] [stderr]   Downloaded serde v1.0.204
[INFO] [stderr]   Downloaded serde_derive v1.0.204
[INFO] [stderr]   Downloaded bytes v1.6.1
[INFO] [stderr]   Downloaded cc v1.1.6
[INFO] [stderr]   Downloaded hyper-util v0.1.6
[INFO] [stderr]   Downloaded pin-project v1.1.5
[INFO] [stderr]   Downloaded clap v4.5.11
[INFO] [stderr]   Downloaded miniz_oxide v0.7.4
[INFO] [stderr]   Downloaded indexmap v2.2.6
[INFO] [stderr]   Downloaded mio v1.0.1
[INFO] [stderr]   Downloaded backtrace v0.3.73
[INFO] [stderr]   Downloaded http v1.1.0
[INFO] [stderr]   Downloaded toml_edit v0.22.17
[INFO] [stderr]   Downloaded winnow v0.6.16
[INFO] [stderr]   Downloaded serde_json v1.0.120
[INFO] [stderr]   Downloaded hyper v1.4.1
[INFO] [stderr]   Downloaded clap_builder v4.5.11
[INFO] [stderr]   Downloaded nix v0.23.2
[INFO] [stderr]   Downloaded regex v1.10.5
[INFO] [stderr]   Downloaded syn v2.0.72
[INFO] [stderr]   Downloaded gimli v0.29.0
[INFO] [stderr]   Downloaded regex-syntax v0.8.4
[INFO] [stderr]   Downloaded object v0.36.2
[INFO] [stderr]   Downloaded regex-automata v0.4.7
[INFO] [stderr]   Downloaded tokio v1.39.1
[INFO] [stderr]   Downloaded windows v0.58.0
[INFO] running `Command { std: "docker" "create" "-v" "/var/lib/crater-agent-workspace/builds/worker-0-tc1/source:/opt/rustwide/workdir:ro,Z" "-v" "/var/lib/crater-agent-workspace/builds/worker-0-tc1/target:/opt/rustwide/target:rw,Z" "-v" "/var/lib/crater-agent-workspace/cargo-home:/opt/rustwide/cargo-home:ro,Z" "-v" "/var/lib/crater-agent-workspace/rustup-home:/opt/rustwide/rustup-home:ro,Z" "-m" "1610612736" "--network" "none" "ghcr.io/rust-lang/crates-build-env/linux@sha256:77db811e55d90add9212f6832c23229e3de5f1c1f9905e8cb07319ea15df73ac" "sleep" "infinity", kill_on_drop: false }`
[INFO] [stdout] 461f9f76f521e803312373439338a5a28082e84d44469cc25e63917b4c07a27f
[INFO] running `Command { std: "docker" "start" "461f9f76f521e803312373439338a5a28082e84d44469cc25e63917b4c07a27f", kill_on_drop: false }`
[INFO] running `Command { std: "docker" "inspect" "461f9f76f521e803312373439338a5a28082e84d44469cc25e63917b4c07a27f", kill_on_drop: false }`
[INFO] running `Command { std: "docker" "exec" "-e" "SOURCE_DIR=/opt/rustwide/workdir" "-e" "CARGO_HOME=/opt/rustwide/cargo-home" "-e" "RUSTUP_HOME=/opt/rustwide/rustup-home" "-e" "CARGO_TARGET_DIR=/opt/rustwide/target" "-w" "/opt/rustwide/workdir" "--user" "0:0" "461f9f76f521e803312373439338a5a28082e84d44469cc25e63917b4c07a27f" "/opt/rustwide/cargo-home/bin/cargo" "+1.99.0-beta.8" "metadata" "--no-deps" "--format-version=1", kill_on_drop: false }`
[INFO] running `Command { std: "docker" "inspect" "461f9f76f521e803312373439338a5a28082e84d44469cc25e63917b4c07a27f", kill_on_drop: false }`
[INFO] running `Command { std: "docker" "exec" "-e" "SOURCE_DIR=/opt/rustwide/workdir" "-e" "CARGO_HOME=/opt/rustwide/cargo-home" "-e" "RUSTUP_HOME=/opt/rustwide/rustup-home" "-e" "CARGO_TARGET_DIR=/opt/rustwide/target" "-e" "CARGO_INCREMENTAL=0" "-e" "RUST_BACKTRACE=full" "-e" "RUSTFLAGS=--cap-lints=warn" "-e" "RUSTDOCFLAGS=--cap-lints=warn" "-w" "/opt/rustwide/workdir" "--user" "0:0" "461f9f76f521e803312373439338a5a28082e84d44469cc25e63917b4c07a27f" "/opt/rustwide/cargo-home/bin/cargo" "+1.99.0-beta.8" "build" "--frozen" "--message-format=json" "--release", kill_on_drop: false }`
[INFO] [stderr]    Compiling proc-macro2 v1.0.86
[INFO] [stderr]    Compiling unicode-ident v1.0.12
[INFO] [stderr]    Compiling libc v0.2.155
[INFO] [stderr]    Compiling cfg-if v1.0.0
[INFO] [stderr]    Compiling autocfg v1.3.0
[INFO] [stderr]    Compiling serde v1.0.204
[INFO] [stderr]    Compiling typenum v1.17.0
[INFO] [stderr]    Compiling windows_x86_64_gnu v0.52.6
[INFO] [stderr]    Compiling pin-project-lite v0.2.14
[INFO] [stderr]    Compiling itoa v1.0.11
[INFO] [stderr]    Compiling smallvec v1.13.2
[INFO] [stderr]    Compiling parking_lot_core v0.9.10
[INFO] [stderr]    Compiling bytes v1.6.1
[INFO] [stderr]    Compiling lock_api v0.4.12
[INFO] [stderr]    Compiling semver v1.0.23
[INFO] [stderr]    Compiling equivalent v1.0.1
[INFO] [stderr]    Compiling futures-core v0.3.30
[INFO] [stderr]    Compiling hashbrown v0.14.5
[INFO] [stderr]    Compiling http v1.1.0
[INFO] [stderr]    Compiling quote v1.0.36
[INFO] [stderr]    Compiling indexmap v2.2.6
[INFO] [stderr]    Compiling winnow v0.6.16
[INFO] [stderr]    Compiling syn v2.0.72
[INFO] [stderr]    Compiling httparse v1.9.4
[INFO] [stderr]    Compiling generic-array v0.14.7
[INFO] [stderr]    Compiling futures-task v0.3.30
[INFO] [stderr]    Compiling once_cell v1.19.0
[INFO] [stderr]    Compiling http-body v1.0.1
[INFO] [stderr]    Compiling futures-util v0.3.30
[INFO] [stderr]    Compiling windows-targets v0.52.6
[INFO] [stderr]    Compiling socket2 v0.5.7
[INFO] [stderr]    Compiling parking_lot v0.12.3
[INFO] [stderr]    Compiling getrandom v0.2.15
[INFO] [stderr]    Compiling signal-hook-registry v1.4.2
[INFO] [stderr]    Compiling mio v1.0.1
[INFO] [stderr]    Compiling memoffset v0.6.5
[INFO] [stderr]    Compiling thiserror v1.0.63
[INFO] [stderr]    Compiling utf8parse v0.2.2
[INFO] [stderr]    Compiling anstyle-parse v0.2.5
[INFO] [stderr]    Compiling rand_core v0.6.4
[INFO] [stderr]    Compiling rustc_version v0.4.0
[INFO] [stderr]    Compiling toml_datetime v0.6.7
[INFO] [stderr]    Compiling serde_spanned v0.6.7
[INFO] [stderr]    Compiling block-buffer v0.10.4
[INFO] [stderr]    Compiling crypto-common v0.1.6
[INFO] [stderr]    Compiling windows-result v0.2.0
[INFO] [stderr]    Compiling tracing-core v0.1.32
[INFO] [stderr]    Compiling futures-channel v0.3.30
[INFO] [stderr]    Compiling ppv-lite86 v0.2.17
[INFO] [stderr]    Compiling memchr v2.7.4
[INFO] [stderr]    Compiling toml_edit v0.22.17
[INFO] [stderr]    Compiling colorchoice v1.0.2
[INFO] [stderr]    Compiling anstyle v1.0.8
[INFO] [stderr]    Compiling cc v1.1.6
[INFO] [stderr]    Compiling is_terminal_polyfill v1.70.1
[INFO] [stderr]    Compiling anstyle-query v1.1.1
[INFO] [stderr]    Compiling anstream v0.6.15
[INFO] [stderr]    Compiling rand_chacha v0.3.1
[INFO] [stderr]    Compiling windows-strings v0.1.0
[INFO] [stderr]    Compiling digest v0.10.7
[INFO] [stderr]    Compiling strsim v0.11.1
[INFO] [stderr]    Compiling aho-corasick v1.1.3
[INFO] [stderr]    Compiling clap_lex v0.7.2
[INFO] [stderr]    Compiling overload v0.1.1
[INFO] [stderr]    Compiling cpufeatures v0.2.12
[INFO] [stderr]    Compiling anyhow v1.0.86
[INFO] [stderr]    Compiling log v0.4.22
[INFO] [stderr]    Compiling serde_json v1.0.120
[INFO] [stderr]    Compiling regex-syntax v0.8.4
[INFO] [stderr]    Compiling sha1 v0.10.6
[INFO] [stderr]    Compiling toml v0.8.16
[INFO] [stderr]    Compiling tracing-log v0.2.0
[INFO] [stderr]    Compiling dirs-sys v0.4.1
[INFO] [stderr]    Compiling nu-ansi-term v0.46.0
[INFO] [stderr]    Compiling embed-resource v2.4.3
[INFO] [stderr]    Compiling clap_builder v4.5.11
[INFO] [stderr]    Compiling nix v0.23.2
[INFO] [stderr]    Compiling serde_derive v1.0.204
[INFO] [stderr]    Compiling tokio-macros v2.4.0
[INFO] [stderr]    Compiling thiserror-impl v1.0.63
[INFO] [stderr]    Compiling tokio v1.39.1
[INFO] [stderr]    Compiling pin-project-internal v1.1.5
[INFO] [stderr]    Compiling windows-implement v0.58.0
[INFO] [stderr]    Compiling windows-interface v0.58.0
[INFO] [stderr]    Compiling pin-project v1.1.5
[INFO] [stderr]    Compiling regex-automata v0.4.7
[INFO] [stderr]    Compiling windows-core v0.58.0
[INFO] [stderr]    Compiling glazewm-extra v0.2.0 (/opt/rustwide/workdir)
[INFO] [stderr]    Compiling tracing-attributes v0.1.27
[INFO] [stderr]    Compiling clap_derive v4.5.11
[INFO] [stderr]    Compiling rand v0.8.5
[INFO] [stderr]    Compiling http-body-util v0.1.2
[INFO] [stderr]    Compiling thread_local v1.1.8
[INFO] [stderr]    Compiling utf-8 v0.7.6
[INFO] [stderr]    Compiling base64 v0.21.7
[INFO] [stderr]    Compiling widestring v0.4.3
[INFO] [stderr]    Compiling hyper v1.4.1
[INFO] [stderr]    Compiling ryu v1.0.18
[INFO] [stderr]    Compiling simdutf8 v0.1.4
[INFO] [stderr]    Compiling single-instance v0.3.3
[INFO] [stderr]    Compiling tracing-subscriber v0.3.18
[INFO] [stderr]    Compiling hyper-util v0.1.6
[INFO] [stderr]    Compiling fastwebsockets v0.8.0
[INFO] [stderr]    Compiling clap v4.5.11
[INFO] [stderr]    Compiling regex v1.10.5
[INFO] [stderr]    Compiling tracing v0.1.40
[INFO] [stderr]    Compiling windows v0.58.0
[INFO] [stderr]    Compiling dirs v5.0.1
[INFO] [stderr]    Compiling tray-item v0.10.0
[INFO] [stdout] error[E0433]: cannot find `TrayItemImpl` in `api`
[INFO] [stdout]   --> /opt/rustwide/cargo-home/registry/src/index.crates.io-1949cf8c6b5b557f/tray-item-0.10.0/src/lib.rs:32:22
[INFO] [stdout]    |
[INFO] [stdout] 32 |         Ok(Self(api::TrayItemImpl::new(title, icon)?))
[INFO] [stdout]    |                      ^^^^^^^^^^^^ could not find `TrayItemImpl` in `api`
[INFO] [stdout]    |
[INFO] [stdout] note: found an item that was configured out
[INFO] [stdout]   --> /opt/rustwide/cargo-home/registry/src/index.crates.io-1949cf8c6b5b557f/tray-item-0.10.0/src/api/mod.rs:15:10
[INFO] [stdout]    |
[INFO] [stdout] 14 | #[cfg(all(target_os = "linux", feature = "ksni"))]
[INFO] [stdout]    |                                ---------------- the item is gated behind the `ksni` feature
[INFO] [stdout] 15 | pub type TrayItemImpl = linux_ksni::TrayItemLinux;
[INFO] [stdout]    |          ^^^^^^^^^^^^
[INFO] [stdout] note: found an item that was configured out
[INFO] [stdout]   --> /opt/rustwide/cargo-home/registry/src/index.crates.io-1949cf8c6b5b557f/tray-item-0.10.0/src/api/mod.rs:18:10
[INFO] [stdout]    |
[INFO] [stdout] 17 | #[cfg(all(target_os = "linux", feature = "libappindicator"))]
[INFO] [stdout]    |                                --------------------------- the item is gated behind the `libappindicator` feature
[INFO] [stdout] 18 | pub type TrayItemImpl = linux_libappindicator::TrayItemLinux;
[INFO] [stdout]    |          ^^^^^^^^^^^^
[INFO] [stdout] note: found an item that was configured out
[INFO] [stdout]   --> /opt/rustwide/cargo-home/registry/src/index.crates.io-1949cf8c6b5b557f/tray-item-0.10.0/src/api/mod.rs:21:10
[INFO] [stdout]    |
[INFO] [stdout] 20 | #[cfg(target_os = "windows")]
[INFO] [stdout]    |       --------------------- the item is gated behind the `windows` feature
[INFO] [stdout] 21 | pub type TrayItemImpl = windows::TrayItemWindows;
[INFO] [stdout]    |          ^^^^^^^^^^^^
[INFO] [stdout] note: found an item that was configured out
[INFO] [stdout]   --> /opt/rustwide/cargo-home/registry/src/index.crates.io-1949cf8c6b5b557f/tray-item-0.10.0/src/api/mod.rs:24:10
[INFO] [stdout]    |
[INFO] [stdout] 23 | #[cfg(target_os = "macos")]
[INFO] [stdout]    |       ------------------- the item is gated behind the `macos` feature
[INFO] [stdout] 24 | pub type TrayItemImpl = macos::TrayItemMacOS;
[INFO] [stdout]    |          ^^^^^^^^^^^^
[INFO] [stdout] 
[INFO] [stdout] 
[INFO] [stdout] error[E0425]: cannot find type `TrayItemImpl` in module `api`
[INFO] [stdout]   --> /opt/rustwide/cargo-home/registry/src/index.crates.io-1949cf8c6b5b557f/tray-item-0.10.0/src/lib.rs:5:26
[INFO] [stdout]    |
[INFO] [stdout]  5 | pub struct TrayItem(api::TrayItemImpl);
[INFO] [stdout]    |                          ^^^^^^^^^^^^ not found in `api`
[INFO] [stdout]    |
[INFO] [stdout] note: found an item that was configured out
[INFO] [stdout]   --> /opt/rustwide/cargo-home/registry/src/index.crates.io-1949cf8c6b5b557f/tray-item-0.10.0/src/api/mod.rs:15:10
[INFO] [stdout]    |
[INFO] [stdout] 14 | #[cfg(all(target_os = "linux", feature = "ksni"))]
[INFO] [stdout]    |                                ---------------- the item is gated behind the `ksni` feature
[INFO] [stdout] 15 | pub type TrayItemImpl = linux_ksni::TrayItemLinux;
[INFO] [stdout]    |          ^^^^^^^^^^^^
[INFO] [stdout] note: found an item that was configured out
[INFO] [stdout]   --> /opt/rustwide/cargo-home/registry/src/index.crates.io-1949cf8c6b5b557f/tray-item-0.10.0/src/api/mod.rs:18:10
[INFO] [stdout]    |
[INFO] [stdout] 17 | #[cfg(all(target_os = "linux", feature = "libappindicator"))]
[INFO] [stdout]    |                                --------------------------- the item is gated behind the `libappindicator` feature
[INFO] [stdout] 18 | pub type TrayItemImpl = linux_libappindicator::TrayItemLinux;
[INFO] [stdout]    |          ^^^^^^^^^^^^
[INFO] [stdout] note: found an item that was configured out
[INFO] [stdout]   --> /opt/rustwide/cargo-home/registry/src/index.crates.io-1949cf8c6b5b557f/tray-item-0.10.0/src/api/mod.rs:21:10
[INFO] [stdout]    |
[INFO] [stdout] 20 | #[cfg(target_os = "windows")]
[INFO] [stdout]    |       --------------------- the item is gated behind the `windows` feature
[INFO] [stdout] 21 | pub type TrayItemImpl = windows::TrayItemWindows;
[INFO] [stdout]    |          ^^^^^^^^^^^^
[INFO] [stdout] note: found an item that was configured out
[INFO] [stdout]   --> /opt/rustwide/cargo-home/registry/src/index.crates.io-1949cf8c6b5b557f/tray-item-0.10.0/src/api/mod.rs:24:10
[INFO] [stdout]    |
[INFO] [stdout] 23 | #[cfg(target_os = "macos")]
[INFO] [stdout]    |       ------------------- the item is gated behind the `macos` feature
[INFO] [stdout] 24 | pub type TrayItemImpl = macos::TrayItemMacOS;
[INFO] [stdout]    |          ^^^^^^^^^^^^
[INFO] [stdout] 
[INFO] [stdout] 
[INFO] [stdout] error[E0425]: cannot find type `TrayItemImpl` in module `api`
[INFO] [stdout]   --> /opt/rustwide/cargo-home/registry/src/index.crates.io-1949cf8c6b5b557f/tray-item-0.10.0/src/lib.rs:50:46
[INFO] [stdout]    |
[INFO] [stdout] 50 |     pub fn inner_mut(&mut self) -> &mut api::TrayItemImpl {
[INFO] [stdout]    |                                              ^^^^^^^^^^^^ not found in `api`
[INFO] [stdout]    |
[INFO] [stdout] note: found an item that was configured out
[INFO] [stdout]   --> /opt/rustwide/cargo-home/registry/src/index.crates.io-1949cf8c6b5b557f/tray-item-0.10.0/src/api/mod.rs:15:10
[INFO] [stdout]    |
[INFO] [stdout] 14 | #[cfg(all(target_os = "linux", feature = "ksni"))]
[INFO] [stdout]    |                                ---------------- the item is gated behind the `ksni` feature
[INFO] [stdout] 15 | pub type TrayItemImpl = linux_ksni::TrayItemLinux;
[INFO] [stdout]    |          ^^^^^^^^^^^^
[INFO] [stdout] note: found an item that was configured out
[INFO] [stdout]   --> /opt/rustwide/cargo-home/registry/src/index.crates.io-1949cf8c6b5b557f/tray-item-0.10.0/src/api/mod.rs:18:10
[INFO] [stdout]    |
[INFO] [stdout] 17 | #[cfg(all(target_os = "linux", feature = "libappindicator"))]
[INFO] [stdout]    |                                --------------------------- the item is gated behind the `libappindicator` feature
[INFO] [stdout] 18 | pub type TrayItemImpl = linux_libappindicator::TrayItemLinux;
[INFO] [stdout]    |          ^^^^^^^^^^^^
[INFO] [stdout] note: found an item that was configured out
[INFO] [stdout]   --> /opt/rustwide/cargo-home/registry/src/index.crates.io-1949cf8c6b5b557f/tray-item-0.10.0/src/api/mod.rs:21:10
[INFO] [stdout]    |
[INFO] [stdout] 20 | #[cfg(target_os = "windows")]
[INFO] [stdout]    |       --------------------- the item is gated behind the `windows` feature
[INFO] [stdout] 21 | pub type TrayItemImpl = windows::TrayItemWindows;
[INFO] [stdout]    |          ^^^^^^^^^^^^
[INFO] [stdout] note: found an item that was configured out
[INFO] [stdout]   --> /opt/rustwide/cargo-home/registry/src/index.crates.io-1949cf8c6b5b557f/tray-item-0.10.0/src/api/mod.rs:24:10
[INFO] [stdout]    |
[INFO] [stdout] 23 | #[cfg(target_os = "macos")]
[INFO] [stdout]    |       ------------------- the item is gated behind the `macos` feature
[INFO] [stdout] 24 | pub type TrayItemImpl = macos::TrayItemMacOS;
[INFO] [stdout]    |          ^^^^^^^^^^^^
[INFO] [stdout] 
[INFO] [stdout] 
[INFO] [stdout] Some errors have detailed explanations: E0425, E0433.
[INFO] [stdout] 
[INFO] [stdout] For more information about an error, try `rustc --explain E0425`.
[INFO] [stdout] 
[INFO] [stderr] error: could not compile `tray-item` (lib) due to 3 previous errors
[INFO] [stderr] warning: build failed, waiting for other jobs to finish...
[INFO] running `Command { std: "docker" "inspect" "461f9f76f521e803312373439338a5a28082e84d44469cc25e63917b4c07a27f", kill_on_drop: false }`
[INFO] running `Command { std: "docker" "rm" "-f" "461f9f76f521e803312373439338a5a28082e84d44469cc25e63917b4c07a27f", kill_on_drop: false }`
[INFO] [stdout] 461f9f76f521e803312373439338a5a28082e84d44469cc25e63917b4c07a27f
