[INFO] fetching crate glacier-texture 2.2.0...
[INFO] testing glacier-texture-2.2.0 against 1.100.0-beta.1+cargoflags=--release for beta-release-1.100-2
[INFO] extracting crate glacier-texture 2.2.0 into /workspace/builds/worker-1-tc2/source
[INFO] started tweaking crates.io crate glacier-texture 2.2.0
[INFO] removed 0 missing examples
[INFO] removed 0 missing tests
[INFO] finished tweaking crates.io crate glacier-texture 2.2.0
[INFO] tweaked toml for crates.io crate glacier-texture 2.2.0 written to /workspace/builds/worker-1-tc2/source/Cargo.toml
[INFO] validating manifest of crates.io crate glacier-texture 2.2.0 on toolchain 1.100.0-beta.1
[INFO] running `Command { std: CARGO_HOME="/workspace/cargo-home" RUSTUP_HOME="/workspace/rustup-home" "/workspace/cargo-home/bin/cargo" "+1.100.0-beta.1" "metadata" "--manifest-path" "Cargo.toml" "--no-deps", kill_on_drop: false }`
[INFO] crate crates.io crate glacier-texture 2.2.0 already has a lockfile, it will not be regenerated
[INFO] running `Command { std: CARGO_HOME="/workspace/cargo-home" RUSTUP_HOME="/workspace/rustup-home" "/workspace/cargo-home/bin/cargo" "+1.100.0-beta.1" "fetch" "--manifest-path" "Cargo.toml", kill_on_drop: false }`
[INFO] running `Command { std: "docker" "create" "-v" "/var/lib/crater-agent-workspace/builds/worker-1-tc2/source:/opt/rustwide/workdir:ro,Z" "-v" "/var/lib/crater-agent-workspace/builds/worker-1-tc2/target:/opt/rustwide/target:rw,Z" "-v" "/var/lib/crater-agent-workspace/cargo-home:/opt/rustwide/cargo-home:ro,Z" "-v" "/var/lib/crater-agent-workspace/rustup-home:/opt/rustwide/rustup-home:ro,Z" "-m" "1610612736" "--network" "none" "ghcr.io/rust-lang/crates-build-env/linux@sha256:77db811e55d90add9212f6832c23229e3de5f1c1f9905e8cb07319ea15df73ac" "sleep" "infinity", kill_on_drop: false }`
[INFO] [stdout] faa04f672966367f3fa74e02b357258f19522c73c39cf367de741f069c171433
[INFO] running `Command { std: "docker" "start" "faa04f672966367f3fa74e02b357258f19522c73c39cf367de741f069c171433", kill_on_drop: false }`
[INFO] running `Command { std: "docker" "inspect" "faa04f672966367f3fa74e02b357258f19522c73c39cf367de741f069c171433", kill_on_drop: false }`
[INFO] running `Command { std: "docker" "exec" "-e" "SOURCE_DIR=/opt/rustwide/workdir" "-e" "CARGO_HOME=/opt/rustwide/cargo-home" "-e" "RUSTUP_HOME=/opt/rustwide/rustup-home" "-e" "CARGO_TARGET_DIR=/opt/rustwide/target" "-w" "/opt/rustwide/workdir" "--user" "0:0" "faa04f672966367f3fa74e02b357258f19522c73c39cf367de741f069c171433" "/opt/rustwide/cargo-home/bin/cargo" "+1.100.0-beta.1" "metadata" "--no-deps" "--format-version=1", kill_on_drop: false }`
[INFO] running `Command { std: "docker" "inspect" "faa04f672966367f3fa74e02b357258f19522c73c39cf367de741f069c171433", kill_on_drop: false }`
[INFO] running `Command { std: "docker" "exec" "-e" "SOURCE_DIR=/opt/rustwide/workdir" "-e" "CARGO_HOME=/opt/rustwide/cargo-home" "-e" "RUSTUP_HOME=/opt/rustwide/rustup-home" "-e" "CARGO_TARGET_DIR=/opt/rustwide/target" "-e" "CARGO_INCREMENTAL=0" "-e" "RUST_BACKTRACE=full" "-e" "RUSTFLAGS=--cap-lints=warn" "-e" "RUSTDOCFLAGS=--cap-lints=warn" "-w" "/opt/rustwide/workdir" "--user" "0:0" "faa04f672966367f3fa74e02b357258f19522c73c39cf367de741f069c171433" "/opt/rustwide/cargo-home/bin/cargo" "+1.100.0-beta.1" "build" "--frozen" "--message-format=json" "--release", kill_on_drop: false }`
[INFO] [stderr]    Compiling proc-macro2 v1.0.101
[INFO] [stderr]    Compiling unicode-ident v1.0.19
[INFO] [stderr]    Compiling libc v0.2.176
[INFO] [stderr]    Compiling find-msvc-tools v0.1.2
[INFO] [stderr]    Compiling owo-colors v4.2.2
[INFO] [stderr]    Compiling regex-syntax v0.8.6
[INFO] [stderr]    Compiling maybe-uninit v2.0.0
[INFO] [stderr]    Compiling aho-corasick v1.1.3
[INFO] [stderr]    Compiling binrw_derive v0.15.2
[INFO] [stderr]    Compiling crc32fast v1.5.0
[INFO] [stderr]    Compiling matrixmultiply v0.3.10
[INFO] [stderr]    Compiling binrw v0.15.2
[INFO] [stderr]    Compiling either v1.15.0
[INFO] [stderr]    Compiling extended-tea v0.1.1
[INFO] [stderr]    Compiling approx v0.5.1
[INFO] [stderr]    Compiling num-complex v0.4.6
[INFO] [stderr]    Compiling nodrop v0.1.14
[INFO] [stderr]    Compiling array-init v2.1.0
[INFO] [stderr]    Compiling zerocopy v0.8.50
[INFO] [stderr]    Compiling array-init v0.0.4
[INFO] [stderr]    Compiling smallvec v0.6.14
[INFO] [stderr]    Compiling num-rational v0.4.2
[INFO] [stderr]    Compiling itertools v0.14.0
[INFO] [stderr]    Compiling pxfm v0.1.24
[INFO] [stderr]    Compiling bitflags v2.9.4
[INFO] [stderr]    Compiling pathdiff v0.2.3
[INFO] [stderr]    Compiling rayon v1.12.0
[INFO] [stderr]    Compiling md-5 v0.10.6
[INFO] [stderr]    Compiling flate2 v1.1.2
[INFO] [stderr]    Compiling quote v1.0.40
[INFO] [stderr]    Compiling png v0.18.1
[INFO] [stderr]    Compiling syn v2.0.106
[INFO] [stderr]    Compiling jobserver v0.1.34
[INFO] [stderr]    Compiling memmap2 v0.9.10
[INFO] [stderr]    Compiling cc v1.2.38
[INFO] [stderr]    Compiling regex-automata v0.4.14
[INFO] [stderr]    Compiling lzzzz v2.0.0
[INFO] [stderr]    Compiling lz4-sys v1.11.1+lz4-1.10.0
[INFO] [stderr]    Compiling directxtex v1.3.0
[INFO] [stderr]    Compiling moxcms v0.8.1
[INFO] [stderr]    Compiling regex v1.12.3
[INFO] [stderr]    Compiling bytemuck_derive v1.10.2
[INFO] [stderr]    Compiling bytemuck v1.25.0
[INFO] [stderr]    Compiling safe_arch v1.0.0
[INFO] [stderr]    Compiling thiserror-impl v2.0.18
[INFO] [stderr]    Compiling wide v1.4.0
[INFO] [stderr]    Compiling serde_derive v1.0.228
[INFO] [stderr]    Compiling winresult-types v0.1.3
[INFO] [stderr]    Compiling thiserror v2.0.18
[INFO] [stderr]    Compiling lazy-regex-proc_macros v3.6.0
[INFO] [stderr] error: could not compile `moxcms` (lib)
[INFO] [stderr] 
[INFO] [stderr] Caused by:
[INFO] [stderr]   process didn't exit successfully: `/opt/rustwide/rustup-home/toolchains/1.100.0-beta.1-x86_64-unknown-linux-gnu/bin/rustc --crate-name moxcms --edition=2024 /opt/rustwide/cargo-home/registry/src/index.crates.io-1949cf8c6b5b557f/moxcms-0.8.1/src/lib.rs --error-format=json --json=diagnostic-rendered-ansi,artifacts,future-incompat,unused-externs-silent --crate-type lib --emit=dep-info,metadata,link -C opt-level=3 -C embed-bitcode=no --cfg 'feature="avx"' --cfg 'feature="avx_luts"' --cfg 'feature="avx_shaper_fixed_point_paths"' --cfg 'feature="avx_shaper_paths"' --cfg 'feature="default"' --cfg 'feature="lut"' --cfg 'feature="neon"' --cfg 'feature="neon_luts"' --cfg 'feature="neon_shaper_fixed_point_paths"' --cfg 'feature="neon_shaper_paths"' --cfg 'feature="sse"' --cfg 'feature="sse_luts"' --cfg 'feature="sse_shaper_fixed_point_paths"' --cfg 'feature="sse_shaper_paths"' --check-cfg 'cfg(docsrs,test)' --check-cfg 'cfg(feature, values("any_to_any", "avx", "avx512", "avx512_shaper_fixed_point_paths", "avx512_shaper_optimized_paths", "avx_luts", "avx_shaper_fixed_point_paths", "avx_shaper_optimized_paths", "avx_shaper_paths", "default", "extended_range", "in_place", "lut", "neon", "neon_luts", "neon_shaper_fixed_point_paths", "neon_shaper_optimized_paths", "neon_shaper_paths", "options", "sse", "sse_luts", "sse_shaper_fixed_point_paths", "sse_shaper_optimized_paths", "sse_shaper_paths"))' -C metadata=e81824fe1c4b55d6 -C extra-filename=-92c20de671c7bb52 --out-dir /opt/rustwide/target/release/build/moxcms/92c20de671c7bb52/out -C strip=debuginfo -L dependency=/opt/rustwide/target/release/build/num-traits/af66b93df6dcecf9/out --extern num_traits=/opt/rustwide/target/release/build/num-traits/af66b93df6dcecf9/out/libnum_traits-af66b93df6dcecf9.rmeta --extern pxfm=/opt/rustwide/target/release/build/pxfm/d5a989652c9999ad/out/libpxfm-d5a989652c9999ad.rmeta --cap-lints allow --cap-lints=warn --force-warn=unused_crate_dependencies` (signal: 9, SIGKILL: kill)
[INFO] [stderr] warning: build failed, waiting for other jobs to finish...
[INFO] [stderr] error: could not compile `winresult-types` (lib)
[INFO] [stderr] 
[INFO] [stderr] Caused by:
[INFO] [stderr]   process didn't exit successfully: `/opt/rustwide/rustup-home/toolchains/1.100.0-beta.1-x86_64-unknown-linux-gnu/bin/rustc --crate-name winresult_types --edition=2021 /opt/rustwide/cargo-home/registry/src/index.crates.io-1949cf8c6b5b557f/winresult-types-0.1.3/src/_types.rs --error-format=json --json=diagnostic-rendered-ansi,artifacts,future-incompat,unused-externs-silent --crate-type lib --emit=dep-info,metadata,link -C opt-level=3 -C embed-bitcode=no --check-cfg 'cfg(docsrs,test)' --check-cfg 'cfg(feature, values())' -C metadata=cafc17d5b70e6ceb -C extra-filename=-d4bf5e87141d5ad5 --out-dir /opt/rustwide/target/release/build/winresult-types/d4bf5e87141d5ad5/out -C strip=debuginfo -L dependency=/opt/rustwide/target/release/build/bytemuck_derive/34b3ee35b92b3e82/out --extern bytemuck=/opt/rustwide/target/release/build/bytemuck/195a168af432c7e0/out/libbytemuck-195a168af432c7e0.rmeta --cap-lints allow --cap-lints=warn --force-warn=unused_crate_dependencies` (signal: 9, SIGKILL: kill)
[INFO] [stderr] error: could not compile `wide` (lib)
[INFO] [stderr] 
[INFO] [stderr] Caused by:
[INFO] [stderr]   process didn't exit successfully: `/opt/rustwide/rustup-home/toolchains/1.100.0-beta.1-x86_64-unknown-linux-gnu/bin/rustc --crate-name wide --edition=2024 /opt/rustwide/cargo-home/registry/src/index.crates.io-1949cf8c6b5b557f/wide-1.4.0/src/lib.rs --error-format=json --json=diagnostic-rendered-ansi,artifacts,future-incompat,unused-externs-silent --crate-type lib --emit=dep-info,metadata,link -C opt-level=3 -C embed-bitcode=no --cfg 'feature="std"' --check-cfg 'cfg(docsrs,test)' --check-cfg 'cfg(feature, values("default", "serde", "std"))' -C metadata=a3f3750fadeb0c4d -C extra-filename=-5c138da4f066b705 --out-dir /opt/rustwide/target/release/build/wide/5c138da4f066b705/out -C strip=debuginfo -L dependency=/opt/rustwide/target/release/build/bytemuck/195a168af432c7e0/out -L dependency=/opt/rustwide/target/release/build/bytemuck_derive/34b3ee35b92b3e82/out --extern bytemuck=/opt/rustwide/target/release/build/bytemuck/195a168af432c7e0/out/libbytemuck-195a168af432c7e0.rmeta --extern safe_arch=/opt/rustwide/target/release/build/safe_arch/ee567e054b5e3e4a/out/libsafe_arch-ee567e054b5e3e4a.rmeta --cap-lints allow --cap-lints=warn --force-warn=unused_crate_dependencies` (signal: 9, SIGKILL: kill)
[INFO] [stderr] error: could not compile `binrw_derive` (lib)
[INFO] [stderr] 
[INFO] [stderr] Caused by:
[INFO] [stderr]   process didn't exit successfully: `/opt/rustwide/rustup-home/toolchains/1.100.0-beta.1-x86_64-unknown-linux-gnu/bin/rustc --crate-name binrw_derive --edition=2021 /opt/rustwide/cargo-home/registry/src/index.crates.io-1949cf8c6b5b557f/binrw_derive-0.15.2/src/lib.rs --error-format=json --json=diagnostic-rendered-ansi,artifacts,future-incompat,unused-externs-silent --crate-type proc-macro --emit=dep-info,link -C prefer-dynamic -C embed-bitcode=no -C debug-assertions=off --cfg 'feature="default"' --cfg 'feature="owo-colors"' --cfg 'feature="verbose-backtrace"' --check-cfg 'cfg(docsrs,test)' --check-cfg 'cfg(feature, values("default", "owo-colors", "verbose-backtrace"))' -C metadata=094c8870cfe1bbb9 -C extra-filename=-cf89d4be0945398e --out-dir /opt/rustwide/target/release/build/binrw_derive/cf89d4be0945398e/out -C strip=debuginfo -L dependency=/opt/rustwide/target/release/build/proc-macro2/84a6f2dfd6ebc342/out -L dependency=/opt/rustwide/target/release/build/quote/281ac95f59459524/out -L dependency=/opt/rustwide/target/release/build/unicode-ident/89ce7184ff3ede1a/out --extern either=/opt/rustwide/target/release/build/either/0e76fdde8d2c4de7/out/libeither-0e76fdde8d2c4de7.rlib --extern owo_colors=/opt/rustwide/target/release/build/owo-colors/40bd1e4b56d79365/out/libowo_colors-40bd1e4b56d79365.rlib --extern proc_macro2=/opt/rustwide/target/release/build/proc-macro2/84a6f2dfd6ebc342/out/libproc_macro2-84a6f2dfd6ebc342.rlib --extern quote=/opt/rustwide/target/release/build/quote/281ac95f59459524/out/libquote-281ac95f59459524.rlib --extern syn=/opt/rustwide/target/release/build/syn/bb2680ac232dd6a5/out/libsyn-bb2680ac232dd6a5.rlib --extern proc_macro --cap-lints allow --cap-lints=warn --force-warn=unused_crate_dependencies --check-cfg 'cfg(coverage)' --check-cfg 'cfg(coverage_nightly)' --check-cfg 'cfg(nightly)'` (signal: 9, SIGKILL: kill)
[INFO] [stderr] warning: directxtex@1.3.0: c++: fatal error: Killed signal terminated program cc1plus
[INFO] [stderr] warning: directxtex@1.3.0: compilation terminated.
[INFO] [stderr] warning: directxtex@1.3.0: ToolExecError: command did not execute successfully (status code exit status: 1): LC_ALL="C" "c++" "-O3" "-ffunction-sections" "-fdata-sections" "-fPIC" "-m64" "-std=c++17" "-I" "external/DirectX-Headers/include" "-I" "external/DirectXMath/Inc" "-I" "external/DirectXTex/DirectXTex" "-I" "external/DirectX-Headers/include/wsl/stubs" "-I" "ffi/include" "-Wp,-w" "-o" "/opt/rustwide/target/release/build/directxtex/a644495c72eb97f1/out/718b3231e7f6d5e6-BC6HBC7.o" "-c" "external/DirectXTex/DirectXTex/BC6HBC7.cpp"cargo:warning=c++: fatal error: Killed signal terminated program cc1plus
[INFO] [stderr] warning: directxtex@1.3.0: compilation terminated.
[INFO] [stderr] warning: directxtex@1.3.0: ToolExecError: command did not execute successfully (status code exit status: 1): LC_ALL="C" "c++" "-O3" "-ffunction-sections" "-fdata-sections" "-fPIC" "-m64" "-std=c++17" "-I" "external/DirectX-Headers/include" "-I" "external/DirectXMath/Inc" "-I" "external/DirectXTex/DirectXTex" "-I" "external/DirectX-Headers/include/wsl/stubs" "-I" "ffi/include" "-Wp,-w" "-o" "/opt/rustwide/target/release/build/directxtex/a644495c72eb97f1/out/718b3231e7f6d5e6-DirectXTexConvert.o" "-c" "external/DirectXTex/DirectXTex/DirectXTexConvert.cpp"
[INFO] [stderr] error: failed to run custom build command for `directxtex v1.3.0`
[INFO] [stderr] note: To improve backtraces for build dependencies, set the CARGO_PROFILE_RELEASE_BUILD_OVERRIDE_DEBUG=true environment variable to enable debug information generation.
[INFO] [stderr] 
[INFO] [stderr] Caused by:
[INFO] [stderr]   process didn't exit successfully: `/opt/rustwide/target/release/build/directxtex/0b034c9057ffb702/out/build_script_build` (exit status: 1)
[INFO] [stderr]   --- stdout
[INFO] [stderr]   OPT_LEVEL = Some(3)
[INFO] [stderr]   OUT_DIR = Some(/opt/rustwide/target/release/build/directxtex/a644495c72eb97f1/out)
[INFO] [stderr]   TARGET = Some(x86_64-unknown-linux-gnu)
[INFO] [stderr]   HOST = Some(x86_64-unknown-linux-gnu)
[INFO] [stderr]   cargo:rerun-if-env-changed=CXX_x86_64-unknown-linux-gnu
[INFO] [stderr]   CXX_x86_64-unknown-linux-gnu = None
[INFO] [stderr]   cargo:rerun-if-env-changed=CXX_x86_64_unknown_linux_gnu
[INFO] [stderr]   CXX_x86_64_unknown_linux_gnu = None
[INFO] [stderr]   cargo:rerun-if-env-changed=HOST_CXX
[INFO] [stderr]   HOST_CXX = None
[INFO] [stderr]   cargo:rerun-if-env-changed=CXX
[INFO] [stderr]   CXX = None
[INFO] [stderr]   cargo:rerun-if-env-changed=CC_ENABLE_DEBUG_OUTPUT
[INFO] [stderr]   RUSTC_WRAPPER = None
[INFO] [stderr]   cargo:rerun-if-env-changed=CRATE_CC_NO_DEFAULTS
[INFO] [stderr]   CRATE_CC_NO_DEFAULTS = None
[INFO] [stderr]   DEBUG = Some(false)
[INFO] [stderr]   CARGO_CFG_TARGET_FEATURE = Some(fxsr,sse,sse2)
[INFO] [stderr]   cargo:rerun-if-env-changed=CXXFLAGS
[INFO] [stderr]   CXXFLAGS = None
[INFO] [stderr]   cargo:rerun-if-env-changed=HOST_CXXFLAGS
[INFO] [stderr]   HOST_CXXFLAGS = None
[INFO] [stderr]   cargo:rerun-if-env-changed=CXXFLAGS_x86_64_unknown_linux_gnu
[INFO] [stderr]   CXXFLAGS_x86_64_unknown_linux_gnu = None
[INFO] [stderr]   cargo:rerun-if-env-changed=CXXFLAGS_x86_64-unknown-linux-gnu
[INFO] [stderr]   CXXFLAGS_x86_64-unknown-linux-gnu = None
[INFO] [stderr]   CARGO_ENCODED_RUSTFLAGS = Some(--cap-lints=warn)
[INFO] [stderr]   OPT_LEVEL = Some(3)
[INFO] [stderr]   OUT_DIR = Some(/opt/rustwide/target/release/build/directxtex/a644495c72eb97f1/out)
[INFO] [stderr]   TARGET = Some(x86_64-unknown-linux-gnu)
[INFO] [stderr]   HOST = Some(x86_64-unknown-linux-gnu)
[INFO] [stderr]   cargo:rerun-if-env-changed=CXX_x86_64-unknown-linux-gnu
[INFO] [stderr]   CXX_x86_64-unknown-linux-gnu = None
[INFO] [stderr]   cargo:rerun-if-env-changed=CXX_x86_64_unknown_linux_gnu
[INFO] [stderr]   CXX_x86_64_unknown_linux_gnu = None
[INFO] [stderr]   cargo:rerun-if-env-changed=HOST_CXX
[INFO] [stderr]   HOST_CXX = None
[INFO] [stderr]   cargo:rerun-if-env-changed=CXX
[INFO] [stderr]   CXX = None
[INFO] [stderr]   cargo:rerun-if-env-changed=CC_ENABLE_DEBUG_OUTPUT
[INFO] [stderr]   RUSTC_WRAPPER = None
[INFO] [stderr]   cargo:rerun-if-env-changed=CRATE_CC_NO_DEFAULTS
[INFO] [stderr]   CRATE_CC_NO_DEFAULTS = None
[INFO] [stderr]   DEBUG = Some(false)
[INFO] [stderr]   CARGO_CFG_TARGET_FEATURE = Some(fxsr,sse,sse2)
[INFO] [stderr]   cargo:rerun-if-env-changed=CXXFLAGS
[INFO] [stderr]   CXXFLAGS = None
[INFO] [stderr]   cargo:rerun-if-env-changed=HOST_CXXFLAGS
[INFO] [stderr]   HOST_CXXFLAGS = None
[INFO] [stderr]   cargo:rerun-if-env-changed=CXXFLAGS_x86_64_unknown_linux_gnu
[INFO] [stderr]   CXXFLAGS_x86_64_unknown_linux_gnu = None
[INFO] [stderr]   cargo:rerun-if-env-changed=CXXFLAGS_x86_64-unknown-linux-gnu
[INFO] [stderr]   CXXFLAGS_x86_64-unknown-linux-gnu = None
[INFO] [stderr]   CARGO_ENCODED_RUSTFLAGS = Some(--cap-lints=warn)
[INFO] [stderr]   cargo:rerun-if-env-changed=AR_x86_64-unknown-linux-gnu
[INFO] [stderr]   AR_x86_64-unknown-linux-gnu = None
[INFO] [stderr]   cargo:rerun-if-env-changed=AR_x86_64_unknown_linux_gnu
[INFO] [stderr]   AR_x86_64_unknown_linux_gnu = None
[INFO] [stderr]   cargo:rerun-if-env-changed=HOST_AR
[INFO] [stderr]   HOST_AR = None
[INFO] [stderr]   cargo:rerun-if-env-changed=AR
[INFO] [stderr]   AR = None
[INFO] [stderr]   cargo:rerun-if-env-changed=ARFLAGS
[INFO] [stderr]   ARFLAGS = None
[INFO] [stderr]   cargo:rerun-if-env-changed=HOST_ARFLAGS
[INFO] [stderr]   HOST_ARFLAGS = None
[INFO] [stderr]   cargo:rerun-if-env-changed=ARFLAGS_x86_64_unknown_linux_gnu
[INFO] [stderr]   ARFLAGS_x86_64_unknown_linux_gnu = None
[INFO] [stderr]   cargo:rerun-if-env-changed=ARFLAGS_x86_64-unknown-linux-gnu
[INFO] [stderr]   ARFLAGS_x86_64-unknown-linux-gnu = None
[INFO] [stderr]   cargo:rustc-link-lib=static=DirectX-Headers
[INFO] [stderr]   cargo:rustc-link-search=native=/opt/rustwide/target/release/build/directxtex/a644495c72eb97f1/out
[INFO] [stderr]   cargo:rerun-if-env-changed=CXXSTDLIB_x86_64-unknown-linux-gnu
[INFO] [stderr]   CXXSTDLIB_x86_64-unknown-linux-gnu = None
[INFO] [stderr]   cargo:rerun-if-env-changed=CXXSTDLIB_x86_64_unknown_linux_gnu
[INFO] [stderr]   CXXSTDLIB_x86_64_unknown_linux_gnu = None
[INFO] [stderr]   cargo:rerun-if-env-changed=HOST_CXXSTDLIB
[INFO] [stderr]   HOST_CXXSTDLIB = None
[INFO] [stderr]   cargo:rerun-if-env-changed=CXXSTDLIB
[INFO] [stderr]   CXXSTDLIB = None
[INFO] [stderr]   cargo:rustc-link-lib=stdc++
[INFO] [stderr]   cargo:rerun-if-env-changed=AR_x86_64-unknown-linux-gnu
[INFO] [stderr]   AR_x86_64-unknown-linux-gnu = None
[INFO] [stderr]   cargo:rerun-if-env-changed=AR_x86_64_unknown_linux_gnu
[INFO] [stderr]   AR_x86_64_unknown_linux_gnu = None
[INFO] [stderr]   cargo:rerun-if-env-changed=HOST_AR
[INFO] [stderr]   HOST_AR = None
[INFO] [stderr]   cargo:rerun-if-env-changed=AR
[INFO] [stderr]   AR = None
[INFO] [stderr]   cargo:rerun-if-env-changed=ARFLAGS
[INFO] [stderr]   ARFLAGS = None
[INFO] [stderr]   cargo:rerun-if-env-changed=HOST_ARFLAGS
[INFO] [stderr]   HOST_ARFLAGS = None
[INFO] [stderr]   cargo:rerun-if-env-changed=ARFLAGS_x86_64_unknown_linux_gnu
[INFO] [stderr]   ARFLAGS_x86_64_unknown_linux_gnu = None
[INFO] [stderr]   cargo:rerun-if-env-changed=ARFLAGS_x86_64-unknown-linux-gnu
[INFO] [stderr]   ARFLAGS_x86_64-unknown-linux-gnu = None
[INFO] [stderr]   cargo:rustc-link-lib=static=DirectX-Guids
[INFO] [stderr]   cargo:rustc-link-search=native=/opt/rustwide/target/release/build/directxtex/a644495c72eb97f1/out
[INFO] [stderr]   cargo:rerun-if-env-changed=CXXSTDLIB_x86_64-unknown-linux-gnu
[INFO] [stderr]   CXXSTDLIB_x86_64-unknown-linux-gnu = None
[INFO] [stderr]   cargo:rerun-if-env-changed=CXXSTDLIB_x86_64_unknown_linux_gnu
[INFO] [stderr]   CXXSTDLIB_x86_64_unknown_linux_gnu = None
[INFO] [stderr]   cargo:rerun-if-env-changed=HOST_CXXSTDLIB
[INFO] [stderr]   HOST_CXXSTDLIB = None
[INFO] [stderr]   cargo:rerun-if-env-changed=CXXSTDLIB
[INFO] [stderr]   CXXSTDLIB = None
[INFO] [stderr]   cargo:rustc-link-lib=stdc++
[INFO] [stderr]   OPT_LEVEL = Some(3)
[INFO] [stderr]   OUT_DIR = Some(/opt/rustwide/target/release/build/directxtex/a644495c72eb97f1/out)
[INFO] [stderr]   TARGET = Some(x86_64-unknown-linux-gnu)
[INFO] [stderr]   HOST = Some(x86_64-unknown-linux-gnu)
[INFO] [stderr]   cargo:rerun-if-env-changed=CXX_x86_64-unknown-linux-gnu
[INFO] [stderr]   CXX_x86_64-unknown-linux-gnu = None
[INFO] [stderr]   cargo:rerun-if-env-changed=CXX_x86_64_unknown_linux_gnu
[INFO] [stderr]   CXX_x86_64_unknown_linux_gnu = None
[INFO] [stderr]   cargo:rerun-if-env-changed=HOST_CXX
[INFO] [stderr]   HOST_CXX = None
[INFO] [stderr]   cargo:rerun-if-env-changed=CXX
[INFO] [stderr]   CXX = None
[INFO] [stderr]   cargo:rerun-if-env-changed=CC_ENABLE_DEBUG_OUTPUT
[INFO] [stderr]   RUSTC_WRAPPER = None
[INFO] [stderr]   cargo:rerun-if-env-changed=CRATE_CC_NO_DEFAULTS
[INFO] [stderr]   CRATE_CC_NO_DEFAULTS = None
[INFO] [stderr]   DEBUG = Some(false)
[INFO] [stderr]   CARGO_CFG_TARGET_FEATURE = Some(fxsr,sse,sse2)
[INFO] [stderr]   cargo:rerun-if-env-changed=CXXFLAGS
[INFO] [stderr]   CXXFLAGS = None
[INFO] [stderr]   cargo:rerun-if-env-changed=HOST_CXXFLAGS
[INFO] [stderr]   HOST_CXXFLAGS = None
[INFO] [stderr]   cargo:rerun-if-env-changed=CXXFLAGS_x86_64_unknown_linux_gnu
[INFO] [stderr]   CXXFLAGS_x86_64_unknown_linux_gnu = None
[INFO] [stderr]   cargo:rerun-if-env-changed=CXXFLAGS_x86_64-unknown-linux-gnu
[INFO] [stderr]   CXXFLAGS_x86_64-unknown-linux-gnu = None
[INFO] [stderr]   CARGO_ENCODED_RUSTFLAGS = Some(--cap-lints=warn)
[INFO] [stderr]   cargo:warning=c++: fatal error: Killed signal terminated program cc1plus
[INFO] [stderr]   cargo:warning=compilation terminated.
[INFO] [stderr]   exit status: 0
[INFO] [stderr]   exit status: 0
[INFO] [stderr]   exit status: 0
[INFO] [stderr]   exit status: 1
[INFO] [stderr]   cargo:warning=ToolExecError: command did not execute successfully (status code exit status: 1): LC_ALL="C" "c++" "-O3" "-ffunction-sections" "-fdata-sections" "-fPIC" "-m64" "-std=c++17" "-I" "external/DirectX-Headers/include" "-I" "external/DirectXMath/Inc" "-I" "external/DirectXTex/DirectXTex" "-I" "external/DirectX-Headers/include/wsl/stubs" "-I" "ffi/include" "-Wp,-w" "-o" "/opt/rustwide/target/release/build/directxtex/a644495c72eb97f1/out/718b3231e7f6d5e6-BC6HBC7.o" "-c" "external/DirectXTex/DirectXTex/BC6HBC7.cpp"cargo:warning=c++: fatal error: Killed signal terminated program cc1plus
[INFO] [stderr]   cargo:warning=compilation terminated.
[INFO] [stderr] 
[INFO] [stderr]   exit status: 1
[INFO] [stderr]   cargo:warning=ToolExecError: command did not execute successfully (status code exit status: 1): LC_ALL="C" "c++" "-O3" "-ffunction-sections" "-fdata-sections" "-fPIC" "-m64" "-std=c++17" "-I" "external/DirectX-Headers/include" "-I" "external/DirectXMath/Inc" "-I" "external/DirectXTex/DirectXTex" "-I" "external/DirectX-Headers/include/wsl/stubs" "-I" "ffi/include" "-Wp,-w" "-o" "/opt/rustwide/target/release/build/directxtex/a644495c72eb97f1/out/718b3231e7f6d5e6-DirectXTexConvert.o" "-c" "external/DirectXTex/DirectXTex/DirectXTexConvert.cpp"
[INFO] [stderr]   exit status: 0
[INFO] [stderr]   exit status: 0
[INFO] [stderr]   exit status: 0
[INFO] [stderr]   exit status: 0
[INFO] [stderr]   exit status: 0
[INFO] [stderr]   exit status: 0
[INFO] [stderr]   exit status: 0
[INFO] [stderr]   exit status: 0
[INFO] [stderr]   exit status: 0
[INFO] [stderr]   exit status: 0
[INFO] [stderr] 
[INFO] [stderr]   --- stderr
[INFO] [stderr] 
[INFO] [stderr] 
[INFO] [stderr]   error occurred in cc-rs: command did not execute successfully (status code exit status: 1): LC_ALL="C" "c++" "-O3" "-ffunction-sections" "-fdata-sections" "-fPIC" "-m64" "-std=c++17" "-I" "external/DirectX-Headers/include" "-I" "external/DirectXMath/Inc" "-I" "external/DirectXTex/DirectXTex" "-I" "external/DirectX-Headers/include/wsl/stubs" "-I" "ffi/include" "-Wp,-w" "-o" "/opt/rustwide/target/release/build/directxtex/a644495c72eb97f1/out/718b3231e7f6d5e6-DirectXTexConvert.o" "-c" "external/DirectXTex/DirectXTex/DirectXTexConvert.cpp"
[INFO] [stderr] 
[INFO] [stderr] 
[INFO] running `Command { std: "docker" "inspect" "faa04f672966367f3fa74e02b357258f19522c73c39cf367de741f069c171433", kill_on_drop: false }`
[INFO] running `Command { std: "docker" "rm" "-f" "faa04f672966367f3fa74e02b357258f19522c73c39cf367de741f069c171433", kill_on_drop: false }`
[INFO] [stdout] faa04f672966367f3fa74e02b357258f19522c73c39cf367de741f069c171433
