[INFO] fetching crate git-commitizen 0.1.1...
[INFO] testing git-commitizen-0.1.1 against 1.100.0-beta.1+cargoflags=--release for beta-release-1.100-2
[INFO] extracting crate git-commitizen 0.1.1 into /workspace/builds/worker-6-tc2/source
[INFO] started tweaking crates.io crate git-commitizen 0.1.1
[INFO] removed 0 missing tests
[INFO] finished tweaking crates.io crate git-commitizen 0.1.1
[INFO] tweaked toml for crates.io crate git-commitizen 0.1.1 written to /workspace/builds/worker-6-tc2/source/Cargo.toml
[INFO] validating manifest of crates.io crate git-commitizen 0.1.1 on toolchain 1.100.0-beta.1
[INFO] running `Command { std: CARGO_HOME="/workspace/cargo-home" RUSTUP_HOME="/workspace/rustup-home" "/workspace/cargo-home/bin/cargo" "+1.100.0-beta.1" "metadata" "--manifest-path" "Cargo.toml" "--no-deps", kill_on_drop: false }`
[INFO] crate crates.io crate git-commitizen 0.1.1 already has a lockfile, it will not be regenerated
[INFO] running `Command { std: CARGO_HOME="/workspace/cargo-home" RUSTUP_HOME="/workspace/rustup-home" "/workspace/cargo-home/bin/cargo" "+1.100.0-beta.1" "fetch" "--manifest-path" "Cargo.toml", kill_on_drop: false }`
[INFO] [stderr] warning: `package.homepage` is redundant with `package.repository`
[INFO] [stderr]   --> Cargo.toml:35:12
[INFO] [stderr]    |
[INFO] [stderr] 35 | homepage = "https://github.com/k3ii/git-cz"
[INFO] [stderr]    |            ^^^^^^^^^^^^^^^^^^^^^^^^^^^^^^^^
[INFO] [stderr] ...
[INFO] [stderr] 40 | repository = "https://github.com/k3ii/git-cz"
[INFO] [stderr]    |              --------------------------------
[INFO] [stderr]    |
[INFO] [stderr]    = note: `cargo::redundant_homepage` is set to `warn` by default
[INFO] [stderr] help: consider removing `package.homepage`
[INFO] [stderr] warning: `git-commitizen` (manifest) generated 1 warning
[INFO] [stderr]     Blocking waiting for file lock on package cache
[INFO] running `Command { std: "docker" "create" "-v" "/var/lib/crater-agent-workspace/builds/worker-6-tc2/source:/opt/rustwide/workdir:ro,Z" "-v" "/var/lib/crater-agent-workspace/builds/worker-6-tc2/target:/opt/rustwide/target:rw,Z" "-v" "/var/lib/crater-agent-workspace/cargo-home:/opt/rustwide/cargo-home:ro,Z" "-v" "/var/lib/crater-agent-workspace/rustup-home:/opt/rustwide/rustup-home:ro,Z" "-m" "1610612736" "--network" "none" "ghcr.io/rust-lang/crates-build-env/linux@sha256:77db811e55d90add9212f6832c23229e3de5f1c1f9905e8cb07319ea15df73ac" "sleep" "infinity", kill_on_drop: false }`
[INFO] [stdout] 5b627fbb811e11d1efa985a90bb23964020ec4fe03c9d52cdc6cc8b983975e05
[INFO] running `Command { std: "docker" "start" "5b627fbb811e11d1efa985a90bb23964020ec4fe03c9d52cdc6cc8b983975e05", kill_on_drop: false }`
[INFO] running `Command { std: "docker" "inspect" "5b627fbb811e11d1efa985a90bb23964020ec4fe03c9d52cdc6cc8b983975e05", kill_on_drop: false }`
[INFO] running `Command { std: "docker" "exec" "-e" "SOURCE_DIR=/opt/rustwide/workdir" "-e" "CARGO_HOME=/opt/rustwide/cargo-home" "-e" "RUSTUP_HOME=/opt/rustwide/rustup-home" "-e" "CARGO_TARGET_DIR=/opt/rustwide/target" "-w" "/opt/rustwide/workdir" "--user" "0:0" "5b627fbb811e11d1efa985a90bb23964020ec4fe03c9d52cdc6cc8b983975e05" "/opt/rustwide/cargo-home/bin/cargo" "+1.100.0-beta.1" "metadata" "--no-deps" "--format-version=1", kill_on_drop: false }`
[INFO] running `Command { std: "docker" "inspect" "5b627fbb811e11d1efa985a90bb23964020ec4fe03c9d52cdc6cc8b983975e05", kill_on_drop: false }`
[INFO] running `Command { std: "docker" "exec" "-e" "SOURCE_DIR=/opt/rustwide/workdir" "-e" "CARGO_HOME=/opt/rustwide/cargo-home" "-e" "RUSTUP_HOME=/opt/rustwide/rustup-home" "-e" "CARGO_TARGET_DIR=/opt/rustwide/target" "-e" "CARGO_INCREMENTAL=0" "-e" "RUST_BACKTRACE=full" "-e" "RUSTFLAGS=--cap-lints=warn" "-e" "RUSTDOCFLAGS=--cap-lints=warn" "-w" "/opt/rustwide/workdir" "--user" "0:0" "5b627fbb811e11d1efa985a90bb23964020ec4fe03c9d52cdc6cc8b983975e05" "/opt/rustwide/cargo-home/bin/cargo" "+1.100.0-beta.1" "build" "--frozen" "--message-format=json" "--release", kill_on_drop: false }`
[INFO] [stderr] warning: `package.homepage` is redundant with `package.repository`
[INFO] [stderr]   --> Cargo.toml:35:12
[INFO] [stderr]    |
[INFO] [stderr] 35 | homepage = "https://github.com/k3ii/git-cz"
[INFO] [stderr]    |            ^^^^^^^^^^^^^^^^^^^^^^^^^^^^^^^^
[INFO] [stderr] ...
[INFO] [stderr] 40 | repository = "https://github.com/k3ii/git-cz"
[INFO] [stderr]    |              --------------------------------
[INFO] [stderr]    |
[INFO] [stderr]    = note: `cargo::redundant_homepage` is set to `warn` by default
[INFO] [stderr] help: consider removing `package.homepage`
[INFO] [stderr] warning: `git-commitizen` (manifest) generated 1 warning
[INFO] [stderr]    Compiling libc v0.2.158
[INFO] [stderr]    Compiling pkg-config v0.3.30
[INFO] [stderr]    Compiling proc-macro2 v1.0.86
[INFO] [stderr]    Compiling autocfg v1.3.0
[INFO] [stderr]    Compiling smallvec v1.13.2
[INFO] [stderr]    Compiling log v0.4.22
[INFO] [stderr]    Compiling signal-hook v0.3.17
[INFO] [stderr]    Compiling thiserror v1.0.63
[INFO] [stderr]    Compiling serde v1.0.209
[INFO] [stderr]    Compiling anyhow v1.0.86
[INFO] [stderr]    Compiling unicode-bidi v0.3.15
[INFO] [stderr]    Compiling unicode-normalization v0.1.23
[INFO] [stderr]    Compiling hashbrown v0.14.5
[INFO] [stderr]    Compiling serde_json v1.0.127
[INFO] [stderr]    Compiling rustix v0.38.34
[INFO] [stderr]    Compiling once_cell v1.19.0
[INFO] [stderr]    Compiling openssl v0.10.66
[INFO] [stderr]    Compiling endian-type v0.1.2
[INFO] [stderr]    Compiling fastrand v2.1.1
[INFO] [stderr]    Compiling unicode-width v0.1.13
[INFO] [stderr]    Compiling nibble_vec v0.1.0
[INFO] [stderr]    Compiling lock_api v0.4.12
[INFO] [stderr]    Compiling radix_trie v0.2.1
[INFO] [stderr]    Compiling idna v0.5.0
[INFO] [stderr]    Compiling quote v1.0.37
[INFO] [stderr]    Compiling jobserver v0.1.32
[INFO] [stderr]    Compiling indexmap v2.4.0
[INFO] [stderr]    Compiling syn v2.0.76
[INFO] [stderr]    Compiling url v2.5.2
[INFO] [stderr]    Compiling cc v1.1.14
[INFO] [stderr]    Compiling signal-hook-registry v1.4.2
[INFO] [stderr]    Compiling mio v0.8.11
[INFO] [stderr]    Compiling parking_lot_core v0.9.10
[INFO] [stderr]    Compiling parking_lot v0.12.3
[INFO] [stderr]    Compiling signal-hook-mio v0.2.4
[INFO] [stderr]    Compiling openssl-src v300.3.1+3.3.1
[INFO] [stderr]    Compiling openssl-sys v0.9.103
[INFO] [stderr]    Compiling libz-sys v1.1.20
[INFO] [stderr]    Compiling libssh2-sys v0.3.0
[INFO] [stderr]    Compiling libgit2-sys v0.17.0+1.8.1
[INFO] [stderr]    Compiling tempfile v3.12.0
[INFO] [stderr]    Compiling thiserror-impl v1.0.63
[INFO] [stderr]    Compiling openssl-macros v0.1.1
[INFO] [stderr]    Compiling filedescriptor v0.8.2
[INFO] [stderr]    Compiling crossterm v0.27.0
[INFO] [stderr]    Compiling promkit v0.4.5
[INFO] [stderr]    Compiling git2 v0.19.0
[INFO] [stderr]    Compiling git-commitizen v0.1.1 (/opt/rustwide/workdir)
[INFO] [stderr] warning: unused dependency `openssl`
[INFO] [stderr]  --> Cargo.toml:8:15
[INFO] [stderr]   |
[INFO] [stderr] 8 | [dependencies.openssl]
[INFO] [stderr]   |               ^^^^^^^^
[INFO] [stderr]   |
[INFO] [stderr]   = note: `cargo::unused_dependencies` is set to `warn` by default
[INFO] [stderr] help: consider removing the dependency on `openssl`
[INFO] [stderr] warning: `git-commitizen` (manifest) generated 1 warning
[INFO] [stderr]     Finished `release` profile [optimized] target(s) in 3m 34s
[INFO] running `Command { std: "docker" "inspect" "5b627fbb811e11d1efa985a90bb23964020ec4fe03c9d52cdc6cc8b983975e05", kill_on_drop: false }`
[INFO] running `Command { std: "docker" "exec" "-e" "SOURCE_DIR=/opt/rustwide/workdir" "-e" "CARGO_HOME=/opt/rustwide/cargo-home" "-e" "RUSTUP_HOME=/opt/rustwide/rustup-home" "-e" "CARGO_TARGET_DIR=/opt/rustwide/target" "-e" "CARGO_INCREMENTAL=0" "-e" "RUST_BACKTRACE=full" "-e" "RUSTFLAGS=--cap-lints=warn" "-e" "RUSTDOCFLAGS=--cap-lints=warn" "-w" "/opt/rustwide/workdir" "--user" "0:0" "5b627fbb811e11d1efa985a90bb23964020ec4fe03c9d52cdc6cc8b983975e05" "/opt/rustwide/cargo-home/bin/cargo" "+1.100.0-beta.1" "test" "--frozen" "--no-run" "--message-format=json" "--release", kill_on_drop: false }`
[INFO] [stderr] warning: `package.homepage` is redundant with `package.repository`
[INFO] [stderr]   --> Cargo.toml:35:12
[INFO] [stderr]    |
[INFO] [stderr] 35 | homepage = "https://github.com/k3ii/git-cz"
[INFO] [stderr]    |            ^^^^^^^^^^^^^^^^^^^^^^^^^^^^^^^^
[INFO] [stderr] ...
[INFO] [stderr] 40 | repository = "https://github.com/k3ii/git-cz"
[INFO] [stderr]    |              --------------------------------
[INFO] [stderr]    |
[INFO] [stderr]    = note: `cargo::redundant_homepage` is set to `warn` by default
[INFO] [stderr] help: consider removing `package.homepage`
[INFO] [stderr] warning: `git-commitizen` (manifest) generated 1 warning
[INFO] [stderr]    Compiling git-commitizen v0.1.1 (/opt/rustwide/workdir)
[INFO] [stdout] error[E0061]: this function takes 5 arguments but 4 arguments were supplied
[INFO] [stdout]   --> tests/main_test.rs:78:26
[INFO] [stdout]    |
[INFO] [stdout] 78 |     let commit_message = build_commit_message(commit_type, scope, description, body);
[INFO] [stdout]    |                          ^^^^^^^^^^^^^^^^^^^^--------------------------------------- argument #5 of type `&str` is missing
[INFO] [stdout]    |
[INFO] [stdout] note: function defined here
[INFO] [stdout]   --> src/lib.rs:47:8
[INFO] [stdout]    |
[INFO] [stdout] 47 | pub fn build_commit_message(
[INFO] [stdout]    |        ^^^^^^^^^^^^^^^^^^^^
[INFO] [stdout] help: provide the argument
[INFO] [stdout]    |
[INFO] [stdout] 78 |     let commit_message = build_commit_message(commit_type, scope, description, body, /* &str */);
[INFO] [stdout]    |                                                                                    ++++++++++++
[INFO] [stdout] 
[INFO] [stdout] 
[INFO] [stdout] error[E0061]: this function takes 5 arguments but 4 arguments were supplied
[INFO] [stdout]   --> tests/main_test.rs:84:35
[INFO] [stdout]    |
[INFO] [stdout] 84 |     let commit_message_no_scope = build_commit_message(commit_type, "", description, body);
[INFO] [stdout]    |                                   ^^^^^^^^^^^^^^^^^^^^------------------------------------ argument #5 of type `&str` is missing
[INFO] [stdout]    |
[INFO] [stdout] note: function defined here
[INFO] [stdout]   --> src/lib.rs:47:8
[INFO] [stdout]    |
[INFO] [stdout] 47 | pub fn build_commit_message(
[INFO] [stdout]    |        ^^^^^^^^^^^^^^^^^^^^
[INFO] [stdout] help: provide the argument
[INFO] [stdout]    |
[INFO] [stdout] 84 |     let commit_message_no_scope = build_commit_message(commit_type, "", description, body, /* &str */);
[INFO] [stdout]    |                                                                                          ++++++++++++
[INFO] [stdout] 
[INFO] [stdout] 
[INFO] [stdout] error[E0061]: this function takes 5 arguments but 4 arguments were supplied
[INFO] [stdout]   --> tests/main_test.rs:90:34
[INFO] [stdout]    |
[INFO] [stdout] 90 |     let commit_message_no_body = build_commit_message(commit_type, scope, description, "");
[INFO] [stdout]    |                                  ^^^^^^^^^^^^^^^^^^^^------------------------------------- argument #5 of type `&str` is missing
[INFO] [stdout]    |
[INFO] [stdout] note: function defined here
[INFO] [stdout]   --> src/lib.rs:47:8
[INFO] [stdout]    |
[INFO] [stdout] 47 | pub fn build_commit_message(
[INFO] [stdout]    |        ^^^^^^^^^^^^^^^^^^^^
[INFO] [stdout] help: provide the argument
[INFO] [stdout]    |
[INFO] [stdout] 90 |     let commit_message_no_body = build_commit_message(commit_type, scope, description, "", /* &str */);
[INFO] [stdout]    |                                                                                          ++++++++++++
[INFO] [stdout] 
[INFO] [stdout] 
[INFO] [stdout] error[E0061]: this function takes 5 arguments but 4 arguments were supplied
[INFO] [stdout]   --> tests/main_test.rs:97:25
[INFO] [stdout]    |
[INFO] [stdout] 97 |     let empty_message = build_commit_message("", "", "", "");
[INFO] [stdout]    |                         ^^^^^^^^^^^^^^^^^^^^---------------- argument #5 of type `&str` is missing
[INFO] [stdout]    |
[INFO] [stdout] note: function defined here
[INFO] [stdout]   --> src/lib.rs:47:8
[INFO] [stdout]    |
[INFO] [stdout] 47 | pub fn build_commit_message(
[INFO] [stdout]    |        ^^^^^^^^^^^^^^^^^^^^
[INFO] [stdout] help: provide the argument
[INFO] [stdout]    |
[INFO] [stdout] 97 |     let empty_message = build_commit_message("", "", "", "", /* &str */);
[INFO] [stdout]    |                                                            ++++++++++++
[INFO] [stdout] 
[INFO] [stdout] 
[INFO] [stdout] error[E0061]: this function takes 5 arguments but 4 arguments were supplied
[INFO] [stdout]    --> tests/main_test.rs:106:24
[INFO] [stdout]     |
[INFO] [stdout] 106 |     let long_message = build_commit_message(&long_type, &long_scope, &long_description, &long_body);
[INFO] [stdout]     |                        ^^^^^^^^^^^^^^^^^^^^-------------------------------------------------------- argument #5 of type `&str` is missing
[INFO] [stdout]     |
[INFO] [stdout] note: function defined here
[INFO] [stdout]    --> src/lib.rs:47:8
[INFO] [stdout]     |
[INFO] [stdout]  47 | pub fn build_commit_message(
[INFO] [stdout]     |        ^^^^^^^^^^^^^^^^^^^^
[INFO] [stdout] help: provide the argument
[INFO] [stdout]     |
[INFO] [stdout] 106 |     let long_message = build_commit_message(&long_type, &long_scope, &long_description, &long_body, /* &str */);
[INFO] [stdout]     |                                                                                                   ++++++++++++
[INFO] [stdout] 
[INFO] [stdout] 
[INFO] [stdout] error[E0061]: this function takes 5 arguments but 4 arguments were supplied
[INFO] [stdout]    --> tests/main_test.rs:112:27
[INFO] [stdout]     |
[INFO] [stdout] 112 |     let special_message = build_commit_message("type!", "scope@", "description#", "body$");
[INFO] [stdout]     |                           ^^^^^^^^^^^^^^^^^^^^-------------------------------------------- argument #5 of type `&str` is missing
[INFO] [stdout]     |
[INFO] [stdout] note: function defined here
[INFO] [stdout]    --> src/lib.rs:47:8
[INFO] [stdout]     |
[INFO] [stdout]  47 | pub fn build_commit_message(
[INFO] [stdout]     |        ^^^^^^^^^^^^^^^^^^^^
[INFO] [stdout] help: provide the argument
[INFO] [stdout]     |
[INFO] [stdout] 112 |     let special_message = build_commit_message("type!", "scope@", "description#", "body$", /* &str */);
[INFO] [stdout]     |                                                                                          ++++++++++++
[INFO] [stdout] 
[INFO] [stdout] 
[INFO] [stdout] error[E0061]: this function takes 5 arguments but 4 arguments were supplied
[INFO] [stdout]    --> tests/main_test.rs:252:26
[INFO] [stdout]     |
[INFO] [stdout] 252 |     let commit_message = build_commit_message(commit_type, scope, description, body);
[INFO] [stdout]     |                          ^^^^^^^^^^^^^^^^^^^^--------------------------------------- argument #5 of type `&str` is missing
[INFO] [stdout]     |
[INFO] [stdout] note: function defined here
[INFO] [stdout]    --> src/lib.rs:47:8
[INFO] [stdout]     |
[INFO] [stdout]  47 | pub fn build_commit_message(
[INFO] [stdout]     |        ^^^^^^^^^^^^^^^^^^^^
[INFO] [stdout] help: provide the argument
[INFO] [stdout]     |
[INFO] [stdout] 252 |     let commit_message = build_commit_message(commit_type, scope, description, body, /* &str */);
[INFO] [stdout]     |                                                                                    ++++++++++++
[INFO] [stdout] 
[INFO] [stdout] 
[INFO] [stdout] For more information about this error, try `rustc --explain E0061`.
[INFO] [stdout] 
[INFO] [stderr] error: could not compile `git-commitizen` (test "main_test") due to 7 previous errors
[INFO] [stderr] warning: build failed, waiting for other jobs to finish...
[INFO] [stderr] warning: unused dependency `openssl`
[INFO] [stderr]  --> Cargo.toml:8:15
[INFO] [stderr]   |
[INFO] [stderr] 8 | [dependencies.openssl]
[INFO] [stderr]   |               ^^^^^^^^
[INFO] [stderr]   |
[INFO] [stderr]   = note: `cargo::unused_dependencies` is set to `warn` by default
[INFO] [stderr] help: consider removing the dependency on `openssl`
[INFO] [stderr] warning: `git-commitizen` (manifest) generated 1 warning
[INFO] running `Command { std: "docker" "inspect" "5b627fbb811e11d1efa985a90bb23964020ec4fe03c9d52cdc6cc8b983975e05", kill_on_drop: false }`
[INFO] running `Command { std: "docker" "rm" "-f" "5b627fbb811e11d1efa985a90bb23964020ec4fe03c9d52cdc6cc8b983975e05", kill_on_drop: false }`
[INFO] [stdout] 5b627fbb811e11d1efa985a90bb23964020ec4fe03c9d52cdc6cc8b983975e05
