[INFO] fetching crate gid-core 0.3.2...
[INFO] testing gid-core-0.3.2 against 1.99.0-beta.8+cargoflags=--release for beta-release-1.100-2
[INFO] extracting crate gid-core 0.3.2 into /workspace/builds/worker-1-tc1/source
[INFO] started tweaking crates.io crate gid-core 0.3.2
[INFO] removed 0 missing tests
[INFO] finished tweaking crates.io crate gid-core 0.3.2
[INFO] tweaked toml for crates.io crate gid-core 0.3.2 written to /workspace/builds/worker-1-tc1/source/Cargo.toml
[INFO] validating manifest of crates.io crate gid-core 0.3.2 on toolchain 1.99.0-beta.8
[INFO] running `Command { std: CARGO_HOME="/workspace/cargo-home" RUSTUP_HOME="/workspace/rustup-home" "/workspace/cargo-home/bin/cargo" "+1.99.0-beta.8" "metadata" "--manifest-path" "Cargo.toml" "--no-deps", kill_on_drop: false }`
[INFO] crate crates.io crate gid-core 0.3.2 already has a lockfile, it will not be regenerated
[INFO] running `Command { std: CARGO_HOME="/workspace/cargo-home" RUSTUP_HOME="/workspace/rustup-home" "/workspace/cargo-home/bin/cargo" "+1.99.0-beta.8" "fetch" "--manifest-path" "Cargo.toml", kill_on_drop: false }`
[INFO] [stderr]     Updating crates.io index
[INFO] [stderr]  Downloading crates ...
[INFO] [stderr]   Downloaded infomap-rs v0.1.1
[INFO] [stderr]   Downloaded agentctl-auth v0.1.0
[INFO] running `Command { std: "docker" "create" "-v" "/var/lib/crater-agent-workspace/builds/worker-1-tc1/source:/opt/rustwide/workdir:ro,Z" "-v" "/var/lib/crater-agent-workspace/builds/worker-1-tc1/target:/opt/rustwide/target:rw,Z" "-v" "/var/lib/crater-agent-workspace/cargo-home:/opt/rustwide/cargo-home:ro,Z" "-v" "/var/lib/crater-agent-workspace/rustup-home:/opt/rustwide/rustup-home:ro,Z" "-m" "1610612736" "--network" "none" "ghcr.io/rust-lang/crates-build-env/linux@sha256:77db811e55d90add9212f6832c23229e3de5f1c1f9905e8cb07319ea15df73ac" "sleep" "infinity", kill_on_drop: false }`
[INFO] [stdout] bd74a7c38eaa3f8b91d7ebaeaefe5be3fdf9c316cce1b2d4df3d3350e3d0eacd
[INFO] running `Command { std: "docker" "start" "bd74a7c38eaa3f8b91d7ebaeaefe5be3fdf9c316cce1b2d4df3d3350e3d0eacd", kill_on_drop: false }`
[INFO] running `Command { std: "docker" "inspect" "bd74a7c38eaa3f8b91d7ebaeaefe5be3fdf9c316cce1b2d4df3d3350e3d0eacd", kill_on_drop: false }`
[INFO] running `Command { std: "docker" "exec" "-e" "SOURCE_DIR=/opt/rustwide/workdir" "-e" "CARGO_HOME=/opt/rustwide/cargo-home" "-e" "RUSTUP_HOME=/opt/rustwide/rustup-home" "-e" "CARGO_TARGET_DIR=/opt/rustwide/target" "-w" "/opt/rustwide/workdir" "--user" "0:0" "bd74a7c38eaa3f8b91d7ebaeaefe5be3fdf9c316cce1b2d4df3d3350e3d0eacd" "/opt/rustwide/cargo-home/bin/cargo" "+1.99.0-beta.8" "metadata" "--no-deps" "--format-version=1", kill_on_drop: false }`
[INFO] running `Command { std: "docker" "inspect" "bd74a7c38eaa3f8b91d7ebaeaefe5be3fdf9c316cce1b2d4df3d3350e3d0eacd", kill_on_drop: false }`
[INFO] running `Command { std: "docker" "exec" "-e" "SOURCE_DIR=/opt/rustwide/workdir" "-e" "CARGO_HOME=/opt/rustwide/cargo-home" "-e" "RUSTUP_HOME=/opt/rustwide/rustup-home" "-e" "CARGO_TARGET_DIR=/opt/rustwide/target" "-e" "CARGO_INCREMENTAL=0" "-e" "RUST_BACKTRACE=full" "-e" "RUSTFLAGS=--cap-lints=warn" "-e" "RUSTDOCFLAGS=--cap-lints=warn" "-w" "/opt/rustwide/workdir" "--user" "0:0" "bd74a7c38eaa3f8b91d7ebaeaefe5be3fdf9c316cce1b2d4df3d3350e3d0eacd" "/opt/rustwide/cargo-home/bin/cargo" "+1.99.0-beta.8" "build" "--frozen" "--message-format=json" "--release", kill_on_drop: false }`
[INFO] [stderr]    Compiling cc v1.2.57
[INFO] [stderr]    Compiling tree-sitter-language v0.1.7
[INFO] [stderr]    Compiling serde_core v1.0.228
[INFO] [stderr]    Compiling serde_json v1.0.149
[INFO] [stderr]    Compiling syn v2.0.117
[INFO] [stderr]    Compiling streaming-iterator v0.1.9
[INFO] [stderr]    Compiling deunicode v1.6.2
[INFO] [stderr]    Compiling xxhash-rust v0.8.15
[INFO] [stderr]    Compiling tree-sitter-typescript v0.23.2
[INFO] [stderr]    Compiling tree-sitter-javascript v0.25.0
[INFO] [stderr]    Compiling tree-sitter-python v0.23.6
[INFO] [stderr]    Compiling tree-sitter-rust v0.24.2
[INFO] [stderr]    Compiling serde_derive v1.0.228
[INFO] [stderr]    Compiling tracing-attributes v0.1.31
[INFO] [stderr]    Compiling tree-sitter v0.25.10
[INFO] [stderr]    Compiling tracing v0.1.44
[INFO] [stderr]    Compiling serde v1.0.228
[INFO] [stderr]    Compiling serde_yaml v0.9.34+deprecated
[INFO] [stderr]    Compiling chrono v0.4.44
[INFO] [stderr]    Compiling gid-core v0.3.2 (/opt/rustwide/workdir)
[INFO] [stdout] warning: unused import: `crate::graph::Graph`
[INFO] [stdout]   --> src/watch.rs:13:5
[INFO] [stdout]    |
[INFO] [stdout] 13 | use crate::graph::Graph;
[INFO] [stdout]    |     ^^^^^^^^^^^^^^^^^^^
[INFO] [stdout]    |
[INFO] [stdout]    = note: `#[warn(unused_imports)]` (part of `#[warn(unused)]`) on by default
[INFO] [stdout] 
[INFO] [stdout] 
[INFO] [stdout] warning: value assigned to `seen_for` is never read
[INFO] [stdout]     --> src/code_graph/lang/rust_lang.rs:1720:21
[INFO] [stdout]      |
[INFO] [stdout] 1720 |                     seen_for = true;
[INFO] [stdout]      |                     ^^^^^^^^^^^^^^^
[INFO] [stdout]      |
[INFO] [stdout]      = help: maybe it is overwritten before being read?
[INFO] [stdout]      = note: `#[warn(unused_assignments)]` (part of `#[warn(unused)]`) on by default
[INFO] [stdout] 
[INFO] [stdout] 
[INFO] [stdout] warning: associated function `save_graph_json` is never used
[INFO] [stdout]     --> src/code_graph/extract.rs:1598:8
[INFO] [stdout]      |
[INFO] [stdout]  961 | impl CodeGraph {
[INFO] [stdout]      | -------------- associated function in this implementation
[INFO] [stdout] ...
[INFO] [stdout] 1598 |     fn save_graph_json(graph_path: &Path, graph: &Self) {
[INFO] [stdout]      |        ^^^^^^^^^^^^^^^
[INFO] [stdout]      |
[INFO] [stdout]      = note: `#[warn(dead_code)]` (part of `#[warn(unused)]`) on by default
[INFO] [stdout] 
[INFO] [stdout] 
[INFO] [stderr]     Finished `release` profile [optimized] target(s) in 1m 00s
[INFO] running `Command { std: "docker" "inspect" "bd74a7c38eaa3f8b91d7ebaeaefe5be3fdf9c316cce1b2d4df3d3350e3d0eacd", kill_on_drop: false }`
[INFO] running `Command { std: "docker" "exec" "-e" "SOURCE_DIR=/opt/rustwide/workdir" "-e" "CARGO_HOME=/opt/rustwide/cargo-home" "-e" "RUSTUP_HOME=/opt/rustwide/rustup-home" "-e" "CARGO_TARGET_DIR=/opt/rustwide/target" "-e" "CARGO_INCREMENTAL=0" "-e" "RUST_BACKTRACE=full" "-e" "RUSTFLAGS=--cap-lints=warn" "-e" "RUSTDOCFLAGS=--cap-lints=warn" "-w" "/opt/rustwide/workdir" "--user" "0:0" "bd74a7c38eaa3f8b91d7ebaeaefe5be3fdf9c316cce1b2d4df3d3350e3d0eacd" "/opt/rustwide/cargo-home/bin/cargo" "+1.99.0-beta.8" "test" "--frozen" "--no-run" "--message-format=json" "--release", kill_on_drop: false }`
[INFO] [stderr]    Compiling serde v1.0.228
[INFO] [stderr]    Compiling tokio-macros v2.6.1
[INFO] [stderr]    Compiling tempfile v3.27.0
[INFO] [stderr]    Compiling chrono v0.4.44
[INFO] [stderr]    Compiling serde_yaml v0.9.34+deprecated
[INFO] [stderr]    Compiling tokio v1.50.0
[INFO] [stderr]    Compiling gid-core v0.3.2 (/opt/rustwide/workdir)
[INFO] [stdout] warning: unused import: `crate::graph::Graph`
[INFO] [stdout]   --> src/watch.rs:13:5
[INFO] [stdout]    |
[INFO] [stdout] 13 | use crate::graph::Graph;
[INFO] [stdout]    |     ^^^^^^^^^^^^^^^^^^^
[INFO] [stdout]    |
[INFO] [stdout]    = note: `#[warn(unused_imports)]` (part of `#[warn(unused)]`) on by default
[INFO] [stdout] 
[INFO] [stdout] 
[INFO] [stdout] warning: value assigned to `seen_for` is never read
[INFO] [stdout]     --> src/code_graph/lang/rust_lang.rs:1720:21
[INFO] [stdout]      |
[INFO] [stdout] 1720 |                     seen_for = true;
[INFO] [stdout]      |                     ^^^^^^^^^^^^^^^
[INFO] [stdout]      |
[INFO] [stdout]      = help: maybe it is overwritten before being read?
[INFO] [stdout]      = note: `#[warn(unused_assignments)]` (part of `#[warn(unused)]`) on by default
[INFO] [stdout] 
[INFO] [stdout] 
[INFO] [stdout] warning: associated function `save_graph_json` is never used
[INFO] [stdout]     --> src/code_graph/extract.rs:1598:8
[INFO] [stdout]      |
[INFO] [stdout]  961 | impl CodeGraph {
[INFO] [stdout]      | -------------- associated function in this implementation
[INFO] [stdout] ...
[INFO] [stdout] 1598 |     fn save_graph_json(graph_path: &Path, graph: &Self) {
[INFO] [stdout]      |        ^^^^^^^^^^^^^^^
[INFO] [stdout]      |
[INFO] [stdout]      = note: `#[warn(dead_code)]` (part of `#[warn(unused)]`) on by default
[INFO] [stdout] 
[INFO] [stdout] 
[INFO] [stdout] warning: unused import: `NodeKind`
[INFO] [stdout]    --> src/unify.rs:337:60
[INFO] [stdout]     |
[INFO] [stdout] 337 |     use crate::code_graph::{CodeNode, CodeEdge, CodeGraph, NodeKind, EdgeRelation};
[INFO] [stdout]     |                                                            ^^^^^^^^
[INFO] [stdout]     |
[INFO] [stdout]     = note: `#[warn(unused_imports)]` (part of `#[warn(unused)]`) on by default
[INFO] [stdout] 
[INFO] [stdout] 
[INFO] [stdout] warning: unused import: `crate::graph::Graph`
[INFO] [stdout]   --> src/watch.rs:13:5
[INFO] [stdout]    |
[INFO] [stdout] 13 | use crate::graph::Graph;
[INFO] [stdout]    |     ^^^^^^^^^^^^^^^^^^^
[INFO] [stdout] 
[INFO] [stdout] 
[INFO] [stdout] warning: use of deprecated function `unified::build_unified_graph`: Use unify::codegraph_to_graph_nodes() + unify::merge_code_layer() instead
[INFO] [stdout]    --> src/unified.rs:410:23
[INFO] [stdout]     |
[INFO] [stdout] 410 |         let unified = build_unified_graph(&code_graph, &task_graph);
[INFO] [stdout]     |                       ^^^^^^^^^^^^^^^^^^^
[INFO] [stdout]     |
[INFO] [stdout]     = note: `#[warn(deprecated)]` on by default
[INFO] [stdout] 
[INFO] [stdout] 
[INFO] [stdout] warning: value assigned to `seen_for` is never read
[INFO] [stdout]     --> src/code_graph/lang/rust_lang.rs:1720:21
[INFO] [stdout]      |
[INFO] [stdout] 1720 |                     seen_for = true;
[INFO] [stdout]      |                     ^^^^^^^^^^^^^^^
[INFO] [stdout]      |
[INFO] [stdout]      = help: maybe it is overwritten before being read?
[INFO] [stdout]      = note: `#[warn(unused_assignments)]` (part of `#[warn(unused)]`) on by default
[INFO] [stdout] 
[INFO] [stdout] 
[INFO] [stdout] warning: associated function `save_graph_json` is never used
[INFO] [stdout]     --> src/code_graph/extract.rs:1598:8
[INFO] [stdout]      |
[INFO] [stdout]  961 | impl CodeGraph {
[INFO] [stdout]      | -------------- associated function in this implementation
[INFO] [stdout] ...
[INFO] [stdout] 1598 |     fn save_graph_json(graph_path: &Path, graph: &Self) {
[INFO] [stdout]      |        ^^^^^^^^^^^^^^^
[INFO] [stdout]      |
[INFO] [stdout]      = note: `#[warn(dead_code)]` (part of `#[warn(unused)]`) on by default
[INFO] [stdout] 
[INFO] [stdout] 
[INFO] [stdout] warning: function `make_file_node` is never used
[INFO] [stdout]     --> src/advise.rs:1489:8
[INFO] [stdout]      |
[INFO] [stdout] 1489 |     fn make_file_node(path: &str) -> Node {
[INFO] [stdout]      |        ^^^^^^^^^^^^^^
[INFO] [stdout] 
[INFO] [stdout] 
[INFO] [stdout] warning: function `make_func_node` is never used
[INFO] [stdout]     --> src/advise.rs:1497:8
[INFO] [stdout]      |
[INFO] [stdout] 1497 |     fn make_func_node(path: &str, name: &str) -> Node {
[INFO] [stdout]      |        ^^^^^^^^^^^^^^
[INFO] [stdout] 
[INFO] [stdout] 
[INFO] [stdout] warning: function `make_code_node` is never used
[INFO] [stdout]     --> src/harness/context.rs:3446:8
[INFO] [stdout]      |
[INFO] [stdout] 3446 |     fn make_code_node(id: &str, file_path: &str, sig: Option<&str>) -> Node {
[INFO] [stdout]      |        ^^^^^^^^^^^^^^
[INFO] [stdout] 
[INFO] [stdout] 
[INFO] [stdout] error[E0433]: cannot find `ritual` in `gid_core`
[INFO] [stdout]   --> tests/artifact_test.rs:3:15
[INFO] [stdout]    |
[INFO] [stdout]  3 | use gid_core::ritual::artifact::ArtifactManager;
[INFO] [stdout]    |               ^^^^^^ could not find `ritual` in `gid_core`
[INFO] [stdout]    |
[INFO] [stdout] note: found an item that was configured out
[INFO] [stdout]   --> src/lib.rs:28:9
[INFO] [stdout]    |
[INFO] [stdout] 27 | #[cfg(feature = "ritual")]
[INFO] [stdout]    |       ------------------ the item is gated behind the `ritual` feature
[INFO] [stdout] 28 | pub mod ritual;
[INFO] [stdout]    |         ^^^^^^
[INFO] [stdout] 
[INFO] [stdout] 
[INFO] [stdout] error[E0433]: cannot find `ritual` in `gid_core`
[INFO] [stdout]   --> tests/ritual_engine_test.rs:5:15
[INFO] [stdout]    |
[INFO] [stdout]  5 | use gid_core::ritual::definition::RitualDefinition;
[INFO] [stdout]    |               ^^^^^^ could not find `ritual` in `gid_core`
[INFO] [stdout]    |
[INFO] [stdout] note: found an item that was configured out
[INFO] [stdout]   --> src/lib.rs:28:9
[INFO] [stdout]    |
[INFO] [stdout] 27 | #[cfg(feature = "ritual")]
[INFO] [stdout]    |       ------------------ the item is gated behind the `ritual` feature
[INFO] [stdout] 28 | pub mod ritual;
[INFO] [stdout]    |         ^^^^^^
[INFO] [stdout] 
[INFO] [stdout] 
[INFO] [stdout] error[E0433]: cannot find `ritual` in `gid_core`
[INFO] [stdout]   --> tests/ritual_engine_test.rs:6:15
[INFO] [stdout]    |
[INFO] [stdout]  6 | use gid_core::ritual::engine::{RitualEngine, RitualStatus, PhaseStatus};
[INFO] [stdout]    |               ^^^^^^ could not find `ritual` in `gid_core`
[INFO] [stdout]    |
[INFO] [stdout] note: found an item that was configured out
[INFO] [stdout]   --> src/lib.rs:28:9
[INFO] [stdout]    |
[INFO] [stdout] 27 | #[cfg(feature = "ritual")]
[INFO] [stdout]    |       ------------------ the item is gated behind the `ritual` feature
[INFO] [stdout] 28 | pub mod ritual;
[INFO] [stdout]    |         ^^^^^^
[INFO] [stdout] 
[INFO] [stdout] 
[INFO] [stdout] For more information about this error, try `rustc --explain E0433`.
[INFO] [stdout] 
[INFO] [stderr] error: could not compile `gid-core` (test "artifact_test") due to 1 previous error
[INFO] [stderr] warning: build failed, waiting for other jobs to finish...
[INFO] [stdout] error[E0433]: cannot find `ritual` in `gid_core`
[INFO] [stdout]   --> tests/template_test.rs:3:15
[INFO] [stdout]    |
[INFO] [stdout]  3 | use gid_core::ritual::template::TemplateRegistry;
[INFO] [stdout]    |               ^^^^^^ could not find `ritual` in `gid_core`
[INFO] [stdout]    |
[INFO] [stdout] note: found an item that was configured out
[INFO] [stdout]   --> src/lib.rs:28:9
[INFO] [stdout]    |
[INFO] [stdout] 27 | #[cfg(feature = "ritual")]
[INFO] [stdout]    |       ------------------ the item is gated behind the `ritual` feature
[INFO] [stdout] 28 | pub mod ritual;
[INFO] [stdout]    |         ^^^^^^
[INFO] [stdout] 
[INFO] [stdout] 
[INFO] [stdout] error[E0433]: cannot find `ritual` in `gid_core`
[INFO] [stdout]   --> tests/approval_test.rs:3:15
[INFO] [stdout]    |
[INFO] [stdout]  3 | use gid_core::ritual::approval::ApprovalGate;
[INFO] [stdout]    |               ^^^^^^ could not find `ritual` in `gid_core`
[INFO] [stdout]    |
[INFO] [stdout] note: found an item that was configured out
[INFO] [stdout]   --> src/lib.rs:28:9
[INFO] [stdout]    |
[INFO] [stdout] 27 | #[cfg(feature = "ritual")]
[INFO] [stdout]    |       ------------------ the item is gated behind the `ritual` feature
[INFO] [stdout] 28 | pub mod ritual;
[INFO] [stdout]    |         ^^^^^^
[INFO] [stdout] 
[INFO] [stdout] 
[INFO] [stdout] error[E0433]: cannot find `ritual` in `gid_core`
[INFO] [stdout]   --> tests/approval_test.rs:4:15
[INFO] [stdout]    |
[INFO] [stdout]  4 | use gid_core::ritual::definition::{RitualDefinition, PhaseKind};
[INFO] [stdout]    |               ^^^^^^ could not find `ritual` in `gid_core`
[INFO] [stdout]    |
[INFO] [stdout] note: found an item that was configured out
[INFO] [stdout]   --> src/lib.rs:28:9
[INFO] [stdout]    |
[INFO] [stdout] 27 | #[cfg(feature = "ritual")]
[INFO] [stdout]    |       ------------------ the item is gated behind the `ritual` feature
[INFO] [stdout] 28 | pub mod ritual;
[INFO] [stdout]    |         ^^^^^^
[INFO] [stdout] 
[INFO] [stdout] 
[INFO] [stdout] For more information about this error, try `rustc --explain E0433`.
[INFO] [stdout] 
[INFO] [stdout] error[E0433]: cannot find `ritual` in `gid_core`
[INFO] [stdout]   --> tests/ritual_engine_test.rs:90:26
[INFO] [stdout]    |
[INFO] [stdout] 90 |     let state: gid_core::ritual::RitualState = serde_json::from_str(json).unwrap();
[INFO] [stdout]    |                          ^^^^^^ could not find `ritual` in `gid_core`
[INFO] [stdout]    |
[INFO] [stdout] note: found an item that was configured out
[INFO] [stdout]   --> src/lib.rs:28:9
[INFO] [stdout]    |
[INFO] [stdout] 27 | #[cfg(feature = "ritual")]
[INFO] [stdout]    |       ------------------ the item is gated behind the `ritual` feature
[INFO] [stdout] 28 | pub mod ritual;
[INFO] [stdout]    |         ^^^^^^
[INFO] [stdout] 
[INFO] [stdout] 
[INFO] [stderr] error: could not compile `gid-core` (test "template_test") due to 1 previous error
[INFO] [stdout] error[E0433]: cannot find `ritual` in `gid_core`
[INFO] [stdout]   --> tests/ritual_parser_test.rs:6:15
[INFO] [stdout]    |
[INFO] [stdout]  6 | use gid_core::ritual::definition::{RitualDefinition, PhaseKind, ApprovalRequirement};
[INFO] [stdout]    |               ^^^^^^ could not find `ritual` in `gid_core`
[INFO] [stdout]    |
[INFO] [stdout] note: found an item that was configured out
[INFO] [stdout]   --> src/lib.rs:28:9
[INFO] [stdout]    |
[INFO] [stdout] 27 | #[cfg(feature = "ritual")]
[INFO] [stdout]    |       ------------------ the item is gated behind the `ritual` feature
[INFO] [stdout] 28 | pub mod ritual;
[INFO] [stdout]    |         ^^^^^^
[INFO] [stdout] 
[INFO] [stdout] 
[INFO] [stderr] error: could not compile `gid-core` (test "approval_test") due to 2 previous errors
[INFO] [stdout] error[E0433]: cannot find `ritual` in `gid_core`
[INFO] [stdout]   --> tests/ritual_engine_test.rs:97:22
[INFO] [stdout]    |
[INFO] [stdout] 97 |     let _: gid_core::ritual::RitualState = serde_json::from_str(&serialized).unwrap();
[INFO] [stdout]    |                      ^^^^^^ could not find `ritual` in `gid_core`
[INFO] [stdout]    |
[INFO] [stdout] note: found an item that was configured out
[INFO] [stdout]   --> src/lib.rs:28:9
[INFO] [stdout]    |
[INFO] [stdout] 27 | #[cfg(feature = "ritual")]
[INFO] [stdout]    |       ------------------ the item is gated behind the `ritual` feature
[INFO] [stdout] 28 | pub mod ritual;
[INFO] [stdout]    |         ^^^^^^
[INFO] [stdout] 
[INFO] [stdout] 
[INFO] [stdout] For more information about this error, try `rustc --explain E0433`.
[INFO] [stdout] 
[INFO] [stdout] error[E0433]: cannot find `ritual` in `gid_core`
[INFO] [stdout]   --> tests/phase_executor_test.rs:9:15
[INFO] [stdout]    |
[INFO] [stdout]  9 | use gid_core::ritual::executor::{
[INFO] [stdout]    |               ^^^^^^ could not find `ritual` in `gid_core`
[INFO] [stdout]    |
[INFO] [stdout] note: found an item that was configured out
[INFO] [stdout]   --> src/lib.rs:28:9
[INFO] [stdout]    |
[INFO] [stdout] 27 | #[cfg(feature = "ritual")]
[INFO] [stdout]    |       ------------------ the item is gated behind the `ritual` feature
[INFO] [stdout] 28 | pub mod ritual;
[INFO] [stdout]    |         ^^^^^^
[INFO] [stdout] 
[INFO] [stdout] 
[INFO] [stdout] error[E0433]: cannot find `ritual` in `gid_core`
[INFO] [stdout]   --> tests/phase_executor_test.rs:13:15
[INFO] [stdout]    |
[INFO] [stdout] 13 | use gid_core::ritual::definition::{PhaseDefinition, PhaseKind};
[INFO] [stdout]    |               ^^^^^^ could not find `ritual` in `gid_core`
[INFO] [stdout]    |
[INFO] [stdout] note: found an item that was configured out
[INFO] [stdout]   --> src/lib.rs:28:9
[INFO] [stdout]    |
[INFO] [stdout] 27 | #[cfg(feature = "ritual")]
[INFO] [stdout]    |       ------------------ the item is gated behind the `ritual` feature
[INFO] [stdout] 28 | pub mod ritual;
[INFO] [stdout]    |         ^^^^^^
[INFO] [stdout] 
[INFO] [stdout] 
[INFO] [stdout] error[E0433]: cannot find `ritual` in `gid_core`
[INFO] [stdout]   --> tests/phase_executor_test.rs:14:15
[INFO] [stdout]    |
[INFO] [stdout] 14 | use gid_core::ritual::llm::{LlmClient, ToolDefinition, SkillResult};
[INFO] [stdout]    |               ^^^^^^ could not find `ritual` in `gid_core`
[INFO] [stdout]    |
[INFO] [stdout] note: found an item that was configured out
[INFO] [stdout]   --> src/lib.rs:28:9
[INFO] [stdout]    |
[INFO] [stdout] 27 | #[cfg(feature = "ritual")]
[INFO] [stdout]    |       ------------------ the item is gated behind the `ritual` feature
[INFO] [stdout] 28 | pub mod ritual;
[INFO] [stdout]    |         ^^^^^^
[INFO] [stdout] 
[INFO] [stdout] 
[INFO] [stdout] error[E0432]: unresolved import `async_trait`
[INFO] [stdout]  --> tests/phase_executor_test.rs:7:5
[INFO] [stdout]   |
[INFO] [stdout] 7 | use async_trait::async_trait;
[INFO] [stdout]   |     ^^^^^^^^^^^ use of unresolved module or unlinked crate `async_trait`
[INFO] [stdout]   |
[INFO] [stdout]   = help: if you wanted to use a crate named `async_trait`, use `cargo add async_trait` to add it to your `Cargo.toml`
[INFO] [stdout] 
[INFO] [stdout] 
[INFO] [stdout] For more information about this error, try `rustc --explain E0433`.
[INFO] [stdout] 
[INFO] [stderr] error: could not compile `gid-core` (test "ritual_engine_test") due to 4 previous errors
[INFO] [stdout] For more information about this error, try `rustc --explain E0433`.
[INFO] [stdout] 
[INFO] [stdout] Some errors have detailed explanations: E0432, E0433.
[INFO] [stdout] 
[INFO] [stdout] For more information about an error, try `rustc --explain E0432`.
[INFO] [stdout] 
[INFO] [stderr] error: could not compile `gid-core` (test "ritual_parser_test") due to 1 previous error
[INFO] [stderr] error: could not compile `gid-core` (test "phase_executor_test") due to 4 previous errors
[INFO] running `Command { std: "docker" "inspect" "bd74a7c38eaa3f8b91d7ebaeaefe5be3fdf9c316cce1b2d4df3d3350e3d0eacd", kill_on_drop: false }`
[INFO] running `Command { std: "docker" "rm" "-f" "bd74a7c38eaa3f8b91d7ebaeaefe5be3fdf9c316cce1b2d4df3d3350e3d0eacd", kill_on_drop: false }`
[INFO] [stdout] bd74a7c38eaa3f8b91d7ebaeaefe5be3fdf9c316cce1b2d4df3d3350e3d0eacd
