[INFO] fetching crate ggml-ffi 0.0.1...
[INFO] testing ggml-ffi-0.0.1 against 1.99.0-beta.8+cargoflags=--release for beta-release-1.100-2
[INFO] extracting crate ggml-ffi 0.0.1 into /workspace/builds/worker-0-tc1/source
[INFO] started tweaking crates.io crate ggml-ffi 0.0.1
[INFO] finished tweaking crates.io crate ggml-ffi 0.0.1
[INFO] tweaked toml for crates.io crate ggml-ffi 0.0.1 written to /workspace/builds/worker-0-tc1/source/Cargo.toml
[INFO] validating manifest of crates.io crate ggml-ffi 0.0.1 on toolchain 1.99.0-beta.8
[INFO] running `Command { std: CARGO_HOME="/workspace/cargo-home" RUSTUP_HOME="/workspace/rustup-home" "/workspace/cargo-home/bin/cargo" "+1.99.0-beta.8" "metadata" "--manifest-path" "Cargo.toml" "--no-deps", kill_on_drop: false }`
[INFO] crate crates.io crate ggml-ffi 0.0.1 already has a lockfile, it will not be regenerated
[INFO] running `Command { std: CARGO_HOME="/workspace/cargo-home" RUSTUP_HOME="/workspace/rustup-home" "/workspace/cargo-home/bin/cargo" "+1.99.0-beta.8" "fetch" "--manifest-path" "Cargo.toml", kill_on_drop: false }`
[INFO] [stderr]  Downloading crates ...
[INFO] [stderr]   Downloaded proc-macro2 v1.0.97
[INFO] [stderr]   Downloaded prettyplease v0.2.36
[INFO] [stderr]   Downloaded cmake v0.1.54
[INFO] [stderr]   Downloaded libloading v0.8.8
[INFO] [stderr]   Downloaded cc v1.2.33
[INFO] [stderr]   Downloaded bindgen v0.72.0
[INFO] running `Command { std: "docker" "create" "-v" "/var/lib/crater-agent-workspace/builds/worker-0-tc1/source:/opt/rustwide/workdir:ro,Z" "-v" "/var/lib/crater-agent-workspace/builds/worker-0-tc1/target:/opt/rustwide/target:rw,Z" "-v" "/var/lib/crater-agent-workspace/cargo-home:/opt/rustwide/cargo-home:ro,Z" "-v" "/var/lib/crater-agent-workspace/rustup-home:/opt/rustwide/rustup-home:ro,Z" "-m" "1610612736" "--network" "none" "ghcr.io/rust-lang/crates-build-env/linux@sha256:77db811e55d90add9212f6832c23229e3de5f1c1f9905e8cb07319ea15df73ac" "sleep" "infinity", kill_on_drop: false }`
[INFO] [stdout] 2aa4a33c27fa10100b05a2049681a8509af485b2bfd385bc6edafd3f433fe3f8
[INFO] running `Command { std: "docker" "start" "2aa4a33c27fa10100b05a2049681a8509af485b2bfd385bc6edafd3f433fe3f8", kill_on_drop: false }`
[INFO] running `Command { std: "docker" "inspect" "2aa4a33c27fa10100b05a2049681a8509af485b2bfd385bc6edafd3f433fe3f8", kill_on_drop: false }`
[INFO] running `Command { std: "docker" "exec" "-e" "SOURCE_DIR=/opt/rustwide/workdir" "-e" "CARGO_HOME=/opt/rustwide/cargo-home" "-e" "RUSTUP_HOME=/opt/rustwide/rustup-home" "-e" "CARGO_TARGET_DIR=/opt/rustwide/target" "-w" "/opt/rustwide/workdir" "--user" "0:0" "2aa4a33c27fa10100b05a2049681a8509af485b2bfd385bc6edafd3f433fe3f8" "/opt/rustwide/cargo-home/bin/cargo" "+1.99.0-beta.8" "metadata" "--no-deps" "--format-version=1", kill_on_drop: false }`
[INFO] running `Command { std: "docker" "inspect" "2aa4a33c27fa10100b05a2049681a8509af485b2bfd385bc6edafd3f433fe3f8", kill_on_drop: false }`
[INFO] running `Command { std: "docker" "exec" "-e" "SOURCE_DIR=/opt/rustwide/workdir" "-e" "CARGO_HOME=/opt/rustwide/cargo-home" "-e" "RUSTUP_HOME=/opt/rustwide/rustup-home" "-e" "CARGO_TARGET_DIR=/opt/rustwide/target" "-e" "CARGO_INCREMENTAL=0" "-e" "RUST_BACKTRACE=full" "-e" "RUSTFLAGS=--cap-lints=warn" "-e" "RUSTDOCFLAGS=--cap-lints=warn" "-w" "/opt/rustwide/workdir" "--user" "0:0" "2aa4a33c27fa10100b05a2049681a8509af485b2bfd385bc6edafd3f433fe3f8" "/opt/rustwide/cargo-home/bin/cargo" "+1.99.0-beta.8" "build" "--frozen" "--message-format=json" "--release", kill_on_drop: false }`
[INFO] [stderr]    Compiling proc-macro2 v1.0.97
[INFO] [stderr]    Compiling prettyplease v0.2.36
[INFO] [stderr]    Compiling regex-syntax v0.8.5
[INFO] [stderr]    Compiling memchr v2.7.5
[INFO] [stderr]    Compiling cfg-if v1.0.1
[INFO] [stderr]    Compiling bindgen v0.72.0
[INFO] [stderr]    Compiling bitflags v2.9.2
[INFO] [stderr]    Compiling rustc-hash v2.1.1
[INFO] [stderr]    Compiling log v0.4.27
[INFO] [stderr]    Compiling cc v1.2.33
[INFO] [stderr]    Compiling itertools v0.12.1
[INFO] [stderr]    Compiling libloading v0.8.8
[INFO] [stderr]    Compiling clang-sys v1.8.1
[INFO] [stderr]    Compiling quote v1.0.40
[INFO] [stderr]    Compiling nom v7.1.3
[INFO] [stderr]    Compiling syn v2.0.106
[INFO] [stderr]    Compiling cmake v0.1.54
[INFO] [stderr]    Compiling regex-automata v0.4.9
[INFO] [stderr]    Compiling cexpr v0.6.0
[INFO] [stderr]    Compiling regex v1.11.1
[INFO] [stderr]    Compiling ggml-ffi v0.0.1 (/opt/rustwide/workdir)
[INFO] [stderr] error: failed to run custom build command for `ggml-ffi v0.0.1 (/opt/rustwide/workdir)`
[INFO] [stderr] note: To improve backtraces for build dependencies, set the CARGO_PROFILE_RELEASE_BUILD_OVERRIDE_DEBUG=true environment variable to enable debug information generation.
[INFO] [stderr] 
[INFO] [stderr] Caused by:
[INFO] [stderr]   process didn't exit successfully: `/opt/rustwide/target/release/build/ggml-ffi-4ef1380bb50b2bda/build-script-build` (exit status: 101)
[INFO] [stderr]   --- stdout
[INFO] [stderr]   CMAKE_TOOLCHAIN_FILE_x86_64-unknown-linux-gnu = None
[INFO] [stderr]   CMAKE_TOOLCHAIN_FILE_x86_64_unknown_linux_gnu = None
[INFO] [stderr]   HOST_CMAKE_TOOLCHAIN_FILE = None
[INFO] [stderr]   CMAKE_TOOLCHAIN_FILE = None
[INFO] [stderr]   CMAKE_GENERATOR_x86_64-unknown-linux-gnu = None
[INFO] [stderr]   CMAKE_GENERATOR_x86_64_unknown_linux_gnu = None
[INFO] [stderr]   HOST_CMAKE_GENERATOR = None
[INFO] [stderr]   CMAKE_GENERATOR = None
[INFO] [stderr]   CMAKE_PREFIX_PATH_x86_64-unknown-linux-gnu = None
[INFO] [stderr]   CMAKE_PREFIX_PATH_x86_64_unknown_linux_gnu = None
[INFO] [stderr]   HOST_CMAKE_PREFIX_PATH = None
[INFO] [stderr]   CMAKE_PREFIX_PATH = None
[INFO] [stderr]   CMAKE_x86_64-unknown-linux-gnu = None
[INFO] [stderr]   CMAKE_x86_64_unknown_linux_gnu = None
[INFO] [stderr]   HOST_CMAKE = None
[INFO] [stderr]   CMAKE = None
[INFO] [stderr]   running: cd "/opt/rustwide/target/release/build/ggml-ffi-a8caa8531415c999/out/build" && CMAKE_PREFIX_PATH="" LC_ALL="C" "cmake" "/opt/rustwide/workdir/ggml" "-DBUILD_SHARED_LIBS=OFF" "-DGGML_BUILD_TESTS=OFF" "-DGGML_BUILD_EXAMPLES=OFF" "-DGGML_BACKEND_DL=OFF" "-DGGML_ACCELERATE=OFF" "-DGGML_BLAS=OFF" "-DGGML_CUDA=OFF" "-DGGML_HIP=OFF" "-DGGML_MUSA=OFF" "-DGGML_VULKAN=OFF" "-DGGML_WEBGPU=OFF" "-DGGML_METAL=OFF" "-DGGML_OPENCL=OFF" "-DGGML_SYCL=OFF" "-DCMAKE_INSTALL_PREFIX=/opt/rustwide/target/release/build/ggml-ffi-a8caa8531415c999/out" "-DCMAKE_C_FLAGS= -ffunction-sections -fdata-sections -fPIC -m64" "-DCMAKE_C_COMPILER=/usr/bin/cc" "-DCMAKE_CXX_FLAGS= -ffunction-sections -fdata-sections -fPIC -m64" "-DCMAKE_CXX_COMPILER=/usr/bin/c++" "-DCMAKE_ASM_FLAGS= -ffunction-sections -fdata-sections -fPIC -m64" "-DCMAKE_ASM_COMPILER=/usr/bin/cc" "-DCMAKE_BUILD_TYPE=Release"
[INFO] [stderr]   -- The C compiler identification is GNU 15.2.0
[INFO] [stderr]   -- The CXX compiler identification is GNU 15.2.0
[INFO] [stderr]   -- Detecting C compiler ABI info
[INFO] [stderr]   -- Detecting C compiler ABI info - done
[INFO] [stderr]   -- Check for working C compiler: /usr/bin/cc - skipped
[INFO] [stderr]   -- Detecting C compile features
[INFO] [stderr]   -- Detecting C compile features - done
[INFO] [stderr]   -- Detecting CXX compiler ABI info
[INFO] [stderr]   -- Detecting CXX compiler ABI info - done
[INFO] [stderr]   -- Check for working CXX compiler: /usr/bin/c++ - skipped
[INFO] [stderr]   -- Detecting CXX compile features
[INFO] [stderr]   -- Detecting CXX compile features - done
[INFO] [stderr]   -- Performing Test CMAKE_HAVE_LIBC_PTHREAD
[INFO] [stderr]   -- Performing Test CMAKE_HAVE_LIBC_PTHREAD - Success
[INFO] [stderr]   -- Found Threads: TRUE
[INFO] [stderr]   -- Warning: ccache not found - consider installing it for faster compilation or disable this warning with GGML_CCACHE=OFF
[INFO] [stderr]   -- CMAKE_SYSTEM_PROCESSOR: x86_64
[INFO] [stderr]   -- GGML_SYSTEM_ARCH: x86
[INFO] [stderr]   -- Including CPU backend
[INFO] [stderr]   -- Found OpenMP_C: -fopenmp (found version "4.5")
[INFO] [stderr]   -- Found OpenMP_CXX: -fopenmp (found version "4.5")
[INFO] [stderr]   -- Found OpenMP: TRUE (found version "4.5")
[INFO] [stderr]   -- x86 detected
[INFO] [stderr]   -- Adding CPU backend variant ggml-cpu: -march=native 
[INFO] [stderr]   -- ggml version: 0.0.
[INFO] [stderr]   -- ggml commit:  
[INFO] [stderr]   -- Configuring done (2.8s)
[INFO] [stderr]   -- Generating done (0.0s)
[INFO] [stderr]   -- Build files have been written to: /opt/rustwide/target/release/build/ggml-ffi-a8caa8531415c999/out/build
[INFO] [stderr]   running: cd "/opt/rustwide/target/release/build/ggml-ffi-a8caa8531415c999/out/build" && LC_ALL="C" MAKEFLAGS="-j --jobserver-fds=4,5 --jobserver-auth=4,5" "cmake" "--build" "/opt/rustwide/target/release/build/ggml-ffi-a8caa8531415c999/out/build" "--target" "install" "--config" "Release"
[INFO] [stderr]   [  3%] Building C object src/CMakeFiles/ggml-base.dir/ggml.c.o
[INFO] [stderr]   [  7%] Building C object src/CMakeFiles/ggml-base.dir/ggml-alloc.c.o
[INFO] [stderr]   [ 11%] Building CXX object src/CMakeFiles/ggml-base.dir/ggml.cpp.o
[INFO] [stderr]   [ 15%] Building CXX object src/CMakeFiles/ggml-base.dir/ggml-backend.cpp.o
[INFO] [stderr]   [ 19%] Building CXX object src/CMakeFiles/ggml-base.dir/gguf.cpp.o
[INFO] [stderr]   [ 23%] Building CXX object src/CMakeFiles/ggml-base.dir/ggml-opt.cpp.o
[INFO] [stderr]   [ 26%] Building CXX object src/CMakeFiles/ggml-base.dir/ggml-threading.cpp.o
[INFO] [stderr]   [ 30%] Building C object src/CMakeFiles/ggml-base.dir/ggml-quants.c.o
[INFO] [stderr]   [ 34%] Linking CXX static library libggml-base.a
[INFO] [stderr]   [ 34%] Built target ggml-base
[INFO] [stderr]   [ 38%] Building CXX object src/CMakeFiles/ggml-cpu.dir/ggml-cpu/repack.cpp.o
[INFO] [stderr]   [ 42%] Building CXX object src/CMakeFiles/ggml-cpu.dir/ggml-cpu/ops.cpp.o
[INFO] [stderr]   [ 46%] Building CXX object src/CMakeFiles/ggml-cpu.dir/ggml-cpu/ggml-cpu.cpp.o
[INFO] [stderr]   [ 50%] Building CXX object src/CMakeFiles/ggml-cpu.dir/ggml-cpu/traits.cpp.o
[INFO] [stderr]   [ 53%] Building CXX object src/CMakeFiles/ggml-cpu.dir/ggml-cpu/amx/mmq.cpp.o
[INFO] [stderr]   [ 57%] Building CXX object src/CMakeFiles/ggml-cpu.dir/ggml-cpu/unary-ops.cpp.o
[INFO] [stderr]   [ 61%] Building CXX object src/CMakeFiles/ggml-cpu.dir/ggml-cpu/amx/amx.cpp.o
[INFO] [stderr]   [ 65%] Building CXX object src/CMakeFiles/ggml-cpu.dir/ggml-cpu/binary-ops.cpp.o
[INFO] [stderr]   [ 69%] Building C object src/CMakeFiles/ggml-cpu.dir/ggml-cpu/ggml-cpu.c.o
[INFO] [stderr]   [ 73%] Building CXX object src/CMakeFiles/ggml-cpu.dir/ggml-cpu/vec.cpp.o
[INFO] [stderr]   [ 76%] Building C object src/CMakeFiles/ggml-cpu.dir/ggml-cpu/arch/x86/quants.c.o
[INFO] [stderr]   [ 80%] Building CXX object src/CMakeFiles/ggml-cpu.dir/ggml-cpu/hbm.cpp.o
[INFO] [stderr]   [ 84%] Building C object src/CMakeFiles/ggml-cpu.dir/ggml-cpu/quants.c.o
[INFO] [stderr]   [ 88%] Building CXX object src/CMakeFiles/ggml-cpu.dir/ggml-cpu/arch/x86/repack.cpp.o
[INFO] [stderr] 
[INFO] [stderr]   --- stderr
[INFO] [stderr]   fatal: not a git repository (or any parent up to mount point /opt/rustwide)
[INFO] [stderr]   Stopping at filesystem boundary (GIT_DISCOVERY_ACROSS_FILESYSTEM not set).
[INFO] [stderr]   fatal: not a git repository (or any parent up to mount point /opt/rustwide)
[INFO] [stderr]   Stopping at filesystem boundary (GIT_DISCOVERY_ACROSS_FILESYSTEM not set).
[INFO] [stderr]   CMake Warning:
[INFO] [stderr]     Manually-specified variables were not used by the project:
[INFO] [stderr] 
[INFO] [stderr]       CMAKE_ASM_COMPILER
[INFO] [stderr]       CMAKE_ASM_FLAGS
[INFO] [stderr] 
[INFO] [stderr] 
[INFO] [stderr]   c++: fatal error: Killed signal terminated program cc1plus
[INFO] [stderr]   compilation terminated.
[INFO] [stderr]   gmake[2]: *** [src/CMakeFiles/ggml-cpu.dir/build.make:233: src/CMakeFiles/ggml-cpu.dir/ggml-cpu/ops.cpp.o] Error 1
[INFO] [stderr]   gmake[2]: *** Waiting for unfinished jobs....
[INFO] [stderr]   c++: fatal error: Killed signal terminated program cc1plus
[INFO] [stderr]   compilation terminated.
[INFO] [stderr]   gmake[2]: *** [src/CMakeFiles/ggml-cpu.dir/build.make:219: src/CMakeFiles/ggml-cpu.dir/ggml-cpu/vec.cpp.o] Error 1
[INFO] [stderr]   c++: fatal error: Killed signal terminated program cc1plus
[INFO] [stderr]   compilation terminated.
[INFO] [stderr]   c++: fatal error: Killed signal terminated program cc1plus
[INFO] [stderr]   compilation terminated.
[INFO] [stderr]   gmake[2]: *** [src/CMakeFiles/ggml-cpu.dir/build.make:149: src/CMakeFiles/ggml-cpu.dir/ggml-cpu/traits.cpp.o] Error 1
[INFO] [stderr]   gmake[2]: *** [src/CMakeFiles/ggml-cpu.dir/build.make:191: src/CMakeFiles/ggml-cpu.dir/ggml-cpu/binary-ops.cpp.o] Error 1
[INFO] [stderr]   gmake[1]: *** [CMakeFiles/Makefile2:199: src/CMakeFiles/ggml-cpu.dir/all] Error 2
[INFO] [stderr]   gmake: *** [Makefile:136: all] Error 2
[INFO] [stderr] 
[INFO] [stderr]   thread 'main' (422) panicked at /opt/rustwide/cargo-home/registry/src/index.crates.io-1949cf8c6b5b557f/cmake-0.1.54/src/lib.rs:1119:5:
[INFO] [stderr] 
[INFO] [stderr]   command did not execute successfully, got: exit status: 2
[INFO] [stderr] 
[INFO] [stderr]   build script failed, must exit now
[INFO] [stderr]   stack backtrace:
[INFO] [stderr]      0:     0x617ae3f4a101 - <<std[70759c8f55707aa4]::sys::backtrace::BacktraceLock>::print::DisplayBacktrace as core[df12db4294e9bfd3]::fmt::Display>::fmt
[INFO] [stderr]      1:     0x617ae3f620ea - core[df12db4294e9bfd3]::fmt::write
[INFO] [stderr]      2:     0x617ae3f5062c - <std[70759c8f55707aa4]::sys::stdio::unix::Stderr as core[df12db4294e9bfd3]::io::write::Write>::write_fmt
[INFO] [stderr]      3:     0x617ae3f27326 - std[70759c8f55707aa4]::panicking::default_hook::{closure#0}
[INFO] [stderr]      4:     0x617ae3f43fa1 - std[70759c8f55707aa4]::panicking::default_hook
[INFO] [stderr]      5:     0x617ae3f442cb - std[70759c8f55707aa4]::panicking::panic_with_hook
[INFO] [stderr]      6:     0x617ae3f273d2 - std[70759c8f55707aa4]::panicking::panic_handler::{closure#0}
[INFO] [stderr]      7:     0x617ae3f1ff69 - std[70759c8f55707aa4]::sys::backtrace::__rust_end_short_backtrace::<std[70759c8f55707aa4]::panicking::panic_handler::{closure#0}, !>
[INFO] [stderr]      8:     0x617ae3f27bed - __rustc[8fa7c3cbc660c2b3]::rust_begin_unwind
[INFO] [stderr]      9:     0x617ae3f6290c - core[df12db4294e9bfd3]::panicking::panic_fmt
[INFO] [stderr]     10:     0x617ae3eb4b47 - cmake[49fad33ce38966c1]::fail
[INFO] [stderr]     11:     0x617ae3eb47d3 - cmake[49fad33ce38966c1]::run
[INFO] [stderr]     12:     0x617ae3eba624 - <cmake[49fad33ce38966c1]::Config>::build
[INFO] [stderr]     13:     0x617ae39c7c1d - build_script_build[48c0138a8aaf0750]::main
[INFO] [stderr]     14:     0x617ae39cac53 - <fn() as core[df12db4294e9bfd3]::ops::function::FnOnce<()>>::call_once
[INFO] [stderr]     15:     0x617ae39c6e9e - std[70759c8f55707aa4]::sys::backtrace::__rust_begin_short_backtrace::<fn(), ()>
[INFO] [stderr]     16:     0x617ae39c6ea9 - std[70759c8f55707aa4]::rt::lang_start::<()>::{closure#0}
[INFO] [stderr]     17:     0x617ae3f43259 - std[70759c8f55707aa4]::rt::lang_start_internal
[INFO] [stderr]     18:     0x617ae39c6891 - std[70759c8f55707aa4]::rt::lang_start::<()>
[INFO] [stderr]     19:     0x617ae39cade5 - main
[INFO] [stderr]     20:     0x761a05ba9601 - <unknown>
[INFO] [stderr]     21:     0x761a05ba9718 - __libc_start_main
[INFO] [stderr]     22:     0x617ae39c5145 - _start
[INFO] [stderr]     23:                0x0 - <unknown>
[INFO] running `Command { std: "docker" "inspect" "2aa4a33c27fa10100b05a2049681a8509af485b2bfd385bc6edafd3f433fe3f8", kill_on_drop: false }`
[INFO] running `Command { std: "docker" "rm" "-f" "2aa4a33c27fa10100b05a2049681a8509af485b2bfd385bc6edafd3f433fe3f8", kill_on_drop: false }`
[INFO] [stdout] 2aa4a33c27fa10100b05a2049681a8509af485b2bfd385bc6edafd3f433fe3f8
