[INFO] fetching crate get_file_hash_core 970640.1845.723582...
[INFO] testing get_file_hash_core-970640.1845.723582 against 1.100.0-beta.1+cargoflags=--release for beta-release-1.100-2
[INFO] extracting crate get_file_hash_core 970640.1845.723582 into /workspace/builds/worker-4-tc2/source
[INFO] started tweaking crates.io crate get_file_hash_core 970640.1845.723582
[INFO] removed 0 missing examples
[INFO] finished tweaking crates.io crate get_file_hash_core 970640.1845.723582
[INFO] tweaked toml for crates.io crate get_file_hash_core 970640.1845.723582 written to /workspace/builds/worker-4-tc2/source/Cargo.toml
[INFO] validating manifest of crates.io crate get_file_hash_core 970640.1845.723582 on toolchain 1.100.0-beta.1
[INFO] running `Command { std: CARGO_HOME="/workspace/cargo-home" RUSTUP_HOME="/workspace/rustup-home" "/workspace/cargo-home/bin/cargo" "+1.100.0-beta.1" "metadata" "--manifest-path" "Cargo.toml" "--no-deps", kill_on_drop: false }`
[INFO] crate crates.io crate get_file_hash_core 970640.1845.723582 already has a lockfile, it will not be regenerated
[INFO] running `Command { std: CARGO_HOME="/workspace/cargo-home" RUSTUP_HOME="/workspace/rustup-home" "/workspace/cargo-home/bin/cargo" "+1.100.0-beta.1" "fetch" "--manifest-path" "Cargo.toml", kill_on_drop: false }`
[INFO] [stderr] warning: `package.homepage` is redundant with `package.repository`
[INFO] [stderr]    --> Cargo.toml:133:12
[INFO] [stderr]     |
[INFO] [stderr] 133 | homepage = "https://github.com/gnostr-org/get_file_hash"
[INFO] [stderr]     |            ^^^^^^^^^^^^^^^^^^^^^^^^^^^^^^^^^^^^^^^^^^^^^
[INFO] [stderr] ...
[INFO] [stderr] 137 | repository = "https://github.com/gnostr-org/get_file_hash"
[INFO] [stderr]     |              ---------------------------------------------
[INFO] [stderr]     |
[INFO] [stderr]     = note: `cargo::redundant_homepage` is set to `warn` by default
[INFO] [stderr] help: consider removing `package.homepage`
[INFO] [stderr] warning: `get_file_hash_core` (manifest) generated 1 warning
[INFO] running `Command { std: "docker" "create" "-v" "/var/lib/crater-agent-workspace/builds/worker-4-tc2/source:/opt/rustwide/workdir:ro,Z" "-v" "/var/lib/crater-agent-workspace/builds/worker-4-tc2/target:/opt/rustwide/target:rw,Z" "-v" "/var/lib/crater-agent-workspace/cargo-home:/opt/rustwide/cargo-home:ro,Z" "-v" "/var/lib/crater-agent-workspace/rustup-home:/opt/rustwide/rustup-home:ro,Z" "-m" "1610612736" "--network" "none" "ghcr.io/rust-lang/crates-build-env/linux@sha256:77db811e55d90add9212f6832c23229e3de5f1c1f9905e8cb07319ea15df73ac" "sleep" "infinity", kill_on_drop: false }`
[INFO] [stdout] 19bfe6ee708d97f0b50f0ced438c5832bb8928a3cc270406044ecbf26970f191
[INFO] running `Command { std: "docker" "start" "19bfe6ee708d97f0b50f0ced438c5832bb8928a3cc270406044ecbf26970f191", kill_on_drop: false }`
[INFO] running `Command { std: "docker" "inspect" "19bfe6ee708d97f0b50f0ced438c5832bb8928a3cc270406044ecbf26970f191", kill_on_drop: false }`
[INFO] running `Command { std: "docker" "exec" "-e" "SOURCE_DIR=/opt/rustwide/workdir" "-e" "CARGO_HOME=/opt/rustwide/cargo-home" "-e" "RUSTUP_HOME=/opt/rustwide/rustup-home" "-e" "CARGO_TARGET_DIR=/opt/rustwide/target" "-w" "/opt/rustwide/workdir" "--user" "0:0" "19bfe6ee708d97f0b50f0ced438c5832bb8928a3cc270406044ecbf26970f191" "/opt/rustwide/cargo-home/bin/cargo" "+1.100.0-beta.1" "metadata" "--no-deps" "--format-version=1", kill_on_drop: false }`
[INFO] running `Command { std: "docker" "inspect" "19bfe6ee708d97f0b50f0ced438c5832bb8928a3cc270406044ecbf26970f191", kill_on_drop: false }`
[INFO] running `Command { std: "docker" "exec" "-e" "SOURCE_DIR=/opt/rustwide/workdir" "-e" "CARGO_HOME=/opt/rustwide/cargo-home" "-e" "RUSTUP_HOME=/opt/rustwide/rustup-home" "-e" "CARGO_TARGET_DIR=/opt/rustwide/target" "-e" "CARGO_INCREMENTAL=0" "-e" "RUST_BACKTRACE=full" "-e" "RUSTFLAGS=--cap-lints=warn" "-e" "RUSTDOCFLAGS=--cap-lints=warn" "-w" "/opt/rustwide/workdir" "--user" "0:0" "19bfe6ee708d97f0b50f0ced438c5832bb8928a3cc270406044ecbf26970f191" "/opt/rustwide/cargo-home/bin/cargo" "+1.100.0-beta.1" "build" "--frozen" "--message-format=json" "--release", kill_on_drop: false }`
[INFO] [stderr] warning: `package.homepage` is redundant with `package.repository`
[INFO] [stderr]    --> Cargo.toml:133:12
[INFO] [stderr]     |
[INFO] [stderr] 133 | homepage = "https://github.com/gnostr-org/get_file_hash"
[INFO] [stderr]     |            ^^^^^^^^^^^^^^^^^^^^^^^^^^^^^^^^^^^^^^^^^^^^^
[INFO] [stderr] ...
[INFO] [stderr] 137 | repository = "https://github.com/gnostr-org/get_file_hash"
[INFO] [stderr]     |              ---------------------------------------------
[INFO] [stderr]     |
[INFO] [stderr]     = note: `cargo::redundant_homepage` is set to `warn` by default
[INFO] [stderr] help: consider removing `package.homepage`
[INFO] [stderr] warning: `get_file_hash_core` (manifest) generated 1 warning
[INFO] [stderr]    Compiling get_file_hash_core v970640.1845.723582 (/opt/rustwide/workdir)
[INFO] [stderr] warning: get_file_hash_core@970640.1845.723582: Skipping online_relays_gps.csv download (nostr feature not enabled or debug mode)
[INFO] [stdout] warning: unused imports: `error`, `info`, and `warn`
[INFO] [stdout]  --> src/lib.rs:1:18
[INFO] [stdout]   |
[INFO] [stdout] 1 | use log::{debug, error, info, warn};
[INFO] [stdout]   |                  ^^^^^  ^^^^  ^^^^
[INFO] [stdout]   |
[INFO] [stdout]   = note: `#[warn(unused_imports)]` (part of `#[warn(unused)]`) on by default
[INFO] [stdout] 
[INFO] [stdout] 
[INFO] [stderr]     Finished `release` profile [optimized] target(s) in 0.63s
[INFO] running `Command { std: "docker" "inspect" "19bfe6ee708d97f0b50f0ced438c5832bb8928a3cc270406044ecbf26970f191", kill_on_drop: false }`
[INFO] running `Command { std: "docker" "exec" "-e" "SOURCE_DIR=/opt/rustwide/workdir" "-e" "CARGO_HOME=/opt/rustwide/cargo-home" "-e" "RUSTUP_HOME=/opt/rustwide/rustup-home" "-e" "CARGO_TARGET_DIR=/opt/rustwide/target" "-e" "CARGO_INCREMENTAL=0" "-e" "RUST_BACKTRACE=full" "-e" "RUSTFLAGS=--cap-lints=warn" "-e" "RUSTDOCFLAGS=--cap-lints=warn" "-w" "/opt/rustwide/workdir" "--user" "0:0" "19bfe6ee708d97f0b50f0ced438c5832bb8928a3cc270406044ecbf26970f191" "/opt/rustwide/cargo-home/bin/cargo" "+1.100.0-beta.1" "test" "--frozen" "--no-run" "--message-format=json" "--release", kill_on_drop: false }`
[INFO] [stderr] warning: `package.homepage` is redundant with `package.repository`
[INFO] [stderr]    --> Cargo.toml:133:12
[INFO] [stderr]     |
[INFO] [stderr] 133 | homepage = "https://github.com/gnostr-org/get_file_hash"
[INFO] [stderr]     |            ^^^^^^^^^^^^^^^^^^^^^^^^^^^^^^^^^^^^^^^^^^^^^
[INFO] [stderr] ...
[INFO] [stderr] 137 | repository = "https://github.com/gnostr-org/get_file_hash"
[INFO] [stderr]     |              ---------------------------------------------
[INFO] [stderr]     |
[INFO] [stderr]     = note: `cargo::redundant_homepage` is set to `warn` by default
[INFO] [stderr] help: consider removing `package.homepage`
[INFO] [stderr] warning: `get_file_hash_core` (manifest) generated 1 warning
[INFO] [stderr]    Compiling libc v0.2.190
[INFO] [stderr]    Compiling serde v1.0.229
[INFO] [stderr]    Compiling zerocopy v0.8.62
[INFO] [stderr]    Compiling cc v1.6.0
[INFO] [stderr]    Compiling smallvec v1.16.2
[INFO] [stderr]    Compiling futures-sink v0.3.34
[INFO] [stderr]    Compiling syn v3.0.6
[INFO] [stderr]    Compiling syn v2.0.119
[INFO] [stderr]    Compiling bitcoin-io v0.1.101
[INFO] [stderr]    Compiling either v1.19.0
[INFO] [stderr]    Compiling rustls v0.23.45
[INFO] [stderr]    Compiling serde_json v1.0.151
[INFO] [stderr]    Compiling hex-conservative v0.2.3
[INFO] [stderr]    Compiling byteorder v1.5.0
[INFO] [stderr]    Compiling http v1.5.0
[INFO] [stderr]    Compiling data-encoding v2.11.1
[INFO] [stderr]    Compiling futures-util v0.3.34
[INFO] [stderr]    Compiling bech32 v0.11.1
[INFO] [stderr]    Compiling hash32 v0.2.1
[INFO] [stderr]    Compiling utf-8 v0.7.6
[INFO] [stderr]    Compiling hybrid-array v0.4.15
[INFO] [stderr]    Compiling itertools v0.14.0
[INFO] [stderr]    Compiling const-crc32-nostd v1.3.1
[INFO] [stderr]    Compiling lru v0.16.4
[INFO] [stderr]    Compiling tracing v0.1.44
[INFO] [stderr]    Compiling env_filter v2.0.0
[INFO] [stderr]    Compiling atomic-destructor v0.3.0
[INFO] [stderr]    Compiling negentropy v0.5.1
[INFO] [stderr] warning: get_file_hash_core@970640.1845.723582: Skipping online_relays_gps.csv download (nostr feature not enabled or debug mode)
[INFO] [stderr]    Compiling cpufeatures v0.3.1
[INFO] [stderr]    Compiling csv v1.4.0
[INFO] [stderr]    Compiling env_logger v0.11.11
[INFO] [stderr]    Compiling get_file_hash_core v970640.1845.723582 (/opt/rustwide/workdir)
[INFO] [stdout] warning: unused imports: `error`, `info`, and `warn`
[INFO] [stdout]  --> src/lib.rs:1:18
[INFO] [stdout]   |
[INFO] [stdout] 1 | use log::{debug, error, info, warn};
[INFO] [stdout]   |                  ^^^^^  ^^^^  ^^^^
[INFO] [stdout]   |
[INFO] [stdout]   = note: `#[warn(unused_imports)]` (part of `#[warn(unused)]`) on by default
[INFO] [stdout] 
[INFO] [stdout] 
[INFO] [stderr]    Compiling crypto-common v0.2.2
[INFO] [stderr]    Compiling block-buffer v0.12.1
[INFO] [stderr]    Compiling ring v0.17.14
[INFO] [stderr]    Compiling secp256k1-sys v0.10.1
[INFO] [stderr]    Compiling getrandom v0.2.17
[INFO] [stderr]    Compiling mio v1.2.4
[INFO] [stderr]    Compiling rand_core v0.6.4
[INFO] [stderr]    Compiling socket2 v0.6.5
[INFO] [stderr]    Compiling getrandom v0.3.4
[INFO] [stderr]    Compiling parking_lot_core v0.9.12
[INFO] [stderr]    Compiling digest v0.11.3
[INFO] [stderr]    Compiling getrandom v0.4.3
[INFO] [stderr]    Compiling sha2 v0.11.0
[INFO] [stderr]    Compiling ff v0.13.1
[INFO] [stderr]    Compiling rand_core v0.9.5
[INFO] [stderr]    Compiling tempfile v3.27.0
[INFO] [stderr]    Compiling group v0.13.0
[INFO] [stderr]    Compiling parking_lot v0.12.5
[INFO] [stderr]    Compiling futures-executor v0.3.34
[INFO] [stderr]    Compiling synstructure v0.14.0
[INFO] [stderr]    Compiling zerovec-derive v0.11.6
[INFO] [stderr]    Compiling displaydoc v0.2.7
[INFO] [stderr]    Compiling serde_derive v1.0.229
[INFO] [stderr]    Compiling thiserror-impl v2.0.21
[INFO] [stderr]    Compiling tokio-macros v2.7.2
[INFO] [stderr]    Compiling zerofrom-derive v0.1.8
[INFO] [stderr]    Compiling yoke-derive v0.8.4
[INFO] [stderr]    Compiling tokio v1.53.2
[INFO] [stderr]    Compiling zeroize_derive v1.5.0
[INFO] [stderr]    Compiling thiserror-impl v1.0.69
[INFO] [stderr]    Compiling derive-getters v0.5.0
[INFO] [stderr]    Compiling visibility v0.1.1
[INFO] [stderr]    Compiling serial_test_derive v3.5.0
[INFO] [stderr]    Compiling zerofrom v0.1.8
[INFO] [stderr]    Compiling zeroize v1.9.1
[INFO] [stderr]    Compiling ppv-lite86 v0.2.21
[INFO] [stderr]    Compiling yoke v0.8.3
[INFO] [stderr]    Compiling thiserror v2.0.21
[INFO] [stderr]    Compiling serial_test v3.5.0
[INFO] [stderr]    Compiling generic-array v0.14.7
[INFO] [stderr]    Compiling rustls-pki-types v1.15.1
[INFO] [stderr]    Compiling der v0.7.10
[INFO] [stderr]    Compiling cobs v0.3.0
[INFO] [stderr]    Compiling zerovec v0.11.8
[INFO] [stderr]    Compiling zerotrie v0.2.5
[INFO] [stderr]    Compiling thiserror v1.0.69
[INFO] [stderr]    Compiling webpki-roots v1.0.9
[INFO] [stderr]    Compiling webpki-roots v0.26.11
[INFO] [stderr]    Compiling rand_chacha v0.3.1
[INFO] [stderr]    Compiling rand_chacha v0.9.0
[INFO] [stderr]    Compiling rand v0.9.5
[INFO] [stderr]    Compiling rand v0.8.8
[INFO] [stderr]    Compiling crypto-common v0.1.7
[INFO] [stderr]    Compiling block-buffer v0.10.4
[INFO] [stderr]    Compiling block-padding v0.3.3
[INFO] [stderr]    Compiling crypto-bigint v0.5.5
[INFO] [stderr]    Compiling sec1 v0.7.3
[INFO] [stderr]    Compiling tinystr v0.8.4
[INFO] [stderr]    Compiling potential_utf v0.1.6
[INFO] [stderr]    Compiling inout v0.1.4
[INFO] [stderr]    Compiling digest v0.10.7
[INFO] [stderr]    Compiling sha1 v0.10.7
[INFO] [stderr]    Compiling sha2 v0.10.9
[INFO] [stderr]    Compiling icu_collections v2.3.0
[INFO] [stderr]    Compiling cipher v0.4.4
[INFO] [stderr]    Compiling icu_locale_core v2.3.0
[INFO] [stderr]    Compiling cbc v0.1.2
[INFO] [stderr]    Compiling aes v0.8.4
[INFO] [stderr]    Compiling chacha20 v0.9.1
[INFO] [stderr]    Compiling icu_provider v2.3.1
[INFO] [stderr]    Compiling icu_normalizer v2.3.0
[INFO] [stderr]    Compiling icu_properties v2.3.0
[INFO] [stderr]    Compiling elliptic-curve v0.13.8
[INFO] [stderr]    Compiling bitcoin_hashes v0.14.101
[INFO] [stderr]    Compiling heapless v0.7.17
[INFO] [stderr]    Compiling serdect v0.2.0
[INFO] [stderr]    Compiling k256 v0.13.4
[INFO] [stderr]    Compiling postcard v1.1.3
[INFO] [stderr]    Compiling idna_adapter v1.2.2
[INFO] [stderr]    Compiling idna v1.1.0
[INFO] [stderr]    Compiling secp256k1 v0.29.1
[INFO] [stderr]    Compiling frost-core v3.0.0
[INFO] [stderr]    Compiling url v2.5.8
[INFO] [stderr]    Compiling nostr v0.44.8
[INFO] [stderr]    Compiling tokio-socks v0.5.3
[INFO] [stderr]    Compiling async-utility v0.3.2
[INFO] [stderr]    Compiling frost-rerandomized v3.0.0
[INFO] [stderr]    Compiling frost-secp256k1-tr v3.0.0
[INFO] [stderr]    Compiling rustls-webpki v0.103.15
[INFO] [stderr]    Compiling nostr-database v0.44.0
[INFO] [stderr]    Compiling nostr-gossip v0.44.0
[INFO] [stderr]    Compiling tokio-rustls v0.26.6
[INFO] [stderr]    Compiling tungstenite v0.26.2
[INFO] [stderr]    Compiling tokio-tungstenite v0.26.2
[INFO] [stderr]    Compiling async-wsocket v0.13.2
[INFO] [stderr]    Compiling nostr-relay-pool v0.44.3
[INFO] [stderr]    Compiling nostr-sdk v0.44.1
[INFO] [stdout] warning: unused imports: `error`, `info`, and `warn`
[INFO] [stdout]  --> src/lib.rs:1:18
[INFO] [stdout]   |
[INFO] [stdout] 1 | use log::{debug, error, info, warn};
[INFO] [stdout]   |                  ^^^^^  ^^^^  ^^^^
[INFO] [stdout]   |
[INFO] [stdout]   = note: `#[warn(unused_imports)]` (part of `#[warn(unused)]`) on by default
[INFO] [stdout] 
[INFO] [stdout] 
[INFO] [stdout] error[E0432]: unresolved import `get_file_hash_core::pip`
[INFO] [stdout]   --> examples/nip-pip.rs:10:25
[INFO] [stdout]    |
[INFO] [stdout] 10 | use get_file_hash_core::pip::{
[INFO] [stdout]    |                         ^^^ could not find `pip` in `get_file_hash_core`
[INFO] [stdout]    |
[INFO] [stdout] note: found an item that was configured out
[INFO] [stdout]   --> src/lib.rs:32:9
[INFO] [stdout]    |
[INFO] [stdout] 31 | #[cfg(feature = "nostr")]
[INFO] [stdout]    |       ----------------- the item is gated behind the `nostr` feature
[INFO] [stdout] 32 | pub mod pip;
[INFO] [stdout]    |         ^^^
[INFO] [stdout] 
[INFO] [stdout] 
[INFO] [stdout] error[E0599]: no method named `to` found for opaque type `impl Future<Output = Result<Output<EventId>, Error>>` in the current scope
[INFO] [stdout]    --> examples/nip-pip.rs:208:48
[INFO] [stdout]     |
[INFO] [stdout] 208 |         let output = client.send_event(&event).to([relay]).await?;
[INFO] [stdout]     |                                                ^^
[INFO] [stdout]     |
[INFO] [stdout] help: there is a method `into` with a similar name, but with different arguments
[INFO] [stdout]    --> /rustc/e3feeb59cd1bdd011a2bfcc0747b55125d9b8527/library/core/src/convert/mod.rs:455:4
[INFO] [stdout]     = note: the full name for the type has been written to '/opt/rustwide/target/release/build/get_file_hash_core/f3a6df49fbc35f16/out/nip_pip.long-type-17241275370880569211.txt'
[INFO] [stdout]     = note: consider using `--verbose` to print the full type name to the console
[INFO] [stdout] 
[INFO] [stdout] 
[INFO] [stdout] error[E0599]: no method named `to` found for opaque type `impl Future<Output = Result<Output<EventId>, Error>>` in the current scope
[INFO] [stdout]    --> examples/nip-pip.rs:227:62
[INFO] [stdout]     |
[INFO] [stdout] 227 |     let manifest_output = client.send_event(&manifest_event).to([relay]).await?;
[INFO] [stdout]     |                                                              ^^
[INFO] [stdout]     |
[INFO] [stdout] help: there is a method `into` with a similar name, but with different arguments
[INFO] [stdout]    --> /rustc/e3feeb59cd1bdd011a2bfcc0747b55125d9b8527/library/core/src/convert/mod.rs:455:4
[INFO] [stdout]     = note: the full name for the type has been written to '/opt/rustwide/target/release/build/get_file_hash_core/f3a6df49fbc35f16/out/nip_pip.long-type-11190863370914467238.txt'
[INFO] [stdout]     = note: consider using `--verbose` to print the full type name to the console
[INFO] [stdout] 
[INFO] [stdout] 
[INFO] [stdout] error[E0061]: this method takes 2 arguments but 1 argument was supplied
[INFO] [stdout]    --> examples/nip-pip.rs:271:34
[INFO] [stdout]     |
[INFO] [stdout] 271 |     let manifest_events = client.fetch_events(manifest_filter).await?;
[INFO] [stdout]     |                                  ^^^^^^^^^^^^----------------- argument #2 of type `Duration` is missing
[INFO] [stdout]     |
[INFO] [stdout] note: method defined here
[INFO] [stdout]    --> /opt/rustwide/cargo-home/registry/src/index.crates.io-1949cf8c6b5b557f/nostr-sdk-0.44.1/src/client/mod.rs:749:18
[INFO] [stdout]     |
[INFO] [stdout] 749 |     pub async fn fetch_events(&self, filter: Filter, timeout: Duration) -> Result<Events, Error> {
[INFO] [stdout]     |                  ^^^^^^^^^^^^
[INFO] [stdout] help: provide the argument
[INFO] [stdout]     |
[INFO] [stdout] 271 |     let manifest_events = client.fetch_events(manifest_filter, /* Duration */).await?;
[INFO] [stdout]     |                                                              ++++++++++++++++
[INFO] [stdout] 
[INFO] [stdout] 
[INFO] [stdout] error[E0061]: this method takes 2 arguments but 1 argument was supplied
[INFO] [stdout]    --> examples/nip-pip.rs:288:32
[INFO] [stdout]     |
[INFO] [stdout] 288 |     let packet_events = client.fetch_events(packet_filter).await?;
[INFO] [stdout]     |                                ^^^^^^^^^^^^--------------- argument #2 of type `Duration` is missing
[INFO] [stdout]     |
[INFO] [stdout] note: method defined here
[INFO] [stdout]    --> /opt/rustwide/cargo-home/registry/src/index.crates.io-1949cf8c6b5b557f/nostr-sdk-0.44.1/src/client/mod.rs:749:18
[INFO] [stdout]     |
[INFO] [stdout] 749 |     pub async fn fetch_events(&self, filter: Filter, timeout: Duration) -> Result<Events, Error> {
[INFO] [stdout]     |                  ^^^^^^^^^^^^
[INFO] [stdout] help: provide the argument
[INFO] [stdout]     |
[INFO] [stdout] 288 |     let packet_events = client.fetch_events(packet_filter, /* Duration */).await?;
[INFO] [stdout]     |                                                          ++++++++++++++++
[INFO] [stdout] 
[INFO] [stdout] 
[INFO] [stdout] error[E0599]: no method named `and_connect` found for opaque type `impl std::future::Future<Output = Result<bool, nostr_sdk::client::Error>>` in the current scope
[INFO] [stdout]   --> examples/nip-pip.rs:46:38
[INFO] [stdout]    |
[INFO] [stdout] 46 |     client.add_relay(&options.relay).and_connect().await?;
[INFO] [stdout]    |                                      ^^^^^^^^^^^ method not found in `impl std::future::Future<Output = Result<bool, nostr_sdk::client::Error>>`
[INFO] [stdout] 
[INFO] [stdout] 
[INFO] [stdout] Some errors have detailed explanations: E0061, E0432, E0599.
[INFO] [stdout] 
[INFO] [stdout] For more information about an error, try `rustc --explain E0061`.
[INFO] [stdout] 
[INFO] [stderr] warning: get_file_hash_core@970640.1845.723582: Skipping online_relays_gps.csv download (nostr feature not enabled or debug mode)
[INFO] [stderr] error: could not compile `get_file_hash_core` (example "nip-pip") due to 6 previous errors
[INFO] [stderr] warning: build failed, waiting for other jobs to finish...
[INFO] running `Command { std: "docker" "inspect" "19bfe6ee708d97f0b50f0ced438c5832bb8928a3cc270406044ecbf26970f191", kill_on_drop: false }`
[INFO] running `Command { std: "docker" "rm" "-f" "19bfe6ee708d97f0b50f0ced438c5832bb8928a3cc270406044ecbf26970f191", kill_on_drop: false }`
[INFO] [stdout] 19bfe6ee708d97f0b50f0ced438c5832bb8928a3cc270406044ecbf26970f191
