[INFO] fetching crate get_file_hash 970640.1845.723582...
[INFO] testing get_file_hash-970640.1845.723582 against 1.99.0-beta.8+cargoflags=--release for beta-release-1.100-2
[INFO] extracting crate get_file_hash 970640.1845.723582 into /workspace/builds/worker-1-tc1/source
[INFO] removed /workspace/builds/worker-1-tc1/source/.cargo/config.toml
[INFO] started tweaking crates.io crate get_file_hash 970640.1845.723582
[INFO] removed 0 missing examples
[INFO] removed 0 missing tests
[INFO] finished tweaking crates.io crate get_file_hash 970640.1845.723582
[INFO] tweaked toml for crates.io crate get_file_hash 970640.1845.723582 written to /workspace/builds/worker-1-tc1/source/Cargo.toml
[INFO] validating manifest of crates.io crate get_file_hash 970640.1845.723582 on toolchain 1.99.0-beta.8
[INFO] running `Command { std: CARGO_HOME="/workspace/cargo-home" RUSTUP_HOME="/workspace/rustup-home" "/workspace/cargo-home/bin/cargo" "+1.99.0-beta.8" "metadata" "--manifest-path" "Cargo.toml" "--no-deps", kill_on_drop: false }`
[INFO] crate crates.io crate get_file_hash 970640.1845.723582 already has a lockfile, it will not be regenerated
[INFO] running `Command { std: CARGO_HOME="/workspace/cargo-home" RUSTUP_HOME="/workspace/rustup-home" "/workspace/cargo-home/bin/cargo" "+1.99.0-beta.8" "fetch" "--manifest-path" "Cargo.toml", kill_on_drop: false }`
[INFO] [stderr]     Updating crates.io index
[INFO] [stderr]  Downloading crates ...
[INFO] [stderr]   Downloaded compression-core v0.4.33
[INFO] [stderr]   Downloaded zstd-safe v8.0.0
[INFO] [stderr]   Downloaded compression-codecs v0.4.45
[INFO] [stderr]   Downloaded tonic-build v0.14.6
[INFO] [stderr]   Downloaded alloc-no-stdlib v3.0.0
[INFO] [stderr]   Downloaded alloc-stdlib v0.3.0
[INFO] [stderr]   Downloaded tonic-prost v0.14.6
[INFO] [stderr]   Downloaded serde_spanned v1.1.2
[INFO] [stderr]   Downloaded env_filter v2.0.0
[INFO] [stderr]   Downloaded tonic-prost-build v0.14.6
[INFO] [stderr]   Downloaded prost-derive v0.14.4
[INFO] [stderr]   Downloaded no-std-compat v0.4.1
[INFO] [stderr]   Downloaded async-compression v0.4.50
[INFO] [stderr]   Downloaded simd-adler32 v0.3.10
[INFO] [stderr]   Downloaded toml_writer v1.1.3+spec-1.1.0
[INFO] [stderr]   Downloaded toml_parser v1.1.4+spec-1.1.0
[INFO] [stderr]   Downloaded crc32fast v1.5.2
[INFO] [stderr]   Downloaded env_logger v0.11.11
[INFO] [stderr]   Downloaded zstd v0.14.0
[INFO] [stderr]   Downloaded thin-vec v0.2.21
[INFO] [stderr]   Downloaded smartstring v1.0.1
[INFO] [stderr]   Downloaded rhai_codegen v3.2.0
[INFO] [stderr]   Downloaded nostr-database v0.44.0
[INFO] [stderr]   Downloaded prost-types v0.14.4
[INFO] [stderr]   Downloaded pulldown-cmark-to-cmark v22.0.3
[INFO] [stderr]   Downloaded atomic-destructor v0.3.0
[INFO] [stderr]   Downloaded phf_shared v0.11.3
[INFO] [stderr]   Downloaded flate2 v1.1.10
[INFO] [stderr]   Downloaded miniz_oxide v0.9.1
[INFO] [stderr]   Downloaded prost v0.14.4
[INFO] [stderr]   Downloaded prost-build v0.14.4
[INFO] [stderr]   Downloaded toml v0.9.12+spec-1.1.0
[INFO] [stderr]   Downloaded nostr-sdk v0.44.1
[INFO] [stderr]   Downloaded lru v0.16.4
[INFO] [stderr]   Downloaded nostr-gossip v0.44.0
[INFO] [stderr]   Downloaded phf_generator v0.11.3
[INFO] [stderr]   Downloaded doxygen-rs v0.4.2
[INFO] [stderr]   Downloaded heed-traits v0.20.0
[INFO] [stderr]   Downloaded synchronoise v1.0.1
[INFO] [stderr]   Downloaded negentropy v0.5.1
[INFO] [stderr]   Downloaded nostr-relay-pool v0.44.3
[INFO] [stderr]   Downloaded tokio-socks v0.5.3
[INFO] [stderr]   Downloaded async-utility v0.3.2
[INFO] [stderr]   Downloaded crossbeam-queue v0.3.14
[INFO] [stderr]   Downloaded phf_macros v0.11.3
[INFO] [stderr]   Downloaded heed-types v0.20.1
[INFO] [stderr]   Downloaded dirs-sys v0.5.0
[INFO] [stderr]   Downloaded pathdiff v0.2.3
[INFO] [stderr]   Downloaded nostr-keyring v0.43.0
[INFO] [stderr]   Downloaded option-ext v0.2.0
[INFO] [stderr]   Downloaded clap_lex v1.1.1
[INFO] [stderr]   Downloaded tokio-tungstenite v0.26.2
[INFO] [stderr]   Downloaded nostr-lmdb v0.44.1
[INFO] [stderr]   Downloaded nostr-relay-builder v0.44.1
[INFO] [stderr]   Downloaded tonic v0.14.6
[INFO] [stderr]   Downloaded visibility v0.1.1
[INFO] [stderr]   Downloaded dirs v6.0.0
[INFO] [stderr]   Downloaded convert_case v0.8.0
[INFO] [stderr]   Downloaded document-features v0.2.12
[INFO] [stderr]   Downloaded derive-getters v0.5.0
[INFO] [stderr]   Downloaded frost-rerandomized v3.0.0
[INFO] [stderr]   Downloaded libredox v0.1.25
[INFO] [stderr]   Downloaded bech32 v0.11.1
[INFO] [stderr]   Downloaded redox_users v0.5.3
[INFO] [stderr]   Downloaded linux-keyutils v0.2.5
[INFO] [stderr]   Downloaded easy-ext v1.0.3
[INFO] [stderr]   Downloaded nostr-database v0.43.0
[INFO] [stderr]   Downloaded dbus-secret-service v4.1.0
[INFO] [stderr]   Downloaded heed v0.20.5
[INFO] [stderr]   Downloaded toml v1.1.7+spec-1.1.0
[INFO] [stderr]   Downloaded nostr-browser-signer-proxy v0.43.0
[INFO] [stderr]   Downloaded clap-verbosity-flag v3.0.4
[INFO] [stderr]   Downloaded phf v0.11.3
[INFO] [stderr]   Downloaded nostr-connect v0.43.0
[INFO] [stderr]   Downloaded clap_derive v4.6.7
[INFO] [stderr]   Downloaded const-crc32-nostd v1.3.1
[INFO] [stderr]   Downloaded async-wsocket v0.13.2
[INFO] [stderr]   Downloaded tungstenite v0.26.2
[INFO] [stderr]   Downloaded frost-secp256k1-tr v3.0.0
[INFO] [stderr]   Downloaded zerocopy-derive v0.8.62
[INFO] [stderr]   Downloaded config v0.15.27
[INFO] [stderr]   Downloaded pulldown-cmark v0.13.4
[INFO] [stderr]   Downloaded litrs v1.0.0
[INFO] [stderr]   Downloaded bip39 v2.2.2
[INFO] [stderr]   Downloaded flume v0.11.1
[INFO] [stderr]   Downloaded nostr-sdk v0.43.0
[INFO] [stderr]   Downloaded keyring v3.6.3
[INFO] [stderr]   Downloaded hyper v1.12.0
[INFO] [stderr]   Downloaded frost-core v3.0.0
[INFO] [stderr]   Downloaded nostr-relay-pool v0.43.1
[INFO] [stderr]   Downloaded rust_decimal v1.43.0
[INFO] [stderr]   Downloaded gnostr-n34 v970640.1845.723582
[INFO] [stderr]   Downloaded get_file_hash_core v970640.1845.723582
[INFO] [stderr]   Downloaded h2 v0.4.20
[INFO] [stderr]   Downloaded nostr v0.44.8
[INFO] [stderr]   Downloaded dbus v0.9.12
[INFO] [stderr]   Downloaded zlib-rs v0.6.8
[INFO] [stderr]   Downloaded brotli-decompressor v6.0.1
[INFO] [stderr]   Downloaded lmdb-master-sys v0.2.6
[INFO] [stderr]   Downloaded gnostr-n34-relay v970640.1845.723582
[INFO] [stderr]   Downloaded nostr v0.43.1
[INFO] [stderr]   Downloaded zerocopy v0.8.62
[INFO] [stderr]   Downloaded rhai v1.26.1
[INFO] [stderr]   Downloaded zstd-sys v2.1.0+zstd.1.5.7
[INFO] [stderr]   Downloaded brotli v9.0.0
[INFO] [stderr]   Downloaded petgraph v0.8.3
[INFO] [stderr]   Downloaded libdbus-sys v0.2.7
[INFO] [stderr]   Downloaded protobuf-src v2.1.1+27.1
[INFO] running `Command { std: "docker" "create" "-v" "/var/lib/crater-agent-workspace/builds/worker-1-tc1/source:/opt/rustwide/workdir:ro,Z" "-v" "/var/lib/crater-agent-workspace/builds/worker-1-tc1/target:/opt/rustwide/target:rw,Z" "-v" "/var/lib/crater-agent-workspace/cargo-home:/opt/rustwide/cargo-home:ro,Z" "-v" "/var/lib/crater-agent-workspace/rustup-home:/opt/rustwide/rustup-home:ro,Z" "-m" "1610612736" "--network" "none" "ghcr.io/rust-lang/crates-build-env/linux@sha256:77db811e55d90add9212f6832c23229e3de5f1c1f9905e8cb07319ea15df73ac" "sleep" "infinity", kill_on_drop: false }`
[INFO] [stdout] 1497147a0e71065a70e053ecbe693c0f3c29634f01dd0b0781b8c06ebfebbdfe
[INFO] running `Command { std: "docker" "start" "1497147a0e71065a70e053ecbe693c0f3c29634f01dd0b0781b8c06ebfebbdfe", kill_on_drop: false }`
[INFO] running `Command { std: "docker" "inspect" "1497147a0e71065a70e053ecbe693c0f3c29634f01dd0b0781b8c06ebfebbdfe", kill_on_drop: false }`
[INFO] running `Command { std: "docker" "exec" "-e" "SOURCE_DIR=/opt/rustwide/workdir" "-e" "CARGO_HOME=/opt/rustwide/cargo-home" "-e" "RUSTUP_HOME=/opt/rustwide/rustup-home" "-e" "CARGO_TARGET_DIR=/opt/rustwide/target" "-w" "/opt/rustwide/workdir" "--user" "0:0" "1497147a0e71065a70e053ecbe693c0f3c29634f01dd0b0781b8c06ebfebbdfe" "/opt/rustwide/cargo-home/bin/cargo" "+1.99.0-beta.8" "metadata" "--no-deps" "--format-version=1", kill_on_drop: false }`
[INFO] running `Command { std: "docker" "inspect" "1497147a0e71065a70e053ecbe693c0f3c29634f01dd0b0781b8c06ebfebbdfe", kill_on_drop: false }`
[INFO] running `Command { std: "docker" "exec" "-e" "SOURCE_DIR=/opt/rustwide/workdir" "-e" "CARGO_HOME=/opt/rustwide/cargo-home" "-e" "RUSTUP_HOME=/opt/rustwide/rustup-home" "-e" "CARGO_TARGET_DIR=/opt/rustwide/target" "-e" "CARGO_INCREMENTAL=0" "-e" "RUST_BACKTRACE=full" "-e" "RUSTFLAGS=--cap-lints=warn" "-e" "RUSTDOCFLAGS=--cap-lints=warn" "-w" "/opt/rustwide/workdir" "--user" "0:0" "1497147a0e71065a70e053ecbe693c0f3c29634f01dd0b0781b8c06ebfebbdfe" "/opt/rustwide/cargo-home/bin/cargo" "+1.99.0-beta.8" "build" "--frozen" "--message-format=json" "--release", kill_on_drop: false }`
[INFO] [stderr]    Compiling unicode-ident v1.0.26
[INFO] [stderr]    Compiling libc v0.2.190
[INFO] [stderr]    Compiling serde_core v1.0.229
[INFO] [stderr]    Compiling serde v1.0.229
[INFO] [stderr]    Compiling cfg-if v1.0.5
[INFO] [stderr]    Compiling find-msvc-tools v0.1.14
[INFO] [stderr]    Compiling shlex v2.0.1
[INFO] [stderr]    Compiling zerocopy v0.8.62
[INFO] [stderr]    Compiling parking_lot_core v0.9.12
[INFO] [stderr]    Compiling typenum v1.20.1
[INFO] [stderr]    Compiling icu_properties_data v2.3.0
[INFO] [stderr]    Compiling icu_normalizer_data v2.3.0
[INFO] [stderr]    Compiling generic-array v0.14.7
[INFO] [stderr]    Compiling memchr v2.8.3
[INFO] [stderr]    Compiling scopeguard v1.2.0
[INFO] [stderr]    Compiling httparse v1.10.1
[INFO] [stderr]    Compiling proc-macro2 v1.0.107
[INFO] [stderr]    Compiling bytes v1.12.1
[INFO] [stderr]    Compiling portable-atomic v1.15.0
[INFO] [stderr]    Compiling thiserror v2.0.21
[INFO] [stderr]    Compiling stable_deref_trait v1.2.1
[INFO] [stderr]    Compiling getrandom v0.3.4
[INFO] [stderr]    Compiling futures-core v0.3.34
[INFO] [stderr]    Compiling log v0.4.34
[INFO] [stderr]    Compiling futures-sink v0.3.34
[INFO] [stderr]    Compiling bitcoin-io v0.1.101
[INFO] [stderr]    Compiling slab v0.4.12
[INFO] [stderr]    Compiling futures-channel v0.3.34
[INFO] [stderr]    Compiling percent-encoding v2.3.2
[INFO] [stderr]    Compiling smallvec v1.16.2
[INFO] [stderr]    Compiling lock_api v0.4.14
[INFO] [stderr]    Compiling quote v1.0.47
[INFO] [stderr]    Compiling futures-io v0.3.34
[INFO] [stderr]    Compiling futures-task v0.3.34
[INFO] [stderr]    Compiling once_cell v1.21.4
[INFO] [stderr]    Compiling syn v3.0.6
[INFO] [stderr]    Compiling syn v2.0.119
[INFO] [stderr]    Compiling writeable v0.6.4
[INFO] [stderr]    Compiling litemap v0.8.3
[INFO] [stderr]    Compiling semver v1.0.28
[INFO] [stderr]    Compiling utf8_iter v1.0.4
[INFO] [stderr]    Compiling form_urlencoded v1.2.2
[INFO] [stderr]    Compiling jobserver v0.1.35
[INFO] [stderr]    Compiling getrandom v0.2.17
[INFO] [stderr]    Compiling rustc_version v0.4.1
[INFO] [stderr]    Compiling http v1.5.0
[INFO] [stderr]    Compiling subtle v2.6.1
[INFO] [stderr]    Compiling tracing-core v0.1.36
[INFO] [stderr]    Compiling rand_core v0.6.4
[INFO] [stderr]    Compiling cc v1.6.0
[INFO] [stderr]    Compiling errno v0.3.14
[INFO] [stderr]    Compiling mio v1.2.4
[INFO] [stderr]    Compiling socket2 v0.6.5
[INFO] [stderr]    Compiling signal-hook-registry v1.4.8
[INFO] [stderr]    Compiling pin-project-lite v0.2.17
[INFO] [stderr]    Compiling zmij v1.0.23
[INFO] [stderr]    Compiling serde_json v1.0.151
[INFO] [stderr]    Compiling thiserror v1.0.69
[INFO] [stderr]    Compiling parking_lot v0.12.5
[INFO] [stderr]    Compiling arrayvec v0.7.8
[INFO] [stderr]    Compiling base64 v0.22.1
[INFO] [stderr]    Compiling either v1.19.0
[INFO] [stderr]    Compiling untrusted v0.9.0
[INFO] [stderr]    Compiling rand_core v0.9.5
[INFO] [stderr]    Compiling rustls v0.23.45
[INFO] [stderr]    Compiling pkg-config v0.3.34
[INFO] [stderr]    Compiling hex-conservative v0.2.3
[INFO] [stderr]    Compiling bitflags v2.13.2
[INFO] [stderr]    Compiling bech32 v0.11.1
[INFO] [stderr]    Compiling data-encoding v2.11.1
[INFO] [stderr]    Compiling itertools v0.14.0
[INFO] [stderr]    Compiling futures-util v0.3.34
[INFO] [stderr]    Compiling heapless v0.7.17
[INFO] [stderr]    Compiling cpufeatures v0.2.17
[INFO] [stderr]    Compiling getrandom v0.4.3
[INFO] [stderr]    Compiling equivalent v1.0.2
[INFO] [stderr]    Compiling hashbrown v0.17.1
[INFO] [stderr]    Compiling http-body v1.1.0
[INFO] [stderr]    Compiling rustix v1.1.5
[INFO] [stderr]    Compiling anyhow v1.0.104
[INFO] [stderr]    Compiling tower-service v0.3.3
[INFO] [stderr]    Compiling try-lock v0.2.5
[INFO] [stderr]    Compiling atomic-waker v1.1.2
[INFO] [stderr]    Compiling utf-8 v0.7.6
[INFO] [stderr]    Compiling lru v0.16.4
[INFO] [stderr]    Compiling ring v0.17.14
[INFO] [stderr]    Compiling secp256k1-sys v0.10.1
[INFO] [stderr]    Compiling tracing v0.1.44
[INFO] [stderr]    Compiling zstd-sys v2.1.0+zstd.1.5.7
[INFO] [stderr]    Compiling want v0.3.2
[INFO] [stderr]    Compiling hex v0.4.3
[INFO] [stderr]    Compiling siphasher v1.0.4
[INFO] [stderr]    Compiling ppv-lite86 v0.2.21
[INFO] [stderr]    Compiling crc32fast v1.5.2
[INFO] [stderr]    Compiling indexmap v2.14.2
[INFO] [stderr]    Compiling httpdate v1.0.3
[INFO] [stderr]    Compiling litrs v1.0.0
[INFO] [stderr]    Compiling phf_shared v0.11.3
[INFO] [stderr]    Compiling rand_chacha v0.3.1
[INFO] [stderr]    Compiling rand v0.8.8
[INFO] [stderr]    Compiling rand_chacha v0.9.0
[INFO] [stderr]    Compiling rand v0.9.5
[INFO] [stderr]    Compiling document-features v0.2.12
[INFO] [stderr]    Compiling sync_wrapper v1.0.2
[INFO] [stderr]    Compiling prettyplease v0.2.37
[INFO] [stderr]    Compiling tower-layer v0.3.3
[INFO] [stderr]    Compiling ipnet v2.12.2
[INFO] [stderr]    Compiling pulldown-cmark v0.13.4
[INFO] [stderr]    Compiling simd-adler32 v0.3.10
[INFO] [stderr]    Compiling base16ct v0.2.0
[INFO] [stderr]    Compiling adler2 v2.0.1
[INFO] [stderr]    Compiling atomic-destructor v0.3.0
[INFO] [stderr]    Compiling base64 v0.23.1
[INFO] [stderr]    Compiling ryu v1.0.23
[INFO] [stderr]    Compiling miniz_oxide v0.9.1
[INFO] [stderr]    Compiling phf_generator v0.11.3
[INFO] [stderr]    Compiling http-body-util v0.1.5
[INFO] [stderr]    Compiling flatbuffers v25.12.19
[INFO] [stderr]    Compiling synstructure v0.14.0
[INFO] [stderr]    Compiling regex-syntax v0.8.11
[INFO] [stderr]    Compiling zeroize_derive v1.5.0
[INFO] [stderr]    Compiling tracing-attributes v0.1.31
[INFO] [stderr]    Compiling thiserror-impl v1.0.69
[INFO] [stderr]    Compiling prost-derive v0.14.4
[INFO] [stderr]    Compiling visibility v0.1.1
[INFO] [stderr]    Compiling derive-getters v0.5.0
[INFO] [stderr]    Compiling linux-raw-sys v0.12.1
[INFO] [stderr]    Compiling zeroize v1.9.1
[INFO] [stderr]    Compiling negentropy v0.5.1
[INFO] [stderr]    Compiling rustls-pki-types v1.15.1
[INFO] [stderr]    Compiling byteorder v1.5.0
[INFO] [stderr]    Compiling webpki-roots v1.0.9
[INFO] [stderr]    Compiling webpki-roots v0.26.11
[INFO] [stderr]    Compiling zstd-safe v8.0.0
[INFO] [stderr]    Compiling rustls-webpki v0.103.15
[INFO] [stderr]    Compiling alloc-no-stdlib v3.0.0
[INFO] [stderr]    Compiling unicase v2.10.0
[INFO] [stderr]    Compiling crypto-common v0.1.7
[INFO] [stderr]    Compiling block-buffer v0.10.4
[INFO] [stderr]    Compiling block-padding v0.3.3
[INFO] [stderr]    Compiling digest v0.10.7
[INFO] [stderr]    Compiling inout v0.1.4
[INFO] [stderr]    Compiling serde_derive v1.0.229
[INFO] [stderr]    Compiling zerofrom-derive v0.1.8
[INFO] [stderr]    Compiling yoke-derive v0.8.4
[INFO] [stderr]    Compiling zerovec-derive v0.11.6
[INFO] [stderr]    Compiling tokio-macros v2.7.2
[INFO] [stderr]    Compiling displaydoc v0.2.7
[INFO] [stderr]    Compiling thiserror-impl v2.0.21
[INFO] [stderr]    Compiling futures-macro v0.3.34
[INFO] [stderr]    Compiling cipher v0.4.4
[INFO] [stderr]    Compiling sha1 v0.10.7
[INFO] [stderr]    Compiling tokio v1.53.2
[INFO] [stderr]    Compiling cbc v0.1.2
[INFO] [stderr]    Compiling chacha20 v0.9.1
[INFO] [stderr]    Compiling aes v0.8.4
[INFO] [stderr]    Compiling prost v0.14.4
[INFO] [stderr]    Compiling alloc-stdlib v0.3.0
[INFO] [stderr]    Compiling hash32 v0.2.1
[INFO] [stderr]    Compiling regex-automata v0.4.18
[INFO] [stderr]    Compiling zerofrom v0.1.8
[INFO] [stderr]    Compiling yoke v0.8.3
[INFO] [stderr]    Compiling hashbrown v0.15.5
[INFO] [stderr]    Compiling phf_macros v0.11.3
[INFO] [stderr]    Compiling zerovec v0.11.8
[INFO] [stderr]    Compiling zerotrie v0.2.5
[INFO] [stderr]    Compiling flate2 v1.1.10
[INFO] [stderr]    Compiling cmake v0.1.58
[INFO] [stderr]    Compiling tinystr v0.8.4
[INFO] [stderr]    Compiling potential_utf v0.1.6
[INFO] [stderr]    Compiling icu_locale_core v2.3.0
[INFO] [stderr]    Compiling icu_collections v2.3.0
[INFO] [stderr]    Compiling spin v0.9.9
[INFO] [stderr]    Compiling const-oid v0.9.6
[INFO] [stderr]    Compiling crunchy v0.2.4
[INFO] [stderr]    Compiling fixedbitset v0.5.7
[INFO] [stderr]    Compiling fastrand v2.5.0
[INFO] [stderr]    Compiling der v0.7.10
[INFO] [stderr]    Compiling protobuf-src v2.1.1+27.1
[INFO] [stderr]    Compiling tempfile v3.27.0
[INFO] [stderr]    Compiling regex v1.13.1
[INFO] [stderr]    Compiling phf v0.11.3
[INFO] [stderr]    Compiling petgraph v0.8.3
[INFO] [stderr]    Compiling icu_provider v2.3.1
[INFO] [stderr]    Compiling prost-types v0.14.4
[INFO] [stderr]    Compiling cobs v0.3.0
[INFO] [stderr]    Compiling brotli-decompressor v6.0.1
[INFO] [stderr]    Compiling icu_properties v2.3.0
[INFO] [stderr]    Compiling icu_normalizer v2.3.0
[INFO] [stderr]    Compiling secp256k1 v0.29.1
[INFO] [stderr]    Compiling bitcoin_hashes v0.14.101
[INFO] [stderr]    Compiling serde_urlencoded v0.7.1
[INFO] [stderr]    Compiling tungstenite v0.26.2
[INFO] [stderr]    Compiling hyper v1.12.0
[INFO] [stderr]    Compiling idna_adapter v1.2.2
[INFO] [stderr]    Compiling idna v1.1.0
[INFO] [stderr]    Compiling tower v0.5.3
[INFO] [stderr]    Compiling tokio-rustls v0.26.6
[INFO] [stderr]    Compiling pulldown-cmark-to-cmark v22.0.3
[INFO] [stderr]    Compiling num-traits v0.2.19
[INFO] [stderr]    Compiling libdbus-sys v0.2.7
[INFO] [stderr]    Compiling ff v0.13.1
[INFO] [stderr]    Compiling url v2.5.8
[INFO] [stderr]    Compiling hybrid-array v0.4.15
[INFO] [stderr]    Compiling multimap v0.10.1
[INFO] [stderr]    Compiling crossbeam-utils v0.8.23
[INFO] [stderr]    Compiling tiny-keccak v2.0.2
[INFO] [stderr]    Compiling tokio-tungstenite v0.26.2
[INFO] [stderr]    Compiling group v0.13.0
[INFO] [stderr]    Compiling prost-build v0.14.4
[INFO] [stderr]    Compiling hyper-util v0.1.21
[INFO] [stderr]    Compiling postcard v1.1.3
[INFO] [stderr]    Compiling tokio-socks v0.5.3
[INFO] [stderr]    Compiling brotli v9.0.0
[INFO] [stderr]    Compiling serdect v0.2.0
[INFO] [stderr]    Compiling tower-http v0.6.11
[INFO] [stderr]    Compiling nostr v0.44.8
[INFO] [stderr]    Compiling sec1 v0.7.3
[INFO] [stderr]    Compiling doxygen-rs v0.4.2
[INFO] [stderr]    Compiling nostr v0.43.1
[INFO] [stderr]    Compiling tonic-build v0.14.6
[INFO] [stderr]    Compiling crypto-bigint v0.5.5
[INFO] [stderr]    Compiling reqwest v0.12.28
[INFO] [stderr]    Compiling aho-corasick v1.1.5
[INFO] [stderr]    Compiling const-crc32-nostd v1.3.1
[INFO] [stderr]    Compiling winnow v1.0.4
[INFO] [stderr]    Compiling strsim v0.11.1
[INFO] [stderr]    Compiling ident_case v1.0.1
[INFO] [stderr]    Compiling compression-core v0.4.33
[INFO] [stderr] error: could not compile `tokio` (lib)
[INFO] [stderr] 
[INFO] [stderr] Caused by:
[INFO] [stderr]   process didn't exit successfully: `/opt/rustwide/rustup-home/toolchains/1.99.0-beta.8-x86_64-unknown-linux-gnu/bin/rustc --crate-name tokio --edition=2021 /opt/rustwide/cargo-home/registry/src/index.crates.io-1949cf8c6b5b557f/tokio-1.53.2/src/lib.rs --error-format=json --json=diagnostic-rendered-ansi,artifacts,future-incompat --crate-type lib --emit=dep-info,metadata,link -C opt-level=3 -C embed-bitcode=no --cfg 'feature="bytes"' --cfg 'feature="default"' --cfg 'feature="fs"' --cfg 'feature="full"' --cfg 'feature="io-std"' --cfg 'feature="io-util"' --cfg 'feature="libc"' --cfg 'feature="macros"' --cfg 'feature="mio"' --cfg 'feature="net"' --cfg 'feature="parking_lot"' --cfg 'feature="process"' --cfg 'feature="rt"' --cfg 'feature="rt-multi-thread"' --cfg 'feature="signal"' --cfg 'feature="signal-hook-registry"' --cfg 'feature="socket2"' --cfg 'feature="sync"' --cfg 'feature="time"' --cfg 'feature="tokio-macros"' --check-cfg 'cfg(docsrs,test)' --check-cfg 'cfg(feature, values("bytes", "default", "fs", "full", "io-std", "io-uring", "io-util", "libc", "macros", "mio", "net", "parking_lot", "process", "rt", "rt-multi-thread", "schedule-latency", "signal", "signal-hook-registry", "socket2", "sync", "taskdump", "test-util", "time", "tokio-macros", "tracing", "windows-sys"))' -C metadata=b002450d9fbe8a25 -C extra-filename=-52272147c13528d8 --out-dir /opt/rustwide/target/release/deps -C strip=debuginfo -L dependency=/opt/rustwide/target/release/deps --extern bytes=/opt/rustwide/target/release/deps/libbytes-654f8a7a557a4087.rmeta --extern libc=/opt/rustwide/target/release/deps/liblibc-1ec0954686b53def.rmeta --extern mio=/opt/rustwide/target/release/deps/libmio-f43399d7d60d22b4.rmeta --extern parking_lot=/opt/rustwide/target/release/deps/libparking_lot-b2ba5253ca21abe0.rmeta --extern pin_project_lite=/opt/rustwide/target/release/deps/libpin_project_lite-9a89bb36c0c56875.rmeta --extern signal_hook_registry=/opt/rustwide/target/release/deps/libsignal_hook_registry-d83a5279c6ff1343.rmeta --extern socket2=/opt/rustwide/target/release/deps/libsocket2-fa5b9eebbfd65821.rmeta --extern tokio_macros=/opt/rustwide/target/release/deps/libtokio_macros-260e4c11aacbdb86.so --cap-lints allow --cap-lints=warn` (signal: 9, SIGKILL: kill)
[INFO] [stderr] warning: build failed, waiting for other jobs to finish...
[INFO] [stderr] error: could not compile `brotli` (lib)
[INFO] [stderr] 
[INFO] [stderr] Caused by:
[INFO] [stderr]   process didn't exit successfully: `/opt/rustwide/rustup-home/toolchains/1.99.0-beta.8-x86_64-unknown-linux-gnu/bin/rustc --crate-name brotli --edition=2015 /opt/rustwide/cargo-home/registry/src/index.crates.io-1949cf8c6b5b557f/brotli-9.0.0/src/lib.rs --error-format=json --json=diagnostic-rendered-ansi,artifacts,future-incompat --crate-type lib --emit=dep-info,metadata,link -C opt-level=3 -C embed-bitcode=no --cfg 'feature="alloc-stdlib"' --cfg 'feature="default"' --cfg 'feature="std"' --check-cfg 'cfg(docsrs,test)' --check-cfg 'cfg(feature, values("alloc-stdlib", "benchmark", "billing", "default", "disable-timer", "disallow_large_window_size", "external-literal-probability", "ffi-api", "float64", "floating_point_context_mixing", "no-stdlib-ffi-binding", "pass-through-ffi-panics", "portable-float", "safe", "seccomp", "sha2", "simd", "std", "validation", "vector_scratch_space"))' -C metadata=5c899e01bb189275 -C extra-filename=-eae1b3360092fc58 --out-dir /opt/rustwide/target/release/deps -C strip=debuginfo -L dependency=/opt/rustwide/target/release/deps --extern alloc_no_stdlib=/opt/rustwide/target/release/deps/liballoc_no_stdlib-7baf9830bd031878.rmeta --extern alloc_stdlib=/opt/rustwide/target/release/deps/liballoc_stdlib-75bf4797d69e86ea.rmeta --extern brotli_decompressor=/opt/rustwide/target/release/deps/libbrotli_decompressor-0d0524383e2a268f.rmeta --cap-lints allow --cap-lints=warn` (signal: 9, SIGKILL: kill)
[INFO] [stderr] error: failed to run custom build command for `protobuf-src v2.1.1+27.1`
[INFO] [stderr] note: To improve backtraces for build dependencies, set the CARGO_PROFILE_RELEASE_BUILD_OVERRIDE_DEBUG=true environment variable to enable debug information generation.
[INFO] [stderr] 
[INFO] [stderr] Caused by:
[INFO] [stderr]   process didn't exit successfully: `/opt/rustwide/target/release/build/protobuf-src-2b0638ba065090eb/build-script-build` (exit status: 101)
[INFO] [stderr]   --- stdout
[INFO] [stderr]   CMAKE_TOOLCHAIN_FILE_x86_64-unknown-linux-gnu = None
[INFO] [stderr]   CMAKE_TOOLCHAIN_FILE_x86_64_unknown_linux_gnu = None
[INFO] [stderr]   HOST_CMAKE_TOOLCHAIN_FILE = None
[INFO] [stderr]   CMAKE_TOOLCHAIN_FILE = None
[INFO] [stderr]   CMAKE_GENERATOR_x86_64-unknown-linux-gnu = None
[INFO] [stderr]   CMAKE_GENERATOR_x86_64_unknown_linux_gnu = None
[INFO] [stderr]   HOST_CMAKE_GENERATOR = None
[INFO] [stderr]   CMAKE_GENERATOR = None
[INFO] [stderr]   CMAKE_PREFIX_PATH_x86_64-unknown-linux-gnu = None
[INFO] [stderr]   CMAKE_PREFIX_PATH_x86_64_unknown_linux_gnu = None
[INFO] [stderr]   HOST_CMAKE_PREFIX_PATH = None
[INFO] [stderr]   CMAKE_PREFIX_PATH = None
[INFO] [stderr]   CMAKE_x86_64-unknown-linux-gnu = None
[INFO] [stderr]   CMAKE_x86_64_unknown_linux_gnu = None
[INFO] [stderr]   HOST_CMAKE = None
[INFO] [stderr]   CMAKE = None
[INFO] [stderr]   -- The C compiler identification is GNU 15.2.0
[INFO] [stderr]   -- The CXX compiler identification is GNU 15.2.0
[INFO] [stderr]   -- Detecting C compiler ABI info
[INFO] [stderr]   -- Detecting C compiler ABI info - done
[INFO] [stderr]   -- Check for working C compiler: /usr/bin/cc - skipped
[INFO] [stderr]   -- Detecting C compile features
[INFO] [stderr]   -- Detecting C compile features - done
[INFO] [stderr]   -- Detecting CXX compiler ABI info
[INFO] [stderr]   -- Detecting CXX compiler ABI info - done
[INFO] [stderr]   -- Check for working CXX compiler: /usr/bin/c++ - skipped
[INFO] [stderr]   -- Detecting CXX compile features
[INFO] [stderr]   -- Detecting CXX compile features - done
[INFO] [stderr]   -- 
[INFO] [stderr]   -- 27.2.0
[INFO] [stderr]   -- Performing Test protobuf_HAVE_LD_VERSION_SCRIPT
[INFO] [stderr]   -- Performing Test protobuf_HAVE_LD_VERSION_SCRIPT - Success
[INFO] [stderr]   -- Performing Test CMAKE_HAVE_LIBC_PTHREAD
[INFO] [stderr]   -- Performing Test CMAKE_HAVE_LIBC_PTHREAD - Success
[INFO] [stderr]   -- Found Threads: TRUE
[INFO] [stderr]   -- Found ZLIB: /usr/lib/x86_64-linux-gnu/libz.so (found version "1.3.1")
[INFO] [stderr]   -- Performing Test protobuf_HAVE_BUILTIN_ATOMICS
[INFO] [stderr]   -- Performing Test protobuf_HAVE_BUILTIN_ATOMICS - Success
[INFO] [stderr]   -- Performing Test ABSL_INTERNAL_AT_LEAST_CXX17
[INFO] [stderr]   -- Performing Test ABSL_INTERNAL_AT_LEAST_CXX17 - Failed
[INFO] [stderr]   -- Performing Test ABSL_INTERNAL_AT_LEAST_CXX20
[INFO] [stderr]   -- Performing Test ABSL_INTERNAL_AT_LEAST_CXX20 - Failed
[INFO] [stderr]   -- Configuring done (8.2s)
[INFO] [stderr]   -- Generating done (7.3s)
[INFO] [stderr]   -- Build files have been written to: /opt/rustwide/target/release/build/protobuf-src-35b632296fa672f5/out/build
[INFO] [stderr]   [  0%] Building CXX object third_party/abseil-cpp/absl/base/CMakeFiles/spinlock_wait.dir/internal/spinlock_wait.cc.o
[INFO] [stderr]   [  0%] Building CXX object third_party/abseil-cpp/absl/base/CMakeFiles/log_severity.dir/log_severity.cc.o
[INFO] [stderr]   [  0%] Linking CXX static library libabsl_spinlock_wait.a
[INFO] [stderr]   [  1%] Building CXX object third_party/abseil-cpp/absl/numeric/CMakeFiles/int128.dir/int128.cc.o
[INFO] [stderr]   [  1%] Building CXX object third_party/abseil-cpp/absl/base/CMakeFiles/strerror.dir/internal/strerror.cc.o
[INFO] [stderr]   [  1%] Built target spinlock_wait
[INFO] [stderr]   [  1%] Building CXX object third_party/abseil-cpp/absl/time/CMakeFiles/time_zone.dir/internal/cctz/src/time_zone_fixed.cc.o
[INFO] [stderr]   [  1%] Building CXX object third_party/abseil-cpp/absl/time/CMakeFiles/time_zone.dir/internal/cctz/src/time_zone_format.cc.o
[INFO] [stderr]   [  2%] Building CXX object third_party/abseil-cpp/absl/time/CMakeFiles/time_zone.dir/internal/cctz/src/time_zone_if.cc.o
[INFO] [stderr]   [  2%] Building CXX object third_party/abseil-cpp/absl/debugging/CMakeFiles/utf8_for_code_point.dir/internal/utf8_for_code_point.cc.o
[INFO] [stderr]   [  2%] Building CXX object third_party/abseil-cpp/absl/time/CMakeFiles/time_zone.dir/internal/cctz/src/time_zone_impl.cc.o
[INFO] [stderr]   [  2%] Linking CXX static library libabsl_log_severity.a
[INFO] [stderr]   [  2%] Linking CXX static library libabsl_utf8_for_code_point.a
[INFO] [stderr]   [  2%] Linking CXX static library libabsl_strerror.a
[INFO] [stderr]   [  2%] Built target log_severity
[INFO] [stderr]   [  2%] Built target utf8_for_code_point
[INFO] [stderr]   [  3%] Building CXX object third_party/abseil-cpp/absl/profiling/CMakeFiles/exponential_biased.dir/internal/exponential_biased.cc.o
[INFO] [stderr]   [  3%] Built target strerror
[INFO] [stderr]   [  3%] Building CXX object third_party/abseil-cpp/absl/time/CMakeFiles/civil_time.dir/internal/cctz/src/civil_time_detail.cc.o
[INFO] [stderr]   [  3%] Linking CXX static library libabsl_exponential_biased.a
[INFO] [stderr]   [  3%] Building CXX object third_party/abseil-cpp/absl/time/CMakeFiles/time_zone.dir/internal/cctz/src/time_zone_info.cc.o
[INFO] [stderr]   [  3%] Building CXX object third_party/abseil-cpp/absl/debugging/CMakeFiles/leak_check.dir/leak_check.cc.o
[INFO] [stderr]   [  3%] Built target exponential_biased
[INFO] [stderr]   [  3%] Building CXX object third_party/abseil-cpp/absl/time/CMakeFiles/time_zone.dir/internal/cctz/src/time_zone_libc.cc.o
[INFO] [stderr]   [  3%] Building CXX object third_party/abseil-cpp/absl/time/CMakeFiles/time_zone.dir/internal/cctz/src/time_zone_lookup.cc.o
[INFO] [stderr]   [  3%] Linking CXX static library libabsl_int128.a
[INFO] [stderr]   [  3%] Linking CXX static library libabsl_leak_check.a
[INFO] [stderr]   [  3%] Linking CXX static library libabsl_civil_time.a
[INFO] [stderr]   [  3%] Built target int128
[INFO] [stderr]   [  3%] Built target leak_check
[INFO] [stderr]   [  3%] Building CXX object third_party/abseil-cpp/absl/flags/CMakeFiles/flags_commandlineflag_internal.dir/internal/commandlineflag.cc.o
[INFO] [stderr]   [  4%] Building CXX object third_party/abseil-cpp/absl/time/CMakeFiles/time_zone.dir/internal/cctz/src/time_zone_posix.cc.o
[INFO] [stderr]   [  4%] Built target civil_time
[INFO] [stderr]   [  4%] Linking CXX static library libabsl_flags_commandlineflag_internal.a
[INFO] [stderr]   [  5%] Building CXX object third_party/abseil-cpp/absl/log/CMakeFiles/log_internal_nullguard.dir/internal/nullguard.cc.o
[INFO] [stderr]   [  5%] Building CXX object third_party/abseil-cpp/absl/time/CMakeFiles/time_zone.dir/internal/cctz/src/zone_info_source.cc.o
[INFO] [stderr]   [  5%] Linking CXX static library libabsl_log_internal_nullguard.a
[INFO] [stderr]   [  5%] Built target flags_commandlineflag_internal
[INFO] [stderr]   [  5%] Building CXX object third_party/abseil-cpp/absl/random/CMakeFiles/random_seed_gen_exception.dir/seed_gen_exception.cc.o
[INFO] [stderr]   [  6%] Building CXX object third_party/abseil-cpp/absl/random/CMakeFiles/random_internal_platform.dir/internal/randen_round_keys.cc.o
[INFO] [stderr]   [  6%] Linking CXX static library libabsl_random_internal_platform.a
[INFO] [stderr]   [  6%] Built target log_internal_nullguard
[INFO] [stderr]   [  6%] Built target random_internal_platform
[INFO] [stderr]   [  6%] Building C object third_party/utf8_range/CMakeFiles/utf8_range.dir/utf8_range.c.o
[INFO] [stderr]   [  6%] Building CXX object third_party/abseil-cpp/absl/profiling/CMakeFiles/periodic_sampler.dir/internal/periodic_sampler.cc.o
[INFO] [stderr]   [  7%] Linking C static library libutf8_range.a
[INFO] [stderr]   [  7%] Building CXX object third_party/abseil-cpp/absl/base/CMakeFiles/raw_logging_internal.dir/internal/raw_logging.cc.o
[INFO] [stderr]   [  7%] Building CXX object third_party/abseil-cpp/absl/debugging/CMakeFiles/decode_rust_punycode.dir/internal/decode_rust_punycode.cc.o
[INFO] [stderr]   [  7%] Linking CXX static library libabsl_random_seed_gen_exception.a
[INFO] [stderr]   [  7%] Building CXX object third_party/abseil-cpp/absl/random/CMakeFiles/random_internal_randen_hwaes_impl.dir/internal/randen_hwaes.cc.o
[INFO] [stderr]   [  7%] Built target utf8_range
[INFO] [stderr]   [  7%] Building CXX object third_party/abseil-cpp/absl/random/CMakeFiles/random_internal_randen_slow.dir/internal/randen_slow.cc.o
[INFO] [stderr]   [  7%] Built target random_seed_gen_exception
[INFO] [stderr]   [  7%] Linking CXX static library libabsl_periodic_sampler.a
[INFO] [stderr]   [  7%] Built target periodic_sampler
[INFO] [stderr]   [  7%] Linking CXX static library libabsl_raw_logging_internal.a
[INFO] [stderr]   [  8%] Building C object CMakeFiles/libupb.dir/upb/base/status.c.o
[INFO] [stderr]   [  8%] Building C object CMakeFiles/libupb.dir/upb/hash/common.c.o
[INFO] [stderr]   [  8%] Built target raw_logging_internal
[INFO] [stderr]   [  8%] Building CXX object third_party/abseil-cpp/absl/base/CMakeFiles/base.dir/internal/cycleclock.cc.o
[INFO] [stderr]   [  8%] Building C object CMakeFiles/libupb.dir/upb/json/decode.c.o
[INFO] [stderr]   [  8%] Linking CXX static library libabsl_decode_rust_punycode.a
[INFO] [stderr]   [  8%] Building CXX object third_party/abseil-cpp/absl/base/CMakeFiles/base.dir/internal/spinlock.cc.o
[INFO] [stderr]   [  8%] Built target decode_rust_punycode
[INFO] [stderr]   [  8%] Building C object CMakeFiles/libupb.dir/upb/json/encode.c.o
[INFO] [stderr]   [  8%] Building C object CMakeFiles/libupb.dir/upb/lex/atoi.c.o
[INFO] [stderr]   [  8%] Building C object CMakeFiles/libupb.dir/upb/lex/round_trip.c.o
[INFO] [stderr]   [  8%] Linking CXX static library libabsl_time_zone.a
[INFO] [stderr]   [  8%] Building CXX object third_party/abseil-cpp/absl/base/CMakeFiles/base.dir/internal/sysinfo.cc.o
[INFO] [stderr]   [  9%] Linking CXX static library libabsl_random_internal_randen_slow.a
[INFO] [stderr]   [  9%] Building CXX object third_party/abseil-cpp/absl/base/CMakeFiles/throw_delegate.dir/internal/throw_delegate.cc.o
[INFO] [stderr]   [  9%] Building CXX object third_party/abseil-cpp/absl/debugging/CMakeFiles/debugging_internal.dir/internal/address_is_readable.cc.o
[INFO] [stderr]   [  9%] Built target random_internal_randen_slow
[INFO] [stderr]   [ 10%] Building C object CMakeFiles/libupb.dir/upb/lex/strtod.c.o
[INFO] [stderr]   [ 10%] Building C object CMakeFiles/libupb.dir/upb/lex/unicode.c.o
[INFO] [stderr]   [ 10%] Built target time_zone
[INFO] [stderr]   [ 10%] Building CXX object third_party/abseil-cpp/absl/base/CMakeFiles/base.dir/internal/thread_identity.cc.o
[INFO] [stderr]   [ 10%] Building CXX object third_party/abseil-cpp/absl/debugging/CMakeFiles/debugging_internal.dir/internal/elf_mem_image.cc.o
[INFO] [stderr]   [ 10%] Building CXX object third_party/abseil-cpp/absl/base/CMakeFiles/base.dir/internal/unscaledcycleclock.cc.o
[INFO] [stderr]   [ 10%] Building C object CMakeFiles/libupb.dir/upb/mem/alloc.c.o
[INFO] [stderr]   [ 10%] Building C object CMakeFiles/libupb.dir/upb/mem/arena.c.o
[INFO] [stderr]   [ 10%] Building C object CMakeFiles/libupb.dir/upb/message/accessors.c.o
[INFO] [stderr]   [ 11%] Building CXX object third_party/abseil-cpp/absl/debugging/CMakeFiles/demangle_rust.dir/internal/demangle_rust.cc.o
[INFO] [stderr]   [ 12%] Building C object CMakeFiles/libupb.dir/upb/message/array.c.o
[INFO] [stderr]   [ 12%] Building C object CMakeFiles/libupb.dir/upb/message/compare.c.o
[INFO] [stderr]   [ 12%] Linking CXX static library libabsl_random_internal_randen_hwaes_impl.a
[INFO] [stderr]   [ 12%] Built target random_internal_randen_hwaes_impl
[INFO] [stderr]   [ 12%] Building CXX object third_party/abseil-cpp/absl/debugging/CMakeFiles/debugging_internal.dir/internal/vdso_support.cc.o
[INFO] [stderr]   [ 12%] Building C object CMakeFiles/libupb.dir/upb/message/compat.c.o
[INFO] [stderr]   [ 12%] Building C object CMakeFiles/libupb.dir/upb/message/copy.c.o
[INFO] [stderr]   [ 12%] Linking CXX static library libabsl_throw_delegate.a
[INFO] [stderr]   [ 12%] Building C object CMakeFiles/libupb.dir/upb/message/internal/compare_unknown.c.o
[INFO] [stderr]   [ 12%] Built target throw_delegate
[INFO] [stderr]   [ 12%] Building C object CMakeFiles/libupb.dir/upb/message/internal/extension.c.o
[INFO] [stderr]   [ 12%] Building CXX object third_party/abseil-cpp/absl/types/CMakeFiles/bad_variant_access.dir/bad_variant_access.cc.o
[INFO] [stderr]   [ 12%] Building CXX object third_party/abseil-cpp/absl/types/CMakeFiles/bad_optional_access.dir/bad_optional_access.cc.o
[INFO] [stderr]   [ 13%] Building C object CMakeFiles/libupb.dir/upb/message/internal/message.c.o
[INFO] [stderr]   [ 13%] Linking CXX static library libabsl_demangle_rust.a
[INFO] [stderr]   [ 13%] Building C object CMakeFiles/libupb.dir/upb/message/map.c.o
[INFO] [stderr]   [ 14%] Linking CXX static library libabsl_base.a
[INFO] [stderr]   [ 14%] Built target demangle_rust
[INFO] [stderr]   [ 14%] Linking CXX static library libabsl_bad_optional_access.a
[INFO] [stderr]   [ 14%] Built target bad_optional_access
[INFO] [stderr]   [ 14%] Built target base
[INFO] [stderr]   [ 14%] Building C object CMakeFiles/libupb.dir/upb/message/map_sorter.c.o
[INFO] [stderr]   [ 14%] Building C object CMakeFiles/libupb.dir/upb/message/message.c.o
[INFO] [stderr]   [ 14%] Building C object CMakeFiles/libupb.dir/upb/mini_descriptor/build_enum.c.o
[INFO] [stderr]   [ 15%] Linking CXX static library libabsl_debugging_internal.a
[INFO] [stderr]   [ 16%] Linking CXX static library libabsl_bad_variant_access.a
[INFO] [stderr]   [ 16%] Built target bad_variant_access
[INFO] [stderr]   [ 17%] Building C object CMakeFiles/libupb.dir/upb/mini_descriptor/decode.c.o
[INFO] [stderr]   [ 17%] Building C object CMakeFiles/libupb.dir/upb/mini_descriptor/internal/base92.c.o
[INFO] [stderr]   [ 17%] Building C object CMakeFiles/libupb.dir/upb/mini_descriptor/internal/encode.c.o
[INFO] [stderr]   [ 17%] Built target debugging_internal
[INFO] [stderr]   [ 17%] Building C object CMakeFiles/libupb.dir/upb/mini_descriptor/link.c.o
[INFO] [stderr]   [ 18%] Building CXX object third_party/abseil-cpp/absl/strings/CMakeFiles/cordz_functions.dir/internal/cordz_functions.cc.o
[INFO] [stderr]   [ 18%] Building CXX object third_party/abseil-cpp/absl/log/CMakeFiles/log_internal_conditions.dir/internal/conditions.cc.o
[INFO] [stderr]   [ 18%] Building C object CMakeFiles/libupb.dir/upb/mini_table/internal/message.c.o
[INFO] [stderr]   [ 18%] Building C object CMakeFiles/libupb.dir/upb/mini_table/extension_registry.c.o
[INFO] [stderr]   [ 18%] Building CXX object third_party/abseil-cpp/absl/random/CMakeFiles/random_internal_randen_hwaes.dir/internal/randen_detect.cc.o
[INFO] [stderr]   [ 19%] Building C object CMakeFiles/libupb.dir/upb/mini_table/message.c.o
[INFO] [stderr]   [ 19%] Building C object CMakeFiles/libupb.dir/upb/reflection/def_pool.c.o
[INFO] [stderr]   [ 20%] Building CXX object third_party/abseil-cpp/absl/base/CMakeFiles/scoped_set_env.dir/internal/scoped_set_env.cc.o
[INFO] [stderr]   [ 21%] Linking CXX static library libabsl_log_internal_conditions.a
[INFO] [stderr]   [ 21%] Linking CXX static library libabsl_random_internal_randen_hwaes.a
[INFO] [stderr]   [ 21%] Built target random_internal_randen_hwaes
[INFO] [stderr]   [ 21%] Building CXX object third_party/abseil-cpp/absl/types/CMakeFiles/bad_any_cast_impl.dir/bad_any_cast.cc.o
[INFO] [stderr]   [ 21%] Built target log_internal_conditions
[INFO] [stderr]   [ 21%] Building C object CMakeFiles/libupb.dir/upb/reflection/def_type.c.o
[INFO] [stderr]   [ 21%] Building C object CMakeFiles/libupb.dir/upb/reflection/enum_def.c.o
[INFO] [stderr]   [ 21%] Building C object CMakeFiles/libupb.dir/upb/reflection/desc_state.c.o
[INFO] [stderr]   [ 21%] Building CXX object third_party/abseil-cpp/absl/strings/CMakeFiles/strings_internal.dir/internal/ostringstream.cc.o
[INFO] [stderr]   [ 22%] Building CXX object third_party/abseil-cpp/absl/strings/CMakeFiles/strings_internal.dir/internal/utf8.cc.o
[INFO] [stderr]   [ 22%] Building C object CMakeFiles/libupb.dir/upb/reflection/enum_reserved_range.c.o
[INFO] [stderr]   [ 22%] Building CXX object third_party/abseil-cpp/absl/strings/CMakeFiles/string_view.dir/string_view.cc.o
[INFO] [stderr]   [ 22%] Building CXX object third_party/abseil-cpp/absl/strings/CMakeFiles/strings_internal.dir/internal/escaping.cc.o
[INFO] [stderr]   [ 22%] Linking CXX static library libabsl_scoped_set_env.a
[INFO] [stderr]   [ 22%] Linking CXX static library libabsl_bad_any_cast_impl.a
[INFO] [stderr]   [ 22%] Linking CXX static library libabsl_cordz_functions.a
[INFO] [stderr]   [ 22%] Built target scoped_set_env
[INFO] [stderr]   [ 22%] Built target bad_any_cast_impl
[INFO] [stderr]   [ 22%] Building CXX object third_party/abseil-cpp/absl/base/CMakeFiles/malloc_internal.dir/internal/low_level_alloc.cc.o
[INFO] [stderr]   [ 23%] Building C object CMakeFiles/libupb.dir/upb/reflection/enum_value_def.c.o
[INFO] [stderr]   [ 23%] Built target cordz_functions
[INFO] [stderr]   [ 23%] Building CXX object third_party/abseil-cpp/absl/debugging/CMakeFiles/stacktrace.dir/stacktrace.cc.o
[INFO] [stderr]   [ 23%] Building C object CMakeFiles/libupb.dir/upb/reflection/extension_range.c.o
[INFO] [stderr]   [ 23%] Building C object CMakeFiles/libupb.dir/upb/reflection/field_def.c.o
[INFO] [stderr]   [ 23%] Linking CXX static library libabsl_stacktrace.a
[INFO] [stderr]   [ 23%] Building C object CMakeFiles/libupb.dir/upb/reflection/file_def.c.o
[INFO] [stderr]   [ 23%] Built target stacktrace
[INFO] [stderr]   [ 23%] Building CXX object third_party/abseil-cpp/absl/debugging/CMakeFiles/demangle_internal.dir/internal/demangle.cc.o
[INFO] [stderr]   [ 24%] Linking CXX static library libabsl_string_view.a
[INFO] [stderr]   [ 24%] Built target string_view
[INFO] [stderr]   [ 24%] Building C object CMakeFiles/libupb.dir/upb/reflection/internal/def_builder.c.o
[INFO] [stderr]   [ 24%] Linking CXX static library libabsl_strings_internal.a
[INFO] [stderr]   [ 25%] Linking CXX static library libabsl_malloc_internal.a
[INFO] [stderr]   [ 25%] Built target strings_internal
[INFO] [stderr]   [ 25%] Built target malloc_internal
[INFO] [stderr]   [ 26%] Building C object CMakeFiles/libupb.dir/upb/reflection/internal/strdup2.c.o
[INFO] [stderr]   [ 26%] Building C object CMakeFiles/libupb.dir/upb/reflection/message.c.o
[INFO] [stderr]   [ 26%] Linking CXX static library libabsl_demangle_internal.a
[INFO] [stderr]   [ 26%] Building C object CMakeFiles/libupb.dir/upb/reflection/message_def.c.o
[INFO] [stderr]   [ 26%] Built target demangle_internal
[INFO] [stderr]   [ 26%] Building C object CMakeFiles/libupb.dir/upb/reflection/message_reserved_range.c.o
[INFO] [stderr]   [ 26%] Building C object CMakeFiles/libupb.dir/upb/reflection/method_def.c.o
[INFO] [stderr]   [ 26%] Building C object CMakeFiles/libupb.dir/upb/reflection/oneof_def.c.o
[INFO] [stderr]   [ 26%] Building CXX object third_party/abseil-cpp/absl/hash/CMakeFiles/city.dir/internal/city.cc.o
[INFO] [stderr]   [ 27%] Building C object CMakeFiles/libupb.dir/upb/reflection/service_def.c.o
[INFO] [stderr]   [ 27%] Linking CXX static library libabsl_city.a
[INFO] [stderr]   [ 27%] Built target city
[INFO] [stderr]   [ 27%] Building C object CMakeFiles/libupb.dir/upb/text/encode.c.o
[INFO] [stderr]   [ 27%] Building CXX object third_party/abseil-cpp/absl/hash/CMakeFiles/low_level_hash.dir/internal/low_level_hash.cc.o
[INFO] [stderr]   [ 27%] Building C object CMakeFiles/libupb.dir/upb/util/def_to_proto.c.o
[INFO] [stderr]   [ 27%] Building CXX object third_party/abseil-cpp/absl/crc/CMakeFiles/crc_cpu_detect.dir/internal/cpu_detect.cc.o
[INFO] [stderr]   [ 27%] Building C object CMakeFiles/libupb.dir/upb/util/required_fields.c.o
[INFO] [stderr]   [ 27%] Building CXX object third_party/abseil-cpp/absl/random/CMakeFiles/random_internal_randen.dir/internal/randen.cc.o
[INFO] [stderr]   [ 27%] Building C object CMakeFiles/libupb.dir/upb/wire/decode.c.o
[INFO] [stderr]   [ 28%] Building C object CMakeFiles/libupb.dir/upb/wire/encode.c.o
[INFO] [stderr]   [ 28%] Building CXX object third_party/abseil-cpp/absl/base/CMakeFiles/poison.dir/internal/poison.cc.o
[INFO] [stderr]   [ 28%] Building C object CMakeFiles/libupb.dir/upb/wire/eps_copy_input_stream.c.o
[INFO] [stderr]   [ 28%] Building CXX object third_party/abseil-cpp/absl/strings/CMakeFiles/strings.dir/ascii.cc.o
[INFO] [stderr]   [ 28%] Linking CXX static library libabsl_poison.a
[INFO] [stderr]   [ 28%] Building CXX object third_party/abseil-cpp/absl/strings/CMakeFiles/strings.dir/charconv.cc.o
[INFO] [stderr]   [ 28%] Building CXX object third_party/abseil-cpp/absl/strings/CMakeFiles/strings.dir/escaping.cc.o
[INFO] [stderr]   [ 28%] Linking CXX static library libabsl_crc_cpu_detect.a
[INFO] [stderr]   [ 28%] Built target poison
[INFO] [stderr]   [ 28%] Building C object CMakeFiles/libupb.dir/upb/wire/internal/decode_fast.c.o
[INFO] [stderr]   [ 28%] Building CXX object third_party/abseil-cpp/absl/synchronization/CMakeFiles/graphcycles_internal.dir/internal/graphcycles.cc.o
[INFO] [stderr]   [ 28%] Building C object CMakeFiles/libupb.dir/upb/wire/reader.c.o
[INFO] [stderr]   [ 28%] Building CXX object third_party/abseil-cpp/absl/strings/CMakeFiles/strings.dir/internal/charconv_bigint.cc.o
[INFO] [stderr]   [ 28%] Built target crc_cpu_detect
[INFO] [stderr]   [ 28%] Building C object CMakeFiles/libupb.dir/upb/reflection/cmake/google/protobuf/descriptor.upb_minitable.c.o
[INFO] [stderr]   [ 29%] Building CXX object third_party/abseil-cpp/absl/strings/CMakeFiles/strings.dir/internal/damerau_levenshtein_distance.cc.o
[INFO] [stderr]   [ 29%] Building CXX object third_party/abseil-cpp/absl/strings/CMakeFiles/strings.dir/internal/charconv_parse.cc.o
[INFO] [stderr]   [ 30%] Building CXX object third_party/abseil-cpp/absl/crc/CMakeFiles/crc_internal.dir/internal/crc.cc.o
[INFO] [stderr]   [ 30%] Linking CXX static library libabsl_low_level_hash.a
[INFO] [stderr]   [ 30%] Building CXX object third_party/abseil-cpp/absl/strings/CMakeFiles/strings.dir/internal/memutil.cc.o
[INFO] [stderr]   [ 30%] Linking C static library libupb.a
[INFO] [stderr]   [ 30%] Built target low_level_hash
[INFO] [stderr]   [ 31%] Linking CXX static library libabsl_random_internal_randen.a
[INFO] [stderr]   [ 31%] Building CXX object third_party/abseil-cpp/absl/crc/CMakeFiles/crc_internal.dir/internal/crc_x86_arm_combined.cc.o
[INFO] [stderr]   [ 31%] Linking CXX static library libabsl_graphcycles_internal.a
[INFO] [stderr]   [ 31%] Built target random_internal_randen
[INFO] [stderr]   [ 31%] Building CXX object third_party/abseil-cpp/absl/strings/CMakeFiles/strings.dir/internal/stringify_sink.cc.o
[INFO] [stderr]   [ 31%] Built target graphcycles_internal
[INFO] [stderr]   [ 31%] Building CXX object third_party/abseil-cpp/absl/strings/CMakeFiles/strings.dir/match.cc.o
[INFO] [stderr]   [ 31%] Building CXX object third_party/abseil-cpp/absl/strings/CMakeFiles/strings.dir/numbers.cc.o
[INFO] [stderr]   [ 31%] Built target libupb
[INFO] [stderr]   [ 32%] Building CXX object third_party/abseil-cpp/absl/strings/CMakeFiles/strings.dir/str_cat.cc.o
[INFO] [stderr]   [ 32%] Building CXX object third_party/abseil-cpp/absl/strings/CMakeFiles/strings.dir/str_replace.cc.o
[INFO] [stderr]   [ 32%] Building CXX object third_party/abseil-cpp/absl/strings/CMakeFiles/strings.dir/str_split.cc.o
[INFO] [stderr]   [ 32%] Building CXX object third_party/abseil-cpp/absl/strings/CMakeFiles/strings.dir/substitute.cc.o
[INFO] [stderr]   [ 32%] Linking CXX static library libabsl_crc_internal.a
[INFO] [stderr]   [ 32%] Built target crc_internal
[INFO] [stderr]   [ 32%] Linking CXX static library libabsl_strings.a
[INFO] [stderr]   [ 32%] Built target strings
[INFO] [stderr]   [ 32%] Building C object third_party/utf8_range/CMakeFiles/utf8_validity.dir/utf8_range.c.o
[INFO] [stderr]   [ 32%] Building CXX object third_party/utf8_range/CMakeFiles/utf8_validity.dir/utf8_validity.cc.o
[INFO] [stderr]   [ 32%] Building CXX object third_party/abseil-cpp/absl/debugging/CMakeFiles/symbolize.dir/symbolize.cc.o
[INFO] [stderr]   [ 32%] Building CXX object third_party/abseil-cpp/absl/log/CMakeFiles/log_internal_proto.dir/internal/proto.cc.o
[INFO] [stderr]   [ 33%] Building CXX object third_party/abseil-cpp/absl/random/CMakeFiles/random_distributions.dir/discrete_distribution.cc.o
[INFO] [stderr]   [ 34%] Building CXX object third_party/abseil-cpp/absl/hash/CMakeFiles/hash.dir/internal/hash.cc.o
[INFO] [stderr]   [ 34%] Building CXX object third_party/abseil-cpp/absl/random/CMakeFiles/random_internal_seed_material.dir/internal/seed_material.cc.o
[INFO] [stderr]   [ 34%] Building CXX object third_party/abseil-cpp/absl/flags/CMakeFiles/flags_commandlineflag.dir/commandlineflag.cc.o
[INFO] [stderr]   [ 34%] Building CXX object third_party/abseil-cpp/absl/random/CMakeFiles/random_distributions.dir/gaussian_distribution.cc.o
[INFO] [stderr]   [ 34%] Building CXX object third_party/abseil-cpp/absl/log/CMakeFiles/log_internal_fnmatch.dir/internal/fnmatch.cc.o
[INFO] [stderr]   [ 34%] Building CXX object third_party/abseil-cpp/absl/time/CMakeFiles/time.dir/civil_time.cc.o
[INFO] [stderr]   [ 34%] Building CXX object third_party/abseil-cpp/absl/strings/CMakeFiles/str_format_internal.dir/internal/str_format/arg.cc.o
[INFO] [stderr]   [ 35%] Linking CXX static library libabsl_flags_commandlineflag.a
[INFO] [stderr]   [ 35%] Linking CXX static library libabsl_log_internal_proto.a
[INFO] [stderr]   [ 35%] Linking CXX static library libutf8_validity.a
[INFO] [stderr]   [ 35%] Built target flags_commandlineflag
[INFO] [stderr]   [ 36%] Building CXX object third_party/abseil-cpp/absl/flags/CMakeFiles/flags_private_handle_accessor.dir/internal/private_handle_accessor.cc.o
[INFO] [stderr]   [ 36%] Building CXX object third_party/abseil-cpp/absl/strings/CMakeFiles/str_format_internal.dir/internal/str_format/bind.cc.o
[INFO] [stderr]   [ 36%] Linking CXX static library libabsl_log_internal_fnmatch.a
[INFO] [stderr]   [ 36%] Built target log_internal_proto
[INFO] [stderr]   [ 36%] Building CXX object third_party/abseil-cpp/absl/time/CMakeFiles/time.dir/clock.cc.o
[INFO] [stderr]   [ 36%] Built target utf8_validity
[INFO] [stderr]   [ 36%] Building CXX object third_party/abseil-cpp/absl/strings/CMakeFiles/str_format_internal.dir/internal/str_format/extension.cc.o
[INFO] [stderr]   [ 37%] Building CXX object third_party/abseil-cpp/absl/time/CMakeFiles/time.dir/duration.cc.o
[INFO] [stderr]   [ 37%] Linking CXX static library libabsl_symbolize.a
[INFO] [stderr]   [ 37%] Built target log_internal_fnmatch
[INFO] [stderr]   [ 37%] Building CXX object third_party/abseil-cpp/absl/strings/CMakeFiles/str_format_internal.dir/internal/str_format/float_conversion.cc.o
[INFO] [stderr]   [ 37%] Linking CXX static library libabsl_random_distributions.a
[INFO] [stderr]   [ 37%] Linking CXX static library libabsl_random_internal_seed_material.a
[INFO] [stderr]   [ 37%] Built target symbolize
[INFO] [stderr]   [ 37%] Building CXX object third_party/abseil-cpp/absl/time/CMakeFiles/time.dir/format.cc.o
[INFO] [stderr]   [ 37%] Built target random_internal_seed_material
[INFO] [stderr]   [ 37%] Building CXX object third_party/abseil-cpp/absl/time/CMakeFiles/time.dir/time.cc.o
[INFO] [stderr]   [ 37%] Built target random_distributions
[INFO] [stderr]   [ 37%] Building CXX object third_party/abseil-cpp/absl/strings/CMakeFiles/str_format_internal.dir/internal/str_format/output.cc.o
[INFO] [stderr]   [ 37%] Linking CXX static library libabsl_hash.a
[INFO] [stderr]   [ 38%] Building CXX object third_party/abseil-cpp/absl/strings/CMakeFiles/str_format_internal.dir/internal/str_format/parser.cc.o
[INFO] [stderr]   [ 38%] Built target hash
[INFO] [stderr]   [ 38%] Building CXX object third_party/abseil-cpp/absl/debugging/CMakeFiles/examine_stack.dir/internal/examine_stack.cc.o
[INFO] [stderr]   [ 38%] Building CXX object third_party/abseil-cpp/absl/random/CMakeFiles/random_internal_pool_urbg.dir/internal/pool_urbg.cc.o
[INFO] [stderr]   [ 38%] Linking CXX static library libabsl_flags_private_handle_accessor.a
[INFO] [stderr]   [ 38%] Built target flags_private_handle_accessor
[INFO] [stderr]   [ 38%] Linking CXX static library libabsl_examine_stack.a
[INFO] [stderr]   [ 38%] Built target examine_stack
[INFO] [stderr]   [ 38%] Building CXX object third_party/abseil-cpp/absl/debugging/CMakeFiles/failure_signal_handler.dir/failure_signal_handler.cc.o
[INFO] [stderr]   [ 38%] Linking CXX static library libabsl_time.a
[INFO] [stderr]   [ 38%] Linking CXX static library libabsl_str_format_internal.a
[INFO] [stderr]   [ 38%] Built target time
[INFO] [stderr]   [ 38%] Building CXX object third_party/abseil-cpp/absl/log/CMakeFiles/log_internal_globals.dir/internal/globals.cc.o
[INFO] [stderr]   [ 39%] Building CXX object third_party/abseil-cpp/absl/log/CMakeFiles/log_entry.dir/log_entry.cc.o
[INFO] [stderr]   [ 39%] Building CXX object third_party/abseil-cpp/absl/synchronization/CMakeFiles/kernel_timeout_internal.dir/internal/kernel_timeout.cc.o
[INFO] [stderr]   [ 39%] Linking CXX static library libabsl_random_internal_pool_urbg.a
[INFO] [stderr]   [ 39%] Built target str_format_internal
[INFO] [stderr]   [ 39%] Building CXX object third_party/abseil-cpp/absl/random/CMakeFiles/random_internal_distribution_test_util.dir/internal/chi_square.cc.o
[INFO] [stderr]   [ 39%] Building CXX object third_party/abseil-cpp/absl/random/CMakeFiles/random_internal_distribution_test_util.dir/internal/distribution_test_util.cc.o
[INFO] [stderr]   [ 39%] Building CXX object third_party/abseil-cpp/absl/crc/CMakeFiles/crc32c.dir/internal/crc_memcpy_x86_arm_combined.cc.o
[INFO] [stderr]   [ 39%] Building CXX object third_party/abseil-cpp/absl/crc/CMakeFiles/crc32c.dir/internal/crc_memcpy_fallback.cc.o
[INFO] [stderr]   [ 39%] Building CXX object third_party/abseil-cpp/absl/flags/CMakeFiles/flags_marshalling.dir/marshalling.cc.o
[INFO] [stderr]   [ 40%] Building CXX object third_party/abseil-cpp/absl/crc/CMakeFiles/crc32c.dir/internal/crc_non_temporal_memcpy.cc.o
[INFO] [stderr]   [ 40%] Building CXX object third_party/abseil-cpp/absl/crc/CMakeFiles/crc32c.dir/crc32c.cc.o
[INFO] [stderr]   [ 40%] Built target random_internal_pool_urbg
[INFO] [stderr]   [ 41%] Building CXX object third_party/abseil-cpp/absl/random/CMakeFiles/random_seed_sequences.dir/seed_sequences.cc.o
[INFO] [stderr]   [ 41%] Linking CXX static library libabsl_failure_signal_handler.a
[INFO] [stderr]   [ 41%] Built target failure_signal_handler
[INFO] [stderr]   [ 41%] Linking CXX static library libabsl_log_entry.a
[INFO] [stderr]   [ 41%] Linking CXX static library libabsl_kernel_timeout_internal.a
[INFO] [stderr]   [ 41%] Built target kernel_timeout_internal
[INFO] [stderr]   [ 41%] Built target log_entry
[INFO] [stderr]   [ 42%] Building CXX object third_party/abseil-cpp/absl/synchronization/CMakeFiles/synchronization.dir/blocking_counter.cc.o
[INFO] [stderr]   [ 42%] Building CXX object third_party/abseil-cpp/absl/synchronization/CMakeFiles/synchronization.dir/internal/per_thread_sem.cc.o
[INFO] [stderr]   [ 42%] Building CXX object third_party/abseil-cpp/absl/synchronization/CMakeFiles/synchronization.dir/barrier.cc.o
[INFO] [stderr]   [ 42%] Building CXX object third_party/abseil-cpp/absl/synchronization/CMakeFiles/synchronization.dir/internal/create_thread_identity.cc.o
[INFO] [stderr]   [ 43%] Building CXX object third_party/abseil-cpp/absl/log/CMakeFiles/log_sink.dir/log_sink.cc.o
[INFO] [stderr]   [ 43%] Building CXX object third_party/abseil-cpp/absl/synchronization/CMakeFiles/synchronization.dir/internal/futex_waiter.cc.o
[INFO] [stderr]   [ 44%] Linking CXX static library libabsl_log_internal_globals.a
[INFO] [stderr]   [ 44%] Building CXX object third_party/abseil-cpp/absl/synchronization/CMakeFiles/synchronization.dir/internal/pthread_waiter.cc.o
[INFO] [stderr]   [ 44%] Linking CXX static library libabsl_random_seed_sequences.a
[INFO] [stderr]   [ 44%] Built target log_internal_globals
[INFO] [stderr]   [ 44%] Building CXX object third_party/abseil-cpp/absl/log/CMakeFiles/log_internal_format.dir/internal/log_format.cc.o
[INFO] [stderr]   [ 45%] Building CXX object third_party/abseil-cpp/absl/synchronization/CMakeFiles/synchronization.dir/internal/sem_waiter.cc.o
[INFO] [stderr]   [ 45%] Building CXX object third_party/abseil-cpp/absl/synchronization/CMakeFiles/synchronization.dir/internal/stdcpp_waiter.cc.o
[INFO] [stderr]   [ 45%] Built target random_seed_sequences
[INFO] [stderr]   [ 45%] Building CXX object third_party/abseil-cpp/absl/synchronization/CMakeFiles/synchronization.dir/internal/waiter_base.cc.o
[INFO] [stderr]   [ 45%] Building CXX object third_party/abseil-cpp/absl/synchronization/CMakeFiles/synchronization.dir/internal/win32_waiter.cc.o
[INFO] [stderr]   [ 45%] Building CXX object third_party/abseil-cpp/absl/synchronization/CMakeFiles/synchronization.dir/notification.cc.o
[INFO] [stderr]   [ 45%] Building CXX object third_party/abseil-cpp/absl/synchronization/CMakeFiles/synchronization.dir/mutex.cc.o
[INFO] [stderr]   [ 45%] Linking CXX static library libabsl_log_sink.a
[INFO] [stderr]   [ 45%] Linking CXX static library libabsl_random_internal_distribution_test_util.a
[INFO] [stderr]   [ 45%] Built target log_sink
[INFO] [stderr]   [ 45%] Built target random_internal_distribution_test_util
[INFO] [stderr]   [ 45%] Linking CXX static library libabsl_crc32c.a
[INFO] [stderr]   [ 45%] Linking CXX static library libabsl_flags_marshalling.a
[INFO] [stderr]   [ 45%] Built target flags_marshalling
[INFO] [stderr]   [ 45%] Built target crc32c
[INFO] [stderr]   [ 45%] Building CXX object third_party/abseil-cpp/absl/crc/CMakeFiles/crc_cord_state.dir/internal/crc_cord_state.cc.o
[INFO] [stderr]   [ 46%] Linking CXX static library libabsl_synchronization.a
[INFO] [stderr]   [ 46%] Linking CXX static library libabsl_log_internal_format.a
[INFO] [stderr]   [ 46%] Built target synchronization
[INFO] [stderr]   [ 46%] Building CXX object third_party/abseil-cpp/absl/log/CMakeFiles/vlog_config_internal.dir/internal/vlog_config.cc.o
[INFO] [stderr]   [ 46%] Built target log_internal_format
[INFO] [stderr]   [ 46%] Building CXX object third_party/abseil-cpp/absl/container/CMakeFiles/hashtablez_sampler.dir/internal/hashtablez_sampler_force_weak_definition.cc.o
[INFO] [stderr]   [ 46%] Building CXX object third_party/abseil-cpp/absl/container/CMakeFiles/hashtablez_sampler.dir/internal/hashtablez_sampler.cc.o
[INFO] [stderr]   [ 46%] Building CXX object third_party/abseil-cpp/absl/flags/CMakeFiles/flags_program_name.dir/internal/program_name.cc.o
[INFO] [stderr]   [ 46%] Building CXX object third_party/abseil-cpp/absl/strings/CMakeFiles/cordz_handle.dir/internal/cordz_handle.cc.o
[INFO] [stderr]   [ 46%] Linking CXX static library libabsl_crc_cord_state.a
[INFO] [stderr]   [ 46%] Built target crc_cord_state
[INFO] [stderr]   [ 46%] Building CXX object third_party/abseil-cpp/absl/strings/CMakeFiles/cord_internal.dir/internal/cord_internal.cc.o
[INFO] [stderr]   [ 46%] Building CXX object third_party/abseil-cpp/absl/strings/CMakeFiles/cord_internal.dir/internal/cord_rep_btree_reader.cc.o
[INFO] [stderr]   [ 46%] Building CXX object third_party/abseil-cpp/absl/strings/CMakeFiles/cord_internal.dir/internal/cord_rep_btree.cc.o
[INFO] [stderr]   [ 46%] Building CXX object third_party/abseil-cpp/absl/strings/CMakeFiles/cord_internal.dir/internal/cord_rep_crc.cc.o
[INFO] [stderr]   [ 47%] Building CXX object third_party/abseil-cpp/absl/strings/CMakeFiles/cord_internal.dir/internal/cord_rep_btree_navigator.cc.o
[INFO] [stderr]   [ 47%] Building CXX object third_party/abseil-cpp/absl/strings/CMakeFiles/cord_internal.dir/internal/cord_rep_consume.cc.o
[INFO] [stderr]   [ 48%] Linking CXX static library libabsl_vlog_config_internal.a
[INFO] [stderr]   [ 48%] Built target vlog_config_internal
[INFO] [stderr]   [ 48%] Building CXX object third_party/abseil-cpp/absl/log/CMakeFiles/log_globals.dir/globals.cc.o
[INFO] [stderr]   [ 48%] Linking CXX static library libabsl_hashtablez_sampler.a
[INFO] [stderr]   [ 48%] Built target hashtablez_sampler
[INFO] [stderr]   [ 48%] Building CXX object third_party/abseil-cpp/absl/container/CMakeFiles/raw_hash_set.dir/internal/raw_hash_set.cc.o
[INFO] [stderr]   [ 48%] Linking CXX static library libabsl_cordz_handle.a
[INFO] [stderr]   [ 48%] Linking CXX static library libabsl_flags_program_name.a
[INFO] [stderr]   [ 48%] Built target cordz_handle
[INFO] [stderr]   [ 48%] Built target flags_program_name
[INFO] [stderr]   [ 48%] Building CXX object third_party/abseil-cpp/absl/flags/CMakeFiles/flags_config.dir/usage_config.cc.o
[INFO] [stderr]   [ 49%] Linking CXX static library libabsl_log_globals.a
[INFO] [stderr]   [ 49%] Built target log_globals
[INFO] [stderr]   [ 49%] Building CXX object third_party/abseil-cpp/absl/log/CMakeFiles/log_internal_log_sink_set.dir/internal/log_sink_set.cc.o
[INFO] [stderr]   [ 49%] Building CXX object third_party/abseil-cpp/absl/log/CMakeFiles/log_initialize.dir/initialize.cc.o
[INFO] [stderr]   [ 49%] Linking CXX static library libabsl_cord_internal.a
[INFO] [stderr]   [ 49%] Built target cord_internal
[INFO] [stderr]   [ 49%] Linking CXX static library libabsl_raw_hash_set.a
[INFO] [stderr]   [ 49%] Linking CXX static library libabsl_flags_config.a
[INFO] [stderr]   [ 49%] Built target raw_hash_set
[INFO] [stderr]   [ 49%] Building CXX object third_party/abseil-cpp/absl/strings/CMakeFiles/cordz_info.dir/internal/cordz_info.cc.o
[INFO] [stderr]   [ 49%] Built target flags_config
[INFO] [stderr]   [ 49%] Building CXX object third_party/abseil-cpp/absl/flags/CMakeFiles/flags_internal.dir/internal/flag.cc.o
[INFO] [stderr]   [ 49%] Linking CXX static library libabsl_log_initialize.a
[INFO] [stderr]   [ 49%] Built target log_initialize
[INFO] [stderr]   [ 49%] Linking CXX static library libabsl_log_internal_log_sink_set.a
[INFO] [stderr]   [ 49%] Built target log_internal_log_sink_set
[INFO] [stderr]   [ 49%] Building CXX object third_party/abseil-cpp/absl/log/CMakeFiles/log_internal_message.dir/internal/log_message.cc.o
[INFO] [stderr]   [ 49%] Linking CXX static library libabsl_cordz_info.a
[INFO] [stderr]   [ 49%] Built target cordz_info
[INFO] [stderr]   [ 49%] Building CXX object third_party/abseil-cpp/absl/strings/CMakeFiles/cord.dir/cord_analysis.cc.o
[INFO] [stderr]   [ 50%] Building CXX object third_party/abseil-cpp/absl/strings/CMakeFiles/cordz_sample_token.dir/internal/cordz_sample_token.cc.o
[INFO] [stderr]   [ 51%] Building CXX object third_party/abseil-cpp/absl/strings/CMakeFiles/cord.dir/cord.cc.o
[INFO] [stderr]   [ 51%] Building CXX object third_party/abseil-cpp/absl/strings/CMakeFiles/cord.dir/cord_buffer.cc.o
[INFO] [stderr]   [ 52%] Linking CXX static library libabsl_flags_internal.a
[INFO] [stderr]   [ 52%] Built target flags_internal
[INFO] [stderr]   [ 52%] Linking CXX static library libabsl_log_internal_message.a
[INFO] [stderr]   [ 52%] Built target log_internal_message
[INFO] [stderr]   [ 52%] Building CXX object third_party/abseil-cpp/absl/log/CMakeFiles/log_internal_check_op.dir/internal/check_op.cc.o
[INFO] [stderr]   [ 52%] Building CXX object third_party/abseil-cpp/absl/log/CMakeFiles/die_if_null.dir/die_if_null.cc.o
[INFO] [stderr]   [ 52%] Linking CXX static library libabsl_cordz_sample_token.a
[INFO] [stderr]   [ 52%] Built target cordz_sample_token
[INFO] [stderr]   [ 52%] Linking CXX static library libabsl_log_internal_check_op.a
[INFO] [stderr]   [ 52%] Built target log_internal_check_op
[INFO] [stderr]   [ 52%] Linking CXX static library libabsl_die_if_null.a
[INFO] [stderr]   [ 52%] Built target die_if_null
[INFO] [stderr]   [ 52%] Linking CXX static library libabsl_cord.a
[INFO] [stderr]   [ 52%] Built target cord
[INFO] [stderr]   [ 53%] Building CXX object third_party/abseil-cpp/absl/status/CMakeFiles/status.dir/internal/status_internal.cc.o
[INFO] [stderr]   [ 53%] Building CXX object third_party/abseil-cpp/absl/status/CMakeFiles/status.dir/status_payload_printer.cc.o
[INFO] [stderr]   [ 53%] Building CXX object third_party/abseil-cpp/absl/flags/CMakeFiles/flags_reflection.dir/reflection.cc.o
[INFO] [stderr]   [ 53%] Building CXX object third_party/abseil-cpp/absl/status/CMakeFiles/status.dir/status.cc.o
[INFO] [stderr]   [ 53%] Linking CXX static library libabsl_status.a
[INFO] [stderr]   [ 53%] Built target status
[INFO] [stderr]   [ 53%] Building CXX object third_party/abseil-cpp/absl/status/CMakeFiles/statusor.dir/statusor.cc.o
[INFO] [stderr]   [ 53%] Linking CXX static library libabsl_flags_reflection.a
[INFO] [stderr]   [ 53%] Built target flags_reflection
[INFO] [stderr]   [ 53%] Building CXX object third_party/abseil-cpp/absl/log/CMakeFiles/log_flags.dir/flags.cc.o
[INFO] [stderr]   [ 53%] Building CXX object third_party/abseil-cpp/absl/flags/CMakeFiles/flags_usage_internal.dir/internal/usage.cc.o
[INFO] [stderr]   [ 54%] Linking CXX static library libabsl_statusor.a
[INFO] [stderr]   [ 54%] Built target statusor
[INFO] [stderr]   [ 54%] Building CXX object CMakeFiles/libprotobuf-lite.dir/src/google/protobuf/arena_align.cc.o
[INFO] [stderr]   [ 54%] Building CXX object CMakeFiles/libprotobuf-lite.dir/src/google/protobuf/extension_set.cc.o
[INFO] [stderr]   [ 55%] Building CXX object CMakeFiles/libprotobuf-lite.dir/src/google/protobuf/generated_enum_util.cc.o
[INFO] [stderr]   [ 55%] Building CXX object CMakeFiles/libprotobuf-lite.dir/src/google/protobuf/any_lite.cc.o
[INFO] [stderr]   [ 55%] Building CXX object CMakeFiles/libprotobuf-lite.dir/src/google/protobuf/inlined_string_field.cc.o
[INFO] [stderr]   [ 56%] Building CXX object CMakeFiles/libprotobuf-lite.dir/src/google/protobuf/arena.cc.o
[INFO] [stderr]   [ 57%] Building CXX object CMakeFiles/libprotobuf-lite.dir/src/google/protobuf/io/io_win32.cc.o
[INFO] [stderr]   [ 57%] Building CXX object CMakeFiles/libprotobuf-lite.dir/src/google/protobuf/arenastring.cc.o
[INFO] [stderr]   [ 57%] Building CXX object CMakeFiles/libprotobuf-lite.dir/src/google/protobuf/generated_message_util.cc.o
[INFO] [stderr]   [ 57%] Building CXX object CMakeFiles/libprotobuf-lite.dir/src/google/protobuf/arenaz_sampler.cc.o
[INFO] [stderr]   [ 57%] Building CXX object CMakeFiles/libprotobuf-lite.dir/src/google/protobuf/generated_message_tctable_lite.cc.o
[INFO] [stderr]   [ 57%] Building CXX object CMakeFiles/libprotobuf-lite.dir/src/google/protobuf/io/coded_stream.cc.o
[INFO] [stderr]   [ 58%] Building CXX object CMakeFiles/libprotobuf.dir/src/google/protobuf/any.pb.cc.o
[INFO] [stderr]   [ 58%] Building CXX object CMakeFiles/libprotobuf-lite.dir/src/google/protobuf/implicit_weak_message.cc.o
[INFO] [stderr]   [ 58%] Building CXX object CMakeFiles/libprotobuf-lite.dir/src/google/protobuf/io/zero_copy_stream.cc.o
[INFO] [stderr]   [ 58%] Building CXX object CMakeFiles/libprotobuf.dir/src/google/protobuf/api.pb.cc.o
[INFO] [stderr]   [ 58%] Building CXX object CMakeFiles/libprotobuf-lite.dir/src/google/protobuf/io/zero_copy_stream_impl.cc.o
[INFO] [stderr]   [ 58%] Building CXX object CMakeFiles/libprotobuf.dir/src/google/protobuf/duration.pb.cc.o
[INFO] [stderr]   [ 58%] Building CXX object CMakeFiles/libprotobuf.dir/src/google/protobuf/empty.pb.cc.o
[INFO] [stderr]   [ 58%] Linking CXX static library libabsl_log_flags.a
[INFO] [stderr]   [ 58%] Building CXX object CMakeFiles/libprotobuf.dir/src/google/protobuf/field_mask.pb.cc.o
[INFO] [stderr]   [ 58%] Built target log_flags
[INFO] [stderr]   [ 59%] Building CXX object CMakeFiles/libprotobuf.dir/src/google/protobuf/source_context.pb.cc.o
[INFO] [stderr] 
[INFO] [stderr]   --- stderr
[INFO] [stderr]   running: cd "/opt/rustwide/target/release/build/protobuf-src-35b632296fa672f5/out/build" && CMAKE_PREFIX_PATH="" LC_ALL="C" "cmake" "/opt/rustwide/cargo-home/registry/src/index.crates.io-1949cf8c6b5b557f/protobuf-src-2.1.1+27.1/protobuf" "-B" "/opt/rustwide/target/release/build/protobuf-src-35b632296fa672f5/out/build" "-DABSL_PROPAGATE_CXX_STD=ON" "-Dprotobuf_BUILD_TESTS=OFF" "-Dprotobuf_DEBUG_POSTFIX=" "-DCMAKE_CXX_STANDARD=14" "-DCMAKE_INSTALL_LIBDIR=lib" "-DCMAKE_INSTALL_PREFIX=/opt/rustwide/target/release/build/protobuf-src-35b632296fa672f5/out" "-DCMAKE_C_FLAGS= -ffunction-sections -fdata-sections -fPIC -m64 -w" "-DCMAKE_C_COMPILER=/usr/bin/cc" "-DCMAKE_CXX_FLAGS= -ffunction-sections -fdata-sections -fPIC -m64 -w" "-DCMAKE_CXX_COMPILER=/usr/bin/c++" "-DCMAKE_ASM_FLAGS= -ffunction-sections -fdata-sections -fPIC -m64 -w" "-DCMAKE_ASM_COMPILER=/usr/bin/cc" "-DCMAKE_BUILD_TYPE=Debug"
[INFO] [stderr]   CMake Deprecation Warning at CMakeLists.txt:7 (cmake_policy):
[INFO] [stderr]     The OLD behavior for policy CMP0141 will be removed from a future version
[INFO] [stderr]     of CMake.
[INFO] [stderr] 
[INFO] [stderr]     The cmake-policies(7) manual explains that the OLD behaviors of all
[INFO] [stderr]     policies are deprecated and that a policy should be set to OLD only under
[INFO] [stderr]     specific short-term circumstances.  Projects should be ported to the NEW
[INFO] [stderr]     behavior and not rely on setting a policy to OLD.
[INFO] [stderr] 
[INFO] [stderr] 
[INFO] [stderr]   CMake Deprecation Warning at third_party/utf8_range/CMakeLists.txt:1 (cmake_minimum_required):
[INFO] [stderr]     Compatibility with CMake < 3.10 will be removed from a future version of
[INFO] [stderr]     CMake.
[INFO] [stderr] 
[INFO] [stderr]     Update the VERSION argument <min> value.  Or, use the <min>...<max> syntax
[INFO] [stderr]     to tell CMake that the project requires at least <min> but has been updated
[INFO] [stderr]     to work with policies introduced by <max> or earlier.
[INFO] [stderr] 
[INFO] [stderr] 
[INFO] [stderr]   CMake Warning:
[INFO] [stderr]     Manually-specified variables were not used by the project:
[INFO] [stderr] 
[INFO] [stderr]       CMAKE_ASM_COMPILER
[INFO] [stderr]       CMAKE_ASM_FLAGS
[INFO] [stderr] 
[INFO] [stderr] 
[INFO] [stderr]   running: cd "/opt/rustwide/target/release/build/protobuf-src-35b632296fa672f5/out/build" && LC_ALL="C" MAKEFLAGS="-j --jobserver-fds=4,5 --jobserver-auth=4,5" "cmake" "--build" "/opt/rustwide/target/release/build/protobuf-src-35b632296fa672f5/out/build" "--target" "install" "--config" "Debug"
[INFO] [stderr]   c++: fatal error: Killed signal terminated program cc1plus
[INFO] [stderr]   compilation terminated.
[INFO] [stderr]   gmake[2]: *** [third_party/abseil-cpp/absl/flags/CMakeFiles/flags_usage_internal.dir/build.make:79: third_party/abseil-cpp/absl/flags/CMakeFiles/flags_usage_internal.dir/internal/usage.cc.o] Error 1
[INFO] [stderr]   gmake[1]: *** [CMakeFiles/Makefile2:4024: third_party/abseil-cpp/absl/flags/CMakeFiles/flags_usage_internal.dir/all] Error 2
[INFO] [stderr]   gmake[1]: *** Waiting for unfinished jobs....
[INFO] [stderr]   c++: fatal error: Killed signal terminated program cc1plus
[INFO] [stderr]   c++: fatal error: Killed signal terminated program cc1plus
[INFO] [stderr]   compilation terminated.
[INFO] [stderr]   compilation terminated.
[INFO] [stderr]   gmake[2]: *** [CMakeFiles/libprotobuf-lite.dir/build.make:149: CMakeFiles/libprotobuf-lite.dir/src/google/protobuf/extension_set.cc.o] Error 1
[INFO] [stderr]   gmake[2]: *** Waiting for unfinished jobs....
[INFO] [stderr]   gmake[2]: *** [CMakeFiles/libprotobuf-lite.dir/build.make:121: CMakeFiles/libprotobuf-lite.dir/src/google/protobuf/arenastring.cc.o] Error 1
[INFO] [stderr]   c++: fatal error: Killed signal terminated program cc1plus
[INFO] [stderr]   compilation terminated.
[INFO] [stderr]   gmake[2]: *** [CMakeFiles/libprotobuf.dir/build.make:79: CMakeFiles/libprotobuf.dir/src/google/protobuf/any.pb.cc.o] Error 1
[INFO] [stderr]   gmake[2]: *** Waiting for unfinished jobs....
[INFO] [stderr]   c++: fatal error: Killed signal terminated program cc1plus
[INFO] [stderr]   compilation terminated.
[INFO] [stderr]   gmake[2]: *** [CMakeFiles/libprotobuf-lite.dir/build.make:163: CMakeFiles/libprotobuf-lite.dir/src/google/protobuf/generated_enum_util.cc.o] Error 1
[INFO] [stderr]   c++: fatal error: Killed signal terminated program cc1plus
[INFO] [stderr]   compilation terminated.
[INFO] [stderr]   gmake[2]: *** [CMakeFiles/libprotobuf-lite.dir/build.make:177: CMakeFiles/libprotobuf-lite.dir/src/google/protobuf/generated_message_tctable_lite.cc.o] Error 1
[INFO] [stderr]   c++: fatal error: Killed signal terminated program cc1plus
[INFO] [stderr]   compilation terminated.
[INFO] [stderr]   gmake[2]: *** [CMakeFiles/libprotobuf.dir/build.make:93: CMakeFiles/libprotobuf.dir/src/google/protobuf/api.pb.cc.o] Error 1
[INFO] [stderr]   c++: fatal error: Killed signal terminated program cc1plus
[INFO] [stderr]   compilation terminated.
[INFO] [stderr]   gmake[2]: *** [CMakeFiles/libprotobuf-lite.dir/build.make:219: CMakeFiles/libprotobuf-lite.dir/src/google/protobuf/inlined_string_field.cc.o] Error 1
[INFO] [stderr]   gmake[1]: *** [CMakeFiles/Makefile2:986: CMakeFiles/libprotobuf-lite.dir/all] Error 2
[INFO] [stderr]   gmake[1]: *** [CMakeFiles/Makefile2:1097: CMakeFiles/libprotobuf.dir/all] Error 2
[INFO] [stderr]   gmake: *** [Makefile:136: all] Error 2
[INFO] [stderr] 
[INFO] [stderr]   thread 'main' (4661) panicked at /opt/rustwide/cargo-home/registry/src/index.crates.io-1949cf8c6b5b557f/cmake-0.1.58/src/lib.rs:1132:5:
[INFO] [stderr] 
[INFO] [stderr]   command did not execute successfully, got: exit status: 2
[INFO] [stderr] 
[INFO] [stderr]   build script failed, must exit now
[INFO] [stderr]   stack backtrace:
[INFO] [stderr]      0:     0x561b963704e1 - <<std[70759c8f55707aa4]::sys::backtrace::BacktraceLock>::print::DisplayBacktrace as core[df12db4294e9bfd3]::fmt::Display>::fmt
[INFO] [stderr]      1:     0x561b9638472a - core[df12db4294e9bfd3]::fmt::write
[INFO] [stderr]      2:     0x561b9637604c - <std[70759c8f55707aa4]::sys::stdio::unix::Stderr as core[df12db4294e9bfd3]::io::write::Write>::write_fmt
[INFO] [stderr]      3:     0x561b9634ed36 - std[70759c8f55707aa4]::panicking::default_hook::{closure#0}
[INFO] [stderr]      4:     0x561b9636b1c1 - std[70759c8f55707aa4]::panicking::default_hook
[INFO] [stderr]      5:     0x561b9636b37b - std[70759c8f55707aa4]::panicking::panic_with_hook
[INFO] [stderr]      6:     0x561b9634ede2 - std[70759c8f55707aa4]::panicking::panic_handler::{closure#0}
[INFO] [stderr]      7:     0x561b96347aa9 - std[70759c8f55707aa4]::sys::backtrace::__rust_end_short_backtrace::<std[70759c8f55707aa4]::panicking::panic_handler::{closure#0}, !>
[INFO] [stderr]      8:     0x561b9634f5fd - __rustc[8fa7c3cbc660c2b3]::rust_begin_unwind
[INFO] [stderr]      9:     0x561b96384e9c - core[df12db4294e9bfd3]::panicking::panic_fmt
[INFO] [stderr]     10:     0x561b962cb767 - cmake[266fc5cda85c373a]::fail
[INFO] [stderr]     11:     0x561b962cb3f3 - cmake[266fc5cda85c373a]::run
[INFO] [stderr]     12:     0x561b962d13c5 - <cmake[266fc5cda85c373a]::Config>::build
[INFO] [stderr]     13:     0x561b962be2f2 - build_script_build[58cb38e9b925bcf5]::main
[INFO] [stderr]     14:     0x561b962bea7b - <fn() -> core[df12db4294e9bfd3]::result::Result<(), alloc[2182bb758b4b3781]::boxed::Box<dyn core[df12db4294e9bfd3]::error::Error>> as core[df12db4294e9bfd3]::ops::function::FnOnce<()>>::call_once
[INFO] [stderr]     15:     0x561b962be166 - std[70759c8f55707aa4]::sys::backtrace::__rust_begin_short_backtrace::<fn() -> core[df12db4294e9bfd3]::result::Result<(), alloc[2182bb758b4b3781]::boxed::Box<dyn core[df12db4294e9bfd3]::error::Error>>, core[df12db4294e9bfd3]::result::Result<(), alloc[2182bb758b4b3781]::boxed::Box<dyn core[df12db4294e9bfd3]::error::Error>>>
[INFO] [stderr]     16:     0x561b962be179 - std[70759c8f55707aa4]::rt::lang_start::<core[df12db4294e9bfd3]::result::Result<(), alloc[2182bb758b4b3781]::boxed::Box<dyn core[df12db4294e9bfd3]::error::Error>>>::{closure#0}
[INFO] [stderr]     17:     0x561b9636a0e9 - std[70759c8f55707aa4]::rt::lang_start_internal
[INFO] [stderr]     18:     0x561b962bdc71 - std[70759c8f55707aa4]::rt::lang_start::<core[df12db4294e9bfd3]::result::Result<(), alloc[2182bb758b4b3781]::boxed::Box<dyn core[df12db4294e9bfd3]::error::Error>>>
[INFO] [stderr]     19:     0x561b962beae5 - main
[INFO] [stderr]     20:     0x786ec1b32601 - <unknown>
[INFO] [stderr]     21:     0x786ec1b32718 - __libc_start_main
[INFO] [stderr]     22:     0x561b962bd035 - _start
[INFO] [stderr]     23:                0x0 - <unknown>
[INFO] running `Command { std: "docker" "inspect" "1497147a0e71065a70e053ecbe693c0f3c29634f01dd0b0781b8c06ebfebbdfe", kill_on_drop: false }`
[INFO] running `Command { std: "docker" "rm" "-f" "1497147a0e71065a70e053ecbe693c0f3c29634f01dd0b0781b8c06ebfebbdfe", kill_on_drop: false }`
[INFO] [stdout] 1497147a0e71065a70e053ecbe693c0f3c29634f01dd0b0781b8c06ebfebbdfe
