[INFO] fetching crate gerg_ui 0.1.10...
[INFO] testing gerg_ui-0.1.10 against 1.99.0-beta.8+cargoflags=--release for beta-release-1.100-2
[INFO] extracting crate gerg_ui 0.1.10 into /workspace/builds/worker-2-tc1/source
[INFO] started tweaking crates.io crate gerg_ui 0.1.10
[INFO] finished tweaking crates.io crate gerg_ui 0.1.10
[INFO] tweaked toml for crates.io crate gerg_ui 0.1.10 written to /workspace/builds/worker-2-tc1/source/Cargo.toml
[INFO] validating manifest of crates.io crate gerg_ui 0.1.10 on toolchain 1.99.0-beta.8
[INFO] running `Command { std: CARGO_HOME="/workspace/cargo-home" RUSTUP_HOME="/workspace/rustup-home" "/workspace/cargo-home/bin/cargo" "+1.99.0-beta.8" "metadata" "--manifest-path" "Cargo.toml" "--no-deps", kill_on_drop: false }`
[INFO] running `Command { std: CARGO_HOME="/workspace/cargo-home" RUSTUP_HOME="/workspace/rustup-home" "/workspace/cargo-home/bin/cargo" "+1.99.0-beta.8" "generate-lockfile" "--manifest-path" "Cargo.toml", kill_on_drop: false }`
[INFO] [stderr]     Updating crates.io index
[INFO] [stderr]      Locking 384 packages to highest compatible versions
[INFO] [stderr]       Adding bevy v0.5.0 (available: v0.20.0)
[INFO] [stderr]       Adding bevy_mod_debug_console v0.0.2 (available: v0.1.0)
[INFO] [stderr]       Adding chrono v0.4.20 (available: v0.4.45)
[INFO] [stderr]       Adding cpal v0.13.4 (available: v0.13.5)
[INFO] [stderr]       Adding js-sys v0.3.46 (available: v0.3.106)
[INFO] [stderr]       Adding nix v0.20.0 (available: v0.20.2)
[INFO] [stderr]       Adding notify v5.0.0-pre.10 (available: v5.2.0)
[INFO] [stderr]       Adding phf v0.10.1 (available: v0.14.0)
[INFO] [stderr]       Adding spirv-std v0.4.0-alpha.8 (available: v0.4.0)
[INFO] [stderr]       Adding syn v1.0.65 (available: v1.0.109)
[INFO] [stderr]       Adding wasm-bindgen v0.2.69 (available: v0.2.129)
[INFO] [stderr]       Adding wasm-bindgen-backend v0.2.69 (available: v0.2.104)
[INFO] [stderr]       Adding wasm-bindgen-futures v0.4.19 (available: v0.4.79)
[INFO] [stderr]       Adding wasm-bindgen-macro v0.2.69 (available: v0.2.129)
[INFO] [stderr]       Adding wasm-bindgen-macro-support v0.2.69 (available: v0.2.129)
[INFO] [stderr]       Adding wasm-bindgen-shared v0.2.69 (available: v0.2.129)
[INFO] [stderr]       Adding web-sys v0.3.46 (available: v0.3.106)
[INFO] running `Command { std: CARGO_HOME="/workspace/cargo-home" RUSTUP_HOME="/workspace/rustup-home" "/workspace/cargo-home/bin/cargo" "+1.99.0-beta.8" "fetch" "--manifest-path" "Cargo.toml", kill_on_drop: false }`
[INFO] [stderr]  Downloading crates ...
[INFO] [stderr]   Downloaded wasm-bindgen-macro v0.2.69
[INFO] [stderr]   Downloaded wasm-bindgen-shared v0.2.69
[INFO] [stderr]   Downloaded wasm-bindgen v0.2.69
[INFO] [stderr]   Downloaded raw-window-handle v0.3.4
[INFO] [stderr]   Downloaded bevy_math v0.5.0
[INFO] [stderr]   Downloaded num_enum_derive v0.4.3
[INFO] [stderr]   Downloaded bevy_winit v0.5.0
[INFO] [stderr]   Downloaded ndk-macro v0.2.0
[INFO] [stderr]   Downloaded cocoa-foundation v0.1.2
[INFO] [stderr]   Downloaded ndk-glue v0.2.1
[INFO] [stderr]   Downloaded spirv-std-types v0.4.0
[INFO] [stderr]   Downloaded raw-window-handle v0.4.3
[INFO] [stderr]   Downloaded spirv-types v0.4.0-alpha.14
[INFO] [stderr]   Downloaded spirv-std-macros v0.4.0
[INFO] [stderr]   Downloaded android_logger v0.8.6
[INFO] [stderr]   Downloaded bevy_reflect_derive v0.5.0
[INFO] [stderr]   Downloaded bevy_internal v0.5.0
[INFO] [stderr]   Downloaded wasm-bindgen-futures v0.4.19
[INFO] [stderr]   Downloaded bevy_ecs_macros v0.5.0
[INFO] [stderr]   Downloaded bevy_window v0.5.0
[INFO] [stderr]   Downloaded bevy_utils v0.5.0
[INFO] [stderr]   Downloaded num_enum v0.4.3
[INFO] [stderr]   Downloaded android_log-sys v0.1.2
[INFO] [stderr]   Downloaded wasm-bindgen-macro-support v0.2.69
[INFO] [stderr]   Downloaded core-video-sys v0.1.4
[INFO] [stderr]   Downloaded find-crate v0.6.3
[INFO] [stderr]   Downloaded bevy_tasks v0.5.0
[INFO] [stderr]   Downloaded bevy_app v0.5.0
[INFO] [stderr]   Downloaded bevy_derive v0.5.0
[INFO] [stderr]   Downloaded bevy_log v0.5.0
[INFO] [stderr]   Downloaded erased-serde v0.3.31
[INFO] [stderr]   Downloaded android_log-sys v0.2.0
[INFO] [stderr]   Downloaded bevy_input v0.5.0
[INFO] [stderr]   Downloaded gpu-alloc-types v0.2.0
[INFO] [stderr]   Downloaded storage-map v0.3.0
[INFO] [stderr]   Downloaded fixedbitset v0.2.0
[INFO] [stderr]   Downloaded gpu-descriptor v0.1.1
[INFO] [stderr]   Downloaded inplace_it v0.3.6
[INFO] [stderr]   Downloaded gfx-backend-empty v0.7.0
[INFO] [stderr]   Downloaded shaderc v0.7.4
[INFO] [stderr]   Downloaded io-kit-sys v0.1.0
[INFO] [stderr]   Downloaded wasm-bindgen-backend v0.2.69
[INFO] [stderr]   Downloaded wio v0.2.2
[INFO] [stderr]   Downloaded coreaudio-sys v0.2.18
[INFO] [stderr]   Downloaded mio-extras v2.0.6
[INFO] [stderr]   Downloaded core-graphics v0.19.2
[INFO] [stderr]   Downloaded bevy_reflect v0.5.0
[INFO] [stderr]   Downloaded bevy_audio v0.5.0
[INFO] [stderr]   Downloaded alsa v0.5.0
[INFO] [stderr]   Downloaded bevy_mod_debug_console v0.0.2
[INFO] [stderr]   Downloaded ndk-glue v0.3.0
[INFO] [stderr]   Downloaded alsa-sys v0.3.1
[INFO] [stderr]   Downloaded num_enum_derive v0.5.11
[INFO] [stderr]   Downloaded ndk v0.3.0
[INFO] [stderr]   Downloaded jni v0.19.0
[INFO] [stderr]   Downloaded gfx-auxil v0.8.0
[INFO] [stderr]   Downloaded thunderdome v0.3.0
[INFO] [stderr]   Downloaded d3d12 v0.3.2
[INFO] [stderr]   Downloaded combine v4.6.9
[INFO] [stderr]   Downloaded bevy_core v0.5.0
[INFO] [stderr]   Downloaded bevy_asset v0.5.1
[INFO] [stderr]   Downloaded bevy_transform v0.5.0
[INFO] [stderr]   Downloaded nix v0.20.0
[INFO] [stderr]   Downloaded ndk-sys v0.3.0
[INFO] [stderr]   Downloaded bevy_diagnostic v0.5.0
[INFO] [stderr]   Downloaded bevy_text v0.5.0
[INFO] [stderr]   Downloaded bevy_gltf v0.5.0
[INFO] [stderr]   Downloaded inflections v1.1.1
[INFO] [stderr]   Downloaded bevy_scene v0.5.0
[INFO] [stderr]   Downloaded bevy_ui v0.5.0
[INFO] [stderr]   Downloaded bevy_gilrs v0.5.0
[INFO] [stderr]   Downloaded svg_fmt v0.4.5
[INFO] [stderr]   Downloaded bevy_pbr v0.5.0
[INFO] [stderr]   Downloaded base-x v0.2.11
[INFO] [stderr]   Downloaded rusty-xinput v1.3.0
[INFO] [stderr]   Downloaded libudev-sys v0.1.4
[INFO] [stderr]   Downloaded gpu-alloc v0.3.2
[INFO] [stderr]   Downloaded bevy_wgpu v0.5.0
[INFO] [stderr]   Downloaded spirv_headers v1.5.0
[INFO] [stderr]   Downloaded wgpu-types v0.7.0
[INFO] [stderr]   Downloaded bevy_dynamic_plugin v0.5.0
[INFO] [stderr]   Downloaded minimp3 v0.5.2
[INFO] [stderr]   Downloaded spirv-std v0.4.0-alpha.8
[INFO] [stderr]   Downloaded libloading v0.6.7
[INFO] [stderr]   Downloaded khronos-egl v3.0.2
[INFO] [stderr]   Downloaded cocoa v0.24.1
[INFO] [stderr]   Downloaded hexasphere v3.4.0
[INFO] [stderr]   Downloaded stretch v0.3.2
[INFO] [stderr]   Downloaded glyph_brush_layout v0.2.4
[INFO] [stderr]   Downloaded bevy_sprite v0.5.0
[INFO] [stderr]   Downloaded guillotiere v0.6.2
[INFO] [stderr]   Downloaded gltf-json v0.15.2
[INFO] [stderr]   Downloaded rectangle-pack v0.3.0
[INFO] [stderr]   Downloaded gltf-derive v0.15.2
[INFO] [stderr]   Downloaded mach v0.2.3
[INFO] [stderr]   Downloaded oboe v0.4.6
[INFO] [stderr]   Downloaded num_enum v0.5.11
[INFO] [stderr]   Downloaded mach v0.3.2
[INFO] [stderr]   Downloaded ndk v0.2.1
[INFO] [stderr]   Downloaded slotmap v0.4.3
[INFO] [stderr]   Downloaded rodio v0.13.1
[INFO] [stderr]   Downloaded ron v0.6.6
[INFO] [stderr]   Downloaded gltf v0.15.2
[INFO] [stderr]   Downloaded gilrs-core v0.3.2
[INFO] [stderr]   Downloaded ahash v0.4.8
[INFO] [stderr]   Downloaded gfx-backend-vulkan v0.7.0
[INFO] [stderr]   Downloaded coreaudio-rs v0.10.0
[INFO] [stderr]   Downloaded js-sys v0.3.46
[INFO] [stderr]   Downloaded gfx-backend-gl v0.7.1
[INFO] [stderr]   Downloaded textwrap v0.16.4
[INFO] [stderr]   Downloaded notify v5.0.0-pre.10
[INFO] [stderr]   Downloaded gfx-hal v0.7.0
[INFO] [stderr]   Downloaded hashbrown v0.9.1
[INFO] [stderr]   Downloaded minimp3-sys v0.3.2
[INFO] [stderr]   Downloaded slice-ring-buffer v0.3.4
[INFO] [stderr]   Downloaded ndk v0.6.0
[INFO] [stderr]   Downloaded gfx-backend-dx11 v0.7.0
[INFO] [stderr]   Downloaded bevy_ecs v0.5.0
[INFO] [stderr]   Downloaded bevy_render v0.5.0
[INFO] [stderr]   Downloaded spirv-reflect v0.2.3
[INFO] [stderr]   Downloaded gfx-backend-dx12 v0.7.1
[INFO] [stderr]   Downloaded gilrs v0.8.2
[INFO] [stderr]   Downloaded cpal v0.13.4
[INFO] [stderr]   Downloaded bevy v0.5.0
[INFO] [stderr]   Downloaded stdweb v0.1.3
[INFO] [stderr]   Downloaded wgpu v0.7.1
[INFO] [stderr]   Downloaded glam v0.13.1
[INFO] [stderr]   Downloaded gfx-backend-metal v0.7.0
[INFO] [stderr]   Downloaded wgpu-core v0.7.2
[INFO] [stderr]   Downloaded libm v0.1.4
[INFO] [stderr]   Downloaded petgraph v0.5.1
[INFO] [stderr]   Downloaded naga v0.3.2
[INFO] [stderr]   Downloaded oboe-sys v0.4.5
[INFO] [stderr]   Downloaded glow v0.7.2
[INFO] [stderr]   Downloaded chrono v0.4.20
[INFO] [stderr]   Downloaded syn v1.0.65
[INFO] [stderr]   Downloaded nix v0.23.2
[INFO] [stderr]   Downloaded ndk-sys v0.2.2
[INFO] [stderr]   Downloaded ash v0.31.0
[INFO] [stderr]   Downloaded winit v0.24.0
[INFO] [stderr]   Downloaded spirv_cross v0.23.1
[INFO] [stderr]   Downloaded web-sys v0.3.46
[INFO] [stderr]   Downloaded metal v0.21.0
[INFO] [stderr]   Downloaded shaderc-sys v0.7.4
[INFO] [stderr]   Downloaded bevy-glsl-to-spirv v0.2.1
[INFO] running `Command { std: "docker" "create" "-v" "/var/lib/crater-agent-workspace/builds/worker-2-tc1/source:/opt/rustwide/workdir:ro,Z" "-v" "/var/lib/crater-agent-workspace/builds/worker-2-tc1/target:/opt/rustwide/target:rw,Z" "-v" "/var/lib/crater-agent-workspace/cargo-home:/opt/rustwide/cargo-home:ro,Z" "-v" "/var/lib/crater-agent-workspace/rustup-home:/opt/rustwide/rustup-home:ro,Z" "-m" "1610612736" "--network" "none" "ghcr.io/rust-lang/crates-build-env/linux@sha256:77db811e55d90add9212f6832c23229e3de5f1c1f9905e8cb07319ea15df73ac" "sleep" "infinity", kill_on_drop: false }`
[INFO] [stdout] 2bc7e2a692ae3967d0b59c046bf90a12f0c58378464776473a83a6a520568a18
[INFO] running `Command { std: "docker" "start" "2bc7e2a692ae3967d0b59c046bf90a12f0c58378464776473a83a6a520568a18", kill_on_drop: false }`
[INFO] running `Command { std: "docker" "inspect" "2bc7e2a692ae3967d0b59c046bf90a12f0c58378464776473a83a6a520568a18", kill_on_drop: false }`
[INFO] running `Command { std: "docker" "exec" "-e" "SOURCE_DIR=/opt/rustwide/workdir" "-e" "CARGO_HOME=/opt/rustwide/cargo-home" "-e" "RUSTUP_HOME=/opt/rustwide/rustup-home" "-e" "CARGO_TARGET_DIR=/opt/rustwide/target" "-w" "/opt/rustwide/workdir" "--user" "0:0" "2bc7e2a692ae3967d0b59c046bf90a12f0c58378464776473a83a6a520568a18" "/opt/rustwide/cargo-home/bin/cargo" "+1.99.0-beta.8" "metadata" "--no-deps" "--format-version=1", kill_on_drop: false }`
[INFO] running `Command { std: "docker" "inspect" "2bc7e2a692ae3967d0b59c046bf90a12f0c58378464776473a83a6a520568a18", kill_on_drop: false }`
[INFO] running `Command { std: "docker" "exec" "-e" "SOURCE_DIR=/opt/rustwide/workdir" "-e" "CARGO_HOME=/opt/rustwide/cargo-home" "-e" "RUSTUP_HOME=/opt/rustwide/rustup-home" "-e" "CARGO_TARGET_DIR=/opt/rustwide/target" "-e" "CARGO_INCREMENTAL=0" "-e" "RUST_BACKTRACE=full" "-e" "RUSTFLAGS=--cap-lints=warn" "-e" "RUSTDOCFLAGS=--cap-lints=warn" "-w" "/opt/rustwide/workdir" "--user" "0:0" "2bc7e2a692ae3967d0b59c046bf90a12f0c58378464776473a83a6a520568a18" "/opt/rustwide/cargo-home/bin/cargo" "+1.99.0-beta.8" "build" "--frozen" "--message-format=json" "--release", kill_on_drop: false }`
[INFO] [stderr]    Compiling libc v0.2.191
[INFO] [stderr]    Compiling instant v0.1.13
[INFO] [stderr]    Compiling parking_lot_core v0.8.6
[INFO] [stderr]    Compiling syn v3.0.9
[INFO] [stderr]    Compiling syn v2.0.119
[INFO] [stderr]    Compiling syn v1.0.65
[INFO] [stderr]    Compiling tracing-core v0.1.36
[INFO] [stderr]    Compiling unicode-xid v0.2.6
[INFO] [stderr]    Compiling serde_core v1.0.229
[INFO] [stderr]    Compiling serde v1.0.229
[INFO] [stderr]    Compiling fxhash v0.2.1
[INFO] [stderr]    Compiling ahash v0.7.8
[INFO] [stderr]    Compiling futures-core v0.3.34
[INFO] [stderr]    Compiling concurrent-queue v2.5.0
[INFO] [stderr]    Compiling futures-lite v2.6.1
[INFO] [stderr]    Compiling waker-fn v1.2.0
[INFO] [stderr]    Compiling fastrand v1.9.0
[INFO] [stderr]    Compiling downcast-rs v1.2.1
[INFO] [stderr]    Compiling async-channel v1.9.0
[INFO] [stderr]    Compiling futures-lite v1.13.0
[INFO] [stderr]    Compiling async-executor v1.14.0
[INFO] [stderr]    Compiling getrandom v0.2.17
[INFO] [stderr]    Compiling jobserver v0.1.35
[INFO] [stderr]    Compiling num_cpus v1.17.0
[INFO] [stderr]    Compiling cc v1.8.0
[INFO] [stderr]    Compiling rand_core v0.6.4
[INFO] [stderr]    Compiling bevy_tasks v0.5.0
[INFO] [stderr]    Compiling serde_derive v1.0.229
[INFO] [stderr]    Compiling Inflector v0.11.4
[INFO] [stderr]    Compiling rand_chacha v0.3.1
[INFO] [stderr]    Compiling fixedbitset v0.4.2
[INFO] [stderr]    Compiling rand v0.8.8
[INFO] [stderr]    Compiling num-integer v0.1.47
[INFO] [stderr]    Compiling serde_json v1.0.154
[INFO] [stderr]    Compiling aho-corasick v1.1.5
[INFO] [stderr]    Compiling spirv_headers v1.5.0
[INFO] [stderr]    Compiling regex-syntax v0.6.29
[INFO] [stderr]    Compiling chrono v0.4.20
[INFO] [stderr]    Compiling sharded-slab v0.1.7
[INFO] [stderr]    Compiling thiserror-impl v1.0.69
[INFO] [stderr]    Compiling tracing-attributes v0.1.31
[INFO] [stderr]    Compiling regex-automata v0.4.18
[INFO] [stderr]    Compiling thiserror v1.0.69
[INFO] [stderr]    Compiling smallvec v1.16.3
[INFO] [stderr]    Compiling tracing v0.1.44
[INFO] [stderr]    Compiling uuid v0.8.2
[INFO] [stderr]    Compiling toml v0.5.11
[INFO] [stderr]    Compiling parking_lot v0.11.2
[INFO] [stderr]    Compiling bevy_utils v0.5.0
[INFO] [stderr]    Compiling erased-serde v0.3.31
[INFO] [stderr]    Compiling glam v0.13.1
[INFO] [stderr]    Compiling regex-automata v0.1.10
[INFO] [stderr]    Compiling tracing-serde v0.1.3
[INFO] [stderr]    Compiling find-crate v0.6.3
[INFO] [stderr]    Compiling tracing-log v0.1.4
[INFO] [stderr]    Compiling thread_local v1.1.10
[INFO] [stderr]    Compiling bevy_reflect_derive v0.5.0
[INFO] [stderr]    Compiling bevy_ecs_macros v0.5.0
[INFO] [stderr]    Compiling bevy_derive v0.5.0
[INFO] [stderr]    Compiling matchers v0.0.1
[INFO] [stderr]    Compiling ansi_term v0.12.1
[INFO] [stderr]    Compiling regex v1.13.1
[INFO] [stderr]    Compiling inotify-sys v0.1.8
[INFO] [stderr]    Compiling indexmap v1.9.3
[INFO] [stderr]    Compiling crossbeam-channel v0.5.17
[INFO] [stderr]    Compiling hashbrown v0.12.3
[INFO] [stderr]    Compiling bevy_reflect v0.5.0
[INFO] [stderr]    Compiling tracing-subscriber v0.2.25
[INFO] [stderr]    Compiling cty v0.2.2
[INFO] [stderr]    Compiling raw-window-handle v0.4.3
[INFO] [stderr]    Compiling inotify v0.9.6
[INFO] [stderr]    Compiling mio v0.7.14
[INFO] [stderr]    Compiling filetime v0.2.29
[INFO] [stderr]    Compiling adler32 v1.2.0
[INFO] [stderr]    Compiling base64 v0.13.1
[INFO] [stderr]    Compiling notify v5.0.0-pre.10
[INFO] [stderr]    Compiling bevy_ecs v0.5.0
[INFO] [stderr]    Compiling bevy_math v0.5.0
[INFO] [stderr]    Compiling ron v0.6.6
[INFO] [stderr]    Compiling raw-window-handle v0.3.4
[INFO] [stderr]    Compiling num-rational v0.3.2
[INFO] [stderr]    Compiling fixedbitset v0.2.0
[INFO] [stderr]    Compiling bit-vec v0.6.3
[INFO] [stderr]    Compiling bit-set v0.5.3
[INFO] [stderr]    Compiling petgraph v0.5.1
[INFO] [stderr]    Compiling deflate v0.8.6
[INFO] [stderr]    Compiling miniz_oxide v0.3.7
[INFO] [stderr]    Compiling spirv-reflect v0.2.3
[INFO] [stderr]    Compiling bevy-glsl-to-spirv v0.2.1
[INFO] [stderr]    Compiling png v0.16.8
[INFO] [stderr]    Compiling naga v0.3.2
[INFO] [stderr]    Compiling bevy_app v0.5.0
[INFO] [stderr]    Compiling bevy_log v0.5.0
[INFO] [stderr]    Compiling bevy_core v0.5.0
[INFO] [stderr]    Compiling bevy_transform v0.5.0
[INFO] [stderr]    Compiling bevy_window v0.5.0
[INFO] [stderr]    Compiling bevy_diagnostic v0.5.0
[INFO] [stderr]    Compiling bevy_asset v0.5.1
[INFO] [stderr]    Compiling num-iter v0.1.46
[INFO] [stderr]    Compiling color_quant v1.1.0
[INFO] [stderr]    Compiling glam v0.15.2
[INFO] [stderr]    Compiling scoped_threadpool v0.1.9
[INFO] [stderr]    Compiling bytemuck v1.25.2
[INFO] [stderr]    Compiling image v0.23.14
[INFO] [stderr]    Compiling gfx-hal v0.7.0
[INFO] [stderr]    Compiling spirv_cross v0.23.1
[INFO] [stderr]    Compiling libloading v0.6.7
[INFO] [stderr]    Compiling hexasphere v3.4.0
[INFO] [stderr]    Compiling alsa-sys v0.3.1
[INFO] [stderr]    Compiling memoffset v0.6.5
[INFO] [stderr]    Compiling khronos-egl v3.0.2
[INFO] [stderr]    Compiling bevy_render v0.5.0
[INFO] [stderr]    Compiling net2 v0.2.39
[INFO] [stderr]    Compiling minimp3-sys v0.3.2
[INFO] [stderr]    Compiling x11-dl v2.21.0
[INFO] [stderr]    Compiling libudev-sys v0.1.4
[INFO] [stderr]    Compiling iovec v0.1.4
[INFO] [stderr]    Compiling cfg_aliases v0.1.1
[INFO] [stderr]    Compiling ttf-parser v0.25.1
[INFO] [stderr]    Compiling arrayvec v0.5.2
[INFO] [stderr]    Compiling ahash v0.4.8
[INFO] [stderr]    Compiling gpu-descriptor-types v0.1.2
[INFO] [stderr]    Compiling hashbrown v0.9.1
[INFO] [stderr]    Compiling wgpu-core v0.7.2
[INFO] [stderr]    Compiling mio v0.6.23
[INFO] [stderr]    Compiling ash v0.31.0
[INFO] [stderr]    Compiling bevy_input v0.5.0
[INFO] [stderr]    Compiling owned_ttf_parser v0.25.1
[INFO] [stderr]    Compiling nix v0.20.0
[INFO] [stderr]    Compiling euclid v0.22.14
[INFO] [stderr]    Compiling zerocopy v0.8.63
[INFO] [stderr]    Compiling gpu-alloc-types v0.2.0
[INFO] [stderr]    Compiling cpal v0.13.4
[INFO] [stderr]    Compiling libm v0.1.4
[INFO] [stderr]    Compiling ab_glyph_rasterizer v0.1.10
[INFO] [stderr]    Compiling svg_fmt v0.4.5
[INFO] [stderr]    Compiling lazycell v1.3.0
[INFO] [stderr]    Compiling glow v0.7.2
[INFO] [stderr]    Compiling inflections v1.1.1
[INFO] [stderr]    Compiling inplace_it v0.3.6
[INFO] [stderr]    Compiling gltf-derive v0.15.2
[INFO] [stderr]    Compiling guillotiere v0.6.2
[INFO] [stderr]    Compiling mio-extras v2.0.6
[INFO] [stderr]    Compiling ab_glyph v0.2.32
[INFO] [stderr]    Compiling alsa v0.5.0
[INFO] [stderr]    Compiling gfx-backend-vulkan v0.7.0
[INFO] [stderr]    Compiling gpu-alloc v0.3.2
[INFO] [stderr]    Compiling nix v0.23.2
[INFO] [stderr]    Compiling gpu-descriptor v0.1.1
[INFO] [stderr]    Compiling gfx-backend-empty v0.7.0
[INFO] [stderr]    Compiling slice-ring-buffer v0.3.4
[INFO] [stderr]    Compiling wgpu-types v0.7.0
[INFO] [stderr]    Compiling xi-unicode v0.3.0
[INFO] [stderr]    Compiling copyless v0.1.5
[INFO] [stderr]    Compiling rectangle-pack v0.3.0
[INFO] [stderr]    Compiling bevy_sprite v0.5.0
[INFO] [stderr]    Compiling glyph_brush_layout v0.2.4
[INFO] [stderr]    Compiling minimp3 v0.5.2
[INFO] [stderr]    Compiling gilrs-core v0.3.2
[INFO] [stderr]    Compiling winit v0.24.0
[INFO] [stderr]    Compiling ppv-lite86 v0.2.21
[INFO] [stderr]    Compiling gltf-json v0.15.2
[INFO] [stderr]    Compiling crossbeam-epoch v0.9.21
[INFO] [stderr]    Compiling gilrs v0.8.2
[INFO] [stderr]    Compiling bevy_winit v0.5.0
[INFO] [stderr]    Compiling gltf v0.15.2
[INFO] [stderr]    Compiling stretch v0.3.2
[INFO] [stderr]    Compiling bevy_text v0.5.0
[INFO] [stderr]    Compiling rodio v0.13.1
[INFO] [stderr]    Compiling bevy_pbr v0.5.0
[INFO] [stderr]    Compiling bevy_scene v0.5.0
[INFO] [stderr]    Compiling libloading v0.7.4
[INFO] [stderr]    Compiling proc-macro-hack v0.5.20+deprecated
[INFO] [stderr]    Compiling crossbeam-deque v0.8.8
[INFO] [stderr]    Compiling siphasher v0.3.11
[INFO] [stderr]    Compiling phf_shared v0.10.0
[INFO] [stderr]    Compiling bevy_dynamic_plugin v0.5.0
[INFO] [stderr]    Compiling bevy_gltf v0.5.0
[INFO] [stderr]    Compiling bevy_audio v0.5.0
[INFO] [stderr]    Compiling bevy_ui v0.5.0
[INFO] [stderr]    Compiling bevy_gilrs v0.5.0
[INFO] [stderr]    Compiling os_str_bytes v6.6.1
[INFO] [stderr]    Compiling phf_generator v0.10.0
[INFO] [stderr]    Compiling clap_lex v0.2.4
[INFO] [stderr]    Compiling atty v0.2.14
[INFO] [stderr]    Compiling crossbeam-queue v0.3.14
[INFO] [stderr]    Compiling termcolor v1.4.1
[INFO] [stderr]    Compiling textwrap v0.16.4
[INFO] [stderr]    Compiling strsim v0.10.0
[INFO] [stderr]    Compiling clap v3.2.25
[INFO] [stderr]    Compiling phf_macros v0.10.0
[INFO] [stderr]    Compiling crossbeam v0.8.5
[INFO] [stderr]    Compiling phf v0.10.1
[INFO] [stderr]    Compiling gfx-auxil v0.8.0
[INFO] [stderr]    Compiling gfx-backend-gl v0.7.1
[INFO] [stderr]    Compiling wgpu v0.7.1
[INFO] [stderr]    Compiling bevy_wgpu v0.5.0
[INFO] [stderr]    Compiling bevy_internal v0.5.0
[INFO] [stderr]    Compiling bevy v0.5.0
[INFO] [stderr]    Compiling bevy_mod_debug_console v0.0.2
[INFO] [stdout] error[E0277]: the trait bound `Arg<'_>: From<&str>` is not satisfied
[INFO] [stdout]     --> /opt/rustwide/cargo-home/registry/src/index.crates.io-1949cf8c6b5b557f/bevy_mod_debug_console-0.0.2/src/ecs.rs:317:26
[INFO] [stdout]      |
[INFO] [stdout]  317 |                     .arg("--id [Id] 'id to get'")
[INFO] [stdout]      |                      --- ^^^^^^^^^^^^^^^^^^^^^^^ the trait `From<&str>` is not implemented for `Arg<'_>`
[INFO] [stdout]      |                      |
[INFO] [stdout]      |                      required by a bound introduced by this call
[INFO] [stdout]      |
[INFO] [stdout] help: the trait `From<&str>` is not implemented for `Arg<'_>`
[INFO] [stdout]       but trait `From<&Arg<'_>>` is implemented for it
[INFO] [stdout]     --> /opt/rustwide/cargo-home/registry/src/index.crates.io-1949cf8c6b5b557f/clap-3.2.25/src/builder/arg.rs:5192:1
[INFO] [stdout]      |
[INFO] [stdout] 5192 | impl<'help> From<&'_ Arg<'help>> for Arg<'help> {
[INFO] [stdout]      | ^^^^^^^^^^^^^^^^^^^^^^^^^^^^^^^^^^^^^^^^^^^^^^^
[INFO] [stdout]      = help: for that trait implementation, expected `Arg<'_>`, found `str`
[INFO] [stdout]      = note: required for `&str` to implement `Into<Arg<'_>>`
[INFO] [stdout] note: required by a bound in `clap::App::<'help>::arg`
[INFO] [stdout]     --> /opt/rustwide/cargo-home/registry/src/index.crates.io-1949cf8c6b5b557f/clap-3.2.25/src/builder/command.rs:185:19
[INFO] [stdout]      |
[INFO] [stdout]  185 |     pub fn arg<A: Into<Arg<'help>>>(mut self, a: A) -> Self {
[INFO] [stdout]      |                   ^^^^^^^^^^^^^^^^ required by this bound in `App::<'help>::arg`
[INFO] [stdout] 
[INFO] [stdout] 
[INFO] [stdout] error[E0277]: the trait bound `Arg<'_>: From<&str>` is not satisfied
[INFO] [stdout]     --> /opt/rustwide/cargo-home/registry/src/index.crates.io-1949cf8c6b5b557f/bevy_mod_debug_console-0.0.2/src/ecs.rs:325:26
[INFO] [stdout]      |
[INFO] [stdout]  325 |                     .arg("--componentid   [ComponentId]   'find types that have components with ComponentId'")
[INFO] [stdout]      |                      --- ^^^^^^^^^^^^^^^^^^^^^^^^^^^^^^^^^^^^^^^^^^^^^^^^^^^^^^^^^^^^^^^^^^^^^^^^^^^^^^^^^^^^ the trait `From<&str>` is not implemented for `Arg<'_>`
[INFO] [stdout]      |                      |
[INFO] [stdout]      |                      required by a bound introduced by this call
[INFO] [stdout]      |
[INFO] [stdout] help: the trait `From<&str>` is not implemented for `Arg<'_>`
[INFO] [stdout]       but trait `From<&Arg<'_>>` is implemented for it
[INFO] [stdout]     --> /opt/rustwide/cargo-home/registry/src/index.crates.io-1949cf8c6b5b557f/clap-3.2.25/src/builder/arg.rs:5192:1
[INFO] [stdout]      |
[INFO] [stdout] 5192 | impl<'help> From<&'_ Arg<'help>> for Arg<'help> {
[INFO] [stdout]      | ^^^^^^^^^^^^^^^^^^^^^^^^^^^^^^^^^^^^^^^^^^^^^^^
[INFO] [stdout]      = help: for that trait implementation, expected `Arg<'_>`, found `str`
[INFO] [stdout]      = note: required for `&str` to implement `Into<Arg<'_>>`
[INFO] [stdout] note: required by a bound in `clap::App::<'help>::arg`
[INFO] [stdout]     --> /opt/rustwide/cargo-home/registry/src/index.crates.io-1949cf8c6b5b557f/clap-3.2.25/src/builder/command.rs:185:19
[INFO] [stdout]      |
[INFO] [stdout]  185 |     pub fn arg<A: Into<Arg<'help>>>(mut self, a: A) -> Self {
[INFO] [stdout]      |                   ^^^^^^^^^^^^^^^^ required by this bound in `App::<'help>::arg`
[INFO] [stdout] 
[INFO] [stdout] 
[INFO] [stdout] error[E0277]: the trait bound `Arg<'_>: From<&str>` is not satisfied
[INFO] [stdout]     --> /opt/rustwide/cargo-home/registry/src/index.crates.io-1949cf8c6b5b557f/bevy_mod_debug_console-0.0.2/src/ecs.rs:326:26
[INFO] [stdout]      |
[INFO] [stdout]  326 |                     .arg("--componentname [ComponentName] 'find types that have components with ComponentName'")
[INFO] [stdout]      |                      --- ^^^^^^^^^^^^^^^^^^^^^^^^^^^^^^^^^^^^^^^^^^^^^^^^^^^^^^^^^^^^^^^^^^^^^^^^^^^^^^^^^^^^^^ the trait `From<&str>` is not implemented for `Arg<'_>`
[INFO] [stdout]      |                      |
[INFO] [stdout]      |                      required by a bound introduced by this call
[INFO] [stdout]      |
[INFO] [stdout] help: the trait `From<&str>` is not implemented for `Arg<'_>`
[INFO] [stdout]       but trait `From<&Arg<'_>>` is implemented for it
[INFO] [stdout]     --> /opt/rustwide/cargo-home/registry/src/index.crates.io-1949cf8c6b5b557f/clap-3.2.25/src/builder/arg.rs:5192:1
[INFO] [stdout]      |
[INFO] [stdout] 5192 | impl<'help> From<&'_ Arg<'help>> for Arg<'help> {
[INFO] [stdout]      | ^^^^^^^^^^^^^^^^^^^^^^^^^^^^^^^^^^^^^^^^^^^^^^^
[INFO] [stdout]      = help: for that trait implementation, expected `Arg<'_>`, found `str`
[INFO] [stdout]      = note: required for `&str` to implement `Into<Arg<'_>>`
[INFO] [stdout] note: required by a bound in `clap::App::<'help>::arg`
[INFO] [stdout]     --> /opt/rustwide/cargo-home/registry/src/index.crates.io-1949cf8c6b5b557f/clap-3.2.25/src/builder/command.rs:185:19
[INFO] [stdout]      |
[INFO] [stdout]  185 |     pub fn arg<A: Into<Arg<'help>>>(mut self, a: A) -> Self {
[INFO] [stdout]      |                   ^^^^^^^^^^^^^^^^ required by this bound in `App::<'help>::arg`
[INFO] [stdout] 
[INFO] [stdout] 
[INFO] [stdout] error[E0277]: the trait bound `Arg<'_>: From<&str>` is not satisfied
[INFO] [stdout]     --> /opt/rustwide/cargo-home/registry/src/index.crates.io-1949cf8c6b5b557f/bevy_mod_debug_console-0.0.2/src/ecs.rs:327:26
[INFO] [stdout]      |
[INFO] [stdout]  327 |                     .arg("--entityid      [EntityId]      'find types that have entities with EntityId")
[INFO] [stdout]      |                      --- ^^^^^^^^^^^^^^^^^^^^^^^^^^^^^^^^^^^^^^^^^^^^^^^^^^^^^^^^^^^^^^^^^^^^^^^^^^^^^^ the trait `From<&str>` is not implemented for `Arg<'_>`
[INFO] [stdout]      |                      |
[INFO] [stdout]      |                      required by a bound introduced by this call
[INFO] [stdout]      |
[INFO] [stdout] help: the trait `From<&str>` is not implemented for `Arg<'_>`
[INFO] [stdout]       but trait `From<&Arg<'_>>` is implemented for it
[INFO] [stdout]     --> /opt/rustwide/cargo-home/registry/src/index.crates.io-1949cf8c6b5b557f/clap-3.2.25/src/builder/arg.rs:5192:1
[INFO] [stdout]      |
[INFO] [stdout] 5192 | impl<'help> From<&'_ Arg<'help>> for Arg<'help> {
[INFO] [stdout]      | ^^^^^^^^^^^^^^^^^^^^^^^^^^^^^^^^^^^^^^^^^^^^^^^
[INFO] [stdout]      = help: for that trait implementation, expected `Arg<'_>`, found `str`
[INFO] [stdout]      = note: required for `&str` to implement `Into<Arg<'_>>`
[INFO] [stdout] note: required by a bound in `clap::App::<'help>::arg`
[INFO] [stdout]     --> /opt/rustwide/cargo-home/registry/src/index.crates.io-1949cf8c6b5b557f/clap-3.2.25/src/builder/command.rs:185:19
[INFO] [stdout]      |
[INFO] [stdout]  185 |     pub fn arg<A: Into<Arg<'help>>>(mut self, a: A) -> Self {
[INFO] [stdout]      |                   ^^^^^^^^^^^^^^^^ required by this bound in `App::<'help>::arg`
[INFO] [stdout] 
[INFO] [stdout] 
[INFO] [stdout] error[E0277]: the trait bound `Arg<'_>: From<&str>` is not satisfied
[INFO] [stdout]     --> /opt/rustwide/cargo-home/registry/src/index.crates.io-1949cf8c6b5b557f/bevy_mod_debug_console-0.0.2/src/ecs.rs:341:26
[INFO] [stdout]      |
[INFO] [stdout]  341 |                     .arg("-f, --filter [Filter] 'filter list'")
[INFO] [stdout]      |                      --- ^^^^^^^^^^^^^^^^^^^^^^^^^^^^^^^^^^^^^ the trait `From<&str>` is not implemented for `Arg<'_>`
[INFO] [stdout]      |                      |
[INFO] [stdout]      |                      required by a bound introduced by this call
[INFO] [stdout]      |
[INFO] [stdout] help: the trait `From<&str>` is not implemented for `Arg<'_>`
[INFO] [stdout]       but trait `From<&Arg<'_>>` is implemented for it
[INFO] [stdout]     --> /opt/rustwide/cargo-home/registry/src/index.crates.io-1949cf8c6b5b557f/clap-3.2.25/src/builder/arg.rs:5192:1
[INFO] [stdout]      |
[INFO] [stdout] 5192 | impl<'help> From<&'_ Arg<'help>> for Arg<'help> {
[INFO] [stdout]      | ^^^^^^^^^^^^^^^^^^^^^^^^^^^^^^^^^^^^^^^^^^^^^^^
[INFO] [stdout]      = help: for that trait implementation, expected `Arg<'_>`, found `str`
[INFO] [stdout]      = note: required for `&str` to implement `Into<Arg<'_>>`
[INFO] [stdout] note: required by a bound in `clap::App::<'help>::arg`
[INFO] [stdout]     --> /opt/rustwide/cargo-home/registry/src/index.crates.io-1949cf8c6b5b557f/clap-3.2.25/src/builder/command.rs:185:19
[INFO] [stdout]      |
[INFO] [stdout]  185 |     pub fn arg<A: Into<Arg<'help>>>(mut self, a: A) -> Self {
[INFO] [stdout]      |                   ^^^^^^^^^^^^^^^^ required by this bound in `App::<'help>::arg`
[INFO] [stdout] 
[INFO] [stdout] 
[INFO] [stdout] error[E0277]: the trait bound `Arg<'_>: From<&str>` is not satisfied
[INFO] [stdout]     --> /opt/rustwide/cargo-home/registry/src/index.crates.io-1949cf8c6b5b557f/bevy_mod_debug_console-0.0.2/src/ecs.rs:342:26
[INFO] [stdout]      |
[INFO] [stdout]  342 |                     .arg("-l, --long 'display long name'"),
[INFO] [stdout]      |                      --- ^^^^^^^^^^^^^^^^^^^^^^^^^^^^^^^^ the trait `From<&str>` is not implemented for `Arg<'_>`
[INFO] [stdout]      |                      |
[INFO] [stdout]      |                      required by a bound introduced by this call
[INFO] [stdout]      |
[INFO] [stdout] help: the trait `From<&str>` is not implemented for `Arg<'_>`
[INFO] [stdout]       but trait `From<&Arg<'_>>` is implemented for it
[INFO] [stdout]     --> /opt/rustwide/cargo-home/registry/src/index.crates.io-1949cf8c6b5b557f/clap-3.2.25/src/builder/arg.rs:5192:1
[INFO] [stdout]      |
[INFO] [stdout] 5192 | impl<'help> From<&'_ Arg<'help>> for Arg<'help> {
[INFO] [stdout]      | ^^^^^^^^^^^^^^^^^^^^^^^^^^^^^^^^^^^^^^^^^^^^^^^
[INFO] [stdout]      = help: for that trait implementation, expected `Arg<'_>`, found `str`
[INFO] [stdout]      = note: required for `&str` to implement `Into<Arg<'_>>`
[INFO] [stdout] note: required by a bound in `clap::App::<'help>::arg`
[INFO] [stdout]     --> /opt/rustwide/cargo-home/registry/src/index.crates.io-1949cf8c6b5b557f/clap-3.2.25/src/builder/command.rs:185:19
[INFO] [stdout]      |
[INFO] [stdout]  185 |     pub fn arg<A: Into<Arg<'help>>>(mut self, a: A) -> Self {
[INFO] [stdout]      |                   ^^^^^^^^^^^^^^^^ required by this bound in `App::<'help>::arg`
[INFO] [stdout] 
[INFO] [stdout] 
[INFO] [stdout] error[E0277]: the trait bound `Arg<'_>: From<&str>` is not satisfied
[INFO] [stdout]     --> /opt/rustwide/cargo-home/registry/src/index.crates.io-1949cf8c6b5b557f/bevy_mod_debug_console-0.0.2/src/ecs.rs:346:26
[INFO] [stdout]      |
[INFO] [stdout]  346 |                     .arg("--id   [Id]   'id to get'")
[INFO] [stdout]      |                      --- ^^^^^^^^^^^^^^^^^^^^^^^^^^^ the trait `From<&str>` is not implemented for `Arg<'_>`
[INFO] [stdout]      |                      |
[INFO] [stdout]      |                      required by a bound introduced by this call
[INFO] [stdout]      |
[INFO] [stdout] help: the trait `From<&str>` is not implemented for `Arg<'_>`
[INFO] [stdout]       but trait `From<&Arg<'_>>` is implemented for it
[INFO] [stdout]     --> /opt/rustwide/cargo-home/registry/src/index.crates.io-1949cf8c6b5b557f/clap-3.2.25/src/builder/arg.rs:5192:1
[INFO] [stdout]      |
[INFO] [stdout] 5192 | impl<'help> From<&'_ Arg<'help>> for Arg<'help> {
[INFO] [stdout]      | ^^^^^^^^^^^^^^^^^^^^^^^^^^^^^^^^^^^^^^^^^^^^^^^
[INFO] [stdout]      = help: for that trait implementation, expected `Arg<'_>`, found `str`
[INFO] [stdout]      = note: required for `&str` to implement `Into<Arg<'_>>`
[INFO] [stdout] note: required by a bound in `clap::App::<'help>::arg`
[INFO] [stdout]     --> /opt/rustwide/cargo-home/registry/src/index.crates.io-1949cf8c6b5b557f/clap-3.2.25/src/builder/command.rs:185:19
[INFO] [stdout]      |
[INFO] [stdout]  185 |     pub fn arg<A: Into<Arg<'help>>>(mut self, a: A) -> Self {
[INFO] [stdout]      |                   ^^^^^^^^^^^^^^^^ required by this bound in `App::<'help>::arg`
[INFO] [stdout] 
[INFO] [stdout] 
[INFO] [stdout] error[E0277]: the trait bound `Arg<'_>: From<&str>` is not satisfied
[INFO] [stdout]     --> /opt/rustwide/cargo-home/registry/src/index.crates.io-1949cf8c6b5b557f/bevy_mod_debug_console-0.0.2/src/ecs.rs:347:26
[INFO] [stdout]      |
[INFO] [stdout]  347 |                     .arg("--name [Name] 'name to get'")
[INFO] [stdout]      |                      --- ^^^^^^^^^^^^^^^^^^^^^^^^^^^^^ the trait `From<&str>` is not implemented for `Arg<'_>`
[INFO] [stdout]      |                      |
[INFO] [stdout]      |                      required by a bound introduced by this call
[INFO] [stdout]      |
[INFO] [stdout] help: the trait `From<&str>` is not implemented for `Arg<'_>`
[INFO] [stdout]       but trait `From<&Arg<'_>>` is implemented for it
[INFO] [stdout]     --> /opt/rustwide/cargo-home/registry/src/index.crates.io-1949cf8c6b5b557f/clap-3.2.25/src/builder/arg.rs:5192:1
[INFO] [stdout]      |
[INFO] [stdout] 5192 | impl<'help> From<&'_ Arg<'help>> for Arg<'help> {
[INFO] [stdout]      | ^^^^^^^^^^^^^^^^^^^^^^^^^^^^^^^^^^^^^^^^^^^^^^^
[INFO] [stdout]      = help: for that trait implementation, expected `Arg<'_>`, found `str`
[INFO] [stdout]      = note: required for `&str` to implement `Into<Arg<'_>>`
[INFO] [stdout] note: required by a bound in `clap::App::<'help>::arg`
[INFO] [stdout]     --> /opt/rustwide/cargo-home/registry/src/index.crates.io-1949cf8c6b5b557f/clap-3.2.25/src/builder/command.rs:185:19
[INFO] [stdout]      |
[INFO] [stdout]  185 |     pub fn arg<A: Into<Arg<'help>>>(mut self, a: A) -> Self {
[INFO] [stdout]      |                   ^^^^^^^^^^^^^^^^ required by this bound in `App::<'help>::arg`
[INFO] [stdout] 
[INFO] [stdout] 
[INFO] [stdout] error[E0277]: the trait bound `Arg<'_>: From<&str>` is not satisfied
[INFO] [stdout]     --> /opt/rustwide/cargo-home/registry/src/index.crates.io-1949cf8c6b5b557f/bevy_mod_debug_console-0.0.2/src/ecs.rs:365:30
[INFO] [stdout]      |
[INFO] [stdout]  365 |                         .arg("--componentid   [ComponentId]   'find types that have components with ComponentId'")
[INFO] [stdout]      |                          --- ^^^^^^^^^^^^^^^^^^^^^^^^^^^^^^^^^^^^^^^^^^^^^^^^^^^^^^^^^^^^^^^^^^^^^^^^^^^^^^^^^^^^ the trait `From<&str>` is not implemented for `Arg<'_>`
[INFO] [stdout]      |                          |
[INFO] [stdout]      |                          required by a bound introduced by this call
[INFO] [stdout]      |
[INFO] [stdout] help: the trait `From<&str>` is not implemented for `Arg<'_>`
[INFO] [stdout]       but trait `From<&Arg<'_>>` is implemented for it
[INFO] [stdout]     --> /opt/rustwide/cargo-home/registry/src/index.crates.io-1949cf8c6b5b557f/clap-3.2.25/src/builder/arg.rs:5192:1
[INFO] [stdout]      |
[INFO] [stdout] 5192 | impl<'help> From<&'_ Arg<'help>> for Arg<'help> {
[INFO] [stdout]      | ^^^^^^^^^^^^^^^^^^^^^^^^^^^^^^^^^^^^^^^^^^^^^^^
[INFO] [stdout]      = help: for that trait implementation, expected `Arg<'_>`, found `str`
[INFO] [stdout]      = note: required for `&str` to implement `Into<Arg<'_>>`
[INFO] [stdout] note: required by a bound in `clap::App::<'help>::arg`
[INFO] [stdout]     --> /opt/rustwide/cargo-home/registry/src/index.crates.io-1949cf8c6b5b557f/clap-3.2.25/src/builder/command.rs:185:19
[INFO] [stdout]      |
[INFO] [stdout]  185 |     pub fn arg<A: Into<Arg<'help>>>(mut self, a: A) -> Self {
[INFO] [stdout]      |                   ^^^^^^^^^^^^^^^^ required by this bound in `App::<'help>::arg`
[INFO] [stdout] 
[INFO] [stdout] 
[INFO] [stdout] error[E0277]: the trait bound `Arg<'_>: From<&str>` is not satisfied
[INFO] [stdout]     --> /opt/rustwide/cargo-home/registry/src/index.crates.io-1949cf8c6b5b557f/bevy_mod_debug_console-0.0.2/src/ecs.rs:366:30
[INFO] [stdout]      |
[INFO] [stdout]  366 |                         .arg("--componentname [ComponentName] 'find types that have components with ComponentName'")
[INFO] [stdout]      |                          --- ^^^^^^^^^^^^^^^^^^^^^^^^^^^^^^^^^^^^^^^^^^^^^^^^^^^^^^^^^^^^^^^^^^^^^^^^^^^^^^^^^^^^^^ the trait `From<&str>` is not implemented for `Arg<'_>`
[INFO] [stdout]      |                          |
[INFO] [stdout]      |                          required by a bound introduced by this call
[INFO] [stdout]      |
[INFO] [stdout] help: the trait `From<&str>` is not implemented for `Arg<'_>`
[INFO] [stdout]       but trait `From<&Arg<'_>>` is implemented for it
[INFO] [stdout]     --> /opt/rustwide/cargo-home/registry/src/index.crates.io-1949cf8c6b5b557f/clap-3.2.25/src/builder/arg.rs:5192:1
[INFO] [stdout]      |
[INFO] [stdout] 5192 | impl<'help> From<&'_ Arg<'help>> for Arg<'help> {
[INFO] [stdout]      | ^^^^^^^^^^^^^^^^^^^^^^^^^^^^^^^^^^^^^^^^^^^^^^^
[INFO] [stdout]      = help: for that trait implementation, expected `Arg<'_>`, found `str`
[INFO] [stdout]      = note: required for `&str` to implement `Into<Arg<'_>>`
[INFO] [stdout] note: required by a bound in `clap::App::<'help>::arg`
[INFO] [stdout]     --> /opt/rustwide/cargo-home/registry/src/index.crates.io-1949cf8c6b5b557f/clap-3.2.25/src/builder/command.rs:185:19
[INFO] [stdout]      |
[INFO] [stdout]  185 |     pub fn arg<A: Into<Arg<'help>>>(mut self, a: A) -> Self {
[INFO] [stdout]      |                   ^^^^^^^^^^^^^^^^ required by this bound in `App::<'help>::arg`
[INFO] [stdout] 
[INFO] [stdout] 
[INFO] [stdout] For more information about this error, try `rustc --explain E0277`.
[INFO] [stdout] 
[INFO] [stderr] error: could not compile `bevy_mod_debug_console` (lib) due to 10 previous errors
[INFO] [stderr] warning: build failed, waiting for other jobs to finish...
[INFO] running `Command { std: "docker" "inspect" "2bc7e2a692ae3967d0b59c046bf90a12f0c58378464776473a83a6a520568a18", kill_on_drop: false }`
[INFO] running `Command { std: "docker" "rm" "-f" "2bc7e2a692ae3967d0b59c046bf90a12f0c58378464776473a83a6a520568a18", kill_on_drop: false }`
[INFO] [stdout] 2bc7e2a692ae3967d0b59c046bf90a12f0c58378464776473a83a6a520568a18
