[INFO] fetching crate georender-pack 2.1.1...
[INFO] testing georender-pack-2.1.1 against 1.99.0-beta.8+cargoflags=--release for beta-release-1.100-2
[INFO] extracting crate georender-pack 2.1.1 into /workspace/builds/worker-2-tc1/source
[INFO] started tweaking crates.io crate georender-pack 2.1.1
[INFO] removed 0 missing examples
[INFO] finished tweaking crates.io crate georender-pack 2.1.1
[INFO] tweaked toml for crates.io crate georender-pack 2.1.1 written to /workspace/builds/worker-2-tc1/source/Cargo.toml
[INFO] validating manifest of crates.io crate georender-pack 2.1.1 on toolchain 1.99.0-beta.8
[INFO] running `Command { std: CARGO_HOME="/workspace/cargo-home" RUSTUP_HOME="/workspace/rustup-home" "/workspace/cargo-home/bin/cargo" "+1.99.0-beta.8" "metadata" "--manifest-path" "Cargo.toml" "--no-deps", kill_on_drop: false }`
[INFO] crate crates.io crate georender-pack 2.1.1 already has a lockfile, it will not be regenerated
[INFO] running `Command { std: CARGO_HOME="/workspace/cargo-home" RUSTUP_HOME="/workspace/rustup-home" "/workspace/cargo-home/bin/cargo" "+1.99.0-beta.8" "fetch" "--manifest-path" "Cargo.toml", kill_on_drop: false }`
[INFO] [stderr]     Updating crates.io index
[INFO] [stderr]  Downloading crates ...
[INFO] [stderr]   Downloaded aho-corasick v0.7.15
[INFO] [stderr]   Downloaded memchr v2.3.4
[INFO] [stderr]   Downloaded output_vt100 v0.1.2
[INFO] [stderr]   Downloaded memmap v0.7.0
[INFO] [stderr]   Downloaded osm-is-area v1.0.0
[INFO] [stderr]   Downloaded desert v1.0.3
[INFO] [stderr]   Downloaded diff v0.1.12
[INFO] [stderr]   Downloaded ctor v0.1.20
[INFO] [stderr]   Downloaded failure_derive v0.1.8
[INFO] [stderr]   Downloaded memoffset v0.6.3
[INFO] [stderr]   Downloaded crossbeam-deque v0.8.0
[INFO] [stderr]   Downloaded addr2line v0.14.1
[INFO] [stderr]   Downloaded inflate v0.4.5
[INFO] [stderr]   Downloaded pretty_assertions v0.7.2
[INFO] [stderr]   Downloaded crc32fast v1.2.1
[INFO] [stderr]   Downloaded failure v0.1.8
[INFO] [stderr]   Downloaded rustc-demangle v0.1.18
[INFO] [stderr]   Downloaded proc-macro2 v1.0.24
[INFO] [stderr]   Downloaded crossbeam-utils v0.8.3
[INFO] [stderr]   Downloaded osmpbf v0.1.17
[INFO] [stderr]   Downloaded crossbeam-epoch v0.9.3
[INFO] [stderr]   Downloaded rayon-core v1.9.0
[INFO] [stderr]   Downloaded backtrace v0.3.56
[INFO] [stderr]   Downloaded flate2 v1.0.20
[INFO] [stderr]   Downloaded crossbeam-channel v0.5.0
[INFO] [stderr]   Downloaded protobuf v2.10.1
[INFO] [stderr]   Downloaded rayon v1.5.0
[INFO] [stderr]   Downloaded object v0.23.0
[INFO] [stderr]   Downloaded regex v1.4.5
[INFO] [stderr]   Downloaded regex-syntax v0.6.23
[INFO] [stderr]   Downloaded syn v1.0.67
[INFO] [stderr]   Downloaded libc v0.2.92
[INFO] [stderr]   Downloaded earcutr v0.1.1
[INFO] [stderr]   Downloaded gimli v0.23.0
[INFO] running `Command { std: "docker" "create" "-v" "/var/lib/crater-agent-workspace/builds/worker-2-tc1/source:/opt/rustwide/workdir:ro,Z" "-v" "/var/lib/crater-agent-workspace/builds/worker-2-tc1/target:/opt/rustwide/target:rw,Z" "-v" "/var/lib/crater-agent-workspace/cargo-home:/opt/rustwide/cargo-home:ro,Z" "-v" "/var/lib/crater-agent-workspace/rustup-home:/opt/rustwide/rustup-home:ro,Z" "-m" "1610612736" "--network" "none" "ghcr.io/rust-lang/crates-build-env/linux@sha256:77db811e55d90add9212f6832c23229e3de5f1c1f9905e8cb07319ea15df73ac" "sleep" "infinity", kill_on_drop: false }`
[INFO] [stdout] 23e10598aad57bacd950859c57059fb2ffb80d1f0917d4454b6caef29d89349b
[INFO] running `Command { std: "docker" "start" "23e10598aad57bacd950859c57059fb2ffb80d1f0917d4454b6caef29d89349b", kill_on_drop: false }`
[INFO] running `Command { std: "docker" "inspect" "23e10598aad57bacd950859c57059fb2ffb80d1f0917d4454b6caef29d89349b", kill_on_drop: false }`
[INFO] running `Command { std: "docker" "exec" "-e" "SOURCE_DIR=/opt/rustwide/workdir" "-e" "CARGO_HOME=/opt/rustwide/cargo-home" "-e" "RUSTUP_HOME=/opt/rustwide/rustup-home" "-e" "CARGO_TARGET_DIR=/opt/rustwide/target" "-w" "/opt/rustwide/workdir" "--user" "0:0" "23e10598aad57bacd950859c57059fb2ffb80d1f0917d4454b6caef29d89349b" "/opt/rustwide/cargo-home/bin/cargo" "+1.99.0-beta.8" "metadata" "--no-deps" "--format-version=1", kill_on_drop: false }`
[INFO] running `Command { std: "docker" "inspect" "23e10598aad57bacd950859c57059fb2ffb80d1f0917d4454b6caef29d89349b", kill_on_drop: false }`
[INFO] running `Command { std: "docker" "exec" "-e" "SOURCE_DIR=/opt/rustwide/workdir" "-e" "CARGO_HOME=/opt/rustwide/cargo-home" "-e" "RUSTUP_HOME=/opt/rustwide/rustup-home" "-e" "CARGO_TARGET_DIR=/opt/rustwide/target" "-e" "CARGO_INCREMENTAL=0" "-e" "RUST_BACKTRACE=full" "-e" "RUSTFLAGS=--cap-lints=warn" "-e" "RUSTDOCFLAGS=--cap-lints=warn" "-w" "/opt/rustwide/workdir" "--user" "0:0" "23e10598aad57bacd950859c57059fb2ffb80d1f0917d4454b6caef29d89349b" "/opt/rustwide/cargo-home/bin/cargo" "+1.99.0-beta.8" "build" "--frozen" "--message-format=json" "--release", kill_on_drop: false }`
[INFO] [stderr]    Compiling proc-macro2 v1.0.24
[INFO] [stderr]    Compiling unicode-xid v0.2.1
[INFO] [stderr]    Compiling autocfg v1.0.1
[INFO] [stderr]    Compiling syn v1.0.67
[INFO] [stderr]    Compiling libc v0.2.92
[INFO] [stderr]    Compiling memchr v2.3.4
[INFO] [stderr]    Compiling failure_derive v0.1.8
[INFO] [stderr]    Compiling gimli v0.23.0
[INFO] [stderr]    Compiling object v0.23.0
[INFO] [stderr]    Compiling rustc-demangle v0.1.18
[INFO] [stderr]    Compiling regex-syntax v0.6.23
[INFO] [stderr]    Compiling miniz_oxide v0.4.4
[INFO] [stderr]    Compiling quote v1.0.9
[INFO] [stderr]    Compiling aho-corasick v0.7.15
[INFO] [stderr]    Compiling osm-is-area v1.0.0
[INFO] [stderr]    Compiling earcutr v0.1.1
[INFO] [stderr]    Compiling regex v1.4.5
[INFO] [stderr]    Compiling addr2line v0.14.1
[INFO] [stderr]    Compiling backtrace v0.3.56
[INFO] [stderr]    Compiling synstructure v0.12.4
[INFO] [stderr]    Compiling failure v0.1.8
[INFO] [stderr]    Compiling desert v1.0.3
[INFO] [stderr]    Compiling georender-pack v2.1.1 (/opt/rustwide/workdir)
[INFO] [stdout] error[E0554]: `#![feature]` may not be used on the beta release channel
[INFO] [stdout]  --> src/lib.rs:1:1
[INFO] [stdout]   |
[INFO] [stdout] 1 | #![feature(drain_filter)]
[INFO] [stdout]   | ^^^^^^^^^^^^^^^^^^^^^^^^^
[INFO] [stdout] 
[INFO] [stdout] 
[INFO] [stdout] warning: trailing semicolon in macro used in expression position
[INFO] [stdout]  --> src/varint.rs:9:13
[INFO] [stdout]   |
[INFO] [stdout] 9 |             bail!["buffer supplied to varint decoding too small"]
[INFO] [stdout]   |             ^^^^^^^^^^^^^^^^^^^^^^^^^^^^^^^^^^^^^^^^^^^^^^^^^^^^^
[INFO] [stdout]   |
[INFO] [stdout]   = note: macro invocations at the end of a block are treated as expressions
[INFO] [stdout]   = note: to ignore the value produced by the macro, add a semicolon after the invocation of `bail`
[INFO] [stdout]   = warning: this was previously accepted by the compiler but is being phased out; it will become a hard error in a future release!
[INFO] [stdout]   = note: for more information, see issue #79813 <https://github.com/rust-lang/rust/issues/79813>
[INFO] [stdout]   = note: `#[warn(semicolon_in_expressions_from_non_local_macros)]` (part of `#[warn(future_incompatible)]`) on by default
[INFO] [stdout]   = note: this warning originates in the macro `bail` (in Nightly builds, run with -Z macro-backtrace for more info)
[INFO] [stdout] 
[INFO] [stdout] 
[INFO] [stdout] warning: trailing semicolon in macro used in expression position
[INFO] [stdout]   --> src/varint.rs:25:9
[INFO] [stdout]    |
[INFO] [stdout] 25 |         bail!["buffer is too small to write varint"]
[INFO] [stdout]    |         ^^^^^^^^^^^^^^^^^^^^^^^^^^^^^^^^^^^^^^^^^^^^
[INFO] [stdout]    |
[INFO] [stdout]    = note: macro invocations at the end of a block are treated as expressions
[INFO] [stdout]    = note: to ignore the value produced by the macro, add a semicolon after the invocation of `bail`
[INFO] [stdout]    = warning: this was previously accepted by the compiler but is being phased out; it will become a hard error in a future release!
[INFO] [stdout]    = note: for more information, see issue #79813 <https://github.com/rust-lang/rust/issues/79813>
[INFO] [stdout]    = note: this warning originates in the macro `bail` (in Nightly builds, run with -Z macro-backtrace for more info)
[INFO] [stdout] 
[INFO] [stdout] 
[INFO] [stdout] warning: trailing semicolon in macro used in expression position
[INFO] [stdout]    --> src/encode.rs:267:21
[INFO] [stdout]     |
[INFO] [stdout] 267 |             None => bail!("Could not find dep for {}", &r),
[INFO] [stdout]     |                     ^^^^^^^^^^^^^^^^^^^^^^^^^^^^^^^^^^^^^^
[INFO] [stdout]     |
[INFO] [stdout]     = warning: this was previously accepted by the compiler but is being phased out; it will become a hard error in a future release!
[INFO] [stdout]     = note: for more information, see issue #79813 <https://github.com/rust-lang/rust/issues/79813>
[INFO] [stdout]     = note: this warning originates in the macro `bail` (in Nightly builds, run with -Z macro-backtrace for more info)
[INFO] [stdout] 
[INFO] [stdout] 
[INFO] [stdout] warning: trailing semicolon in macro used in expression position
[INFO] [stdout]   --> src/feature.rs:17:29
[INFO] [stdout]    |
[INFO] [stdout] 17 |         if buf.is_empty() { failure::bail!["not enough bytes to decode feature"] }
[INFO] [stdout]    |                             ^^^^^^^^^^^^^^^^^^^^^^^^^^^^^^^^^^^^^^^^^^^^^^^^^^^^
[INFO] [stdout]    |
[INFO] [stdout]    = note: macro invocations at the end of a block are treated as expressions
[INFO] [stdout]    = note: to ignore the value produced by the macro, add a semicolon after the invocation of `bail`
[INFO] [stdout]    = warning: this was previously accepted by the compiler but is being phased out; it will become a hard error in a future release!
[INFO] [stdout]    = note: for more information, see issue #79813 <https://github.com/rust-lang/rust/issues/79813>
[INFO] [stdout]    = note: this warning originates in the macro `failure::bail` (in Nightly builds, run with -Z macro-backtrace for more info)
[INFO] [stdout] 
[INFO] [stdout] 
[INFO] [stdout] warning: trailing semicolon in macro used in expression position
[INFO] [stdout]   --> src/feature.rs:32:17
[INFO] [stdout]    |
[INFO] [stdout] 32 | /                 failure::bail!["cannot decode feature type. expected 0x01, 0x02, or 0x03. \
[INFO] [stdout] 33 | |                     received {}", x]
[INFO] [stdout]    | |____________________________________^
[INFO] [stdout]    |
[INFO] [stdout]    = note: macro invocations at the end of a block are treated as expressions
[INFO] [stdout]    = note: to ignore the value produced by the macro, add a semicolon after the invocation of `bail`
[INFO] [stdout]    = warning: this was previously accepted by the compiler but is being phased out; it will become a hard error in a future release!
[INFO] [stdout]    = note: for more information, see issue #79813 <https://github.com/rust-lang/rust/issues/79813>
[INFO] [stdout]    = note: this warning originates in the macro `failure::bail` (in Nightly builds, run with -Z macro-backtrace for more info)
[INFO] [stdout] 
[INFO] [stdout] 
[INFO] [stdout] error[E0635]: unknown feature `drain_filter`
[INFO] [stdout]  --> src/lib.rs:1:12
[INFO] [stdout]   |
[INFO] [stdout] 1 | #![feature(drain_filter)]
[INFO] [stdout]   |            ^^^^^^^^^^^^
[INFO] [stdout]   |
[INFO] [stdout] help: there is a feature with a similar name: `option_filter`
[INFO] [stdout]   |
[INFO] [stdout] 1 - #![feature(drain_filter)]
[INFO] [stdout] 1 + #![feature(option_filter)]
[INFO] [stdout]   |
[INFO] [stdout] 
[INFO] [stdout] 
[INFO] [stdout] error[E0599]: no method named `drain_filter` found for mutable reference `&mut Vec<member::Member>` in the current scope
[INFO] [stdout]   --> src/member.rs:31:17
[INFO] [stdout]    |
[INFO] [stdout] 31 |         members.drain_filter(|m| {
[INFO] [stdout]    |         --------^^^^^^^^^^^^ method not found in `&mut Vec<member::Member>`
[INFO] [stdout] 
[INFO] [stdout] 
[INFO] [stdout] Some errors have detailed explanations: E0554, E0599, E0635.
[INFO] [stdout] 
[INFO] [stdout] For more information about an error, try `rustc --explain E0554`.
[INFO] [stdout] 
[INFO] [stderr] error: could not compile `georender-pack` (lib) due to 3 previous errors; 5 warnings emitted
[INFO] [stderr] warning: build failed, waiting for other jobs to finish...
[INFO] running `Command { std: "docker" "inspect" "23e10598aad57bacd950859c57059fb2ffb80d1f0917d4454b6caef29d89349b", kill_on_drop: false }`
[INFO] running `Command { std: "docker" "rm" "-f" "23e10598aad57bacd950859c57059fb2ffb80d1f0917d4454b6caef29d89349b", kill_on_drop: false }`
[INFO] [stdout] 23e10598aad57bacd950859c57059fb2ffb80d1f0917d4454b6caef29d89349b
