[INFO] fetching crate geocode-csv 1.4.0...
[INFO] testing geocode-csv-1.4.0 against 1.99.0-beta.8+cargoflags=--release for beta-release-1.100-2
[INFO] extracting crate geocode-csv 1.4.0 into /workspace/builds/worker-3-tc1/source
[INFO] removed /workspace/builds/worker-3-tc1/source/rust-toolchain
[INFO] started tweaking crates.io crate geocode-csv 1.4.0
[INFO] finished tweaking crates.io crate geocode-csv 1.4.0
[INFO] tweaked toml for crates.io crate geocode-csv 1.4.0 written to /workspace/builds/worker-3-tc1/source/Cargo.toml
[INFO] validating manifest of crates.io crate geocode-csv 1.4.0 on toolchain 1.99.0-beta.8
[INFO] running `Command { std: CARGO_HOME="/workspace/cargo-home" RUSTUP_HOME="/workspace/rustup-home" "/workspace/cargo-home/bin/cargo" "+1.99.0-beta.8" "metadata" "--manifest-path" "Cargo.toml" "--no-deps", kill_on_drop: false }`
[INFO] crate crates.io crate geocode-csv 1.4.0 already has a lockfile, it will not be regenerated
[INFO] running `Command { std: CARGO_HOME="/workspace/cargo-home" RUSTUP_HOME="/workspace/rustup-home" "/workspace/cargo-home/bin/cargo" "+1.99.0-beta.8" "fetch" "--manifest-path" "Cargo.toml", kill_on_drop: false }`
[INFO] [stderr]     Updating crates.io index
[INFO] [stderr]  Downloading crates ...
[INFO] [stderr]   Downloaded opinionated_metrics v0.2.0
[INFO] [stderr]   Downloaded quanta v0.10.1
[INFO] [stderr]   Downloaded metrics-exporter-prometheus v0.11.0
[INFO] [stderr]   Downloaded libpostal-rust v0.1.1
[INFO] [stderr]   Downloaded cli_test_dir v0.1.8
[INFO] [stderr]   Downloaded metrics-exporter-newrelic v0.2.0
[INFO] [stderr]   Downloaded sketches-ddsketch v0.2.2
[INFO] [stderr]   Downloaded autotools v0.2.6
[INFO] [stderr]   Downloaded leaky-bucket v1.0.1
[INFO] [stderr]   Downloaded redis v0.23.3
[INFO] [stderr]   Downloaded tonic-build v0.11.0
[INFO] [stderr]   Downloaded pulldown-cmark-to-cmark v10.0.4
[INFO] [stderr]   Downloaded prost v0.12.3
[INFO] [stderr]   Downloaded prost-derive v0.12.3
[INFO] [stderr]   Downloaded tokio-io-timeout v1.2.0
[INFO] [stderr]   Downloaded metrics-util v0.14.0
[INFO] [stderr]   Downloaded clap_derive v4.5.3
[INFO] [stderr]   Downloaded prost-build v0.12.3
[INFO] [stderr]   Downloaded rustls-pki-types v1.4.0
[INFO] [stderr]   Downloaded zeroize v1.7.0
[INFO] [stderr]   Downloaded rustls-pemfile v2.1.1
[INFO] [stderr]   Downloaded typetag-impl v0.2.16
[INFO] [stderr]   Downloaded clap v4.5.3
[INFO] [stderr]   Downloaded time-macros v0.2.17
[INFO] [stderr]   Downloaded serde_with_macros v3.7.0
[INFO] [stderr]   Downloaded prost-wkt-build v0.5.0
[INFO] [stderr]   Downloaded typetag v0.2.16
[INFO] [stderr]   Downloaded inventory v0.3.15
[INFO] [stderr]   Downloaded gcp_auth v0.10.0
[INFO] [stderr]   Downloaded bb8-redis v0.13.1
[INFO] [stderr]   Downloaded bb8 v0.8.3
[INFO] [stderr]   Downloaded prost-types v0.12.3
[INFO] [stderr]   Downloaded prettyplease v0.2.17
[INFO] [stderr]   Downloaded prost-wkt-types v0.5.0
[INFO] [stderr]   Downloaded prost-wkt v0.5.0
[INFO] [stderr]   Downloaded bigtable_rs v0.2.8
[INFO] [stderr]   Downloaded erased-serde v0.4.4
[INFO] [stderr]   Downloaded raw-cpuid v10.7.0
[INFO] [stderr]   Downloaded serde_with v3.7.0
[INFO] [stderr]   Downloaded rustls-webpki v0.102.2
[INFO] [stderr]   Downloaded rustls v0.21.10
[INFO] [stderr]   Downloaded rustls v0.22.2
[INFO] [stderr]   Downloaded libpostal-sys v0.1.1
[INFO] running `Command { std: "docker" "create" "-v" "/var/lib/crater-agent-workspace/builds/worker-3-tc1/source:/opt/rustwide/workdir:ro,Z" "-v" "/var/lib/crater-agent-workspace/builds/worker-3-tc1/target:/opt/rustwide/target:rw,Z" "-v" "/var/lib/crater-agent-workspace/cargo-home:/opt/rustwide/cargo-home:ro,Z" "-v" "/var/lib/crater-agent-workspace/rustup-home:/opt/rustwide/rustup-home:ro,Z" "-m" "1610612736" "--network" "none" "ghcr.io/rust-lang/crates-build-env/linux@sha256:77db811e55d90add9212f6832c23229e3de5f1c1f9905e8cb07319ea15df73ac" "sleep" "infinity", kill_on_drop: false }`
[INFO] [stdout] eda48a81da8fa31d4a26c908dc66bff343d351d15ed43a0239180cd6acae001b
[INFO] running `Command { std: "docker" "start" "eda48a81da8fa31d4a26c908dc66bff343d351d15ed43a0239180cd6acae001b", kill_on_drop: false }`
[INFO] running `Command { std: "docker" "inspect" "eda48a81da8fa31d4a26c908dc66bff343d351d15ed43a0239180cd6acae001b", kill_on_drop: false }`
[INFO] running `Command { std: "docker" "exec" "-e" "SOURCE_DIR=/opt/rustwide/workdir" "-e" "CARGO_HOME=/opt/rustwide/cargo-home" "-e" "RUSTUP_HOME=/opt/rustwide/rustup-home" "-e" "CARGO_TARGET_DIR=/opt/rustwide/target" "-w" "/opt/rustwide/workdir" "--user" "0:0" "eda48a81da8fa31d4a26c908dc66bff343d351d15ed43a0239180cd6acae001b" "/opt/rustwide/cargo-home/bin/cargo" "+1.99.0-beta.8" "metadata" "--no-deps" "--format-version=1", kill_on_drop: false }`
[INFO] running `Command { std: "docker" "inspect" "eda48a81da8fa31d4a26c908dc66bff343d351d15ed43a0239180cd6acae001b", kill_on_drop: false }`
[INFO] running `Command { std: "docker" "exec" "-e" "SOURCE_DIR=/opt/rustwide/workdir" "-e" "CARGO_HOME=/opt/rustwide/cargo-home" "-e" "RUSTUP_HOME=/opt/rustwide/rustup-home" "-e" "CARGO_TARGET_DIR=/opt/rustwide/target" "-e" "CARGO_INCREMENTAL=0" "-e" "RUST_BACKTRACE=full" "-e" "RUSTFLAGS=--cap-lints=warn" "-e" "RUSTDOCFLAGS=--cap-lints=warn" "-w" "/opt/rustwide/workdir" "--user" "0:0" "eda48a81da8fa31d4a26c908dc66bff343d351d15ed43a0239180cd6acae001b" "/opt/rustwide/cargo-home/bin/cargo" "+1.99.0-beta.8" "build" "--frozen" "--message-format=json" "--release", kill_on_drop: false }`
[INFO] [stderr]    Compiling proc-macro2 v1.0.79
[INFO] [stderr]    Compiling unicode-ident v1.0.12
[INFO] [stderr]    Compiling libc v0.2.153
[INFO] [stderr]    Compiling cc v1.0.90
[INFO] [stderr]    Compiling once_cell v1.19.0
[INFO] [stderr]    Compiling pin-project-lite v0.2.13
[INFO] [stderr]    Compiling memchr v2.7.1
[INFO] [stderr]    Compiling bytes v1.6.0
[INFO] [stderr]    Compiling parking_lot_core v0.9.9
[INFO] [stderr]    Compiling log v0.4.21
[INFO] [stderr]    Compiling lock_api v0.4.11
[INFO] [stderr]    Compiling futures-core v0.3.30
[INFO] [stderr]    Compiling itoa v1.0.10
[INFO] [stderr]    Compiling futures-sink v0.3.30
[INFO] [stderr]    Compiling slab v0.4.9
[INFO] [stderr]    Compiling serde v1.0.197
[INFO] [stderr]    Compiling anyhow v1.0.81
[INFO] [stderr]    Compiling rustix v0.38.32
[INFO] [stderr]    Compiling adler v1.0.2
[INFO] [stderr]    Compiling futures-task v0.3.30
[INFO] [stderr]    Compiling futures-channel v0.3.30
[INFO] [stderr]    Compiling gimli v0.28.1
[INFO] [stderr]    Compiling tracing-core v0.1.32
[INFO] [stderr]    Compiling futures-io v0.3.30
[INFO] [stderr]    Compiling miniz_oxide v0.7.2
[INFO] [stderr]    Compiling rustc-demangle v0.1.23
[INFO] [stderr]    Compiling either v1.10.0
[INFO] [stderr]    Compiling hashbrown v0.14.3
[INFO] [stderr]    Compiling spin v0.9.8
[INFO] [stderr]    Compiling ryu v1.0.17
[INFO] [stderr]    Compiling bitflags v2.5.0
[INFO] [stderr]    Compiling http v0.2.12
[INFO] [stderr]    Compiling itertools v0.11.0
[INFO] [stderr]    Compiling ahash v0.7.8
[INFO] [stderr]    Compiling unicase v2.7.0
[INFO] [stderr]    Compiling object v0.32.2
[INFO] [stderr]    Compiling quote v1.0.35
[INFO] [stderr]    Compiling num-traits v0.2.18
[INFO] [stderr]    Compiling pulldown-cmark v0.9.6
[INFO] [stderr]    Compiling linux-raw-sys v0.4.13
[INFO] [stderr]    Compiling aho-corasick v1.1.3
[INFO] [stderr]    Compiling syn v2.0.55
[INFO] [stderr]    Compiling generic-array v0.14.7
[INFO] [stderr]    Compiling prettyplease v0.2.17
[INFO] [stderr]    Compiling indexmap v2.2.6
[INFO] [stderr]    Compiling rustversion v1.0.14
[INFO] [stderr]    Compiling regex-syntax v0.8.2
[INFO] [stderr]    Compiling serde_json v1.0.114
[INFO] [stderr]    Compiling backtrace v0.3.71
[INFO] [stderr]    Compiling ring v0.17.8
[INFO] [stderr]    Compiling http-body v0.4.6
[INFO] [stderr]    Compiling tinyvec v1.6.0
[INFO] [stderr]    Compiling getrandom v0.2.12
[INFO] [stderr]    Compiling num_cpus v1.16.0
[INFO] [stderr]    Compiling mio v0.8.11
[INFO] [stderr]    Compiling socket2 v0.5.6
[INFO] [stderr]    Compiling parking_lot v0.12.1
[INFO] [stderr]    Compiling indexmap v1.9.3
[INFO] [stderr]    Compiling home v0.5.9
[INFO] [stderr]    Compiling fastrand v2.0.2
[INFO] [stderr]    Compiling async-trait v0.1.79
[INFO] [stderr]    Compiling fixedbitset v0.4.2
[INFO] [stderr]    Compiling petgraph v0.6.4
[INFO] [stderr]    Compiling hashbrown v0.12.3
[INFO] [stderr]    Compiling unicode-normalization v0.1.23
[INFO] [stderr]    Compiling addr2line v0.21.0
[INFO] [stderr]    Compiling unicode-bidi v0.3.15
[INFO] [stderr]    Compiling rustls v0.21.10
[INFO] [stderr]    Compiling portable-atomic v1.6.0
[INFO] [stderr]    Compiling syn v1.0.109
[INFO] [stderr]    Compiling thiserror v1.0.58
[INFO] [stderr]    Compiling crossbeam-utils v0.8.19
[INFO] [stderr]    Compiling portable-atomic v0.3.20
[INFO] [stderr]    Compiling block-buffer v0.10.4
[INFO] [stderr]    Compiling crypto-common v0.1.6
[INFO] [stderr]    Compiling pulldown-cmark-to-cmark v10.0.4
[INFO] [stderr]    Compiling idna v0.5.0
[INFO] [stderr]    Compiling regex-automata v0.4.6
[INFO] [stderr]    Compiling which v4.4.2
[INFO] [stderr]    Compiling tempfile v3.10.1
[INFO] [stderr]    Compiling digest v0.10.7
[INFO] [stderr]    Compiling rustls-native-certs v0.6.3
[INFO] [stderr]    Compiling url v2.5.0
[INFO] [stderr]    Compiling rand_core v0.6.4
[INFO] [stderr]    Compiling metrics v0.20.1
[INFO] [stderr]    Compiling strsim v0.10.0
[INFO] [stderr]    Compiling cpufeatures v0.2.12
[INFO] [stderr]    Compiling rustls-pki-types v1.4.0
[INFO] [stderr]    Compiling rand_chacha v0.3.1
[INFO] [stderr]    Compiling raw-cpuid v10.7.0
[INFO] [stderr]    Compiling axum-core v0.3.4
[INFO] [stderr]    Compiling nibble_vec v0.1.0
[INFO] [stderr]    Compiling rustls v0.22.2
[INFO] [stderr]    Compiling iana-time-zone v0.1.60
[INFO] [stderr]    Compiling radix_trie v0.2.1
[INFO] [stderr]    Compiling sha1 v0.10.6
[INFO] [stderr]    Compiling rand v0.8.5
[INFO] [stderr]    Compiling crossbeam-epoch v0.9.18
[INFO] [stderr]    Compiling axum v0.6.20
[INFO] [stderr]    Compiling ordered-float v2.10.1
[INFO] [stderr]    Compiling headers-core v0.2.0
[INFO] [stderr]    Compiling autotools v0.2.6
[INFO] [stderr]    Compiling aho-corasick v0.7.20
[INFO] [stderr]    Compiling zeroize v1.7.0
[INFO] [stderr]    Compiling inventory v0.3.15
[INFO] [stderr]    Compiling darling_core v0.20.8
[INFO] [stderr]    Compiling sketches-ddsketch v0.2.2
[INFO] [stderr]    Compiling utf8parse v0.2.1
[INFO] [stderr]    Compiling subtle v2.5.0
[INFO] [stderr]    Compiling anstyle-parse v0.2.3
[INFO] [stderr]    Compiling libpostal-sys v0.1.1
[INFO] [stderr]    Compiling headers v0.3.9
[INFO] [stderr]    Compiling encoding_rs v0.8.33
[INFO] [stderr]    Compiling colorchoice v1.0.0
[INFO] [stderr]    Compiling ipnet v2.9.0
[INFO] [stderr]    Compiling quanta v0.10.1
[INFO] [stderr]    Compiling matchit v0.7.3
[INFO] [stderr]    Compiling anstyle v1.0.6
[INFO] [stderr]    Compiling anstyle-query v1.0.2
[INFO] [stderr]    Compiling regex v1.10.4
[INFO] [stderr]    Compiling anstream v0.6.13
[INFO] [stderr]    Compiling which v5.0.0
[INFO] [stderr]    Compiling terminal_size v0.3.0
[INFO] [stderr]    Compiling rustls-pemfile v2.1.1
[INFO] [stderr]    Compiling clap_lex v0.7.0
[INFO] [stderr]    Compiling virtue v0.0.13
[INFO] [stderr]    Compiling tokio-macros v2.2.0
[INFO] [stderr]    Compiling tracing-attributes v0.1.27
[INFO] [stderr]    Compiling futures-macro v0.3.30
[INFO] [stderr]    Compiling tokio v1.36.0
[INFO] [stderr]    Compiling serde_derive v1.0.197
[INFO] [stderr]    Compiling prost-derive v0.12.3
[INFO] [stderr]    Compiling pin-project-internal v1.1.5
[INFO] [stderr]    Compiling thiserror-impl v1.0.58
[INFO] [stderr]    Compiling futures-util v0.3.30
[INFO] [stderr]    Compiling metrics-macros v0.6.0
[INFO] [stderr]    Compiling tracing v0.1.40
[INFO] [stderr]    Compiling darling_macro v0.20.8
[INFO] [stderr]    Compiling typetag-impl v0.2.16
[INFO] [stderr]    Compiling metrics-util v0.14.0
[INFO] [stderr]    Compiling darling v0.20.8
[INFO] [stderr]    Compiling pin-project v1.1.5
[INFO] [stderr]    Compiling async-stream-impl v0.3.5
[INFO] [stderr]    Compiling prost v0.12.3
[INFO] [stderr]    Compiling tracing-futures v0.2.5
[INFO] [stderr]    Compiling serde_with_macros v3.7.0
[INFO] [stderr]    Compiling prost-types v0.12.3
[INFO] [stderr]    Compiling async-stream v0.3.5
[INFO] [stderr]    Compiling strsim v0.11.0
[INFO] [stderr] error: could not compile `tokio` (lib)
[INFO] [stderr] 
[INFO] [stderr] Caused by:
[INFO] [stderr]   process didn't exit successfully: `/opt/rustwide/rustup-home/toolchains/1.99.0-beta.8-x86_64-unknown-linux-gnu/bin/rustc --crate-name tokio --edition=2021 /opt/rustwide/cargo-home/registry/src/index.crates.io-1949cf8c6b5b557f/tokio-1.36.0/src/lib.rs --error-format=json --json=diagnostic-rendered-ansi,artifacts,future-incompat --crate-type lib --emit=dep-info,metadata,link -C opt-level=3 -C embed-bitcode=no --cfg 'feature="bytes"' --cfg 'feature="default"' --cfg 'feature="fs"' --cfg 'feature="io-std"' --cfg 'feature="io-util"' --cfg 'feature="libc"' --cfg 'feature="macros"' --cfg 'feature="mio"' --cfg 'feature="net"' --cfg 'feature="num_cpus"' --cfg 'feature="parking_lot"' --cfg 'feature="rt"' --cfg 'feature="rt-multi-thread"' --cfg 'feature="socket2"' --cfg 'feature="sync"' --cfg 'feature="time"' --cfg 'feature="tokio-macros"' --cfg 'feature="windows-sys"' --check-cfg 'cfg(docsrs,test)' --check-cfg 'cfg(feature, values("bytes", "default", "fs", "full", "io-std", "io-util", "libc", "macros", "mio", "net", "num_cpus", "parking_lot", "process", "rt", "rt-multi-thread", "signal", "signal-hook-registry", "socket2", "sync", "test-util", "time", "tokio-macros", "tracing", "windows-sys"))' -C metadata=c476b04fdb6cd3ea -C extra-filename=-15889581f5656b4c --out-dir /opt/rustwide/target/release/deps -C strip=debuginfo -L dependency=/opt/rustwide/target/release/deps --extern bytes=/opt/rustwide/target/release/deps/libbytes-69f4fe3633e8ba74.rmeta --extern libc=/opt/rustwide/target/release/deps/liblibc-717c86224c7e20f6.rmeta --extern mio=/opt/rustwide/target/release/deps/libmio-483364995264edbd.rmeta --extern num_cpus=/opt/rustwide/target/release/deps/libnum_cpus-e12b0612ab74e0f9.rmeta --extern parking_lot=/opt/rustwide/target/release/deps/libparking_lot-faf4b6950809ed51.rmeta --extern pin_project_lite=/opt/rustwide/target/release/deps/libpin_project_lite-71fd5b9b578d5cc0.rmeta --extern socket2=/opt/rustwide/target/release/deps/libsocket2-3ebee61ddc8d987e.rmeta --extern tokio_macros=/opt/rustwide/target/release/deps/libtokio_macros-9752036d296703a7.so --cap-lints allow --cap-lints=warn` (signal: 9, SIGKILL: kill)
[INFO] [stderr] warning: build failed, waiting for other jobs to finish...
[INFO] [stderr] error: could not compile `object` (lib)
[INFO] [stderr] 
[INFO] [stderr] Caused by:
[INFO] [stderr]   process didn't exit successfully: `/opt/rustwide/rustup-home/toolchains/1.99.0-beta.8-x86_64-unknown-linux-gnu/bin/rustc --crate-name object --edition=2018 /opt/rustwide/cargo-home/registry/src/index.crates.io-1949cf8c6b5b557f/object-0.32.2/src/lib.rs --error-format=json --json=diagnostic-rendered-ansi,artifacts,future-incompat --crate-type lib --emit=dep-info,metadata,link -C opt-level=3 -C embed-bitcode=no --cfg 'feature="archive"' --cfg 'feature="coff"' --cfg 'feature="elf"' --cfg 'feature="macho"' --cfg 'feature="pe"' --cfg 'feature="read_core"' --cfg 'feature="unaligned"' --cfg 'feature="xcoff"' --check-cfg 'cfg(docsrs,test)' --check-cfg 'cfg(feature, values("all", "alloc", "archive", "cargo-all", "coff", "compiler_builtins", "compression", "core", "default", "doc", "elf", "macho", "pe", "read", "read_core", "rustc-dep-of-std", "std", "unaligned", "unstable", "unstable-all", "wasm", "write", "write_core", "write_std", "xcoff"))' -C metadata=f9fac35643fdabfa -C extra-filename=-0d8b2ed837dc5172 --out-dir /opt/rustwide/target/release/deps -C strip=debuginfo -L dependency=/opt/rustwide/target/release/deps --extern memchr=/opt/rustwide/target/release/deps/libmemchr-50e4552faa31c617.rmeta --cap-lints allow --cap-lints=warn` (signal: 9, SIGKILL: kill)
[INFO] [stderr] warning: libpostal-sys@0.1.1: Compiler version doesn't include clang or GCC: "cc" "--version"
[INFO] [stderr] warning: libpostal-sys@0.1.1: Compiler version doesn't include clang or GCC: "c++" "--version"
[INFO] [stderr] error: failed to run custom build command for `libpostal-sys v0.1.1`
[INFO] [stderr] note: To improve backtraces for build dependencies, set the CARGO_PROFILE_RELEASE_BUILD_OVERRIDE_DEBUG=true environment variable to enable debug information generation.
[INFO] [stderr] 
[INFO] [stderr] Caused by:
[INFO] [stderr]   process didn't exit successfully: `/opt/rustwide/target/release/build/libpostal-sys-b1c25f7840d9088c/build-script-build` (exit status: 101)
[INFO] [stderr]   --- stdout
[INFO] [stderr]   cargo:warning=Compiler version doesn't include clang or GCC: "cc" "--version"
[INFO] [stderr]   cargo:warning=Compiler version doesn't include clang or GCC: "c++" "--version"
[INFO] [stderr]   running: cd "/opt/rustwide/target/release/build/libpostal-sys-e6a715e7300595fd/out/build" && CC="cc" CFLAGS="-O3 -ffunction-sections -fdata-sections -fPIC -m64  -Wno-error" CXX="c++" CXXFLAGS="-O3 -ffunction-sections -fdata-sections -fPIC -m64" "sh" "-c" "exec \"$0\" \"$@\"" "/opt/rustwide/cargo-home/registry/src/index.crates.io-1949cf8c6b5b557f/libpostal-sys-0.1.1/libpostal/configure" "--prefix=/opt/rustwide/target/release/build/libpostal-sys-e6a715e7300595fd/out" "--disable-shared" "--enable-static" "--disable-data-download" "--disable-maintainer-mode" "--datadir=/usr/local/share/libpostal"
[INFO] [stderr]   checking for a BSD-compatible install... /usr/bin/install -c
[INFO] [stderr]   checking whether build environment is sane... yes
[INFO] [stderr]   checking for a thread-safe mkdir -p... /opt/rustwide/cargo-home/registry/src/index.crates.io-1949cf8c6b5b557f/libpostal-sys-0.1.1/libpostal/install-sh -c -d
[INFO] [stderr]   checking for gawk... no
[INFO] [stderr]   checking for mawk... mawk
[INFO] [stderr]   checking whether make sets $(MAKE)... yes
[INFO] [stderr]   checking whether make supports nested variables... yes
[INFO] [stderr]   checking whether to enable maintainer-specific portions of Makefiles... no
[INFO] [stderr]   checking build system type... x86_64-pc-linux-gnu
[INFO] [stderr]   checking host system type... x86_64-pc-linux-gnu
[INFO] [stderr]   checking how to print strings... printf
[INFO] [stderr]   checking for style of include used by make... GNU
[INFO] [stderr]   checking for gcc... cc
[INFO] [stderr]   checking whether the C compiler works... yes
[INFO] [stderr]   checking for C compiler default output file name... a.out
[INFO] [stderr]   checking for suffix of executables... 
[INFO] [stderr]   checking whether we are cross compiling... no
[INFO] [stderr]   checking for suffix of object files... o
[INFO] [stderr]   checking whether we are using the GNU C compiler... yes
[INFO] [stderr]   checking whether cc accepts -g... yes
[INFO] [stderr]   checking for cc option to accept ISO C89... none needed
[INFO] [stderr]   checking whether cc understands -c and -o together... yes
[INFO] [stderr]   checking dependency style of cc... gcc3
[INFO] [stderr]   checking for a sed that does not truncate output... /usr/bin/sed
[INFO] [stderr]   checking for grep that handles long lines and -e... /usr/bin/grep
[INFO] [stderr]   checking for egrep... /usr/bin/grep -E
[INFO] [stderr]   checking for fgrep... /usr/bin/grep -F
[INFO] [stderr]   checking for ld used by cc... /usr/bin/x86_64-linux-gnu-ld
[INFO] [stderr]   checking if the linker (/usr/bin/x86_64-linux-gnu-ld) is GNU ld... yes
[INFO] [stderr]   checking for BSD- or MS-compatible name lister (nm)... /usr/bin/nm -B
[INFO] [stderr]   checking the name lister (/usr/bin/nm -B) interface... BSD nm
[INFO] [stderr]   checking whether ln -s works... yes
[INFO] [stderr]   checking the maximum length of command line arguments... 1572864
[INFO] [stderr]   checking how to convert x86_64-pc-linux-gnu file names to x86_64-pc-linux-gnu format... func_convert_file_noop
[INFO] [stderr]   checking how to convert x86_64-pc-linux-gnu file names to toolchain format... func_convert_file_noop
[INFO] [stderr]   checking for /usr/bin/x86_64-linux-gnu-ld option to reload object files... -r
[INFO] [stderr]   checking for objdump... objdump
[INFO] [stderr]   checking how to recognize dependent libraries... pass_all
[INFO] [stderr]   checking for dlltool... no
[INFO] [stderr]   checking how to associate runtime and link libraries... printf %s\n
[INFO] [stderr]   checking for ar... ar
[INFO] [stderr]   checking for archiver @FILE support... @
[INFO] [stderr]   checking for strip... strip
[INFO] [stderr]   checking for ranlib... ranlib
[INFO] [stderr]   checking command to parse /usr/bin/nm -B output from cc object... ok
[INFO] [stderr]   checking for sysroot... no
[INFO] [stderr]   checking for a working dd... /usr/bin/dd
[INFO] [stderr]   checking how to truncate binary pipes... /usr/bin/dd bs=4096 count=1
[INFO] [stderr]   checking for mt... no
[INFO] [stderr]   checking if : is a manifest tool... no
[INFO] [stderr]   checking how to run the C preprocessor... cc -E
[INFO] [stderr]   checking for ANSI C header files... yes
[INFO] [stderr]   checking for sys/types.h... yes
[INFO] [stderr]   checking for sys/stat.h... yes
[INFO] [stderr]   checking for stdlib.h... yes
[INFO] [stderr]   checking for string.h... yes
[INFO] [stderr]   checking for memory.h... yes
[INFO] [stderr]   checking for strings.h... yes
[INFO] [stderr]   checking for inttypes.h... yes
[INFO] [stderr]   checking for stdint.h... yes
[INFO] [stderr]   checking for unistd.h... yes
[INFO] [stderr]   checking for dlfcn.h... yes
[INFO] [stderr]   checking for objdir... .libs
[INFO] [stderr]   checking if cc supports -fno-rtti -fno-exceptions... no
[INFO] [stderr]   checking for cc option to produce PIC... -fPIC -DPIC
[INFO] [stderr]   checking if cc PIC flag -fPIC -DPIC works... yes
[INFO] [stderr]   checking if cc static flag -static works... yes
[INFO] [stderr]   checking if cc supports -c -o file.o... yes
[INFO] [stderr]   checking if cc supports -c -o file.o... (cached) yes
[INFO] [stderr]   checking whether the cc linker (/usr/bin/x86_64-linux-gnu-ld -m elf_x86_64) supports shared libraries... yes
[INFO] [stderr]   checking dynamic linker characteristics... GNU/Linux ld.so
[INFO] [stderr]   checking how to hardcode library paths into programs... immediate
[INFO] [stderr]   checking whether stripping libraries is possible... yes
[INFO] [stderr]   checking if libtool supports shared libraries... yes
[INFO] [stderr]   checking whether to build shared libraries... no
[INFO] [stderr]   checking whether to build static libraries... yes
[INFO] [stderr]   checking for cc option to accept ISO C99... none needed
[INFO] [stderr]   checking for library containing log... -lm
[INFO] [stderr]   checking for ANSI C header files... (cached) yes
[INFO] [stderr]   checking whether time.h and sys/time.h may both be included... yes
[INFO] [stderr]   checking for dirent.h that defines DIR... yes
[INFO] [stderr]   checking for library containing opendir... none required
[INFO] [stderr]   checking for stdbool.h that conforms to C99... no
[INFO] [stderr]   checking for _Bool... yes
[INFO] [stderr]   checking fcntl.h usability... yes
[INFO] [stderr]   checking fcntl.h presence... yes
[INFO] [stderr]   checking for fcntl.h... yes
[INFO] [stderr]   checking float.h usability... yes
[INFO] [stderr]   checking float.h presence... yes
[INFO] [stderr]   checking for float.h... yes
[INFO] [stderr]   checking for inttypes.h... (cached) yes
[INFO] [stderr]   checking limits.h usability... yes
[INFO] [stderr]   checking limits.h presence... yes
[INFO] [stderr]   checking for limits.h... yes
[INFO] [stderr]   checking locale.h usability... yes
[INFO] [stderr]   checking locale.h presence... yes
[INFO] [stderr]   checking for locale.h... yes
[INFO] [stderr]   checking malloc.h usability... yes
[INFO] [stderr]   checking malloc.h presence... yes
[INFO] [stderr]   checking for malloc.h... yes
[INFO] [stderr]   checking for memory.h... (cached) yes
[INFO] [stderr]   checking stddef.h usability... yes
[INFO] [stderr]   checking stddef.h presence... yes
[INFO] [stderr]   checking for stddef.h... yes
[INFO] [stderr]   checking for stdint.h... (cached) yes
[INFO] [stderr]   checking for stdlib.h... (cached) yes
[INFO] [stderr]   checking for string.h... (cached) yes
[INFO] [stderr]   checking for unistd.h... (cached) yes
[INFO] [stderr]   checking for inline... inline
[INFO] [stderr]   checking for int16_t... yes
[INFO] [stderr]   checking for int32_t... yes
[INFO] [stderr]   checking for int64_t... yes
[INFO] [stderr]   checking for int8_t... yes
[INFO] [stderr]   checking for off_t... yes
[INFO] [stderr]   checking for size_t... yes
[INFO] [stderr]   checking for ssize_t... yes
[INFO] [stderr]   checking for uint16_t... yes
[INFO] [stderr]   checking for uint32_t... yes
[INFO] [stderr]   checking for uint64_t... yes
[INFO] [stderr]   checking for uint8_t... yes
[INFO] [stderr]   checking for ptrdiff_t... yes
[INFO] [stderr]   checking for malloc... yes
[INFO] [stderr]   checking for realloc... yes
[INFO] [stderr]   checking for drand48... yes
[INFO] [stderr]   checking for getcwd... yes
[INFO] [stderr]   checking for gettimeofday... yes
[INFO] [stderr]   checking for memmove... yes
[INFO] [stderr]   checking for memset... yes
[INFO] [stderr]   checking for regcomp... yes
[INFO] [stderr]   checking for setlocale... yes
[INFO] [stderr]   checking for sqrt... yes
[INFO] [stderr]   checking for strdup... yes
[INFO] [stderr]   checking for strndup... yes
[INFO] [stderr]   checking for shuf... yes
[INFO] [stderr]   checking for gshuf... no
[INFO] [stderr]   checking cblas.h usability... yes
[INFO] [stderr]   checking cblas.h presence... yes
[INFO] [stderr]   checking for cblas.h... yes
[INFO] [stderr]   checking for cblas_dgemm... no
[INFO] [stderr]   checking for ATL_xerbla in -latlas... no
[INFO] [stderr]   checking for cblas_dgemm in -lmkl... no
[INFO] [stderr]   checking for cblas_dgemm... (cached) no
[INFO] [stderr]   checking for cblas_dgemm in -ldxml... no
[INFO] [stderr]   checking for cblas_dgemm in -lscs... no
[INFO] [stderr]   checking for cblas_dgemm in -lcomplib.sgimath... no
[INFO] [stderr]   checking for cblas_dgemm in -lblas... yes
[INFO] [stderr]   checking for cblas_dgemm in -lessl... no
[INFO] [stderr]   checking for cblas_dgemm in -lcblas... no
[INFO] [stderr]   configure: extra cflags for scanner.c: 
[INFO] [stderr]   checking that generated files are newer than configure... done
[INFO] [stderr]   configure: creating ./config.status
[INFO] [stderr]   config.status: creating Makefile
[INFO] [stderr]   config.status: creating libpostal.pc
[INFO] [stderr]   config.status: creating src/Makefile
[INFO] [stderr]   config.status: creating src/libpostal_data
[INFO] [stderr]   config.status: creating test/Makefile
[INFO] [stderr]   config.status: creating config.h
[INFO] [stderr]   config.status: executing depfiles commands
[INFO] [stderr]   config.status: executing libtool commands
[INFO] [stderr]   running: cd "/opt/rustwide/target/release/build/libpostal-sys-e6a715e7300595fd/out/build" && MAKEFLAGS="-j --jobserver-fds=4,5 --jobserver-auth=4,5" "sh" "-c" "exec \"$0\" \"$@\"" "make" "install"
[INFO] [stderr]   Making install in src
[INFO] [stderr]   make[1]: Entering directory '/opt/rustwide/target/release/build/libpostal-sys-e6a715e7300595fd/out/build/src'
[INFO] [stderr]   /bin/bash ../libtool  --tag=CC   --mode=compile cc -DHAVE_CONFIG_H -I.. -I/usr/local/include    -Wall -Wextra -Wno-unused-function -Wformat -Werror=format-security -Winit-self -Wno-sign-compare -DLIBPOSTAL_DATA_DIR='"/usr/local/share/libpostal/libpostal"' -g -mfpmath=sse -msse2 -DUSE_SSE -O3 -ffunction-sections -fdata-sections -fPIC -m64  -Wno-error -O2 -D LIBPOSTAL_EXPORTS  -MT libpostal_la-strndup.lo -MD -MP -MF .deps/libpostal_la-strndup.Tpo -c -o libpostal_la-strndup.lo `test -f 'strndup.c' || echo '/opt/rustwide/cargo-home/registry/src/index.crates.io-1949cf8c6b5b557f/libpostal-sys-0.1.1/libpostal/src/'`strndup.c
[INFO] [stderr]   /bin/bash ../libtool  --tag=CC   --mode=compile cc -DHAVE_CONFIG_H -I.. -I/usr/local/include    -Wall -Wextra -Wno-unused-function -Wformat -Werror=format-security -Winit-self -Wno-sign-compare -DLIBPOSTAL_DATA_DIR='"/usr/local/share/libpostal/libpostal"' -g -mfpmath=sse -msse2 -DUSE_SSE -O3 -ffunction-sections -fdata-sections -fPIC -m64  -Wno-error -O2 -D LIBPOSTAL_EXPORTS  -MT libpostal_la-libpostal.lo -MD -MP -MF .deps/libpostal_la-libpostal.Tpo -c -o libpostal_la-libpostal.lo `test -f 'libpostal.c' || echo '/opt/rustwide/cargo-home/registry/src/index.crates.io-1949cf8c6b5b557f/libpostal-sys-0.1.1/libpostal/src/'`libpostal.c
[INFO] [stderr]   /bin/bash ../libtool  --tag=CC   --mode=compile cc -DHAVE_CONFIG_H -I.. -I/usr/local/include    -Wall -Wextra -Wno-unused-function -Wformat -Werror=format-security -Winit-self -Wno-sign-compare -DLIBPOSTAL_DATA_DIR='"/usr/local/share/libpostal/libpostal"' -g -mfpmath=sse -msse2 -DUSE_SSE -O3 -ffunction-sections -fdata-sections -fPIC -m64  -Wno-error -O2 -D LIBPOSTAL_EXPORTS  -MT libpostal_la-expand.lo -MD -MP -MF .deps/libpostal_la-expand.Tpo -c -o libpostal_la-expand.lo `test -f 'expand.c' || echo '/opt/rustwide/cargo-home/registry/src/index.crates.io-1949cf8c6b5b557f/libpostal-sys-0.1.1/libpostal/src/'`expand.c
[INFO] [stderr]   /bin/bash ../libtool  --tag=CC   --mode=compile cc -DHAVE_CONFIG_H -I.. -I/usr/local/include    -Wall -Wextra -Wno-unused-function -Wformat -Werror=format-security -Winit-self -Wno-sign-compare -DLIBPOSTAL_DATA_DIR='"/usr/local/share/libpostal/libpostal"' -g -mfpmath=sse -msse2 -DUSE_SSE -O3 -ffunction-sections -fdata-sections -fPIC -m64  -Wno-error -O2 -D LIBPOSTAL_EXPORTS  -MT libpostal_la-address_dictionary.lo -MD -MP -MF .deps/libpostal_la-address_dictionary.Tpo -c -o libpostal_la-address_dictionary.lo `test -f 'address_dictionary.c' || echo '/opt/rustwide/cargo-home/registry/src/index.crates.io-1949cf8c6b5b557f/libpostal-sys-0.1.1/libpostal/src/'`address_dictionary.c
[INFO] [stderr]   /bin/bash ../libtool  --tag=CC   --mode=compile cc -DHAVE_CONFIG_H -I.. -I/usr/local/include    -Wall -Wextra -Wno-unused-function -Wformat -Werror=format-security -Winit-self -Wno-sign-compare -DLIBPOSTAL_DATA_DIR='"/usr/local/share/libpostal/libpostal"' -g -mfpmath=sse -msse2 -DUSE_SSE -O3 -ffunction-sections -fdata-sections -fPIC -m64  -Wno-error -O2 -D LIBPOSTAL_EXPORTS  -MT libpostal_la-transliterate.lo -MD -MP -MF .deps/libpostal_la-transliterate.Tpo -c -o libpostal_la-transliterate.lo `test -f 'transliterate.c' || echo '/opt/rustwide/cargo-home/registry/src/index.crates.io-1949cf8c6b5b557f/libpostal-sys-0.1.1/libpostal/src/'`transliterate.c
[INFO] [stderr]   /bin/bash ../libtool  --tag=CC   --mode=compile cc -DHAVE_CONFIG_H -I.. -I/usr/local/include    -Wall -Wextra -Wno-unused-function -Wformat -Werror=format-security -Winit-self -Wno-sign-compare -DLIBPOSTAL_DATA_DIR='"/usr/local/share/libpostal/libpostal"' -g -mfpmath=sse -msse2 -DUSE_SSE -O3 -ffunction-sections -fdata-sections -fPIC -m64  -Wno-error -O2 -D LIBPOSTAL_EXPORTS  -MT libpostal_la-tokens.lo -MD -MP -MF .deps/libpostal_la-tokens.Tpo -c -o libpostal_la-tokens.lo `test -f 'tokens.c' || echo '/opt/rustwide/cargo-home/registry/src/index.crates.io-1949cf8c6b5b557f/libpostal-sys-0.1.1/libpostal/src/'`tokens.c
[INFO] [stderr]   /bin/bash ../libtool  --tag=CC   --mode=compile cc -DHAVE_CONFIG_H -I.. -I/usr/local/include    -Wall -Wextra -Wno-unused-function -Wformat -Werror=format-security -Winit-self -Wno-sign-compare -DLIBPOSTAL_DATA_DIR='"/usr/local/share/libpostal/libpostal"' -g -mfpmath=sse -msse2 -DUSE_SSE -O3 -ffunction-sections -fdata-sections -fPIC -m64  -Wno-error -O2 -D LIBPOSTAL_EXPORTS  -MT libpostal_la-trie.lo -MD -MP -MF .deps/libpostal_la-trie.Tpo -c -o libpostal_la-trie.lo `test -f 'trie.c' || echo '/opt/rustwide/cargo-home/registry/src/index.crates.io-1949cf8c6b5b557f/libpostal-sys-0.1.1/libpostal/src/'`trie.c
[INFO] [stderr]   /bin/bash ../libtool  --tag=CC   --mode=compile cc -DHAVE_CONFIG_H -I.. -I/usr/local/include    -Wall -Wextra -Wno-unused-function -Wformat -Werror=format-security -Winit-self -Wno-sign-compare -DLIBPOSTAL_DATA_DIR='"/usr/local/share/libpostal/libpostal"' -g -mfpmath=sse -msse2 -DUSE_SSE -O3 -ffunction-sections -fdata-sections -fPIC -m64  -Wno-error -O2 -D LIBPOSTAL_EXPORTS  -MT libpostal_la-trie_search.lo -MD -MP -MF .deps/libpostal_la-trie_search.Tpo -c -o libpostal_la-trie_search.lo `test -f 'trie_search.c' || echo '/opt/rustwide/cargo-home/registry/src/index.crates.io-1949cf8c6b5b557f/libpostal-sys-0.1.1/libpostal/src/'`trie_search.c
[INFO] [stderr]   /bin/bash ../libtool  --tag=CC   --mode=compile cc -DHAVE_CONFIG_H -I.. -I/usr/local/include    -Wall -Wextra -Wno-unused-function -Wformat -Werror=format-security -Winit-self -Wno-sign-compare -DLIBPOSTAL_DATA_DIR='"/usr/local/share/libpostal/libpostal"' -g -mfpmath=sse -msse2 -DUSE_SSE -O3 -ffunction-sections -fdata-sections -fPIC -m64  -Wno-error -O2 -D LIBPOSTAL_EXPORTS  -MT libpostal_la-trie_utils.lo -MD -MP -MF .deps/libpostal_la-trie_utils.Tpo -c -o libpostal_la-trie_utils.lo `test -f 'trie_utils.c' || echo '/opt/rustwide/cargo-home/registry/src/index.crates.io-1949cf8c6b5b557f/libpostal-sys-0.1.1/libpostal/src/'`trie_utils.c
[INFO] [stderr]   /bin/bash ../libtool  --tag=CC   --mode=compile cc -DHAVE_CONFIG_H -I.. -I/usr/local/include    -Wall -Wextra -Wno-unused-function -Wformat -Werror=format-security -Winit-self -Wno-sign-compare -DLIBPOSTAL_DATA_DIR='"/usr/local/share/libpostal/libpostal"' -g -mfpmath=sse -msse2 -DUSE_SSE -O3 -ffunction-sections -fdata-sections -fPIC -m64  -Wno-error -O2 -D LIBPOSTAL_EXPORTS  -MT libpostal_la-string_utils.lo -MD -MP -MF .deps/libpostal_la-string_utils.Tpo -c -o libpostal_la-string_utils.lo `test -f 'string_utils.c' || echo '/opt/rustwide/cargo-home/registry/src/index.crates.io-1949cf8c6b5b557f/libpostal-sys-0.1.1/libpostal/src/'`string_utils.c
[INFO] [stderr]   /bin/bash ../libtool  --tag=CC   --mode=compile cc -DHAVE_CONFIG_H -I.. -I/usr/local/include    -Wall -Wextra -Wno-unused-function -Wformat -Werror=format-security -Winit-self -Wno-sign-compare -DLIBPOSTAL_DATA_DIR='"/usr/local/share/libpostal/libpostal"' -g -mfpmath=sse -msse2 -DUSE_SSE -O3 -ffunction-sections -fdata-sections -fPIC -m64  -Wno-error -O2 -D LIBPOSTAL_EXPORTS  -MT libpostal_la-file_utils.lo -MD -MP -MF .deps/libpostal_la-file_utils.Tpo -c -o libpostal_la-file_utils.lo `test -f 'file_utils.c' || echo '/opt/rustwide/cargo-home/registry/src/index.crates.io-1949cf8c6b5b557f/libpostal-sys-0.1.1/libpostal/src/'`file_utils.c
[INFO] [stderr]   /bin/bash ../libtool  --tag=CC   --mode=compile cc -DHAVE_CONFIG_H -I.. -I/usr/local/include    -Wall -Wextra -Wno-unused-function -Wformat -Werror=format-security -Winit-self -Wno-sign-compare -DLIBPOSTAL_DATA_DIR='"/usr/local/share/libpostal/libpostal"' -g -mfpmath=sse -msse2 -DUSE_SSE -O3 -ffunction-sections -fdata-sections -fPIC -m64  -Wno-error -O2 -D LIBPOSTAL_EXPORTS  -MT libpostal_la-normalize.lo -MD -MP -MF .deps/libpostal_la-normalize.Tpo -c -o libpostal_la-normalize.lo `test -f 'normalize.c' || echo '/opt/rustwide/cargo-home/registry/src/index.crates.io-1949cf8c6b5b557f/libpostal-sys-0.1.1/libpostal/src/'`normalize.c
[INFO] [stderr]   /bin/bash ../libtool  --tag=CC   --mode=compile cc -DHAVE_CONFIG_H -I.. -I/usr/local/include    -Wall -Wextra -Wno-unused-function -Wformat -Werror=format-security -Winit-self -Wno-sign-compare -DLIBPOSTAL_DATA_DIR='"/usr/local/share/libpostal/libpostal"' -g -mfpmath=sse -msse2 -DUSE_SSE -O3 -ffunction-sections -fdata-sections -fPIC -m64  -Wno-error -O2 -D LIBPOSTAL_EXPORTS  -MT libpostal_la-numex.lo -MD -MP -MF .deps/libpostal_la-numex.Tpo -c -o libpostal_la-numex.lo `test -f 'numex.c' || echo '/opt/rustwide/cargo-home/registry/src/index.crates.io-1949cf8c6b5b557f/libpostal-sys-0.1.1/libpostal/src/'`numex.c
[INFO] [stderr]   /bin/bash ../libtool  --tag=CC   --mode=compile cc -DHAVE_CONFIG_H -I.. -I/usr/local/include    -Wall -Wextra -Wno-unused-function -Wformat -Werror=format-security -Winit-self -Wno-sign-compare -DLIBPOSTAL_DATA_DIR='"/usr/local/share/libpostal/libpostal"' -g -mfpmath=sse -msse2 -DUSE_SSE -O3 -ffunction-sections -fdata-sections -fPIC -m64  -Wno-error -O2 -D LIBPOSTAL_EXPORTS  -MT libpostal_la-features.lo -MD -MP -MF .deps/libpostal_la-features.Tpo -c -o libpostal_la-features.lo `test -f 'features.c' || echo '/opt/rustwide/cargo-home/registry/src/index.crates.io-1949cf8c6b5b557f/libpostal-sys-0.1.1/libpostal/src/'`features.c
[INFO] [stderr]   /bin/bash ../libtool  --tag=CC   --mode=compile cc -DHAVE_CONFIG_H -I.. -I/usr/local/include    -Wall -Wextra -Wno-unused-function -Wformat -Werror=format-security -Winit-self -Wno-sign-compare -DLIBPOSTAL_DATA_DIR='"/usr/local/share/libpostal/libpostal"' -g -mfpmath=sse -msse2 -DUSE_SSE -O3 -ffunction-sections -fdata-sections -fPIC -m64  -Wno-error -O2 -D LIBPOSTAL_EXPORTS  -MT libpostal_la-unicode_scripts.lo -MD -MP -MF .deps/libpostal_la-unicode_scripts.Tpo -c -o libpostal_la-unicode_scripts.lo `test -f 'unicode_scripts.c' || echo '/opt/rustwide/cargo-home/registry/src/index.crates.io-1949cf8c6b5b557f/libpostal-sys-0.1.1/libpostal/src/'`unicode_scripts.c
[INFO] [stderr]   /bin/bash ../libtool  --tag=CC   --mode=compile cc -DHAVE_CONFIG_H -I.. -I/usr/local/include    -Wall -Wextra -Wno-unused-function -Wformat -Werror=format-security -Winit-self -Wno-sign-compare -DLIBPOSTAL_DATA_DIR='"/usr/local/share/libpostal/libpostal"' -g -mfpmath=sse -msse2 -DUSE_SSE -O3 -ffunction-sections -fdata-sections -fPIC -m64  -Wno-error -O2 -D LIBPOSTAL_EXPORTS  -MT libpostal_la-address_parser.lo -MD -MP -MF .deps/libpostal_la-address_parser.Tpo -c -o libpostal_la-address_parser.lo `test -f 'address_parser.c' || echo '/opt/rustwide/cargo-home/registry/src/index.crates.io-1949cf8c6b5b557f/libpostal-sys-0.1.1/libpostal/src/'`address_parser.c
[INFO] [stderr]   libtool: compile:  cc -DHAVE_CONFIG_H -I.. -I/usr/local/include -Wall -Wextra -Wno-unused-function -Wformat -Werror=format-security -Winit-self -Wno-sign-compare -DLIBPOSTAL_DATA_DIR=\"/usr/local/share/libpostal/libpostal\" -g -mfpmath=sse -msse2 -DUSE_SSE -O3 -ffunction-sections -fdata-sections -fPIC -m64 -Wno-error -O2 -D LIBPOSTAL_EXPORTS -MT libpostal_la-libpostal.lo -MD -MP -MF .deps/libpostal_la-libpostal.Tpo -c /opt/rustwide/cargo-home/registry/src/index.crates.io-1949cf8c6b5b557f/libpostal-sys-0.1.1/libpostal/src/libpostal.c -o libpostal_la-libpostal.o
[INFO] [stderr]   libtool: compile:  cc -DHAVE_CONFIG_H -I.. -I/usr/local/include -Wall -Wextra -Wno-unused-function -Wformat -Werror=format-security -Winit-self -Wno-sign-compare -DLIBPOSTAL_DATA_DIR=\"/usr/local/share/libpostal/libpostal\" -g -mfpmath=sse -msse2 -DUSE_SSE -O3 -ffunction-sections -fdata-sections -fPIC -m64 -Wno-error -O2 -D LIBPOSTAL_EXPORTS -MT libpostal_la-numex.lo -MD -MP -MF .deps/libpostal_la-numex.Tpo -c /opt/rustwide/cargo-home/registry/src/index.crates.io-1949cf8c6b5b557f/libpostal-sys-0.1.1/libpostal/src/numex.c -o libpostal_la-numex.o
[INFO] [stderr]   libtool: compile:  cc -DHAVE_CONFIG_H -I.. -I/usr/local/include -Wall -Wextra -Wno-unused-function -Wformat -Werror=format-security -Winit-self -Wno-sign-compare -DLIBPOSTAL_DATA_DIR=\"/usr/local/share/libpostal/libpostal\" -g -mfpmath=sse -msse2 -DUSE_SSE -O3 -ffunction-sections -fdata-sections -fPIC -m64 -Wno-error -O2 -D LIBPOSTAL_EXPORTS -MT libpostal_la-string_utils.lo -MD -MP -MF .deps/libpostal_la-string_utils.Tpo -c /opt/rustwide/cargo-home/registry/src/index.crates.io-1949cf8c6b5b557f/libpostal-sys-0.1.1/libpostal/src/string_utils.c -o libpostal_la-string_utils.o
[INFO] [stderr]   libtool: compile:  cc -DHAVE_CONFIG_H -I.. -I/usr/local/include -Wall -Wextra -Wno-unused-function -Wformat -Werror=format-security -Winit-self -Wno-sign-compare -DLIBPOSTAL_DATA_DIR=\"/usr/local/share/libpostal/libpostal\" -g -mfpmath=sse -msse2 -DUSE_SSE -O3 -ffunction-sections -fdata-sections -fPIC -m64 -Wno-error -O2 -D LIBPOSTAL_EXPORTS -MT libpostal_la-transliterate.lo -MD -MP -MF .deps/libpostal_la-transliterate.Tpo -c /opt/rustwide/cargo-home/registry/src/index.crates.io-1949cf8c6b5b557f/libpostal-sys-0.1.1/libpostal/src/transliterate.c -o libpostal_la-transliterate.o
[INFO] [stderr]   libtool: compile:  cc -DHAVE_CONFIG_H -I.. -I/usr/local/include -Wall -Wextra -Wno-unused-function -Wformat -Werror=format-security -Winit-self -Wno-sign-compare -DLIBPOSTAL_DATA_DIR=\"/usr/local/share/libpostal/libpostal\" -g -mfpmath=sse -msse2 -DUSE_SSE -O3 -ffunction-sections -fdata-sections -fPIC -m64 -Wno-error -O2 -D LIBPOSTAL_EXPORTS -MT libpostal_la-normalize.lo -MD -MP -MF .deps/libpostal_la-normalize.Tpo -c /opt/rustwide/cargo-home/registry/src/index.crates.io-1949cf8c6b5b557f/libpostal-sys-0.1.1/libpostal/src/normalize.c -o libpostal_la-normalize.o
[INFO] [stderr]   libtool: compile:  cc -DHAVE_CONFIG_H -I.. -I/usr/local/include -Wall -Wextra -Wno-unused-function -Wformat -Werror=format-security -Winit-self -Wno-sign-compare -DLIBPOSTAL_DATA_DIR=\"/usr/local/share/libpostal/libpostal\" -g -mfpmath=sse -msse2 -DUSE_SSE -O3 -ffunction-sections -fdata-sections -fPIC -m64 -Wno-error -O2 -D LIBPOSTAL_EXPORTS -MT libpostal_la-address_dictionary.lo -MD -MP -MF .deps/libpostal_la-address_dictionary.Tpo -c /opt/rustwide/cargo-home/registry/src/index.crates.io-1949cf8c6b5b557f/libpostal-sys-0.1.1/libpostal/src/address_dictionary.c -o libpostal_la-address_dictionary.o
[INFO] [stderr]   libtool: compile:  cc -DHAVE_CONFIG_H -I.. -I/usr/local/include -Wall -Wextra -Wno-unused-function -Wformat -Werror=format-security -Winit-self -Wno-sign-compare -DLIBPOSTAL_DATA_DIR=\"/usr/local/share/libpostal/libpostal\" -g -mfpmath=sse -msse2 -DUSE_SSE -O3 -ffunction-sections -fdata-sections -fPIC -m64 -Wno-error -O2 -D LIBPOSTAL_EXPORTS -MT libpostal_la-address_parser.lo -MD -MP -MF .deps/libpostal_la-address_parser.Tpo -c /opt/rustwide/cargo-home/registry/src/index.crates.io-1949cf8c6b5b557f/libpostal-sys-0.1.1/libpostal/src/address_parser.c -o libpostal_la-address_parser.o
[INFO] [stderr]   libtool: compile:  cc -DHAVE_CONFIG_H -I.. -I/usr/local/include -Wall -Wextra -Wno-unused-function -Wformat -Werror=format-security -Winit-self -Wno-sign-compare -DLIBPOSTAL_DATA_DIR=\"/usr/local/share/libpostal/libpostal\" -g -mfpmath=sse -msse2 -DUSE_SSE -O3 -ffunction-sections -fdata-sections -fPIC -m64 -Wno-error -O2 -D LIBPOSTAL_EXPORTS -MT libpostal_la-strndup.lo -MD -MP -MF .deps/libpostal_la-strndup.Tpo -c /opt/rustwide/cargo-home/registry/src/index.crates.io-1949cf8c6b5b557f/libpostal-sys-0.1.1/libpostal/src/strndup.c -o libpostal_la-strndup.o
[INFO] [stderr]   libtool: compile:  cc -DHAVE_CONFIG_H -I.. -I/usr/local/include -Wall -Wextra -Wno-unused-function -Wformat -Werror=format-security -Winit-self -Wno-sign-compare -DLIBPOSTAL_DATA_DIR=\"/usr/local/share/libpostal/libpostal\" -g -mfpmath=sse -msse2 -DUSE_SSE -O3 -ffunction-sections -fdata-sections -fPIC -m64 -Wno-error -O2 -D LIBPOSTAL_EXPORTS -MT libpostal_la-features.lo -MD -MP -MF .deps/libpostal_la-features.Tpo -c /opt/rustwide/cargo-home/registry/src/index.crates.io-1949cf8c6b5b557f/libpostal-sys-0.1.1/libpostal/src/features.c -o libpostal_la-features.o
[INFO] [stderr]   libtool: compile:  cc -DHAVE_CONFIG_H -I.. -I/usr/local/include -Wall -Wextra -Wno-unused-function -Wformat -Werror=format-security -Winit-self -Wno-sign-compare -DLIBPOSTAL_DATA_DIR=\"/usr/local/share/libpostal/libpostal\" -g -mfpmath=sse -msse2 -DUSE_SSE -O3 -ffunction-sections -fdata-sections -fPIC -m64 -Wno-error -O2 -D LIBPOSTAL_EXPORTS -MT libpostal_la-tokens.lo -MD -MP -MF .deps/libpostal_la-tokens.Tpo -c /opt/rustwide/cargo-home/registry/src/index.crates.io-1949cf8c6b5b557f/libpostal-sys-0.1.1/libpostal/src/tokens.c -o libpostal_la-tokens.o
[INFO] [stderr]   libtool: compile:  cc -DHAVE_CONFIG_H -I.. -I/usr/local/include -Wall -Wextra -Wno-unused-function -Wformat -Werror=format-security -Winit-self -Wno-sign-compare -DLIBPOSTAL_DATA_DIR=\"/usr/local/share/libpostal/libpostal\" -g -mfpmath=sse -msse2 -DUSE_SSE -O3 -ffunction-sections -fdata-sections -fPIC -m64 -Wno-error -O2 -D LIBPOSTAL_EXPORTS -MT libpostal_la-expand.lo -MD -MP -MF .deps/libpostal_la-expand.Tpo -c /opt/rustwide/cargo-home/registry/src/index.crates.io-1949cf8c6b5b557f/libpostal-sys-0.1.1/libpostal/src/expand.c -o libpostal_la-expand.o
[INFO] [stderr]   libtool: compile:  cc -DHAVE_CONFIG_H -I.. -I/usr/local/include -Wall -Wextra -Wno-unused-function -Wformat -Werror=format-security -Winit-self -Wno-sign-compare -DLIBPOSTAL_DATA_DIR=\"/usr/local/share/libpostal/libpostal\" -g -mfpmath=sse -msse2 -DUSE_SSE -O3 -ffunction-sections -fdata-sections -fPIC -m64 -Wno-error -O2 -D LIBPOSTAL_EXPORTS -MT libpostal_la-trie_utils.lo -MD -MP -MF .deps/libpostal_la-trie_utils.Tpo -c /opt/rustwide/cargo-home/registry/src/index.crates.io-1949cf8c6b5b557f/libpostal-sys-0.1.1/libpostal/src/trie_utils.c -o libpostal_la-trie_utils.o
[INFO] [stderr]   libtool: compile:  cc -DHAVE_CONFIG_H -I.. -I/usr/local/include -Wall -Wextra -Wno-unused-function -Wformat -Werror=format-security -Winit-self -Wno-sign-compare -DLIBPOSTAL_DATA_DIR=\"/usr/local/share/libpostal/libpostal\" -g -mfpmath=sse -msse2 -DUSE_SSE -O3 -ffunction-sections -fdata-sections -fPIC -m64 -Wno-error -O2 -D LIBPOSTAL_EXPORTS -MT libpostal_la-trie_search.lo -MD -MP -MF .deps/libpostal_la-trie_search.Tpo -c /opt/rustwide/cargo-home/registry/src/index.crates.io-1949cf8c6b5b557f/libpostal-sys-0.1.1/libpostal/src/trie_search.c -o libpostal_la-trie_search.o
[INFO] [stderr]   libtool: compile:  cc -DHAVE_CONFIG_H -I.. -I/usr/local/include -Wall -Wextra -Wno-unused-function -Wformat -Werror=format-security -Winit-self -Wno-sign-compare -DLIBPOSTAL_DATA_DIR=\"/usr/local/share/libpostal/libpostal\" -g -mfpmath=sse -msse2 -DUSE_SSE -O3 -ffunction-sections -fdata-sections -fPIC -m64 -Wno-error -O2 -D LIBPOSTAL_EXPORTS -MT libpostal_la-trie.lo -MD -MP -MF .deps/libpostal_la-trie.Tpo -c /opt/rustwide/cargo-home/registry/src/index.crates.io-1949cf8c6b5b557f/libpostal-sys-0.1.1/libpostal/src/trie.c -o libpostal_la-trie.o
[INFO] [stderr]   libtool: compile:  cc -DHAVE_CONFIG_H -I.. -I/usr/local/include -Wall -Wextra -Wno-unused-function -Wformat -Werror=format-security -Winit-self -Wno-sign-compare -DLIBPOSTAL_DATA_DIR=\"/usr/local/share/libpostal/libpostal\" -g -mfpmath=sse -msse2 -DUSE_SSE -O3 -ffunction-sections -fdata-sections -fPIC -m64 -Wno-error -O2 -D LIBPOSTAL_EXPORTS -MT libpostal_la-unicode_scripts.lo -MD -MP -MF .deps/libpostal_la-unicode_scripts.Tpo -c /opt/rustwide/cargo-home/registry/src/index.crates.io-1949cf8c6b5b557f/libpostal-sys-0.1.1/libpostal/src/unicode_scripts.c -o libpostal_la-unicode_scripts.o
[INFO] [stderr]   libtool: compile:  cc -DHAVE_CONFIG_H -I.. -I/usr/local/include -Wall -Wextra -Wno-unused-function -Wformat -Werror=format-security -Winit-self -Wno-sign-compare -DLIBPOSTAL_DATA_DIR=\"/usr/local/share/libpostal/libpostal\" -g -mfpmath=sse -msse2 -DUSE_SSE -O3 -ffunction-sections -fdata-sections -fPIC -m64 -Wno-error -O2 -D LIBPOSTAL_EXPORTS -MT libpostal_la-file_utils.lo -MD -MP -MF .deps/libpostal_la-file_utils.Tpo -c /opt/rustwide/cargo-home/registry/src/index.crates.io-1949cf8c6b5b557f/libpostal-sys-0.1.1/libpostal/src/file_utils.c -o libpostal_la-file_utils.o
[INFO] [stderr]   mv -f .deps/libpostal_la-strndup.Tpo .deps/libpostal_la-strndup.Plo
[INFO] [stderr]   /bin/bash ../libtool  --tag=CC   --mode=compile cc -DHAVE_CONFIG_H -I.. -I/usr/local/include    -Wall -Wextra -Wno-unused-function -Wformat -Werror=format-security -Winit-self -Wno-sign-compare -DLIBPOSTAL_DATA_DIR='"/usr/local/share/libpostal/libpostal"' -g -mfpmath=sse -msse2 -DUSE_SSE -O3 -ffunction-sections -fdata-sections -fPIC -m64  -Wno-error -O2 -D LIBPOSTAL_EXPORTS  -MT libpostal_la-address_parser_io.lo -MD -MP -MF .deps/libpostal_la-address_parser_io.Tpo -c -o libpostal_la-address_parser_io.lo `test -f 'address_parser_io.c' || echo '/opt/rustwide/cargo-home/registry/src/index.crates.io-1949cf8c6b5b557f/libpostal-sys-0.1.1/libpostal/src/'`address_parser_io.c
[INFO] [stderr]   libtool: compile:  cc -DHAVE_CONFIG_H -I.. -I/usr/local/include -Wall -Wextra -Wno-unused-function -Wformat -Werror=format-security -Winit-self -Wno-sign-compare -DLIBPOSTAL_DATA_DIR=\"/usr/local/share/libpostal/libpostal\" -g -mfpmath=sse -msse2 -DUSE_SSE -O3 -ffunction-sections -fdata-sections -fPIC -m64 -Wno-error -O2 -D LIBPOSTAL_EXPORTS -MT libpostal_la-address_parser_io.lo -MD -MP -MF .deps/libpostal_la-address_parser_io.Tpo -c /opt/rustwide/cargo-home/registry/src/index.crates.io-1949cf8c6b5b557f/libpostal-sys-0.1.1/libpostal/src/address_parser_io.c -o libpostal_la-address_parser_io.o
[INFO] [stderr]   mv -f .deps/libpostal_la-tokens.Tpo .deps/libpostal_la-tokens.Plo
[INFO] [stderr]   mv -f .deps/libpostal_la-features.Tpo .deps/libpostal_la-features.Plo
[INFO] [stderr]   mv -f .deps/libpostal_la-file_utils.Tpo .deps/libpostal_la-file_utils.Plo
[INFO] [stderr]   mv -f .deps/libpostal_la-trie_utils.Tpo .deps/libpostal_la-trie_utils.Plo
[INFO] [stderr]   mv -f .deps/libpostal_la-address_dictionary.Tpo .deps/libpostal_la-address_dictionary.Plo
[INFO] [stderr]   mv -f .deps/libpostal_la-address_parser_io.Tpo .deps/libpostal_la-address_parser_io.Plo
[INFO] [stderr]   mv -f .deps/libpostal_la-normalize.Tpo .deps/libpostal_la-normalize.Plo
[INFO] [stderr]   mv -f .deps/libpostal_la-trie_search.Tpo .deps/libpostal_la-trie_search.Plo
[INFO] [stderr]   mv -f .deps/libpostal_la-numex.Tpo .deps/libpostal_la-numex.Plo
[INFO] [stderr]   mv -f .deps/libpostal_la-trie.Tpo .deps/libpostal_la-trie.Plo
[INFO] [stderr]   mv -f .deps/libpostal_la-address_parser.Tpo .deps/libpostal_la-address_parser.Plo
[INFO] [stderr]   mv -f .deps/libpostal_la-string_utils.Tpo .deps/libpostal_la-string_utils.Plo
[INFO] [stderr]   mv -f .deps/libpostal_la-transliterate.Tpo .deps/libpostal_la-transliterate.Plo
[INFO] [stderr]   mv -f .deps/libpostal_la-expand.Tpo .deps/libpostal_la-expand.Plo
[INFO] [stderr]   mv -f .deps/libpostal_la-unicode_scripts.Tpo .deps/libpostal_la-unicode_scripts.Plo
[INFO] [stderr]   make[1]: Leaving directory '/opt/rustwide/target/release/build/libpostal-sys-e6a715e7300595fd/out/build/src'
[INFO] [stderr] 
[INFO] [stderr]   --- stderr
[INFO] [stderr]   chmod: cannot access 'src/libpostal_data': No such file or directory
[INFO] [stderr]   chmod: cannot access 'src/libpostal_data': No such file or directory
[INFO] [stderr]   chmod: cannot access 'src/libpostal_data': No such file or directory
[INFO] [stderr]   /opt/rustwide/cargo-home/registry/src/index.crates.io-1949cf8c6b5b557f/libpostal-sys-0.1.1/libpostal/src/transliterate.c: In function 'replace_groups':
[INFO] [stderr]   /opt/rustwide/cargo-home/registry/src/index.crates.io-1949cf8c6b5b557f/libpostal-sys-0.1.1/libpostal/src/transliterate.c:615:12: warning: variable 'group_num_len' set but not used [-Wunused-but-set-variable]
[INFO] [stderr]     615 |     size_t group_num_len = 0;
[INFO] [stderr]         |            ^~~~~~~~~~~~~
[INFO] [stderr]   /opt/rustwide/cargo-home/registry/src/index.crates.io-1949cf8c6b5b557f/libpostal-sys-0.1.1/libpostal/src/transliterate.c:614:12: warning: variable 'group_num_start' set but not used [-Wunused-but-set-variable]
[INFO] [stderr]     614 |     size_t group_num_start = 0;
[INFO] [stderr]         |            ^~~~~~~~~~~~~~~
[INFO] [stderr]   /opt/rustwide/cargo-home/registry/src/index.crates.io-1949cf8c6b5b557f/libpostal-sys-0.1.1/libpostal/src/transliterate.c: In function 'transliterate':
[INFO] [stderr]   /opt/rustwide/cargo-home/registry/src/index.crates.io-1949cf8c6b5b557f/libpostal-sys-0.1.1/libpostal/src/transliterate.c:937:26: warning: variable 'added_previous_phrase' set but not used [-Wunused-but-set-variable]
[INFO] [stderr]     937 |                     bool added_previous_phrase = false;
[INFO] [stderr]         |                          ^~~~~~~~~~~~~~~~~~~~~
[INFO] [stderr]   In file included from /opt/rustwide/cargo-home/registry/src/index.crates.io-1949cf8c6b5b557f/libpostal-sys-0.1.1/libpostal/src/sparse_matrix.h:46,
[INFO] [stderr]                    from /opt/rustwide/cargo-home/registry/src/index.crates.io-1949cf8c6b5b557f/libpostal-sys-0.1.1/libpostal/src/averaged_perceptron.h:27,
[INFO] [stderr]                    from /opt/rustwide/cargo-home/registry/src/index.crates.io-1949cf8c6b5b557f/libpostal-sys-0.1.1/libpostal/src/address_parser.h:52,
[INFO] [stderr]                    from /opt/rustwide/cargo-home/registry/src/index.crates.io-1949cf8c6b5b557f/libpostal-sys-0.1.1/libpostal/src/address_parser.c:1:
[INFO] [stderr]   /opt/rustwide/cargo-home/registry/src/index.crates.io-1949cf8c6b5b557f/libpostal-sys-0.1.1/libpostal/src/matrix.h:19:2: warning: #warning "No CBLAS" [-Wcpp]
[INFO] [stderr]      19 | #warning "No CBLAS"
[INFO] [stderr]         |  ^~~~~~~
[INFO] [stderr]   /opt/rustwide/cargo-home/registry/src/index.crates.io-1949cf8c6b5b557f/libpostal-sys-0.1.1/libpostal/src/address_parser.c: In function 'word_vocab_frequency':
[INFO] [stderr]   /opt/rustwide/cargo-home/registry/src/index.crates.io-1949cf8c6b5b557f/libpostal-sys-0.1.1/libpostal/src/address_parser.c:349:10: warning: unused variable 'has_key' [-Wunused-variable]
[INFO] [stderr]     349 |     bool has_key = trie_get_data(parser->vocab, word, &count);
[INFO] [stderr]         |          ^~~~~~~
[INFO] [stderr]   /opt/rustwide/cargo-home/registry/src/index.crates.io-1949cf8c6b5b557f/libpostal-sys-0.1.1/libpostal/src/address_parser.c: In function 'address_parser_normalize_phrase_token':
[INFO] [stderr]   /opt/rustwide/cargo-home/registry/src/index.crates.io-1949cf8c6b5b557f/libpostal-sys-0.1.1/libpostal/src/address_parser.h:66:125: warning: suggest parentheses around arithmetic in operand of '|' [-Wparentheses]
[INFO] [stderr]      66 | #define ADDRESS_PARSER_NORMALIZE_TOKEN_OPTIONS NORMALIZE_TOKEN_DELETE_FINAL_PERIOD | NORMALIZE_TOKEN_DELETE_ACRONYM_PERIODS | NORMALIZE_TOKEN_REPLACE_DIGITS
[INFO] [stderr]         |                                                                                                                             ^
[INFO] [stderr]   /opt/rustwide/cargo-home/registry/src/index.crates.io-1949cf8c6b5b557f/libpostal-sys-0.1.1/libpostal/src/address_parser.h:67:54: note: in expansion of macro 'ADDRESS_PARSER_NORMALIZE_TOKEN_OPTIONS'
[INFO] [stderr]      67 | #define ADDRESS_PARSER_NORMALIZE_ADMIN_TOKEN_OPTIONS ADDRESS_PARSER_NORMALIZE_TOKEN_OPTIONS ^ NORMALIZE_TOKEN_REPLACE_DIGITS
[INFO] [stderr]         |                                                      ^~~~~~~~~~~~~~~~~~~~~~~~~~~~~~~~~~~~~~
[INFO] [stderr]   /opt/rustwide/cargo-home/registry/src/index.crates.io-1949cf8c6b5b557f/libpostal-sys-0.1.1/libpostal/src/address_parser.c:358:40: note: in expansion of macro 'ADDRESS_PARSER_NORMALIZE_ADMIN_TOKEN_OPTIONS'
[INFO] [stderr]     358 |     normalize_token(array, str, token, ADDRESS_PARSER_NORMALIZE_ADMIN_TOKEN_OPTIONS);
[INFO] [stderr]         |                                        ^~~~~~~~~~~~~~~~~~~~~~~~~~~~~~~~~~~~~~~~~~~~
[INFO] [stderr]   /opt/rustwide/cargo-home/registry/src/index.crates.io-1949cf8c6b5b557f/libpostal-sys-0.1.1/libpostal/src/address_parser.c: In function 'address_parser_context_fill':
[INFO] [stderr]   /opt/rustwide/cargo-home/registry/src/index.crates.io-1949cf8c6b5b557f/libpostal-sys-0.1.1/libpostal/src/address_parser.c:816:10: warning: unused variable 'have_postal_code_phrases' [-Wunused-variable]
[INFO] [stderr]     816 |     bool have_postal_code_phrases = trie_search_tokens_with_phrases(parser->postal_codes, normalized_str_admin, normalized_admin_tokens, &postal_code_phrases);
[INFO] [stderr]         |          ^~~~~~~~~~~~~~~~~~~~~~~~
[INFO] [stderr]   /opt/rustwide/cargo-home/registry/src/index.crates.io-1949cf8c6b5b557f/libpostal-sys-0.1.1/libpostal/src/address_parser.c:798:10: warning: unused variable 'have_component_phrases' [-Wunused-variable]
[INFO] [stderr]     798 |     bool have_component_phrases = trie_search_tokens_with_phrases(parser->phrases, normalized_str_admin, normalized_admin_tokens, &component_phrases);
[INFO] [stderr]         |          ^~~~~~~~~~~~~~~~~~~~~~
[INFO] [stderr]   /opt/rustwide/cargo-home/registry/src/index.crates.io-1949cf8c6b5b557f/libpostal-sys-0.1.1/libpostal/src/address_parser.c:762:10: warning: unused variable 'have_address_phrases' [-Wunused-variable]
[INFO] [stderr]     762 |     bool have_address_phrases = search_address_dictionaries_tokens_with_phrases(normalized_str, normalized_tokens, NULL, &address_dictionary_phrases);
[INFO] [stderr]         |          ^~~~~~~~~~~~~~~~~~~~
[INFO] [stderr]   /opt/rustwide/cargo-home/registry/src/index.crates.io-1949cf8c6b5b557f/libpostal-sys-0.1.1/libpostal/src/address_parser.c:690:14: warning: unused variable 'phrase' [-Wunused-variable]
[INFO] [stderr]     690 |     phrase_t phrase;
[INFO] [stderr]         |              ^~~~~~
[INFO] [stderr]   /opt/rustwide/cargo-home/registry/src/index.crates.io-1949cf8c6b5b557f/libpostal-sys-0.1.1/libpostal/src/address_parser.c:689:11: warning: variable 'word' set but not used [-Wunused-but-set-variable]
[INFO] [stderr]     689 |     char *word;
[INFO] [stderr]         |           ^~~~
[INFO] [stderr]   /opt/rustwide/cargo-home/registry/src/index.crates.io-1949cf8c6b5b557f/libpostal-sys-0.1.1/libpostal/src/address_parser.c: In function 'phrase_prefix':
[INFO] [stderr]   /opt/rustwide/cargo-home/registry/src/index.crates.io-1949cf8c6b5b557f/libpostal-sys-0.1.1/libpostal/src/address_parser.c:835:40: warning: unused parameter 'len' [-Wunused-parameter]
[INFO] [stderr]     835 | char *phrase_prefix(char *word, size_t len, phrase_t prefix_phrase, char_array *prefix_phrase_array) {
[INFO] [stderr]         |                                 ~~~~~~~^~~
[INFO] [stderr]   /opt/rustwide/cargo-home/registry/src/index.crates.io-1949cf8c6b5b557f/libpostal-sys-0.1.1/libpostal/src/address_parser.c: In function 'word_or_phrase_at_index':
[INFO] [stderr]   /opt/rustwide/cargo-home/registry/src/index.crates.io-1949cf8c6b5b557f/libpostal-sys-0.1.1/libpostal/src/address_parser.c:925:13: warning: unused variable 'token' [-Wunused-variable]
[INFO] [stderr]     925 |     token_t token = tokenized->tokens->a[i];
[INFO] [stderr]         |             ^~~~~
[INFO] [stderr]   /opt/rustwide/cargo-home/registry/src/index.crates.io-1949cf8c6b5b557f/libpostal-sys-0.1.1/libpostal/src/address_parser.c:883:74: warning: unused parameter 'parser' [-Wunused-parameter]
[INFO] [stderr]     883 | static address_parser_phrase_t word_or_phrase_at_index(address_parser_t *parser, tokenized_string_t *tokenized, address_parser_context_t *context, uint32_t i, bool long_context) {
[INFO] [stderr]         |                                                        ~~~~~~~~~~~~~~~~~~^~~~~~
[INFO] [stderr]   /opt/rustwide/cargo-home/registry/src/index.crates.io-1949cf8c6b5b557f/libpostal-sys-0.1.1/libpostal/src/address_parser.c: In function 'phrase_index':
[INFO] [stderr]   /opt/rustwide/cargo-home/registry/src/index.crates.io-1949cf8c6b5b557f/libpostal-sys-0.1.1/libpostal/src/address_parser.c:973:13: warning: unused variable 'membership' [-Wunused-variable]
[INFO] [stderr]     973 |     int64_t membership;
[INFO] [stderr]         |             ^~~~~~~~~~
[INFO] [stderr]   /opt/rustwide/cargo-home/registry/src/index.crates.io-1949cf8c6b5b557f/libpostal-sys-0.1.1/libpostal/src/address_parser.c: In function 'next_numeric_token_index':
[INFO] [stderr]   /opt/rustwide/cargo-home/registry/src/index.crates.io-1949cf8c6b5b557f/libpostal-sys-0.1.1/libpostal/src/address_parser.c:1001:14: warning: unused variable 'phrase' [-Wunused-variable]
[INFO] [stderr]    1001 |     phrase_t phrase;
[INFO] [stderr]         |              ^~~~~~
[INFO] [stderr]   /opt/rustwide/cargo-home/registry/src/index.crates.io-1949cf8c6b5b557f/libpostal-sys-0.1.1/libpostal/src/address_parser.c: In function 'add_ngram_features':
[INFO] [stderr]   /opt/rustwide/cargo-home/registry/src/index.crates.io-1949cf8c6b5b557f/libpostal-sys-0.1.1/libpostal/src/address_parser.c:1046:14: warning: variable 'idx' set but not used [-Wunused-but-set-variable]
[INFO] [stderr]    1046 |     uint32_t idx;
[INFO] [stderr]         |              ^~~
[INFO] [stderr]   /opt/rustwide/cargo-home/registry/src/index.crates.io-1949cf8c6b5b557f/libpostal-sys-0.1.1/libpostal/src/address_parser.c: In function 'address_parser_features':
[INFO] [stderr]   /opt/rustwide/cargo-home/registry/src/index.crates.io-1949cf8c6b5b557f/libpostal-sys-0.1.1/libpostal/src/address_parser.c:1285:18: warning: unused variable 'k' [-Wunused-variable]
[INFO] [stderr]    1285 |         khiter_t k;
[INFO] [stderr]         |                  ^
[INFO] [stderr]   /opt/rustwide/cargo-home/registry/src/index.crates.io-1949cf8c6b5b557f/libpostal-sys-0.1.1/libpostal/src/address_parser.c:1283:18: warning: unused variable 'postal_code_context' [-Wunused-variable]
[INFO] [stderr]    1283 |         uint64_t postal_code_context;
[INFO] [stderr]         |                  ^~~~~~~~~~~~~~~~~~~
[INFO] [stderr]   /opt/rustwide/cargo-home/registry/src/index.crates.io-1949cf8c6b5b557f/libpostal-sys-0.1.1/libpostal/src/address_parser.c:1384:18: warning: variable 'ngrams_added' set but not used [-Wunused-but-set-variable]
[INFO] [stderr]    1384 |             bool ngrams_added = false;
[INFO] [stderr]         |                  ^~~~~~~~~~~~
[INFO] [stderr]   /opt/rustwide/cargo-home/registry/src/index.crates.io-1949cf8c6b5b557f/libpostal-sys-0.1.1/libpostal/src/address_parser.c:1575:22: warning: unused variable 'right_context_street' [-Wunused-variable]
[INFO] [stderr]    1575 |                 bool right_context_street = false;
[INFO] [stderr]         |                      ^~~~~~~~~~~~~~~~~~~~
[INFO] [stderr]   /opt/rustwide/cargo-home/registry/src/index.crates.io-1949cf8c6b5b557f/libpostal-sys-0.1.1/libpostal/src/address_parser.c:1574:22: warning: unused variable 'right_context_name' [-Wunused-variable]
[INFO] [stderr]    1574 |                 bool right_context_name = false;
[INFO] [stderr]         |                      ^~~~~~~~~~~~~~~~~~
[INFO] [stderr]   /opt/rustwide/cargo-home/registry/src/index.crates.io-1949cf8c6b5b557f/libpostal-sys-0.1.1/libpostal/src/address_parser.c:1568:26: warning: unused variable 'suffix_phrase' [-Wunused-variable]
[INFO] [stderr]    1568 |                 phrase_t suffix_phrase = context->suffix_phrases->a[right_idx];
[INFO] [stderr]         |                          ^~~~~~~~~~~~~
[INFO] [stderr]   /opt/rustwide/cargo-home/registry/src/index.crates.io-1949cf8c6b5b557f/libpostal-sys-0.1.1/libpostal/src/address_parser.c:1510:16: warning: variable 'next_word_len' set but not used [-Wunused-but-set-variable]
[INFO] [stderr]    1510 |         size_t next_word_len = 1;
[INFO] [stderr]         |                ^~~~~~~~~~~~~
[INFO] [stderr]   /opt/rustwide/cargo-home/registry/src/index.crates.io-1949cf8c6b5b557f/libpostal-sys-0.1.1/libpostal/src/address_parser.c:1329:10: warning: variable 'known_suffix' set but not used [-Wunused-but-set-variable]
[INFO] [stderr]    1329 |     bool known_suffix = false;
[INFO] [stderr]         |          ^~~~~~~~~~~~
[INFO] [stderr]   /opt/rustwide/cargo-home/registry/src/index.crates.io-1949cf8c6b5b557f/libpostal-sys-0.1.1/libpostal/src/address_parser.c:1328:10: warning: variable 'known_prefix' set but not used [-Wunused-but-set-variable]
[INFO] [stderr]    1328 |     bool known_prefix = false;
[INFO] [stderr]         |          ^~~~~~~~~~~~
[INFO] [stderr]   /opt/rustwide/cargo-home/registry/src/index.crates.io-1949cf8c6b5b557f/libpostal-sys-0.1.1/libpostal/src/address_parser.c:1326:10: warning: variable 'is_unknown' set but not used [-Wunused-but-set-variable]
[INFO] [stderr]    1326 |     bool is_unknown = false;
[INFO] [stderr]         |          ^~~~~~~~~~
[INFO] [stderr]   /opt/rustwide/cargo-home/registry/src/index.crates.io-1949cf8c6b5b557f/libpostal-sys-0.1.1/libpostal/src/address_parser.c:1109:19: warning: unused variable 'separators' [-Wunused-variable]
[INFO] [stderr]    1109 |     uint32_array *separators = context->separators;
[INFO] [stderr]         |                   ^~~~~~~~~~
[INFO] [stderr]   /opt/rustwide/cargo-home/registry/src/index.crates.io-1949cf8c6b5b557f/libpostal-sys-0.1.1/libpostal/src/address_parser.c:1099:11: warning: unused variable 'country' [-Wunused-variable]
[INFO] [stderr]    1099 |     char *country = context->country;
[INFO] [stderr]         |           ^~~~~~~
[INFO] [stderr]   /opt/rustwide/cargo-home/registry/src/index.crates.io-1949cf8c6b5b557f/libpostal-sys-0.1.1/libpostal/src/address_parser.c:1098:11: warning: unused variable 'language' [-Wunused-variable]
[INFO] [stderr]    1098 |     char *language = context->language;
[INFO] [stderr]         |           ^~~~~~~~
[INFO] [stderr]   /opt/rustwide/cargo-home/registry/src/index.crates.io-1949cf8c6b5b557f/libpostal-sys-0.1.1/libpostal/src/tokens.c: In function 'tokenized_string_new_size':
[INFO] [stderr]   /opt/rustwide/cargo-home/registry/src/index.crates.io-1949cf8c6b5b557f/libpostal-sys-0.1.1/libpostal/src/tokens.c:13:66: warning: unused parameter 'num_tokens' [-Wunused-parameter]
[INFO] [stderr]      13 | tokenized_string_t *tokenized_string_new_size(size_t len, size_t num_tokens) {
[INFO] [stderr]         |                                                           ~~~~~~~^~~~~~~~~~
[INFO] [stderr]   /opt/rustwide/cargo-home/registry/src/index.crates.io-1949cf8c6b5b557f/libpostal-sys-0.1.1/libpostal/src/trie_utils.c: In function 'trie_new_from_cstring_array_sorted':
[INFO] [stderr]   /opt/rustwide/cargo-home/registry/src/index.crates.io-1949cf8c6b5b557f/libpostal-sys-0.1.1/libpostal/src/trie_utils.c:55:14: warning: variable 'i' set but not used [-Wunused-but-set-variable]
[INFO] [stderr]      55 |     uint32_t i;
[INFO] [stderr]         |              ^
[INFO] [stderr]   /opt/rustwide/cargo-home/registry/src/index.crates.io-1949cf8c6b5b557f/libpostal-sys-0.1.1/libpostal/src/trie_utils.c: In function 'trie_new_from_cstring_array':
[INFO] [stderr]   /opt/rustwide/cargo-home/registry/src/index.crates.io-1949cf8c6b5b557f/libpostal-sys-0.1.1/libpostal/src/trie_utils.c:86:14: warning: variable 'i' set but not used [-Wunused-but-set-variable]
[INFO] [stderr]      86 |     uint32_t i;
[INFO] [stderr]         |              ^
[INFO] [stderr]   /opt/rustwide/cargo-home/registry/src/index.crates.io-1949cf8c6b5b557f/libpostal-sys-0.1.1/libpostal/src/address_dictionary.c: In function 'address_dictionary_add_expansion':
[INFO] [stderr]   /opt/rustwide/cargo-home/registry/src/index.crates.io-1949cf8c6b5b557f/libpostal-sys-0.1.1/libpostal/src/address_dictionary.c:173:10: warning: variable 'is_phrase' set but not used [-Wunused-but-set-variable]
[INFO] [stderr]     173 |     bool is_phrase = false;
[INFO] [stderr]         |          ^~~~~~~~~
[INFO] [stderr]   In file included from /opt/rustwide/cargo-home/registry/src/index.crates.io-1949cf8c6b5b557f/libpostal-sys-0.1.1/libpostal/src/address_dictionary.c:3:
[INFO] [stderr]   /opt/rustwide/cargo-home/registry/src/index.crates.io-1949cf8c6b5b557f/libpostal-sys-0.1.1/libpostal/src/address_dictionary.c: In function 'address_phrase_in_dictionaries':
[INFO] [stderr]   /opt/rustwide/cargo-home/registry/src/index.crates.io-1949cf8c6b5b557f/libpostal-sys-0.1.1/libpostal/src/address_dictionary.c:63:47: warning: 'uint16_t' {aka 'short unsigned int'} is promoted to 'int' when passed through '...'
[INFO] [stderr]      63 |         uint16_t dictionary_id = va_arg(args, uint16_t);
[INFO] [stderr]         |                                               ^
[INFO] [stderr]   /opt/rustwide/cargo-home/registry/src/index.crates.io-1949cf8c6b5b557f/libpostal-sys-0.1.1/libpostal/src/address_dictionary.c:63:47: note: (so you should pass 'int' not 'uint16_t' {aka 'short unsigned int'} to 'va_arg')
[INFO] [stderr]   /opt/rustwide/cargo-home/registry/src/index.crates.io-1949cf8c6b5b557f/libpostal-sys-0.1.1/libpostal/src/address_dictionary.c:63:47: note: if this code is reached, the program will abort
[INFO] [stderr]   /opt/rustwide/cargo-home/registry/src/index.crates.io-1949cf8c6b5b557f/libpostal-sys-0.1.1/libpostal/src/trie_search.c: In function 'trie_search_from_index':
[INFO] [stderr]   /opt/rustwide/cargo-home/registry/src/index.crates.io-1949cf8c6b5b557f/libpostal-sys-0.1.1/libpostal/src/trie_search.c:21:54: warning: variable 'last_node' set but not used [-Wunused-but-set-variable]
[INFO] [stderr]      21 |     trie_node_t node = trie_get_node(self, node_id), last_node = node;
[INFO] [stderr]         |                                                      ^~~~~~~~~
[INFO] [stderr]   /opt/rustwide/cargo-home/registry/src/index.crates.io-1949cf8c6b5b557f/libpostal-sys-0.1.1/libpostal/src/numex.c: In function 'convert_numeric_expressions':
[INFO] [stderr]   /opt/rustwide/cargo-home/registry/src/index.crates.io-1949cf8c6b5b557f/libpostal-sys-0.1.1/libpostal/src/numex.c:795:18: warning: unused variable 'rule_index' [-Wunused-variable]
[INFO] [stderr]     795 |         uint32_t rule_index = phrase.data;
[INFO] [stderr]         |                  ^~~~~~~~~~
[INFO] [stderr]   /opt/rustwide/cargo-home/registry/src/index.crates.io-1949cf8c6b5b557f/libpostal-sys-0.1.1/libpostal/src/numex.c:705:17: warning: unused variable 'number_str' [-Wunused-variable]
[INFO] [stderr]     705 |     char_array *number_str = NULL;
[INFO] [stderr]         |                 ^~~~~~~~~~
[INFO] [stderr]   /opt/rustwide/cargo-home/registry/src/index.crates.io-1949cf8c6b5b557f/libpostal-sys-0.1.1/libpostal/src/numex.c:697:10: warning: unused variable 'advance_state' [-Wunused-variable]
[INFO] [stderr]     697 |     bool advance_state = true;
[INFO] [stderr]         |          ^~~~~~~~~~~~~
[INFO] [stderr]   /opt/rustwide/cargo-home/registry/src/index.crates.io-1949cf8c6b5b557f/libpostal-sys-0.1.1/libpostal/src/numex.c:694:19: warning: unused variable 'ch' [-Wunused-variable]
[INFO] [stderr]     694 |     unsigned char ch = '\0';
[INFO] [stderr]         |                   ^~
[INFO] [stderr]   /opt/rustwide/cargo-home/registry/src/index.crates.io-1949cf8c6b5b557f/libpostal-sys-0.1.1/libpostal/src/numex.c: In function 'get_ordinal_namespace_prefix':
[INFO] [stderr]   /opt/rustwide/cargo-home/registry/src/index.crates.io-1949cf8c6b5b557f/libpostal-sys-0.1.1/libpostal/src/numex.c:968:10: warning: unused variable 'whole_tokens_only' [-Wunused-variable]
[INFO] [stderr]     968 |     bool whole_tokens_only = language->whole_tokens_only;
[INFO] [stderr]         |          ^~~~~~~~~~~~~~~~~
[INFO] [stderr]   /opt/rustwide/cargo-home/registry/src/index.crates.io-1949cf8c6b5b557f/libpostal-sys-0.1.1/libpostal/src/trie.c: In function 'trie_read':
[INFO] [stderr]   In file included from /opt/rustwide/cargo-home/registry/src/index.crates.io-1949cf8c6b5b557f/libpostal-sys-0.1.1/libpostal/src/sparse_matrix.h:46,
[INFO] [stderr]                    from /opt/rustwide/cargo-home/registry/src/index.crates.io-1949cf8c6b5b557f/libpostal-sys-0.1.1/libpostal/src/averaged_perceptron.h:27,
[INFO] [stderr]                    from /opt/rustwide/cargo-home/registry/src/index.crates.io-1949cf8c6b5b557f/libpostal-sys-0.1.1/libpostal/src/address_parser.h:52,
[INFO] [stderr]                    from /opt/rustwide/cargo-home/registry/src/index.crates.io-1949cf8c6b5b557f/libpostal-sys-0.1.1/libpostal/src/libpostal.c:10:
[INFO] [stderr]   /opt/rustwide/cargo-home/registry/src/index.crates.io-1949cf8c6b5b557f/libpostal-sys-0.1.1/libpostal/src/matrix.h:19:2: warning: #warning "No CBLAS" [-Wcpp]
[INFO] [stderr]      19 | #warning "No CBLAS"
[INFO] [stderr]         |  ^~~~~~~
[INFO] [stderr]   /opt/rustwide/cargo-home/registry/src/index.crates.io-1949cf8c6b5b557f/libpostal-sys-0.1.1/libpostal/src/trie.c:1032:13: warning: unused variable 'check' [-Wunused-variable]
[INFO] [stderr]    1032 |     int32_t check;
[INFO] [stderr]         |             ^~~~~
[INFO] [stderr]   /opt/rustwide/cargo-home/registry/src/index.crates.io-1949cf8c6b5b557f/libpostal-sys-0.1.1/libpostal/src/trie.c:1031:13: warning: unused variable 'base' [-Wunused-variable]
[INFO] [stderr]    1031 |     int32_t base;
[INFO] [stderr]         |             ^~~~
[INFO] [stderr]   /opt/rustwide/cargo-home/registry/src/index.crates.io-1949cf8c6b5b557f/libpostal-sys-0.1.1/libpostal/src/string_utils.c: In function 'utf8_reversed_string':
[INFO] [stderr]   /opt/rustwide/cargo-home/registry/src/index.crates.io-1949cf8c6b5b557f/libpostal-sys-0.1.1/libpostal/src/string_utils.c:193:18: warning: variable 'remaining' set but not used [-Wunused-but-set-variable]
[INFO] [stderr]     193 |     ssize_t len, remaining;
[INFO] [stderr]         |                  ^~~~~~~~~
[INFO] [stderr]   /opt/rustwide/cargo-home/registry/src/index.crates.io-1949cf8c6b5b557f/libpostal-sys-0.1.1/libpostal/src/string_utils.c: In function 'unicode_codepoints':
[INFO] [stderr]   /opt/rustwide/cargo-home/registry/src/index.crates.io-1949cf8c6b5b557f/libpostal-sys-0.1.1/libpostal/src/string_utils.c:383:13: warning: unused variable 'num_utf8_chars' [-Wunused-variable]
[INFO] [stderr]     383 |     ssize_t num_utf8_chars = 0;
[INFO] [stderr]         |             ^~~~~~~~~~~~~~
[INFO] [stderr]   /opt/rustwide/cargo-home/registry/src/index.crates.io-1949cf8c6b5b557f/libpostal-sys-0.1.1/libpostal/src/numex.c: In function 'possible_ordinal_digit_len':
[INFO] [stderr]   /opt/rustwide/cargo-home/registry/src/index.crates.io-1949cf8c6b5b557f/libpostal-sys-0.1.1/libpostal/src/numex.c:1063:10: warning: unused variable 'ignorable' [-Wunused-variable]
[INFO] [stderr]    1063 |     bool ignorable = true;
[INFO] [stderr]         |          ^~~~~~~~~
[INFO] [stderr]   In file included from /opt/rustwide/cargo-home/registry/src/index.crates.io-1949cf8c6b5b557f/libpostal-sys-0.1.1/libpostal/src/collections.h:8,
[INFO] [stderr]                    from /opt/rustwide/cargo-home/registry/src/index.crates.io-1949cf8c6b5b557f/libpostal-sys-0.1.1/libpostal/src/trie.h:31,
[INFO] [stderr]                    from /opt/rustwide/cargo-home/registry/src/index.crates.io-1949cf8c6b5b557f/libpostal-sys-0.1.1/libpostal/src/trie_search.h:10,
[INFO] [stderr]                    from /opt/rustwide/cargo-home/registry/src/index.crates.io-1949cf8c6b5b557f/libpostal-sys-0.1.1/libpostal/src/trie_search.c:1:
[INFO] [stderr]   /opt/rustwide/cargo-home/registry/src/index.crates.io-1949cf8c6b5b557f/libpostal-sys-0.1.1/libpostal/src/trie_search.c: In function 'trie_search_prefixes_from_index':
[INFO] [stderr]   /opt/rustwide/cargo-home/registry/src/index.crates.io-1949cf8c6b5b557f/libpostal-sys-0.1.1/libpostal/src/log/log.h:52:55: warning: format '%zu' expects argument of type 'size_t', but argument 3 has type 'uint32_t' {aka 'unsigned int'} [-Wformat=]
[INFO] [stderr]      52 | #define log_debug(M, ...) do { if (0) fprintf(stderr, "\33[34mDEBUG\33[39m " M "  \33[90m at %s (%s:%d) \33[39m\n", ##__VA_ARGS__, __func__, __FILE__, __LINE__); } while (0)
[INFO] [stderr]         |                                                       ^~~~~~~~~~~~~~~~~~~~~~
[INFO] [stderr]   /opt/rustwide/cargo-home/registry/src/index.crates.io-1949cf8c6b5b557f/libpostal-sys-0.1.1/libpostal/src/trie_search.c:670:21: note: in expansion of macro 'log_debug'
[INFO] [stderr]     670 |                     log_debug("No space transition, phrase_len=%zu\n", phrase_len);
[INFO] [stderr]         |                     ^~~~~~~~~
[INFO] [stderr]   /opt/rustwide/cargo-home/registry/src/index.crates.io-1949cf8c6b5b557f/libpostal-sys-0.1.1/libpostal/src/trie_search.c:627:12: warning: variable 'separator_char_len' set but not used [-Wunused-but-set-variable]
[INFO] [stderr]     627 |     size_t separator_char_len = 0;
[INFO] [stderr]         |            ^~~~~~~~~~~~~~~~~~
[INFO] [stderr]   /opt/rustwide/cargo-home/registry/src/index.crates.io-1949cf8c6b5b557f/libpostal-sys-0.1.1/libpostal/src/string_utils.c: In function 'utf8_compare_case_insensitive':
[INFO] [stderr]   /opt/rustwide/cargo-home/registry/src/index.crates.io-1949cf8c6b5b557f/libpostal-sys-0.1.1/libpostal/src/string_utils.c:503:85: warning: unused parameter 'len' [-Wunused-parameter]
[INFO] [stderr]     503 | inline int utf8_compare_case_insensitive(const char *str1, const char *str2, size_t len) {
[INFO] [stderr]         |                                                                              ~~~~~~~^~~
[INFO] [stderr]   /opt/rustwide/cargo-home/registry/src/index.crates.io-1949cf8c6b5b557f/libpostal-sys-0.1.1/libpostal/src/string_utils.c: In function 'utf8_common_prefix_len':
[INFO] [stderr]   /opt/rustwide/cargo-home/registry/src/index.crates.io-1949cf8c6b5b557f/libpostal-sys-0.1.1/libpostal/src/string_utils.c:519:12: warning: unused variable 'remaining' [-Wunused-variable]
[INFO] [stderr]     519 |     size_t remaining = len;
[INFO] [stderr]         |            ^~~~~~~~~
[INFO] [stderr]   /opt/rustwide/cargo-home/registry/src/index.crates.io-1949cf8c6b5b557f/libpostal-sys-0.1.1/libpostal/src/string_utils.c: In function 'string_is_digit':
[INFO] [stderr]   /opt/rustwide/cargo-home/registry/src/index.crates.io-1949cf8c6b5b557f/libpostal-sys-0.1.1/libpostal/src/string_utils.c:678:10: warning: unused variable 'ignorable' [-Wunused-variable]
[INFO] [stderr]     678 |     bool ignorable = true;
[INFO] [stderr]         |          ^~~~~~~~~
[INFO] [stderr]   /opt/rustwide/cargo-home/registry/src/index.crates.io-1949cf8c6b5b557f/libpostal-sys-0.1.1/libpostal/src/string_utils.c: In function 'string_is_ignorable':
[INFO] [stderr]   /opt/rustwide/cargo-home/registry/src/index.crates.io-1949cf8c6b5b557f/libpostal-sys-0.1.1/libpostal/src/string_utils.c:704:10: warning: unused variable 'ignorable' [-Wunused-variable]
[INFO] [stderr]     704 |     bool ignorable = true;
[INFO] [stderr]         |          ^~~~~~~~~
[INFO] [stderr]   /opt/rustwide/cargo-home/registry/src/index.crates.io-1949cf8c6b5b557f/libpostal-sys-0.1.1/libpostal/src/string_utils.c: In function 'cstring_array_get_offset':
[INFO] [stderr]   /opt/rustwide/cargo-home/registry/src/index.crates.io-1949cf8c6b5b557f/libpostal-sys-0.1.1/libpostal/src/string_utils.c:6:34: warning: comparison of unsigned expression in '< 0' is always false [-Wtype-limits]
[INFO] [stderr]       6 | #define INVALID_INDEX(i, n) ((i) < 0 || (i) >= (n))
[INFO] [stderr]         |                                  ^
[INFO] [stderr]   /opt/rustwide/cargo-home/registry/src/index.crates.io-1949cf8c6b5b557f/libpostal-sys-0.1.1/libpostal/src/string_utils.c:1241:9: note: in expansion of macro 'INVALID_INDEX'
[INFO] [stderr]    1241 |     if (INVALID_INDEX(i, self->indices->n)) {
[INFO] [stderr]         |         ^~~~~~~~~~~~~
[INFO] [stderr]   /opt/rustwide/cargo-home/registry/src/index.crates.io-1949cf8c6b5b557f/libpostal-sys-0.1.1/libpostal/src/string_utils.c: In function 'cstring_array_token_length':
[INFO] [stderr]   /opt/rustwide/cargo-home/registry/src/index.crates.io-1949cf8c6b5b557f/libpostal-sys-0.1.1/libpostal/src/string_utils.c:6:34: warning: comparison of unsigned expression in '< 0' is always false [-Wtype-limits]
[INFO] [stderr]       6 | #define INVALID_INDEX(i, n) ((i) < 0 || (i) >= (n))
[INFO] [stderr]         |                                  ^
[INFO] [stderr]   /opt/rustwide/cargo-home/registry/src/index.crates.io-1949cf8c6b5b557f/libpostal-sys-0.1.1/libpostal/src/string_utils.c:1254:9: note: in expansion of macro 'INVALID_INDEX'
[INFO] [stderr]    1254 |     if (INVALID_INDEX(i, self->indices->n)) {
[INFO] [stderr]         |         ^~~~~~~~~~~~~
[INFO] [stderr]   /opt/rustwide/cargo-home/registry/src/index.crates.io-1949cf8c6b5b557f/libpostal-sys-0.1.1/libpostal/src/libpostal.c: In function 'libpostal_classify_language':
[INFO] [stderr]   /opt/rustwide/cargo-home/registry/src/index.crates.io-1949cf8c6b5b557f/libpostal-sys-0.1.1/libpostal/src/libpostal.c:206:58: error: initialization of 'libpostal_language_classifier_response_t *' {aka 'struct libpostal_language_classifier_response *'} from incompatible pointer type 'language_classifier_response_t *' {aka 'struct language_classifier_response *'} [-Wincompatible-pointer-types]
[INFO] [stderr]     206 |     libpostal_language_classifier_response_t *response = classify_languages(address);
[INFO] [stderr]         |                                                          ^~~~~~~~~~~~~~~~~~
[INFO] [stderr]   make[1]: *** [Makefile:1198: libpostal_la-libpostal.lo] Error 1
[INFO] [stderr]   make[1]: *** Waiting for unfinished jobs....
[INFO] [stderr]   In file included from /opt/rustwide/cargo-home/registry/src/index.crates.io-1949cf8c6b5b557f/libpostal-sys-0.1.1/libpostal/src/collections.h:11:
[INFO] [stderr]   In function 'phrase_array_push',
[INFO] [stderr]       inlined from 'trie_search_from_index' at /opt/rustwide/cargo-home/registry/src/index.crates.io-1949cf8c6b5b557f/libpostal-sys-0.1.1/libpostal/src/trie_search.c:128:25:
[INFO] [stderr]   /opt/rustwide/cargo-home/registry/src/index.crates.io-1949cf8c6b5b557f/libpostal-sys-0.1.1/libpostal/src/vector.h:124:30: warning: 'data' may be used uninitialized [-Wmaybe-uninitialized]
[INFO] [stderr]     124 |         array->a[array->n++] = value;                                                       \
[INFO] [stderr]         |         ~~~~~~~~~~~~~~~~~~~~~^~~~~~~
[INFO] [stderr]   /opt/rustwide/cargo-home/registry/src/index.crates.io-1949cf8c6b5b557f/libpostal-sys-0.1.1/libpostal/src/vector.h:190:5: note: in expansion of macro '__VECTOR_BASE'
[INFO] [stderr]     190 |     __VECTOR_BASE(name, type)                                           \
[INFO] [stderr]         |     ^~~~~~~~~~~~~
[INFO] [stderr]   /opt/rustwide/cargo-home/registry/src/index.crates.io-1949cf8c6b5b557f/libpostal-sys-0.1.1/libpostal/src/trie_search.h:26:1: note: in expansion of macro 'VECTOR_INIT'
[INFO] [stderr]      26 | VECTOR_INIT(phrase_array, phrase_t)
[INFO] [stderr]         | ^~~~~~~~~~~
[INFO] [stderr]   /opt/rustwide/cargo-home/registry/src/index.crates.io-1949cf8c6b5b557f/libpostal-sys-0.1.1/libpostal/src/trie_search.c: In function 'trie_search_from_index':
[INFO] [stderr]   /opt/rustwide/cargo-home/registry/src/index.crates.io-1949cf8c6b5b557f/libpostal-sys-0.1.1/libpostal/src/trie_search.c:28:14: note: 'data' was declared here
[INFO] [stderr]      28 |     uint32_t data;
[INFO] [stderr]         |              ^~~~
[INFO] [stderr]   In file included from /opt/rustwide/cargo-home/registry/src/index.crates.io-1949cf8c6b5b557f/libpostal-sys-0.1.1/libpostal/src/logistic_regression.h:26,
[INFO] [stderr]                    from /opt/rustwide/cargo-home/registry/src/index.crates.io-1949cf8c6b5b557f/libpostal-sys-0.1.1/libpostal/src/language_classifier.h:11,
[INFO] [stderr]                    from /opt/rustwide/cargo-home/registry/src/index.crates.io-1949cf8c6b5b557f/libpostal-sys-0.1.1/libpostal/src/expand.c:10:
[INFO] [stderr]   /opt/rustwide/cargo-home/registry/src/index.crates.io-1949cf8c6b5b557f/libpostal-sys-0.1.1/libpostal/src/matrix.h:19:2: warning: #warning "No CBLAS" [-Wcpp]
[INFO] [stderr]      19 | #warning "No CBLAS"
[INFO] [stderr]         |  ^~~~~~~
[INFO] [stderr]   /opt/rustwide/cargo-home/registry/src/index.crates.io-1949cf8c6b5b557f/libpostal-sys-0.1.1/libpostal/src/normalize.c: In function 'normalize_string_languages':
[INFO] [stderr]   /opt/rustwide/cargo-home/registry/src/index.crates.io-1949cf8c6b5b557f/libpostal-sys-0.1.1/libpostal/src/normalize.c:269:22: warning: unused variable 'key' [-Wunused-variable]
[INFO] [stderr]     269 |             khiter_t key = kh_put(int_set, scripts, (khint_t)script, &ret);
[INFO] [stderr]         |                      ^~~
[INFO] [stderr]   /opt/rustwide/cargo-home/registry/src/index.crates.io-1949cf8c6b5b557f/libpostal-sys-0.1.1/libpostal/src/normalize.c:208:11: warning: unused variable 'numex_replaced' [-Wunused-variable]
[INFO] [stderr]     208 |     char *numex_replaced = NULL;
[INFO] [stderr]         |           ^~~~~~~~~~~~~~
[INFO] [stderr]   /opt/rustwide/cargo-home/registry/src/index.crates.io-1949cf8c6b5b557f/libpostal-sys-0.1.1/libpostal/src/normalize.c: In function 'numeric_starts_with_alpha':
[INFO] [stderr]   /opt/rustwide/cargo-home/registry/src/index.crates.io-1949cf8c6b5b557f/libpostal-sys-0.1.1/libpostal/src/normalize.c:374:14: warning: unused variable 'is_hyphen' [-Wunused-variable]
[INFO] [stderr]     374 |         bool is_hyphen = utf8_is_hyphen(ch);
[INFO] [stderr]         |              ^~~~~~~~~
[INFO] [stderr]   /opt/rustwide/cargo-home/registry/src/index.crates.io-1949cf8c6b5b557f/libpostal-sys-0.1.1/libpostal/src/normalize.c:367:10: warning: unused variable 'append_char' [-Wunused-variable]
[INFO] [stderr]     367 |     bool append_char = true;
[INFO] [stderr]         |          ^~~~~~~~~~~
[INFO] [stderr]   /opt/rustwide/cargo-home/registry/src/index.crates.io-1949cf8c6b5b557f/libpostal-sys-0.1.1/libpostal/src/normalize.c: In function 'add_normalized_token':
[INFO] [stderr]   /opt/rustwide/cargo-home/registry/src/index.crates.io-1949cf8c6b5b557f/libpostal-sys-0.1.1/libpostal/src/normalize.c:406:17: warning: variable 'next_char_len' set but not used [-Wunused-but-set-variable]
[INFO] [stderr]     406 |         ssize_t next_char_len;
[INFO] [stderr]         |                 ^~~~~~~~~~~~~
[INFO] [stderr]   /opt/rustwide/cargo-home/registry/src/index.crates.io-1949cf8c6b5b557f/libpostal-sys-0.1.1/libpostal/src/expand.c: In function 'add_affix_expansions':
[INFO] [stderr]   /opt/rustwide/cargo-home/registry/src/index.crates.io-1949cf8c6b5b557f/libpostal-sys-0.1.1/libpostal/src/expand.c:171:65: warning: unused parameter 'lang' [-Wunused-parameter]
[INFO] [stderr]     171 | bool add_affix_expansions(string_tree_t *tree, char *str, char *lang, token_t token, phrase_t prefix, phrase_t suffix, libpostal_normalize_options_t options, bool with_period) {
[INFO] [stderr]         |                                                           ~~~~~~^~~~
[INFO] [stderr]   In file included from /opt/rustwide/cargo-home/registry/src/index.crates.io-1949cf8c6b5b557f/libpostal-sys-0.1.1/libpostal/src/collections.h:8,
[INFO] [stderr]                    from /opt/rustwide/cargo-home/registry/src/index.crates.io-1949cf8c6b5b557f/libpostal-sys-0.1.1/libpostal/src/address_dictionary.h:16,
[INFO] [stderr]                    from /opt/rustwide/cargo-home/registry/src/index.crates.io-1949cf8c6b5b557f/libpostal-sys-0.1.1/libpostal/src/expand.h:9,
[INFO] [stderr]                    from /opt/rustwide/cargo-home/registry/src/index.crates.io-1949cf8c6b5b557f/libpostal-sys-0.1.1/libpostal/src/expand.c:3:
[INFO] [stderr]   /opt/rustwide/cargo-home/registry/src/index.crates.io-1949cf8c6b5b557f/libpostal-sys-0.1.1/libpostal/src/expand.c: In function 'add_string_alternatives_phrase_option':
[INFO] [stderr]   /opt/rustwide/cargo-home/registry/src/index.crates.io-1949cf8c6b5b557f/libpostal-sys-0.1.1/libpostal/src/log/log.h:52:55: warning: format '%zu' expects argument of type 'size_t', but argument 3 has type 'uint32_t' {aka 'unsigned int'} [-Wformat=]
[INFO] [stderr]      52 | #define log_debug(M, ...) do { if (0) fprintf(stderr, "\33[34mDEBUG\33[39m " M "  \33[90m at %s (%s:%d) \33[39m\n", ##__VA_ARGS__, __func__, __FILE__, __LINE__); } while (0)
[INFO] [stderr]         |                                                       ^~~~~~~~~~~~~~~~~~~~~~
[INFO] [stderr]   /opt/rustwide/cargo-home/registry/src/index.crates.io-1949cf8c6b5b557f/libpostal-sys-0.1.1/libpostal/src/expand.c:817:17: note: in expansion of macro 'log_debug'
[INFO] [stderr]     817 |                 log_debug("phrase.start = %zu, prev_phrase_end = %zu\n", phrase.start, prev_phrase_end);
[INFO] [stderr]         |                 ^~~~~~~~~
[INFO] [stderr]   /opt/rustwide/cargo-home/registry/src/index.crates.io-1949cf8c6b5b557f/libpostal-sys-0.1.1/libpostal/src/log/log.h:52:55: warning: format '%zu' expects argument of type 'size_t', but argument 3 has type 'int' [-Wformat=]
[INFO] [stderr]      52 | #define log_debug(M, ...) do { if (0) fprintf(stderr, "\33[34mDEBUG\33[39m " M "  \33[90m at %s (%s:%d) \33[39m\n", ##__VA_ARGS__, __func__, __FILE__, __LINE__); } while (0)
[INFO] [stderr]         |                                                       ^~~~~~~~~~~~~~~~~~~~~~
[INFO] [stderr]   /opt/rustwide/cargo-home/registry/src/index.crates.io-1949cf8c6b5b557f/libpostal-sys-0.1.1/libpostal/src/expand.c:864:21: note: in expansion of macro 'log_debug'
[INFO] [stderr]     864 |                     log_debug("have_strictly_ignorable=%zu, phrase_is_canonical=%zu\n", have_strictly_ignorable, phrase_is_canonical);
[INFO] [stderr]         |                     ^~~~~~~~~
[INFO] [stderr]   /opt/rustwide/cargo-home/registry/src/index.crates.io-1949cf8c6b5b557f/libpostal-sys-0.1.1/libpostal/src/log/log.h:52:55: warning: format '%zu' expects argument of type 'size_t', but argument 4 has type 'int' [-Wformat=]
[INFO] [stderr]      52 | #define log_debug(M, ...) do { if (0) fprintf(stderr, "\33[34mDEBUG\33[39m " M "  \33[90m at %s (%s:%d) \33[39m\n", ##__VA_ARGS__, __func__, __FILE__, __LINE__); } while (0)
[INFO] [stderr]         |                                                       ^~~~~~~~~~~~~~~~~~~~~~
[INFO] [stderr]   /opt/rustwide/cargo-home/registry/src/index.crates.io-1949cf8c6b5b557f/libpostal-sys-0.1.1/libpostal/src/expand.c:864:21: note: in expansion of macro 'log_debug'
[INFO] [stderr]     864 |                     log_debug("have_strictly_ignorable=%zu, phrase_is_canonical=%zu\n", have_strictly_ignorable, phrase_is_canonical);
[INFO] [stderr]         |                     ^~~~~~~~~
[INFO] [stderr]   /opt/rustwide/cargo-home/registry/src/index.crates.io-1949cf8c6b5b557f/libpostal-sys-0.1.1/libpostal/src/expand.c:924:26: warning: unused variable 'have_period_affixes' [-Wunused-variable]
[INFO] [stderr]     924 |                     bool have_period_affixes = add_period_affixes_or_token(tree, str, token, options);
[INFO] [stderr]         |                          ^~~~~~~~~~~~~~~~~~~
[INFO] [stderr]   /opt/rustwide/cargo-home/registry/src/index.crates.io-1949cf8c6b5b557f/libpostal-sys-0.1.1/libpostal/src/expand.c:1176:46: warning: unused variable 'start_index' [-Wunused-variable]
[INFO] [stderr]    1176 |                                     uint32_t start_index = cstring_array_start_token(tree->strings);
[INFO] [stderr]         |                                              ^~~~~~~~~~~
[INFO] [stderr]   /opt/rustwide/cargo-home/registry/src/index.crates.io-1949cf8c6b5b557f/libpostal-sys-0.1.1/libpostal/src/expand.c:1194:38: warning: unused variable 'start_index' [-Wunused-variable]
[INFO] [stderr]    1194 |                             uint32_t start_index = cstring_array_start_token(tree->strings);
[INFO] [stderr]         |                                      ^~~~~~~~~~~
[INFO] [stderr]   /opt/rustwide/cargo-home/registry/src/index.crates.io-1949cf8c6b5b557f/libpostal-sys-0.1.1/libpostal/src/expand.c:1227:26: warning: unused variable 'start_index' [-Wunused-variable]
[INFO] [stderr]    1227 |                 uint32_t start_index = cstring_array_start_token(tree->strings);
[INFO] [stderr]         |                          ^~~~~~~~~~~
[INFO] [stderr]   /opt/rustwide/cargo-home/registry/src/index.crates.io-1949cf8c6b5b557f/libpostal-sys-0.1.1/libpostal/src/expand.c:1302:22: warning: unused variable 'have_period_affixes' [-Wunused-variable]
[INFO] [stderr]    1302 |                 bool have_period_affixes = add_period_affixes_or_token(tree, str, token, options);
[INFO] [stderr]         |                      ^~~~~~~~~~~~~~~~~~~
[INFO] [stderr]   /opt/rustwide/cargo-home/registry/src/index.crates.io-1949cf8c6b5b557f/libpostal-sys-0.1.1/libpostal/src/expand.c:1336:22: warning: unused variable 'have_period_affixes' [-Wunused-variable]
[INFO] [stderr]    1336 |                 bool have_period_affixes = add_period_affixes_or_token(tree, str, token, options);
[INFO] [stderr]         |                      ^~~~~~~~~~~~~~~~~~~
[INFO] [stderr]   /opt/rustwide/cargo-home/registry/src/index.crates.io-1949cf8c6b5b557f/libpostal-sys-0.1.1/libpostal/src/expand.c: In function 'normalize_ordinal_suffixes':
[INFO] [stderr]   /opt/rustwide/cargo-home/registry/src/index.crates.io-1949cf8c6b5b557f/libpostal-sys-0.1.1/libpostal/src/expand.c:1360:106: warning: unused parameter 'i' [-Wunused-parameter]
[INFO] [stderr]    1360 | inline bool normalize_ordinal_suffixes(string_tree_t *tree, char *str, char *lang, token_t token, size_t i, token_t prev_token, libpostal_normalize_options_t options) {
[INFO] [stderr]         |                                                                                                   ~~~~~~~^
[INFO] [stderr]   /opt/rustwide/cargo-home/registry/src/index.crates.io-1949cf8c6b5b557f/libpostal-sys-0.1.1/libpostal/src/expand.c: In function 'expand_alternative_phrase_option':
[INFO] [stderr]   /opt/rustwide/cargo-home/registry/src/index.crates.io-1949cf8c6b5b557f/libpostal-sys-0.1.1/libpostal/src/expand.c:1432:11: warning: unused variable 'lang' [-Wunused-variable]
[INFO] [stderr]    1432 |     char *lang;
[INFO] [stderr]         |           ^~~~
[INFO] [stderr]   In file included from /opt/rustwide/cargo-home/registry/src/index.crates.io-1949cf8c6b5b557f/libpostal-sys-0.1.1/libpostal/src/sparse_matrix.h:46,
[INFO] [stderr]                    from /opt/rustwide/cargo-home/registry/src/index.crates.io-1949cf8c6b5b557f/libpostal-sys-0.1.1/libpostal/src/averaged_perceptron.h:27,
[INFO] [stderr]                    from /opt/rustwide/cargo-home/registry/src/index.crates.io-1949cf8c6b5b557f/libpostal-sys-0.1.1/libpostal/src/address_parser.h:52,
[INFO] [stderr]                    from /opt/rustwide/cargo-home/registry/src/index.crates.io-1949cf8c6b5b557f/libpostal-sys-0.1.1/libpostal/src/address_parser_io.h:8,
[INFO] [stderr]                    from /opt/rustwide/cargo-home/registry/src/index.crates.io-1949cf8c6b5b557f/libpostal-sys-0.1.1/libpostal/src/address_parser_io.c:1:
[INFO] [stderr]   /opt/rustwide/cargo-home/registry/src/index.crates.io-1949cf8c6b5b557f/libpostal-sys-0.1.1/libpostal/src/matrix.h:19:2: warning: #warning "No CBLAS" [-Wcpp]
[INFO] [stderr]      19 | #warning "No CBLAS"
[INFO] [stderr]         |  ^~~~~~~
[INFO] [stderr]   In file included from /opt/rustwide/cargo-home/registry/src/index.crates.io-1949cf8c6b5b557f/libpostal-sys-0.1.1/libpostal/src/file_utils.h:12,
[INFO] [stderr]                    from /opt/rustwide/cargo-home/registry/src/index.crates.io-1949cf8c6b5b557f/libpostal-sys-0.1.1/libpostal/src/sparse_matrix.h:45:
[INFO] [stderr]   /opt/rustwide/cargo-home/registry/src/index.crates.io-1949cf8c6b5b557f/libpostal-sys-0.1.1/libpostal/src/address_parser_io.c: In function 'address_parser_data_set_tokenize_line':
[INFO] [stderr]   /opt/rustwide/cargo-home/registry/src/index.crates.io-1949cf8c6b5b557f/libpostal-sys-0.1.1/libpostal/src/address_parser_io.c:105:16: warning: unused variable 'pair_len' [-Wunused-variable]
[INFO] [stderr]     105 |         size_t pair_len = strlen(str);
[INFO] [stderr]         |                ^~~~~~~~
[INFO] [stderr]   /opt/rustwide/cargo-home/registry/src/index.crates.io-1949cf8c6b5b557f/libpostal-sys-0.1.1/libpostal/src/string_utils.h:251:9: note: in definition of macro 'cstring_array_foreach'
[INFO] [stderr]     251 |         code;                                                                           \
[INFO] [stderr]         |         ^~~~
[INFO] [stderr]   /opt/rustwide/cargo-home/registry/src/index.crates.io-1949cf8c6b5b557f/libpostal-sys-0.1.1/libpostal/src/address_parser_io.c:99:12: warning: unused variable 'num_pairs' [-Wunused-variable]
[INFO] [stderr]      99 |     size_t num_pairs = cstring_array_num_strings(pairs);
[INFO] [stderr]         |            ^~~~~~~~~
[INFO] [stderr]   /opt/rustwide/cargo-home/registry/src/index.crates.io-1949cf8c6b5b557f/libpostal-sys-0.1.1/libpostal/src/address_parser_io.c: In function 'address_parser_data_set_next':
[INFO] [stderr]   /opt/rustwide/cargo-home/registry/src/index.crates.io-1949cf8c6b5b557f/libpostal-sys-0.1.1/libpostal/src/address_parser_io.c:246:12: warning: unused variable 'len' [-Wunused-variable]
[INFO] [stderr]     246 |     size_t len = strlen(normalized);
[INFO] [stderr]         |            ^~~
[INFO] [stderr]   In function 'phrase_array_push',
[INFO] [stderr]       inlined from 'trie_search_tokens_from_index' at /opt/rustwide/cargo-home/registry/src/index.crates.io-1949cf8c6b5b557f/libpostal-sys-0.1.1/libpostal/src/trie_search.c:458:9:
[INFO] [stderr]   /opt/rustwide/cargo-home/registry/src/index.crates.io-1949cf8c6b5b557f/libpostal-sys-0.1.1/libpostal/src/vector.h:124:30: warning: 'data' may be used uninitialized [-Wmaybe-uninitialized]
[INFO] [stderr]     124 |         array->a[array->n++] = value;                                                       \
[INFO] [stderr]         |         ~~~~~~~~~~~~~~~~~~~~~^~~~~~~
[INFO] [stderr]   /opt/rustwide/cargo-home/registry/src/index.crates.io-1949cf8c6b5b557f/libpostal-sys-0.1.1/libpostal/src/vector.h:190:5: note: in expansion of macro '__VECTOR_BASE'
[INFO] [stderr]     190 |     __VECTOR_BASE(name, type)                                           \
[INFO] [stderr]         |     ^~~~~~~~~~~~~
[INFO] [stderr]   /opt/rustwide/cargo-home/registry/src/index.crates.io-1949cf8c6b5b557f/libpostal-sys-0.1.1/libpostal/src/trie_search.h:26:1: note: in expansion of macro 'VECTOR_INIT'
[INFO] [stderr]      26 | VECTOR_INIT(phrase_array, phrase_t)
[INFO] [stderr]         | ^~~~~~~~~~~
[INFO] [stderr]   /opt/rustwide/cargo-home/registry/src/index.crates.io-1949cf8c6b5b557f/libpostal-sys-0.1.1/libpostal/src/trie_search.c: In function 'trie_search_tokens_from_index':
[INFO] [stderr]   /opt/rustwide/cargo-home/registry/src/index.crates.io-1949cf8c6b5b557f/libpostal-sys-0.1.1/libpostal/src/trie_search.c:246:14: note: 'data' was declared here
[INFO] [stderr]     246 |     uint32_t data;
[INFO] [stderr]         |              ^~~~
[INFO] [stderr]   In file included from /opt/rustwide/cargo-home/registry/src/index.crates.io-1949cf8c6b5b557f/libpostal-sys-0.1.1/libpostal/src/trie_utils.h:5,
[INFO] [stderr]                    from /opt/rustwide/cargo-home/registry/src/index.crates.io-1949cf8c6b5b557f/libpostal-sys-0.1.1/libpostal/src/trie_utils.c:1:
[INFO] [stderr]   /opt/rustwide/cargo-home/registry/src/index.crates.io-1949cf8c6b5b557f/libpostal-sys-0.1.1/libpostal/src/trie_utils.c:94:14: warning: 'next_id' may be used uninitialized [-Wmaybe-uninitialized]
[INFO] [stderr]      94 |         if (!trie_add(trie, key, next_id++)) {
[INFO] [stderr]         |              ^~~~~~~~~~~~~~~~~~~~~~~~~~~~~~
[INFO] [stderr]   /opt/rustwide/cargo-home/registry/src/index.crates.io-1949cf8c6b5b557f/libpostal-sys-0.1.1/libpostal/src/string_utils.h:251:9: note: in definition of macro 'cstring_array_foreach'
[INFO] [stderr]     251 |         code;                                                                           \
[INFO] [stderr]         |         ^~~~
[INFO] [stderr]   /opt/rustwide/cargo-home/registry/src/index.crates.io-1949cf8c6b5b557f/libpostal-sys-0.1.1/libpostal/src/trie_utils.c:88:14: note: 'next_id' was declared here
[INFO] [stderr]      88 |     uint32_t next_id;
[INFO] [stderr]         |              ^~~~~~~
[INFO] [stderr]   /opt/rustwide/cargo-home/registry/src/index.crates.io-1949cf8c6b5b557f/libpostal-sys-0.1.1/libpostal/src/trie.c: In function 'trie_get_from_index':
[INFO] [stderr]   /opt/rustwide/cargo-home/registry/src/index.crates.io-1949cf8c6b5b557f/libpostal-sys-0.1.1/libpostal/src/trie.c:880:12: warning: 'next_id' may be used uninitialized [-Wmaybe-uninitialized]
[INFO] [stderr]     880 |     return next_id;
[INFO] [stderr]         |            ^~~~~~~
[INFO] [stderr]   /opt/rustwide/cargo-home/registry/src/index.crates.io-1949cf8c6b5b557f/libpostal-sys-0.1.1/libpostal/src/trie.c:853:14: note: 'next_id' was declared here
[INFO] [stderr]     853 |     uint32_t next_id;
[INFO] [stderr]         |              ^~~~~~~
[INFO] [stderr]   make: *** [Makefile:459: install-recursive] Error 1
[INFO] [stderr] 
[INFO] [stderr]   thread 'main' (2303) panicked at /opt/rustwide/cargo-home/registry/src/index.crates.io-1949cf8c6b5b557f/autotools-0.2.6/src/lib.rs:781:5:
[INFO] [stderr] 
[INFO] [stderr]   command did not execute successfully, got: exit status: 2
[INFO] [stderr] 
[INFO] [stderr]   build script failed, must exit now
[INFO] [stderr]   stack backtrace:
[INFO] [stderr]      0:     0x5937aabf74f1 - <<std[70759c8f55707aa4]::sys::backtrace::BacktraceLock>::print::DisplayBacktrace as core[df12db4294e9bfd3]::fmt::Display>::fmt
[INFO] [stderr]      1:     0x5937aac0a9fa - core[df12db4294e9bfd3]::fmt::write
[INFO] [stderr]      2:     0x5937aabfcd0c - <std[70759c8f55707aa4]::sys::stdio::unix::Stderr as core[df12db4294e9bfd3]::io::write::Write>::write_fmt
[INFO] [stderr]      3:     0x5937aabd7b66 - std[70759c8f55707aa4]::panicking::default_hook::{closure#0}
[INFO] [stderr]      4:     0x5937aabf2b61 - std[70759c8f55707aa4]::panicking::default_hook
[INFO] [stderr]      5:     0x5937aabf2d1b - std[70759c8f55707aa4]::panicking::panic_with_hook
[INFO] [stderr]      6:     0x5937aabd7c12 - std[70759c8f55707aa4]::panicking::panic_handler::{closure#0}
[INFO] [stderr]      7:     0x5937aabd08a9 - std[70759c8f55707aa4]::sys::backtrace::__rust_end_short_backtrace::<std[70759c8f55707aa4]::panicking::panic_handler::{closure#0}, !>
[INFO] [stderr]      8:     0x5937aabd842d - __rustc[8fa7c3cbc660c2b3]::rust_begin_unwind
[INFO] [stderr]      9:     0x5937aac0b16c - core[df12db4294e9bfd3]::panicking::panic_fmt
[INFO] [stderr]     10:     0x5937aab7f257 - autotools[6f3c86fc102539ea]::fail
[INFO] [stderr]     11:     0x5937aab82a28 - <autotools[6f3c86fc102539ea]::Config>::build
[INFO] [stderr]     12:     0x5937aab7c616 - build_script_build[223a9896c5dcd0c6]::build_libpostal
[INFO] [stderr]     13:     0x5937aab7c80e - build_script_build[223a9896c5dcd0c6]::main
[INFO] [stderr]     14:     0x5937aab7d313 - <fn() as core[df12db4294e9bfd3]::ops::function::FnOnce<()>>::call_once
[INFO] [stderr]     15:     0x5937aab7c2b6 - std[70759c8f55707aa4]::sys::backtrace::__rust_begin_short_backtrace::<fn(), ()>
[INFO] [stderr]     16:     0x5937aab7c309 - std[70759c8f55707aa4]::rt::lang_start::<()>::{closure#0}
[INFO] [stderr]     17:     0x5937aabf1f29 - std[70759c8f55707aa4]::rt::lang_start_internal
[INFO] [stderr]     18:     0x5937aab7be51 - std[70759c8f55707aa4]::rt::lang_start::<()>
[INFO] [stderr]     19:     0x5937aab7d385 - main
[INFO] [stderr]     20:     0x7cc1bc13f601 - <unknown>
[INFO] [stderr]     21:     0x7cc1bc13f718 - __libc_start_main
[INFO] [stderr]     22:     0x5937aab7aaa5 - _start
[INFO] [stderr]     23:                0x0 - <unknown>
[INFO] running `Command { std: "docker" "inspect" "eda48a81da8fa31d4a26c908dc66bff343d351d15ed43a0239180cd6acae001b", kill_on_drop: false }`
[INFO] running `Command { std: "docker" "rm" "-f" "eda48a81da8fa31d4a26c908dc66bff343d351d15ed43a0239180cd6acae001b", kill_on_drop: false }`
[INFO] [stdout] eda48a81da8fa31d4a26c908dc66bff343d351d15ed43a0239180cd6acae001b
