[INFO] fetching crate genotype_lang_ts_tree 0.17.0...
[INFO] testing genotype_lang_ts_tree-0.17.0 against 1.99.0-beta.8+cargoflags=--release for beta-release-1.100-2
[INFO] extracting crate genotype_lang_ts_tree 0.17.0 into /workspace/builds/worker-5-tc1/source
[INFO] started tweaking crates.io crate genotype_lang_ts_tree 0.17.0
[INFO] finished tweaking crates.io crate genotype_lang_ts_tree 0.17.0
[INFO] tweaked toml for crates.io crate genotype_lang_ts_tree 0.17.0 written to /workspace/builds/worker-5-tc1/source/Cargo.toml
[INFO] validating manifest of crates.io crate genotype_lang_ts_tree 0.17.0 on toolchain 1.99.0-beta.8
[INFO] running `Command { std: CARGO_HOME="/workspace/cargo-home" RUSTUP_HOME="/workspace/rustup-home" "/workspace/cargo-home/bin/cargo" "+1.99.0-beta.8" "metadata" "--manifest-path" "Cargo.toml" "--no-deps", kill_on_drop: false }`
[INFO] crate crates.io crate genotype_lang_ts_tree 0.17.0 already has a lockfile, it will not be regenerated
[INFO] running `Command { std: CARGO_HOME="/workspace/cargo-home" RUSTUP_HOME="/workspace/rustup-home" "/workspace/cargo-home/bin/cargo" "+1.99.0-beta.8" "fetch" "--manifest-path" "Cargo.toml", kill_on_drop: false }`
[INFO] [stderr]     Updating crates.io index
[INFO] [stderr]  Downloading crates ...
[INFO] [stderr]   Downloaded owo-colors v4.1.0
[INFO] [stderr]   Downloaded supports-color v3.0.1
[INFO] [stderr]   Downloaded backtrace v0.3.73
[INFO] [stderr]   Downloaded genotype_lang_core_tree v0.17.0
[INFO] [stderr]   Downloaded litty v0.5.0
[INFO] [stderr]   Downloaded genotype_visitor_macro v0.17.0
[INFO] [stderr]   Downloaded litty_macro v0.5.0
[INFO] [stderr]   Downloaded genotype_core v0.17.0
[INFO] [stderr]   Downloaded genotype_lang_ts_config v0.17.0
[INFO] [stderr]   Downloaded addr2line v0.22.0
[INFO] [stderr]   Downloaded genotype_project_core v0.17.0
[INFO] [stderr]   Downloaded genotype_parser v0.17.0
[INFO] [stderr]   Downloaded toml v0.8.22
[INFO] [stderr]   Downloaded gimli v0.29.0
[INFO] running `Command { std: "docker" "create" "-v" "/var/lib/crater-agent-workspace/builds/worker-5-tc1/source:/opt/rustwide/workdir:ro,Z" "-v" "/var/lib/crater-agent-workspace/builds/worker-5-tc1/target:/opt/rustwide/target:rw,Z" "-v" "/var/lib/crater-agent-workspace/cargo-home:/opt/rustwide/cargo-home:ro,Z" "-v" "/var/lib/crater-agent-workspace/rustup-home:/opt/rustwide/rustup-home:ro,Z" "-m" "1610612736" "--network" "none" "ghcr.io/rust-lang/crates-build-env/linux@sha256:77db811e55d90add9212f6832c23229e3de5f1c1f9905e8cb07319ea15df73ac" "sleep" "infinity", kill_on_drop: false }`
[INFO] [stdout] a52e4b56455e6aa67eca4411c3b83b996b5f54ccc58bc2ce0d4af0241eddcbcc
[INFO] running `Command { std: "docker" "start" "a52e4b56455e6aa67eca4411c3b83b996b5f54ccc58bc2ce0d4af0241eddcbcc", kill_on_drop: false }`
[INFO] running `Command { std: "docker" "inspect" "a52e4b56455e6aa67eca4411c3b83b996b5f54ccc58bc2ce0d4af0241eddcbcc", kill_on_drop: false }`
[INFO] running `Command { std: "docker" "exec" "-e" "SOURCE_DIR=/opt/rustwide/workdir" "-e" "CARGO_HOME=/opt/rustwide/cargo-home" "-e" "RUSTUP_HOME=/opt/rustwide/rustup-home" "-e" "CARGO_TARGET_DIR=/opt/rustwide/target" "-w" "/opt/rustwide/workdir" "--user" "0:0" "a52e4b56455e6aa67eca4411c3b83b996b5f54ccc58bc2ce0d4af0241eddcbcc" "/opt/rustwide/cargo-home/bin/cargo" "+1.99.0-beta.8" "metadata" "--no-deps" "--format-version=1", kill_on_drop: false }`
[INFO] running `Command { std: "docker" "inspect" "a52e4b56455e6aa67eca4411c3b83b996b5f54ccc58bc2ce0d4af0241eddcbcc", kill_on_drop: false }`
[INFO] running `Command { std: "docker" "exec" "-e" "SOURCE_DIR=/opt/rustwide/workdir" "-e" "CARGO_HOME=/opt/rustwide/cargo-home" "-e" "RUSTUP_HOME=/opt/rustwide/rustup-home" "-e" "CARGO_TARGET_DIR=/opt/rustwide/target" "-e" "CARGO_INCREMENTAL=0" "-e" "RUST_BACKTRACE=full" "-e" "RUSTFLAGS=--cap-lints=warn" "-e" "RUSTDOCFLAGS=--cap-lints=warn" "-w" "/opt/rustwide/workdir" "--user" "0:0" "a52e4b56455e6aa67eca4411c3b83b996b5f54ccc58bc2ce0d4af0241eddcbcc" "/opt/rustwide/cargo-home/bin/cargo" "+1.99.0-beta.8" "build" "--frozen" "--message-format=json" "--release", kill_on_drop: false }`
[INFO] [stderr]    Compiling serde_core v1.0.228
[INFO] [stderr]    Compiling serde v1.0.228
[INFO] [stderr]    Compiling gimli v0.29.0
[INFO] [stderr]    Compiling rustix v1.1.4
[INFO] [stderr]    Compiling rustc-demangle v0.1.24
[INFO] [stderr]    Compiling bitflags v2.13.1
[INFO] [stderr]    Compiling proc-macro2 v1.0.107
[INFO] [stderr]    Compiling cc v1.3.0
[INFO] [stderr]    Compiling miniz_oxide v0.7.4
[INFO] [stderr]    Compiling object v0.36.3
[INFO] [stderr]    Compiling owo-colors v4.1.0
[INFO] [stderr]    Compiling is_ci v1.2.0
[INFO] [stderr]    Compiling textwrap v0.16.2
[INFO] [stderr]    Compiling equivalent v1.0.1
[INFO] [stderr]    Compiling supports-unicode v3.0.0
[INFO] [stderr]    Compiling supports-hyperlinks v3.2.0
[INFO] [stderr]    Compiling supports-color v3.0.1
[INFO] [stderr]    Compiling ucd-trie v0.1.6
[INFO] [stderr]    Compiling thiserror v1.0.64
[INFO] [stderr]    Compiling toml_write v0.1.1
[INFO] [stderr]    Compiling pest v2.8.6
[INFO] [stderr]    Compiling xxhash-rust v0.8.18
[INFO] [stderr]    Compiling quote v1.0.45
[INFO] [stderr]    Compiling syn v2.0.117
[INFO] [stderr]    Compiling terminal_size v0.4.3
[INFO] [stderr]    Compiling backtrace v0.3.73
[INFO] [stderr]    Compiling pest_meta v2.8.6
[INFO] [stderr]    Compiling pest_generator v2.8.6
[INFO] [stderr]    Compiling addr2line v0.22.0
[INFO] [stderr]    Compiling serde_derive v1.0.228
[INFO] [stderr]    Compiling miette-derive v7.6.0
[INFO] [stderr]    Compiling thiserror-impl v1.0.64
[INFO] [stderr]    Compiling genotype_visitor_macro v0.17.0
[INFO] [stderr]    Compiling indexmap v2.14.0
[INFO] [stderr]    Compiling serde_json v1.0.151
[INFO] [stderr]    Compiling pest_derive v2.8.6
[INFO] [stderr]    Compiling backtrace-ext v0.2.1
[INFO] [stderr]    Compiling litty_macro v0.5.0
[INFO] [stderr]    Compiling miette v7.6.0
[INFO] [stderr]    Compiling serde_spanned v0.6.8
[INFO] [stderr]    Compiling toml_datetime v0.6.9
[INFO] [stderr]    Compiling relative-path v1.9.3
[INFO] [stderr]    Compiling toml_edit v0.22.26
[INFO] [stderr]    Compiling litty v0.5.0
[INFO] [stderr]    Compiling genotype_core v0.17.0
[INFO] [stderr]    Compiling toml v0.8.22
[INFO] [stderr]    Compiling genotype_parser v0.17.0
[INFO] [stderr]    Compiling genotype_project_core v0.17.0
[INFO] [stdout] error[E0599]: the method `as_str` exists for reference `&types::lang::GtpLang`, but its trait bounds were not satisfied
[INFO] [stdout]    --> /opt/rustwide/cargo-home/registry/src/index.crates.io-1949cf8c6b5b557f/genotype_project_core-0.17.0/src/lang/mod.rs:11:14
[INFO] [stdout]     |
[INFO] [stdout]  11 |         self.as_str() == other
[INFO] [stdout]     |              ^^^^^^ method cannot be called on `&types::lang::GtpLang` due to unsatisfied trait bounds
[INFO] [stdout]     |
[INFO] [stdout]    ::: /opt/rustwide/cargo-home/registry/src/index.crates.io-1949cf8c6b5b557f/genotype_project_core-0.17.0/src/types/lang.rs:8:1
[INFO] [stdout]     |
[INFO] [stdout]   8 | pub enum GtpLang {
[INFO] [stdout]     | ---------------- doesn't satisfy `types::lang::GtpLang: path::GtpRelativePathWrapper` or `types::lang::GtpLang: path::GtpRelativePath`
[INFO] [stdout]     |
[INFO] [stdout] note: the following trait bounds were not satisfied:
[INFO] [stdout]       `&types::lang::GtpLang: path::GtpRelativePathWrapper`
[INFO] [stdout]       `types::lang::GtpLang: path::GtpRelativePathWrapper`
[INFO] [stdout]    --> /opt/rustwide/cargo-home/registry/src/index.crates.io-1949cf8c6b5b557f/genotype_project_core-0.17.0/src/path/mod.rs:332:12
[INFO] [stdout]     |
[INFO] [stdout] 332 | impl<Type: GtpRelativePathWrapper> GtpRelativePath for Type {
[INFO] [stdout]     |            ^^^^^^^^^^^^^^^^^^^^^^  ---------------     ----
[INFO] [stdout]     |            |
[INFO] [stdout]     |            unsatisfied trait bound introduced here
[INFO] [stdout] note: the trait `path::GtpRelativePathWrapper` must be implemented
[INFO] [stdout]    --> /opt/rustwide/cargo-home/registry/src/index.crates.io-1949cf8c6b5b557f/genotype_project_core-0.17.0/src/path/mod.rs:324:1
[INFO] [stdout]     |
[INFO] [stdout] 324 | pub trait GtpRelativePathWrapper {
[INFO] [stdout]     | ^^^^^^^^^^^^^^^^^^^^^^^^^^^^^^^^
[INFO] [stdout]     = help: items from traits can only be used if the trait is implemented and in scope
[INFO] [stdout] note: `path::GtpRelativePath` defines an item `as_str`, perhaps you need to implement it
[INFO] [stdout]    --> /opt/rustwide/cargo-home/registry/src/index.crates.io-1949cf8c6b5b557f/genotype_project_core-0.17.0/src/path/mod.rs:251:1
[INFO] [stdout]     |
[INFO] [stdout] 251 | pub trait GtpRelativePath {
[INFO] [stdout]     | ^^^^^^^^^^^^^^^^^^^^^^^^^
[INFO] [stdout] 
[INFO] [stdout] 
[INFO] [stdout] error[E0599]: the method `as_str` exists for reference `&types::lang::GtpLang`, but its trait bounds were not satisfied
[INFO] [stdout]    --> /opt/rustwide/cargo-home/registry/src/index.crates.io-1949cf8c6b5b557f/genotype_project_core-0.17.0/src/lang/mod.rs:25:14
[INFO] [stdout]     |
[INFO] [stdout]  25 |         self.as_str().cmp(other.as_str())
[INFO] [stdout]     |              ^^^^^^ method cannot be called on `&types::lang::GtpLang` due to unsatisfied trait bounds
[INFO] [stdout]     |
[INFO] [stdout]    ::: /opt/rustwide/cargo-home/registry/src/index.crates.io-1949cf8c6b5b557f/genotype_project_core-0.17.0/src/types/lang.rs:8:1
[INFO] [stdout]     |
[INFO] [stdout]   8 | pub enum GtpLang {
[INFO] [stdout]     | ---------------- doesn't satisfy `types::lang::GtpLang: path::GtpRelativePathWrapper` or `types::lang::GtpLang: path::GtpRelativePath`
[INFO] [stdout]     |
[INFO] [stdout] note: the following trait bounds were not satisfied:
[INFO] [stdout]       `&types::lang::GtpLang: path::GtpRelativePathWrapper`
[INFO] [stdout]       `types::lang::GtpLang: path::GtpRelativePathWrapper`
[INFO] [stdout]    --> /opt/rustwide/cargo-home/registry/src/index.crates.io-1949cf8c6b5b557f/genotype_project_core-0.17.0/src/path/mod.rs:332:12
[INFO] [stdout]     |
[INFO] [stdout] 332 | impl<Type: GtpRelativePathWrapper> GtpRelativePath for Type {
[INFO] [stdout]     |            ^^^^^^^^^^^^^^^^^^^^^^  ---------------     ----
[INFO] [stdout]     |            |
[INFO] [stdout]     |            unsatisfied trait bound introduced here
[INFO] [stdout] note: the trait `path::GtpRelativePathWrapper` must be implemented
[INFO] [stdout]    --> /opt/rustwide/cargo-home/registry/src/index.crates.io-1949cf8c6b5b557f/genotype_project_core-0.17.0/src/path/mod.rs:324:1
[INFO] [stdout]     |
[INFO] [stdout] 324 | pub trait GtpRelativePathWrapper {
[INFO] [stdout]     | ^^^^^^^^^^^^^^^^^^^^^^^^^^^^^^^^
[INFO] [stdout]     = help: items from traits can only be used if the trait is implemented and in scope
[INFO] [stdout] note: `path::GtpRelativePath` defines an item `as_str`, perhaps you need to implement it
[INFO] [stdout]    --> /opt/rustwide/cargo-home/registry/src/index.crates.io-1949cf8c6b5b557f/genotype_project_core-0.17.0/src/path/mod.rs:251:1
[INFO] [stdout]     |
[INFO] [stdout] 251 | pub trait GtpRelativePath {
[INFO] [stdout]     | ^^^^^^^^^^^^^^^^^^^^^^^^^
[INFO] [stdout] 
[INFO] [stdout] 
[INFO] [stdout] error[E0599]: the method `as_str` exists for reference `&types::lang::GtpLang`, but its trait bounds were not satisfied
[INFO] [stdout]    --> /opt/rustwide/cargo-home/registry/src/index.crates.io-1949cf8c6b5b557f/genotype_project_core-0.17.0/src/lang/mod.rs:25:33
[INFO] [stdout]     |
[INFO] [stdout]  25 |         self.as_str().cmp(other.as_str())
[INFO] [stdout]     |                                 ^^^^^^ method cannot be called on `&types::lang::GtpLang` due to unsatisfied trait bounds
[INFO] [stdout]     |
[INFO] [stdout]    ::: /opt/rustwide/cargo-home/registry/src/index.crates.io-1949cf8c6b5b557f/genotype_project_core-0.17.0/src/types/lang.rs:8:1
[INFO] [stdout]     |
[INFO] [stdout]   8 | pub enum GtpLang {
[INFO] [stdout]     | ---------------- doesn't satisfy `types::lang::GtpLang: path::GtpRelativePathWrapper` or `types::lang::GtpLang: path::GtpRelativePath`
[INFO] [stdout]     |
[INFO] [stdout] note: the following trait bounds were not satisfied:
[INFO] [stdout]       `&types::lang::GtpLang: path::GtpRelativePathWrapper`
[INFO] [stdout]       `types::lang::GtpLang: path::GtpRelativePathWrapper`
[INFO] [stdout]    --> /opt/rustwide/cargo-home/registry/src/index.crates.io-1949cf8c6b5b557f/genotype_project_core-0.17.0/src/path/mod.rs:332:12
[INFO] [stdout]     |
[INFO] [stdout] 332 | impl<Type: GtpRelativePathWrapper> GtpRelativePath for Type {
[INFO] [stdout]     |            ^^^^^^^^^^^^^^^^^^^^^^  ---------------     ----
[INFO] [stdout]     |            |
[INFO] [stdout]     |            unsatisfied trait bound introduced here
[INFO] [stdout] note: the trait `path::GtpRelativePathWrapper` must be implemented
[INFO] [stdout]    --> /opt/rustwide/cargo-home/registry/src/index.crates.io-1949cf8c6b5b557f/genotype_project_core-0.17.0/src/path/mod.rs:324:1
[INFO] [stdout]     |
[INFO] [stdout] 324 | pub trait GtpRelativePathWrapper {
[INFO] [stdout]     | ^^^^^^^^^^^^^^^^^^^^^^^^^^^^^^^^
[INFO] [stdout]     = help: items from traits can only be used if the trait is implemented and in scope
[INFO] [stdout] note: `path::GtpRelativePath` defines an item `as_str`, perhaps you need to implement it
[INFO] [stdout]    --> /opt/rustwide/cargo-home/registry/src/index.crates.io-1949cf8c6b5b557f/genotype_project_core-0.17.0/src/path/mod.rs:251:1
[INFO] [stdout]     |
[INFO] [stdout] 251 | pub trait GtpRelativePath {
[INFO] [stdout]     | ^^^^^^^^^^^^^^^^^^^^^^^^^
[INFO] [stdout] 
[INFO] [stdout] 
[INFO] [stdout] error[E0599]: the method `as_str` exists for reference `&types::lang::GtpLang`, but its trait bounds were not satisfied
[INFO] [stdout]    --> /opt/rustwide/cargo-home/registry/src/index.crates.io-1949cf8c6b5b557f/genotype_project_core-0.17.0/src/lang/mod.rs:31:14
[INFO] [stdout]     |
[INFO] [stdout]  31 |         self.as_str().hash(state);
[INFO] [stdout]     |              ^^^^^^ method cannot be called on `&types::lang::GtpLang` due to unsatisfied trait bounds
[INFO] [stdout]     |
[INFO] [stdout]    ::: /opt/rustwide/cargo-home/registry/src/index.crates.io-1949cf8c6b5b557f/genotype_project_core-0.17.0/src/types/lang.rs:8:1
[INFO] [stdout]     |
[INFO] [stdout]   8 | pub enum GtpLang {
[INFO] [stdout]     | ---------------- doesn't satisfy `types::lang::GtpLang: path::GtpRelativePathWrapper` or `types::lang::GtpLang: path::GtpRelativePath`
[INFO] [stdout]     |
[INFO] [stdout] note: the following trait bounds were not satisfied:
[INFO] [stdout]       `&types::lang::GtpLang: path::GtpRelativePathWrapper`
[INFO] [stdout]       `types::lang::GtpLang: path::GtpRelativePathWrapper`
[INFO] [stdout]    --> /opt/rustwide/cargo-home/registry/src/index.crates.io-1949cf8c6b5b557f/genotype_project_core-0.17.0/src/path/mod.rs:332:12
[INFO] [stdout]     |
[INFO] [stdout] 332 | impl<Type: GtpRelativePathWrapper> GtpRelativePath for Type {
[INFO] [stdout]     |            ^^^^^^^^^^^^^^^^^^^^^^  ---------------     ----
[INFO] [stdout]     |            |
[INFO] [stdout]     |            unsatisfied trait bound introduced here
[INFO] [stdout] note: the trait `path::GtpRelativePathWrapper` must be implemented
[INFO] [stdout]    --> /opt/rustwide/cargo-home/registry/src/index.crates.io-1949cf8c6b5b557f/genotype_project_core-0.17.0/src/path/mod.rs:324:1
[INFO] [stdout]     |
[INFO] [stdout] 324 | pub trait GtpRelativePathWrapper {
[INFO] [stdout]     | ^^^^^^^^^^^^^^^^^^^^^^^^^^^^^^^^
[INFO] [stdout]     = help: items from traits can only be used if the trait is implemented and in scope
[INFO] [stdout] note: `path::GtpRelativePath` defines an item `as_str`, perhaps you need to implement it
[INFO] [stdout]    --> /opt/rustwide/cargo-home/registry/src/index.crates.io-1949cf8c6b5b557f/genotype_project_core-0.17.0/src/path/mod.rs:251:1
[INFO] [stdout]     |
[INFO] [stdout] 251 | pub trait GtpRelativePath {
[INFO] [stdout]     | ^^^^^^^^^^^^^^^^^^^^^^^^^
[INFO] [stdout] 
[INFO] [stdout] 
[INFO] [stdout] For more information about this error, try `rustc --explain E0599`.
[INFO] [stdout] 
[INFO] [stderr] error: could not compile `genotype_project_core` (lib) due to 4 previous errors
[INFO] [stderr] warning: build failed, waiting for other jobs to finish...
[INFO] running `Command { std: "docker" "inspect" "a52e4b56455e6aa67eca4411c3b83b996b5f54ccc58bc2ce0d4af0241eddcbcc", kill_on_drop: false }`
[INFO] running `Command { std: "docker" "rm" "-f" "a52e4b56455e6aa67eca4411c3b83b996b5f54ccc58bc2ce0d4af0241eddcbcc", kill_on_drop: false }`
[INFO] [stdout] a52e4b56455e6aa67eca4411c3b83b996b5f54ccc58bc2ce0d4af0241eddcbcc
