[INFO] fetching crate genotype_json_converter 0.17.0...
[INFO] testing genotype_json_converter-0.17.0 against 1.99.0-beta.8+cargoflags=--release for beta-release-1.100-2
[INFO] extracting crate genotype_json_converter 0.17.0 into /workspace/builds/worker-4-tc1/source
[INFO] started tweaking crates.io crate genotype_json_converter 0.17.0
[INFO] finished tweaking crates.io crate genotype_json_converter 0.17.0
[INFO] tweaked toml for crates.io crate genotype_json_converter 0.17.0 written to /workspace/builds/worker-4-tc1/source/Cargo.toml
[INFO] validating manifest of crates.io crate genotype_json_converter 0.17.0 on toolchain 1.99.0-beta.8
[INFO] running `Command { std: CARGO_HOME="/workspace/cargo-home" RUSTUP_HOME="/workspace/rustup-home" "/workspace/cargo-home/bin/cargo" "+1.99.0-beta.8" "metadata" "--manifest-path" "Cargo.toml" "--no-deps", kill_on_drop: false }`
[INFO] crate crates.io crate genotype_json_converter 0.17.0 already has a lockfile, it will not be regenerated
[INFO] running `Command { std: CARGO_HOME="/workspace/cargo-home" RUSTUP_HOME="/workspace/rustup-home" "/workspace/cargo-home/bin/cargo" "+1.99.0-beta.8" "fetch" "--manifest-path" "Cargo.toml", kill_on_drop: false }`
[INFO] [stderr]     Updating crates.io index
[INFO] [stderr]  Downloading crates ...
[INFO] [stderr]   Downloaded backtrace-ext v0.2.1
[INFO] [stderr]   Downloaded supports-hyperlinks v3.2.0
[INFO] [stderr]   Downloaded supports-unicode v3.0.0
[INFO] [stderr]   Downloaded backtrace v0.3.73
[INFO] [stderr]   Downloaded supports-color v3.0.1
[INFO] [stderr]   Downloaded genotype_visitor_macro v0.17.0
[INFO] [stderr]   Downloaded genotype_core v0.17.0
[INFO] [stderr]   Downloaded litty v0.2.0
[INFO] [stderr]   Downloaded genotype_json_types v0.3.0
[INFO] [stderr]   Downloaded litty_macro v0.2.0
[INFO] [stderr]   Downloaded litty v0.5.0
[INFO] [stderr]   Downloaded litty_macro v0.5.0
[INFO] [stderr]   Downloaded addr2line v0.22.0
[INFO] [stderr]   Downloaded genotype_parser v0.17.0
[INFO] [stderr]   Downloaded insta v1.46.3
[INFO] [stderr]   Downloaded ron v0.12.0
[INFO] [stderr]   Downloaded gimli v0.29.0
[INFO] [stderr]   Downloaded object v0.36.3
[INFO] running `Command { std: "docker" "create" "-v" "/var/lib/crater-agent-workspace/builds/worker-4-tc1/source:/opt/rustwide/workdir:ro,Z" "-v" "/var/lib/crater-agent-workspace/builds/worker-4-tc1/target:/opt/rustwide/target:rw,Z" "-v" "/var/lib/crater-agent-workspace/cargo-home:/opt/rustwide/cargo-home:ro,Z" "-v" "/var/lib/crater-agent-workspace/rustup-home:/opt/rustwide/rustup-home:ro,Z" "-m" "1610612736" "--network" "none" "ghcr.io/rust-lang/crates-build-env/linux@sha256:77db811e55d90add9212f6832c23229e3de5f1c1f9905e8cb07319ea15df73ac" "sleep" "infinity", kill_on_drop: false }`
[INFO] [stdout] 02dbc2a9bfde58697aad8a07872b7eac934e04427b26e04d910d5f379f46fac2
[INFO] running `Command { std: "docker" "start" "02dbc2a9bfde58697aad8a07872b7eac934e04427b26e04d910d5f379f46fac2", kill_on_drop: false }`
[INFO] running `Command { std: "docker" "inspect" "02dbc2a9bfde58697aad8a07872b7eac934e04427b26e04d910d5f379f46fac2", kill_on_drop: false }`
[INFO] running `Command { std: "docker" "exec" "-e" "SOURCE_DIR=/opt/rustwide/workdir" "-e" "CARGO_HOME=/opt/rustwide/cargo-home" "-e" "RUSTUP_HOME=/opt/rustwide/rustup-home" "-e" "CARGO_TARGET_DIR=/opt/rustwide/target" "-w" "/opt/rustwide/workdir" "--user" "0:0" "02dbc2a9bfde58697aad8a07872b7eac934e04427b26e04d910d5f379f46fac2" "/opt/rustwide/cargo-home/bin/cargo" "+1.99.0-beta.8" "metadata" "--no-deps" "--format-version=1", kill_on_drop: false }`
[INFO] running `Command { std: "docker" "inspect" "02dbc2a9bfde58697aad8a07872b7eac934e04427b26e04d910d5f379f46fac2", kill_on_drop: false }`
[INFO] running `Command { std: "docker" "exec" "-e" "SOURCE_DIR=/opt/rustwide/workdir" "-e" "CARGO_HOME=/opt/rustwide/cargo-home" "-e" "RUSTUP_HOME=/opt/rustwide/rustup-home" "-e" "CARGO_TARGET_DIR=/opt/rustwide/target" "-e" "CARGO_INCREMENTAL=0" "-e" "RUST_BACKTRACE=full" "-e" "RUSTFLAGS=--cap-lints=warn" "-e" "RUSTDOCFLAGS=--cap-lints=warn" "-w" "/opt/rustwide/workdir" "--user" "0:0" "02dbc2a9bfde58697aad8a07872b7eac934e04427b26e04d910d5f379f46fac2" "/opt/rustwide/cargo-home/bin/cargo" "+1.99.0-beta.8" "build" "--frozen" "--message-format=json" "--release", kill_on_drop: false }`
[INFO] [stderr]    Compiling proc-macro2 v1.0.107
[INFO] [stderr]    Compiling serde_core v1.0.228
[INFO] [stderr]    Compiling serde v1.0.228
[INFO] [stderr]    Compiling rustix v1.1.4
[INFO] [stderr]    Compiling gimli v0.29.0
[INFO] [stderr]    Compiling owo-colors v4.1.0
[INFO] [stderr]    Compiling rustc-demangle v0.1.24
[INFO] [stderr]    Compiling cc v1.3.0
[INFO] [stderr]    Compiling object v0.36.3
[INFO] [stderr]    Compiling miniz_oxide v0.7.4
[INFO] [stderr]    Compiling is_ci v1.2.0
[INFO] [stderr]    Compiling unicode-linebreak v0.1.5
[INFO] [stderr]    Compiling memchr v2.8.3
[INFO] [stderr]    Compiling ucd-trie v0.1.6
[INFO] [stderr]    Compiling supports-unicode v3.0.0
[INFO] [stderr]    Compiling supports-hyperlinks v3.2.0
[INFO] [stderr]    Compiling supports-color v3.0.1
[INFO] [stderr]    Compiling unicode-width v0.1.14
[INFO] [stderr]    Compiling textwrap v0.16.2
[INFO] [stderr]    Compiling thiserror v1.0.64
[INFO] [stderr]    Compiling equivalent v1.0.1
[INFO] [stderr]    Compiling heck v0.5.0
[INFO] [stderr]    Compiling quote v1.0.45
[INFO] [stderr]    Compiling syn v2.0.117
[INFO] [stderr]    Compiling pest v2.8.6
[INFO] [stderr]    Compiling backtrace v0.3.73
[INFO] [stderr]    Compiling terminal_size v0.4.3
[INFO] [stderr]    Compiling addr2line v0.22.0
[INFO] [stderr]    Compiling pest_meta v2.8.6
[INFO] [stderr]    Compiling pest_generator v2.8.6
[INFO] [stderr]    Compiling serde_json v1.0.151
[INFO] [stderr]    Compiling indexmap v2.14.0
[INFO] [stderr]    Compiling serde_derive v1.0.228
[INFO] [stderr]    Compiling miette-derive v7.6.0
[INFO] [stderr]    Compiling thiserror-impl v1.0.64
[INFO] [stderr]    Compiling genotype_visitor_macro v0.17.0
[INFO] [stderr]    Compiling pest_derive v2.8.6
[INFO] [stderr]    Compiling backtrace-ext v0.2.1
[INFO] [stderr]    Compiling litty_macro v0.5.0
[INFO] [stderr]    Compiling litty_macro v0.2.0
[INFO] [stderr]    Compiling miette v7.6.0
[INFO] [stderr]    Compiling litty v0.2.0
[INFO] [stderr]    Compiling genotype_json_types v0.3.0
[INFO] [stderr]    Compiling litty v0.5.0
[INFO] [stderr]    Compiling genotype_core v0.17.0
[INFO] [stderr]    Compiling genotype_parser v0.17.0
[INFO] [stderr]    Compiling genotype_json_converter v0.17.0 (/opt/rustwide/workdir)
[INFO] [stdout] error[E0532]: expected unit struct, unit variant or constant, found tuple variant `GtjLiteralValue::Null`
[INFO] [stdout]    --> src/tree/literal.rs:9:13
[INFO] [stdout]     |
[INFO] [stdout]   9 |             GtjLiteralValue::Null => GtLiteralValue::Null,
[INFO] [stdout]     |             ^^^^^^^^^^^^^^^^^^^^^ help: use the tuple variant pattern syntax instead: `GtjLiteralValue::Null(_)`
[INFO] [stdout]     |
[INFO] [stdout]    ::: /opt/rustwide/cargo-home/registry/src/index.crates.io-1949cf8c6b5b557f/genotype_json_types-0.3.0/src/tree.rs:137:5
[INFO] [stdout]     |
[INFO] [stdout] 137 |     Null(()),
[INFO] [stdout]     |     ---- `GtjLiteralValue::Null` defined here
[INFO] [stdout] 
[INFO] [stdout] 
[INFO] [stdout] error[E0532]: expected unit struct, unit variant or constant, found tuple variant `GtjLiteralValue::Null`
[INFO] [stdout]    --> src/schema/literal.rs:10:17
[INFO] [stdout]     |
[INFO] [stdout]  10 |                 GtjLiteralValue::Null => GtjSchemaLiteralConst::Null,
[INFO] [stdout]     |                 ^^^^^^^^^^^^^^^^^^^^^ help: use the tuple variant pattern syntax instead: `GtjLiteralValue::Null(_)`
[INFO] [stdout]     |
[INFO] [stdout]    ::: /opt/rustwide/cargo-home/registry/src/index.crates.io-1949cf8c6b5b557f/genotype_json_types-0.3.0/src/tree.rs:137:5
[INFO] [stdout]     |
[INFO] [stdout] 137 |     Null(()),
[INFO] [stdout]     |     ---- `GtjLiteralValue::Null` defined here
[INFO] [stdout] 
[INFO] [stdout] 
[INFO] [stdout] error[E0308]: mismatched types
[INFO] [stdout]   --> src/schema/literal.rs:10:42
[INFO] [stdout]    |
[INFO] [stdout] 10 |                 GtjLiteralValue::Null => GtjSchemaLiteralConst::Null,
[INFO] [stdout]    |                                          ^^^^^^^^^^^^^^^^^^^^^^^^^^^ expected `GtjSchemaLiteralConst`, found enum constructor
[INFO] [stdout]    |
[INFO] [stdout]    = note:          expected enum `genotype_json_types::GtjSchemaLiteralConst`
[INFO] [stdout]            found enum constructor `fn(()) -> genotype_json_types::GtjSchemaLiteralConst {genotype_json_types::GtjSchemaLiteralConst::Null}`
[INFO] [stdout] help: use parentheses to construct this tuple variant
[INFO] [stdout]    |
[INFO] [stdout] 10 |                 GtjLiteralValue::Null => GtjSchemaLiteralConst::Null(/* () */),
[INFO] [stdout]    |                                                                     ++++++++++
[INFO] [stdout] 
[INFO] [stdout] 
[INFO] [stdout] error[E0004]: non-exhaustive patterns: `&genotype_json_types::GtjAny::GtjNull(_)` not covered
[INFO] [stdout]   --> src/tree/any.rs:8:15
[INFO] [stdout]    |
[INFO] [stdout]  8 |         match self {
[INFO] [stdout]    |               ^^^^ pattern `&genotype_json_types::GtjAny::GtjNull(_)` not covered
[INFO] [stdout]    |
[INFO] [stdout] note: `genotype_json_types::GtjAny` defined here
[INFO] [stdout]   --> /opt/rustwide/cargo-home/registry/src/index.crates.io-1949cf8c6b5b557f/genotype_json_types-0.3.0/src/tree.rs:6:1
[INFO] [stdout]    |
[INFO] [stdout]  6 | pub enum GtjAny {
[INFO] [stdout]    | ^^^^^^^^^^^^^^^
[INFO] [stdout]  7 |     GtjNull(GtjNull),
[INFO] [stdout]    |     ------- not covered
[INFO] [stdout]    = note: the matched value is of type `&genotype_json_types::GtjAny`
[INFO] [stdout] help: ensure that all possible cases are being handled by adding a match arm with a wildcard pattern or an explicit pattern as shown
[INFO] [stdout]    |
[INFO] [stdout] 16 ~             GtjAny::GtjTuple(tuple) => tuple.to_tree_with_context(context),
[INFO] [stdout] 17 ~             &genotype_json_types::GtjAny::GtjNull(_) => todo!(),
[INFO] [stdout]    |
[INFO] [stdout] 
[INFO] [stdout] 
[INFO] [stdout] error[E0004]: non-exhaustive patterns: `&genotype_json_types::GtjAny::GtjNull(_)` not covered
[INFO] [stdout]   --> src/schema/any.rs:6:15
[INFO] [stdout]    |
[INFO] [stdout]  6 |         match self {
[INFO] [stdout]    |               ^^^^ pattern `&genotype_json_types::GtjAny::GtjNull(_)` not covered
[INFO] [stdout]    |
[INFO] [stdout] note: `genotype_json_types::GtjAny` defined here
[INFO] [stdout]   --> /opt/rustwide/cargo-home/registry/src/index.crates.io-1949cf8c6b5b557f/genotype_json_types-0.3.0/src/tree.rs:6:1
[INFO] [stdout]    |
[INFO] [stdout]  6 | pub enum GtjAny {
[INFO] [stdout]    | ^^^^^^^^^^^^^^^
[INFO] [stdout]  7 |     GtjNull(GtjNull),
[INFO] [stdout]    |     ------- not covered
[INFO] [stdout]    = note: the matched value is of type `&genotype_json_types::GtjAny`
[INFO] [stdout] help: ensure that all possible cases are being handled by adding a match arm with a wildcard pattern or an explicit pattern as shown
[INFO] [stdout]    |
[INFO] [stdout] 14 ~             GtjAny::GtjLiteral(literal) => literal.to_schema(),
[INFO] [stdout] 15 ~             &genotype_json_types::GtjAny::GtjNull(_) => todo!(),
[INFO] [stdout]    |
[INFO] [stdout] 
[INFO] [stdout] 
[INFO] [stdout] Some errors have detailed explanations: E0004, E0308, E0532.
[INFO] [stdout] 
[INFO] [stdout] For more information about an error, try `rustc --explain E0004`.
[INFO] [stdout] 
[INFO] [stderr] error: could not compile `genotype_json_converter` (lib) due to 5 previous errors
[INFO] [stderr] warning: build failed, waiting for other jobs to finish...
[INFO] running `Command { std: "docker" "inspect" "02dbc2a9bfde58697aad8a07872b7eac934e04427b26e04d910d5f379f46fac2", kill_on_drop: false }`
[INFO] running `Command { std: "docker" "rm" "-f" "02dbc2a9bfde58697aad8a07872b7eac934e04427b26e04d910d5f379f46fac2", kill_on_drop: false }`
[INFO] [stdout] 02dbc2a9bfde58697aad8a07872b7eac934e04427b26e04d910d5f379f46fac2
