[INFO] fetching crate geiserx_ts_derp 0.57.7...
[INFO] testing geiserx_ts_derp-0.57.7 against 1.99.0-beta.8+cargoflags=--release for beta-release-1.100-2
[INFO] extracting crate geiserx_ts_derp 0.57.7 into /workspace/builds/worker-1-tc1/source
[INFO] started tweaking crates.io crate geiserx_ts_derp 0.57.7
[INFO] removed 0 missing examples
[INFO] finished tweaking crates.io crate geiserx_ts_derp 0.57.7
[INFO] tweaked toml for crates.io crate geiserx_ts_derp 0.57.7 written to /workspace/builds/worker-1-tc1/source/Cargo.toml
[INFO] validating manifest of crates.io crate geiserx_ts_derp 0.57.7 on toolchain 1.99.0-beta.8
[INFO] running `Command { std: CARGO_HOME="/workspace/cargo-home" RUSTUP_HOME="/workspace/rustup-home" "/workspace/cargo-home/bin/cargo" "+1.99.0-beta.8" "metadata" "--manifest-path" "Cargo.toml" "--no-deps", kill_on_drop: false }`
[INFO] crate crates.io crate geiserx_ts_derp 0.57.7 already has a lockfile, it will not be regenerated
[INFO] running `Command { std: CARGO_HOME="/workspace/cargo-home" RUSTUP_HOME="/workspace/rustup-home" "/workspace/cargo-home/bin/cargo" "+1.99.0-beta.8" "fetch" "--manifest-path" "Cargo.toml", kill_on_drop: false }`
[INFO] [stderr] warning: Cargo.toml: `lints.rust.let-underscore` is deprecated in favor of `lints.rust.let_underscore` and will not work in a future edition
[INFO] [stderr] warning: `geiserx_ts_derp` (manifest) generated 1 warning
[INFO] [stderr]     Updating crates.io index
[INFO] [stderr]  Downloading crates ...
[INFO] [stderr]   Downloaded geiserx_ts_transport v0.57.7
[INFO] [stderr]   Downloaded geiserx_ts_tls_util v0.57.7
[INFO] [stderr]   Downloaded geiserx_ts_keys v0.57.7
[INFO] [stderr]   Downloaded geiserx_ts_packet v0.57.7
[INFO] [stderr]   Downloaded geiserx_ts_hexdump v0.57.7
[INFO] [stderr]   Downloaded geiserx_ts_http_util v0.57.7
[INFO] [stderr]   Downloaded x25519-dalek v3.0.0
[INFO] [stderr]   Downloaded geiserx_ts_control_serde v0.57.7
[INFO] [stderr]   Downloaded geiserx_ts_nodecapability v0.57.7
[INFO] [stderr]   Downloaded geiserx_ts_capabilityversion v0.57.7
[INFO] [stderr]   Downloaded geiserx_ts_peercapability v0.57.7
[INFO] [stderr]   Downloaded geiserx_ts_packetfilter_serde v0.57.7
[INFO] running `Command { std: "docker" "create" "-v" "/var/lib/crater-agent-workspace/builds/worker-1-tc1/source:/opt/rustwide/workdir:ro,Z" "-v" "/var/lib/crater-agent-workspace/builds/worker-1-tc1/target:/opt/rustwide/target:rw,Z" "-v" "/var/lib/crater-agent-workspace/cargo-home:/opt/rustwide/cargo-home:ro,Z" "-v" "/var/lib/crater-agent-workspace/rustup-home:/opt/rustwide/rustup-home:ro,Z" "-m" "1610612736" "--network" "none" "ghcr.io/rust-lang/crates-build-env/linux@sha256:77db811e55d90add9212f6832c23229e3de5f1c1f9905e8cb07319ea15df73ac" "sleep" "infinity", kill_on_drop: false }`
[INFO] [stdout] 5608ce42a179c6a2214fe68c47821d9b4ebbbca681b256aa7e352b07db268c8c
[INFO] running `Command { std: "docker" "start" "5608ce42a179c6a2214fe68c47821d9b4ebbbca681b256aa7e352b07db268c8c", kill_on_drop: false }`
[INFO] running `Command { std: "docker" "inspect" "5608ce42a179c6a2214fe68c47821d9b4ebbbca681b256aa7e352b07db268c8c", kill_on_drop: false }`
[INFO] running `Command { std: "docker" "exec" "-e" "SOURCE_DIR=/opt/rustwide/workdir" "-e" "CARGO_HOME=/opt/rustwide/cargo-home" "-e" "RUSTUP_HOME=/opt/rustwide/rustup-home" "-e" "CARGO_TARGET_DIR=/opt/rustwide/target" "-w" "/opt/rustwide/workdir" "--user" "0:0" "5608ce42a179c6a2214fe68c47821d9b4ebbbca681b256aa7e352b07db268c8c" "/opt/rustwide/cargo-home/bin/cargo" "+1.99.0-beta.8" "metadata" "--no-deps" "--format-version=1", kill_on_drop: false }`
[INFO] running `Command { std: "docker" "inspect" "5608ce42a179c6a2214fe68c47821d9b4ebbbca681b256aa7e352b07db268c8c", kill_on_drop: false }`
[INFO] running `Command { std: "docker" "exec" "-e" "SOURCE_DIR=/opt/rustwide/workdir" "-e" "CARGO_HOME=/opt/rustwide/cargo-home" "-e" "RUSTUP_HOME=/opt/rustwide/rustup-home" "-e" "CARGO_TARGET_DIR=/opt/rustwide/target" "-e" "CARGO_INCREMENTAL=0" "-e" "RUST_BACKTRACE=full" "-e" "RUSTFLAGS=--cap-lints=warn" "-e" "RUSTDOCFLAGS=--cap-lints=warn" "-w" "/opt/rustwide/workdir" "--user" "0:0" "5608ce42a179c6a2214fe68c47821d9b4ebbbca681b256aa7e352b07db268c8c" "/opt/rustwide/cargo-home/bin/cargo" "+1.99.0-beta.8" "build" "--frozen" "--message-format=json" "--release", kill_on_drop: false }`
[INFO] [stderr] warning: Cargo.toml: `lints.rust.let-underscore` is deprecated in favor of `lints.rust.let_underscore` and will not work in a future edition
[INFO] [stderr] warning: `geiserx_ts_derp` (manifest) generated 1 warning
[INFO] [stderr]    Compiling stable_deref_trait v1.2.1
[INFO] [stderr]    Compiling subtle v2.6.1
[INFO] [stderr]    Compiling smallvec v1.16.3
[INFO] [stderr]    Compiling curve25519-dalek v4.1.3
[INFO] [stderr]    Compiling getrandom v0.2.17
[INFO] [stderr]    Compiling mio v1.2.0
[INFO] [stderr]    Compiling socket2 v0.6.3
[INFO] [stderr]    Compiling syn v3.0.6
[INFO] [stderr]    Compiling heapless v0.9.3
[INFO] [stderr]    Compiling zeroize_derive v1.5.0
[INFO] [stderr]    Compiling displaydoc v0.2.5
[INFO] [stderr]    Compiling curve25519-dalek-derive v0.1.1
[INFO] [stderr]    Compiling tokio-macros v2.7.0
[INFO] [stderr]    Compiling tracing-attributes v0.1.31
[INFO] [stderr]    Compiling zerofrom v0.1.8
[INFO] [stderr]    Compiling rustls v0.23.46
[INFO] [stderr]    Compiling http-body v1.0.1
[INFO] [stderr]    Compiling curve25519-dalek v5.0.0
[INFO] [stderr]    Compiling yoke v0.8.3
[INFO] [stderr]    Compiling rand_core v0.6.4
[INFO] [stderr]    Compiling ring v0.17.14
[INFO] [stderr]    Compiling thiserror v2.0.21
[INFO] [stderr]    Compiling want v0.3.2
[INFO] [stderr]    Compiling futures-task v0.3.34
[INFO] [stderr]    Compiling signature v2.2.0
[INFO] [stderr]    Compiling zerocopy v0.8.63
[INFO] [stderr]    Compiling ed25519 v2.2.3
[INFO] [stderr]    Compiling futures-util v0.3.34
[INFO] [stderr]    Compiling zerocopy-derive v0.8.63
[INFO] [stderr]    Compiling futures-io v0.3.34
[INFO] [stderr]    Compiling zerovec v0.11.6
[INFO] [stderr]    Compiling http-body-util v0.1.5
[INFO] [stderr]    Compiling serde_json v1.0.154
[INFO] [stderr]    Compiling zeroize v1.9.1
[INFO] [stderr]    Compiling tokio v1.53.2
[INFO] [stderr]    Compiling zerotrie v0.2.4
[INFO] [stderr]    Compiling generic-array v0.14.7
[INFO] [stderr]    Compiling rustls-pki-types v1.14.1
[INFO] [stderr]    Compiling geiserx_ts_hexdump v0.57.7
[INFO] [stderr]    Compiling tinystr v0.8.3
[INFO] [stderr]    Compiling potential_utf v0.1.5
[INFO] [stderr]    Compiling icu_collections v2.2.0
[INFO] [stderr]    Compiling crypto-common v0.1.7
[INFO] [stderr]    Compiling block-buffer v0.10.4
[INFO] [stderr]    Compiling inout v0.1.4
[INFO] [stderr]    Compiling rustls-pemfile v2.2.0
[INFO] [stderr]    Compiling webpki-roots v1.0.9
[INFO] [stderr]    Compiling icu_locale_core v2.2.0
[INFO] [stderr]    Compiling universal-hash v0.5.1
[INFO] [stderr]    Compiling tracing v0.1.44
[INFO] [stderr]    Compiling poly1305 v0.8.0
[INFO] [stderr]    Compiling digest v0.10.7
[INFO] [stderr]    Compiling aead v0.5.2
[INFO] [stderr]    Compiling cipher v0.4.4
[INFO] [stderr]    Compiling sha2 v0.10.9
[INFO] [stderr]    Compiling salsa20 v0.10.2
[INFO] [stderr]    Compiling crypto_secretbox v0.1.1
[INFO] [stderr]    Compiling x25519-dalek v3.0.0
[INFO] [stderr]    Compiling rustls-webpki v0.103.15
[INFO] [stderr]    Compiling thiserror-impl v2.0.21
[INFO] [stderr]    Compiling serde_derive v1.0.229
[INFO] [stderr]    Compiling crypto_box v0.9.1
[INFO] [stderr]    Compiling icu_provider v2.2.0
[INFO] [stderr]    Compiling futures v0.3.34
[INFO] [stderr]    Compiling geiserx_ts_packet v0.57.7
[INFO] [stderr]    Compiling icu_normalizer v2.2.0
[INFO] [stderr]    Compiling icu_properties v2.2.0
[INFO] [stderr]    Compiling ed25519-dalek v2.2.0
[INFO] [stderr]    Compiling geiserx_ts_transport v0.57.7
[INFO] [stderr]    Compiling idna_adapter v1.2.2
[INFO] [stderr]    Compiling idna v1.1.0
[INFO] [stderr]    Compiling url v2.5.8
[INFO] [stderr]    Compiling tokio-util v0.7.20
[INFO] [stderr]    Compiling h2 v0.4.19
[INFO] [stderr]    Compiling serde v1.0.229
[INFO] [stderr]    Compiling geiserx_ts_keys v0.57.7
[INFO] [stderr]    Compiling tokio-rustls v0.26.6
[INFO] [stderr]    Compiling hyper v1.12.0
[INFO] [stderr]    Compiling geiserx_ts_tls_util v0.57.7
[INFO] [stderr]    Compiling hyper-util v0.1.21
[INFO] [stderr]    Compiling geiserx_ts_http_util v0.57.7
[INFO] [stderr]    Compiling geiserx_ts_derp v0.57.7 (/opt/rustwide/workdir)
[INFO] [stderr]     Finished `release` profile [optimized] target(s) in 45.89s
[INFO] running `Command { std: "docker" "inspect" "5608ce42a179c6a2214fe68c47821d9b4ebbbca681b256aa7e352b07db268c8c", kill_on_drop: false }`
[INFO] running `Command { std: "docker" "exec" "-e" "SOURCE_DIR=/opt/rustwide/workdir" "-e" "CARGO_HOME=/opt/rustwide/cargo-home" "-e" "RUSTUP_HOME=/opt/rustwide/rustup-home" "-e" "CARGO_TARGET_DIR=/opt/rustwide/target" "-e" "CARGO_INCREMENTAL=0" "-e" "RUST_BACKTRACE=full" "-e" "RUSTFLAGS=--cap-lints=warn" "-e" "RUSTDOCFLAGS=--cap-lints=warn" "-w" "/opt/rustwide/workdir" "--user" "0:0" "5608ce42a179c6a2214fe68c47821d9b4ebbbca681b256aa7e352b07db268c8c" "/opt/rustwide/cargo-home/bin/cargo" "+1.99.0-beta.8" "test" "--frozen" "--no-run" "--message-format=json" "--release", kill_on_drop: false }`
[INFO] [stderr] warning: Cargo.toml: `lints.rust.let-underscore` is deprecated in favor of `lints.rust.let_underscore` and will not work in a future edition
[INFO] [stderr] warning: `geiserx_ts_derp` (manifest) generated 1 warning
[INFO] [stderr]    Compiling syn v3.0.6
[INFO] [stderr]    Compiling jobserver v0.1.34
[INFO] [stderr]    Compiling errno v0.3.14
[INFO] [stderr]    Compiling parking_lot_core v0.9.12
[INFO] [stderr]    Compiling aws-lc-rs v1.18.1
[INFO] [stderr]    Compiling rustls v0.23.46
[INFO] [stderr]    Compiling futures-util v0.3.34
[INFO] [stderr]    Compiling serde_json v1.0.154
[INFO] [stderr]    Compiling idna v1.1.0
[INFO] [stderr]    Compiling nom v8.0.0
[INFO] [stderr]    Compiling encoding_rs v0.8.35
[INFO] [stderr]    Compiling signal-hook-registry v1.4.8
[INFO] [stderr]    Compiling cc v1.2.62
[INFO] [stderr]    Compiling parking_lot v0.12.5
[INFO] [stderr]    Compiling tokio v1.53.2
[INFO] [stderr]    Compiling cmake v0.1.58
[INFO] [stderr]    Compiling aws-lc-sys v0.45.0
[INFO] [stderr]    Compiling ring v0.17.14
[INFO] [stderr]    Compiling darling_core v0.24.1
[INFO] [stderr]    Compiling futures v0.3.34
[INFO] [stderr]    Compiling serde_derive v1.0.229
[INFO] [stderr]    Compiling thiserror-impl v2.0.21
[INFO] [stderr]    Compiling serde_repr v0.1.21
[INFO] [stderr]    Compiling thiserror v2.0.21
[INFO] [stderr]    Compiling darling_macro v0.24.1
[INFO] [stderr]    Compiling serde v1.0.229
[INFO] [stderr]    Compiling darling v0.24.1
[INFO] [stderr]    Compiling serde_with_macros v3.24.0
[INFO] [stderr]    Compiling zeroize v1.9.1
[INFO] [stderr]    Compiling url v2.5.8
[INFO] [stderr]    Compiling generic-array v0.14.7
[INFO] [stderr]    Compiling rustls-pki-types v1.14.1
[INFO] [stderr]    Compiling ipnet v2.12.2
[INFO] [stderr]    Compiling curve25519-dalek v5.0.0
[INFO] [stderr]    Compiling geiserx_ts_nodecapability v0.57.7
[INFO] [stderr]    Compiling serde_with v3.24.0
[INFO] [stderr]    Compiling geiserx_ts_capabilityversion v0.57.7
[INFO] [stderr]    Compiling tokio-util v0.7.20
[INFO] [stderr]    Compiling tower v0.5.3
[INFO] [stderr]    Compiling chrono v0.4.45
[INFO] [stderr]    Compiling crypto-common v0.1.7
[INFO] [stderr]    Compiling block-buffer v0.10.4
[INFO] [stderr]    Compiling inout v0.1.4
[INFO] [stderr]    Compiling universal-hash v0.5.1
[INFO] [stderr]    Compiling aead v0.5.2
[INFO] [stderr]    Compiling cipher v0.4.4
[INFO] [stderr]    Compiling digest v0.10.7
[INFO] [stderr]    Compiling poly1305 v0.8.0
[INFO] [stderr]    Compiling h2 v0.4.19
[INFO] [stderr]    Compiling curve25519-dalek v4.1.3
[INFO] [stderr]    Compiling salsa20 v0.10.2
[INFO] [stderr]    Compiling crypto_secretbox v0.1.1
[INFO] [stderr]    Compiling sha2 v0.10.9
[INFO] [stderr]    Compiling x25519-dalek v3.0.0
[INFO] [stderr]    Compiling webpki-roots v1.0.9
[INFO] [stderr]    Compiling rustls-pemfile v2.2.0
[INFO] [stderr]    Compiling geiserx_ts_peercapability v0.57.7
[INFO] [stderr]    Compiling rustls-native-certs v0.8.3
[INFO] [stderr]    Compiling geiserx_ts_packetfilter_serde v0.57.7
[INFO] [stderr]    Compiling tower-http v0.6.10
[INFO] [stderr]    Compiling crypto_box v0.9.1
[INFO] [stderr]    Compiling ed25519-dalek v2.2.0
[INFO] [stderr]    Compiling geiserx_ts_packet v0.57.7
[INFO] [stderr]    Compiling geiserx_ts_keys v0.57.7
[INFO] [stderr]    Compiling geiserx_ts_transport v0.57.7
[INFO] [stderr]    Compiling geiserx_ts_control_serde v0.57.7
[INFO] [stderr]    Compiling hyper v1.12.0
[INFO] [stderr]    Compiling hyper-util v0.1.21
[INFO] [stderr]    Compiling rustls-webpki v0.103.15
[INFO] [stderr]    Compiling tokio-rustls v0.26.6
[INFO] [stderr]    Compiling rustls-platform-verifier v0.7.0
[INFO] [stderr]    Compiling geiserx_ts_tls_util v0.57.7
[INFO] [stderr]    Compiling hyper-rustls v0.27.9
[INFO] [stderr]    Compiling geiserx_ts_http_util v0.57.7
[INFO] [stderr]    Compiling reqwest v0.13.5
[INFO] [stderr]    Compiling geiserx_ts_derp v0.57.7 (/opt/rustwide/workdir)
[INFO] [stdout] error[E0433]: cannot find module or crate `ts_cli_util` in this scope
[INFO] [stdout]   --> examples/ping.rs:12:5
[INFO] [stdout]    |
[INFO] [stdout] 12 |     ts_cli_util::init_tracing();
[INFO] [stdout]    |     ^^^^^^^^^^^ use of unresolved module or unlinked crate `ts_cli_util`
[INFO] [stdout]    |
[INFO] [stdout] help: there is a crate or module with a similar name
[INFO] [stdout]    |
[INFO] [stdout] 12 -     ts_cli_util::init_tracing();
[INFO] [stdout] 12 +     ts_tls_util::init_tracing();
[INFO] [stdout]    |
[INFO] [stdout] 
[INFO] [stdout] 
[INFO] [stdout] error[E0433]: cannot find module or crate `ts_cli_util` in this scope
[INFO] [stdout]   --> examples/listen.rs:11:5
[INFO] [stdout]    |
[INFO] [stdout] 11 |     ts_cli_util::init_tracing();
[INFO] [stdout]    |     ^^^^^^^^^^^ use of unresolved module or unlinked crate `ts_cli_util`
[INFO] [stdout]    |
[INFO] [stdout] help: there is a crate or module with a similar name
[INFO] [stdout]    |
[INFO] [stdout] 11 -     ts_cli_util::init_tracing();
[INFO] [stdout] 11 +     ts_tls_util::init_tracing();
[INFO] [stdout]    |
[INFO] [stdout] 
[INFO] [stdout] 
[INFO] [stdout] error[E0433]: cannot find module or crate `ts_cli_util` in this scope
[INFO] [stdout]   --> examples/listen.rs:10:20
[INFO] [stdout]    |
[INFO] [stdout] 10 | async fn main() -> ts_cli_util::Result<()> {
[INFO] [stdout]    |                    ^^^^^^^^^^^ use of unresolved module or unlinked crate `ts_cli_util`
[INFO] [stdout]    |
[INFO] [stdout] help: there is a crate or module with a similar name
[INFO] [stdout]    |
[INFO] [stdout] 10 - async fn main() -> ts_cli_util::Result<()> {
[INFO] [stdout] 10 + async fn main() -> ts_tls_util::Result<()> {
[INFO] [stdout]    |
[INFO] [stdout] 
[INFO] [stdout] 
[INFO] [stdout] For more information about this error, try `rustc --explain E0433`.
[INFO] [stdout] 
[INFO] [stdout] error[E0433]: cannot find module or crate `ts_cli_util` in this scope
[INFO] [stdout]   --> examples/ping.rs:11:20
[INFO] [stdout]    |
[INFO] [stdout] 11 | async fn main() -> ts_cli_util::Result<()> {
[INFO] [stdout]    |                    ^^^^^^^^^^^ use of unresolved module or unlinked crate `ts_cli_util`
[INFO] [stdout]    |
[INFO] [stdout] help: there is a crate or module with a similar name
[INFO] [stdout]    |
[INFO] [stdout] 11 - async fn main() -> ts_cli_util::Result<()> {
[INFO] [stdout] 11 + async fn main() -> ts_tls_util::Result<()> {
[INFO] [stdout]    |
[INFO] [stdout] 
[INFO] [stdout] 
[INFO] [stderr] error: could not compile `geiserx_ts_derp` (example "listen") due to 2 previous errors
[INFO] [stdout] For more information about this error, try `rustc --explain E0433`.
[INFO] [stdout] 
[INFO] [stderr] warning: build failed, waiting for other jobs to finish...
[INFO] [stderr] error: could not compile `geiserx_ts_derp` (example "ping") due to 2 previous errors
[INFO] running `Command { std: "docker" "inspect" "5608ce42a179c6a2214fe68c47821d9b4ebbbca681b256aa7e352b07db268c8c", kill_on_drop: false }`
[INFO] running `Command { std: "docker" "rm" "-f" "5608ce42a179c6a2214fe68c47821d9b4ebbbca681b256aa7e352b07db268c8c", kill_on_drop: false }`
[INFO] [stdout] 5608ce42a179c6a2214fe68c47821d9b4ebbbca681b256aa7e352b07db268c8c
