[INFO] fetching crate gear-objects 0.3.0...
[INFO] testing gear-objects-0.3.0 against 1.100.0-beta.1+cargoflags=--release for beta-release-1.100-2
[INFO] extracting crate gear-objects 0.3.0 into /workspace/builds/worker-4-tc2/source
[INFO] started tweaking crates.io crate gear-objects 0.3.0
[INFO] finished tweaking crates.io crate gear-objects 0.3.0
[INFO] tweaked toml for crates.io crate gear-objects 0.3.0 written to /workspace/builds/worker-4-tc2/source/Cargo.toml
[INFO] validating manifest of crates.io crate gear-objects 0.3.0 on toolchain 1.100.0-beta.1
[INFO] running `Command { std: CARGO_HOME="/workspace/cargo-home" RUSTUP_HOME="/workspace/rustup-home" "/workspace/cargo-home/bin/cargo" "+1.100.0-beta.1" "metadata" "--manifest-path" "Cargo.toml" "--no-deps", kill_on_drop: false }`
[INFO] crate crates.io crate gear-objects 0.3.0 already has a lockfile, it will not be regenerated
[INFO] running `Command { std: CARGO_HOME="/workspace/cargo-home" RUSTUP_HOME="/workspace/rustup-home" "/workspace/cargo-home/bin/cargo" "+1.100.0-beta.1" "fetch" "--manifest-path" "Cargo.toml", kill_on_drop: false }`
[INFO] [stderr] warning: `package.homepage` is redundant with `package.repository`
[INFO] [stderr]   --> Cargo.toml:29:12
[INFO] [stderr]    |
[INFO] [stderr] 29 | homepage = "https://github.com/jesse99/gear"
[INFO] [stderr]    |            ^^^^^^^^^^^^^^^^^^^^^^^^^^^^^^^^^
[INFO] [stderr] ...
[INFO] [stderr] 34 | repository = "https://github.com/jesse99/gear"
[INFO] [stderr]    |              ---------------------------------
[INFO] [stderr]    |
[INFO] [stderr]    = note: `cargo::redundant_homepage` is set to `warn` by default
[INFO] [stderr] help: consider removing `package.homepage`
[INFO] [stderr] warning: `gear-objects` (manifest) generated 1 warning
[INFO] running `Command { std: "docker" "create" "-v" "/var/lib/crater-agent-workspace/builds/worker-4-tc2/source:/opt/rustwide/workdir:ro,Z" "-v" "/var/lib/crater-agent-workspace/builds/worker-4-tc2/target:/opt/rustwide/target:rw,Z" "-v" "/var/lib/crater-agent-workspace/cargo-home:/opt/rustwide/cargo-home:ro,Z" "-v" "/var/lib/crater-agent-workspace/rustup-home:/opt/rustwide/rustup-home:ro,Z" "-m" "1610612736" "--network" "none" "ghcr.io/rust-lang/crates-build-env/linux@sha256:77db811e55d90add9212f6832c23229e3de5f1c1f9905e8cb07319ea15df73ac" "sleep" "infinity", kill_on_drop: false }`
[INFO] [stdout] f64711df6dbf044a7d3b6799fbdc2c9d537a5c7013a2cac86e7555b9cc2e1eae
[INFO] running `Command { std: "docker" "start" "f64711df6dbf044a7d3b6799fbdc2c9d537a5c7013a2cac86e7555b9cc2e1eae", kill_on_drop: false }`
[INFO] running `Command { std: "docker" "inspect" "f64711df6dbf044a7d3b6799fbdc2c9d537a5c7013a2cac86e7555b9cc2e1eae", kill_on_drop: false }`
[INFO] running `Command { std: "docker" "exec" "-e" "SOURCE_DIR=/opt/rustwide/workdir" "-e" "CARGO_HOME=/opt/rustwide/cargo-home" "-e" "RUSTUP_HOME=/opt/rustwide/rustup-home" "-e" "CARGO_TARGET_DIR=/opt/rustwide/target" "-w" "/opt/rustwide/workdir" "--user" "0:0" "f64711df6dbf044a7d3b6799fbdc2c9d537a5c7013a2cac86e7555b9cc2e1eae" "/opt/rustwide/cargo-home/bin/cargo" "+1.100.0-beta.1" "metadata" "--no-deps" "--format-version=1", kill_on_drop: false }`
[INFO] running `Command { std: "docker" "inspect" "f64711df6dbf044a7d3b6799fbdc2c9d537a5c7013a2cac86e7555b9cc2e1eae", kill_on_drop: false }`
[INFO] running `Command { std: "docker" "exec" "-e" "SOURCE_DIR=/opt/rustwide/workdir" "-e" "CARGO_HOME=/opt/rustwide/cargo-home" "-e" "RUSTUP_HOME=/opt/rustwide/rustup-home" "-e" "CARGO_TARGET_DIR=/opt/rustwide/target" "-e" "CARGO_INCREMENTAL=0" "-e" "RUST_BACKTRACE=full" "-e" "RUSTFLAGS=--cap-lints=warn" "-e" "RUSTDOCFLAGS=--cap-lints=warn" "-w" "/opt/rustwide/workdir" "--user" "0:0" "f64711df6dbf044a7d3b6799fbdc2c9d537a5c7013a2cac86e7555b9cc2e1eae" "/opt/rustwide/cargo-home/bin/cargo" "+1.100.0-beta.1" "build" "--frozen" "--message-format=json" "--release", kill_on_drop: false }`
[INFO] [stderr] warning: `package.homepage` is redundant with `package.repository`
[INFO] [stderr]   --> Cargo.toml:29:12
[INFO] [stderr]    |
[INFO] [stderr] 29 | homepage = "https://github.com/jesse99/gear"
[INFO] [stderr]    |            ^^^^^^^^^^^^^^^^^^^^^^^^^^^^^^^^^
[INFO] [stderr] ...
[INFO] [stderr] 34 | repository = "https://github.com/jesse99/gear"
[INFO] [stderr]    |              ---------------------------------
[INFO] [stderr]    |
[INFO] [stderr]    = note: `cargo::redundant_homepage` is set to `warn` by default
[INFO] [stderr] help: consider removing `package.homepage`
[INFO] [stderr] warning: `gear-objects` (manifest) generated 1 warning
[INFO] [stderr]    Compiling arraystring v0.3.0
[INFO] [stderr]    Compiling gear-objects v0.3.0 (/opt/rustwide/workdir)
[INFO] [stdout] error[E0422]: cannot find struct, variant or union type `Oid` in this scope
[INFO] [stdout]   --> src/component_id.rs:28:9
[INFO] [stdout]    |
[INFO] [stdout] 28 |         Oid { id: value }
[INFO] [stdout]    |         ^^^ not found in this scope
[INFO] [stdout] 
[INFO] [stdout] 
[INFO] [stdout] error[E0554]: `#![feature]` may not be used on the beta release channel
[INFO] [stdout]  --> src/lib.rs:1:1
[INFO] [stdout]   |
[INFO] [stdout] 1 | #![feature(lazy_cell)]
[INFO] [stdout]   | ^^^^^^^^^^^^^^^^^^^^^^
[INFO] [stdout] 
[INFO] [stdout] 
[INFO] [stdout] warning: the feature `lazy_cell` has been stable since 1.80.0 and no longer requires an attribute to enable
[INFO] [stdout]  --> src/lib.rs:1:12
[INFO] [stdout]   |
[INFO] [stdout] 1 | #![feature(lazy_cell)]
[INFO] [stdout]   |            ^^^^^^^^^
[INFO] [stdout]   |
[INFO] [stdout]   = note: `#[warn(stable_features)]` on by default
[INFO] [stdout] 
[INFO] [stdout] 
[INFO] [stdout] error[E0061]: this function takes 2 arguments but 1 argument was supplied
[INFO] [stdout]   --> src/component_id.rs:43:5
[INFO] [stdout]    |
[INFO] [stdout] 43 |     ComponentId::new(NEXT_COMPONENT_ID.fetch_add(1, Ordering::Relaxed))
[INFO] [stdout]    |     ^^^^^^^^^^^^^^^^ ------------------------------------------------- argument #1 of type `&str` is missing
[INFO] [stdout]    |
[INFO] [stdout] note: associated function defined here
[INFO] [stdout]   --> src/component_id.rs:27:12
[INFO] [stdout]    |
[INFO] [stdout] 27 |     pub fn new(_tag: &str, value: u32) -> ComponentId {
[INFO] [stdout]    |            ^^^ ----------
[INFO] [stdout] help: provide the argument
[INFO] [stdout]    |
[INFO] [stdout] 43 |     ComponentId::new(/* &str */, NEXT_COMPONENT_ID.fetch_add(1, Ordering::Relaxed))
[INFO] [stdout]    |                      +++++++++++
[INFO] [stdout] 
[INFO] [stdout] 
[INFO] [stdout] Some errors have detailed explanations: E0061, E0422, E0554.
[INFO] [stdout] 
[INFO] [stdout] For more information about an error, try `rustc --explain E0061`.
[INFO] [stdout] 
[INFO] [stderr] error: could not compile `gear-objects` (lib) due to 3 previous errors; 1 warning emitted
[INFO] running `Command { std: "docker" "inspect" "f64711df6dbf044a7d3b6799fbdc2c9d537a5c7013a2cac86e7555b9cc2e1eae", kill_on_drop: false }`
[INFO] running `Command { std: "docker" "rm" "-f" "f64711df6dbf044a7d3b6799fbdc2c9d537a5c7013a2cac86e7555b9cc2e1eae", kill_on_drop: false }`
[INFO] [stdout] f64711df6dbf044a7d3b6799fbdc2c9d537a5c7013a2cac86e7555b9cc2e1eae
