[INFO] fetching crate gdcm-rs 0.6.0...
[INFO] testing gdcm-rs-0.6.0 against 1.100.0-beta.1+cargoflags=--release for beta-release-1.100-2
[INFO] extracting crate gdcm-rs 0.6.0 into /workspace/builds/worker-4-tc2/source
[INFO] started tweaking crates.io crate gdcm-rs 0.6.0
[INFO] finished tweaking crates.io crate gdcm-rs 0.6.0
[INFO] tweaked toml for crates.io crate gdcm-rs 0.6.0 written to /workspace/builds/worker-4-tc2/source/Cargo.toml
[INFO] validating manifest of crates.io crate gdcm-rs 0.6.0 on toolchain 1.100.0-beta.1
[INFO] running `Command { std: CARGO_HOME="/workspace/cargo-home" RUSTUP_HOME="/workspace/rustup-home" "/workspace/cargo-home/bin/cargo" "+1.100.0-beta.1" "metadata" "--manifest-path" "Cargo.toml" "--no-deps", kill_on_drop: false }`
[INFO] running `Command { std: CARGO_HOME="/workspace/cargo-home" RUSTUP_HOME="/workspace/rustup-home" "/workspace/cargo-home/bin/cargo" "+1.100.0-beta.1" "generate-lockfile" "--manifest-path" "Cargo.toml", kill_on_drop: false }`
[INFO] [stderr]     Updating crates.io index
[INFO] [stderr]      Locking 15 packages to highest compatible versions
[INFO] [stderr]       Adding snafu v0.8.9 (available: v0.9.2)
[INFO] [stderr]       Adding strum v0.26.3 (available: v0.28.0)
[INFO] [stderr]       Adding strum_macros v0.26.4 (available: v0.28.0)
[INFO] running `Command { std: CARGO_HOME="/workspace/cargo-home" RUSTUP_HOME="/workspace/rustup-home" "/workspace/cargo-home/bin/cargo" "+1.100.0-beta.1" "fetch" "--manifest-path" "Cargo.toml", kill_on_drop: false }`
[INFO] [stderr] warning: `package.homepage` is redundant with `package.repository`
[INFO] [stderr]   --> Cargo.toml:31:12
[INFO] [stderr]    |
[INFO] [stderr] 31 | homepage = "https://github.com/pevers/gdcm-rs"
[INFO] [stderr]    |            ^^^^^^^^^^^^^^^^^^^^^^^^^^^^^^^^^^^
[INFO] [stderr] ...
[INFO] [stderr] 36 | repository = "https://github.com/pevers/gdcm-rs"
[INFO] [stderr]    |              -----------------------------------
[INFO] [stderr]    |
[INFO] [stderr]    = note: `cargo::redundant_homepage` is set to `warn` by default
[INFO] [stderr] help: consider removing `package.homepage`
[INFO] [stderr] warning: `gdcm-rs` (manifest) generated 1 warning
[INFO] running `Command { std: "docker" "create" "-v" "/var/lib/crater-agent-workspace/builds/worker-4-tc2/source:/opt/rustwide/workdir:ro,Z" "-v" "/var/lib/crater-agent-workspace/builds/worker-4-tc2/target:/opt/rustwide/target:rw,Z" "-v" "/var/lib/crater-agent-workspace/cargo-home:/opt/rustwide/cargo-home:ro,Z" "-v" "/var/lib/crater-agent-workspace/rustup-home:/opt/rustwide/rustup-home:ro,Z" "-m" "1610612736" "--network" "none" "ghcr.io/rust-lang/crates-build-env/linux@sha256:77db811e55d90add9212f6832c23229e3de5f1c1f9905e8cb07319ea15df73ac" "sleep" "infinity", kill_on_drop: false }`
[INFO] [stdout] 518bc01e0a9f3b8d22f848103dbf3fd3d91309edd6b11d835fa3d8ea9b2ffcde
[INFO] running `Command { std: "docker" "start" "518bc01e0a9f3b8d22f848103dbf3fd3d91309edd6b11d835fa3d8ea9b2ffcde", kill_on_drop: false }`
[INFO] running `Command { std: "docker" "inspect" "518bc01e0a9f3b8d22f848103dbf3fd3d91309edd6b11d835fa3d8ea9b2ffcde", kill_on_drop: false }`
[INFO] running `Command { std: "docker" "exec" "-e" "SOURCE_DIR=/opt/rustwide/workdir" "-e" "CARGO_HOME=/opt/rustwide/cargo-home" "-e" "RUSTUP_HOME=/opt/rustwide/rustup-home" "-e" "CARGO_TARGET_DIR=/opt/rustwide/target" "-w" "/opt/rustwide/workdir" "--user" "0:0" "518bc01e0a9f3b8d22f848103dbf3fd3d91309edd6b11d835fa3d8ea9b2ffcde" "/opt/rustwide/cargo-home/bin/cargo" "+1.100.0-beta.1" "metadata" "--no-deps" "--format-version=1", kill_on_drop: false }`
[INFO] running `Command { std: "docker" "inspect" "518bc01e0a9f3b8d22f848103dbf3fd3d91309edd6b11d835fa3d8ea9b2ffcde", kill_on_drop: false }`
[INFO] running `Command { std: "docker" "exec" "-e" "SOURCE_DIR=/opt/rustwide/workdir" "-e" "CARGO_HOME=/opt/rustwide/cargo-home" "-e" "RUSTUP_HOME=/opt/rustwide/rustup-home" "-e" "CARGO_TARGET_DIR=/opt/rustwide/target" "-e" "CARGO_INCREMENTAL=0" "-e" "RUST_BACKTRACE=full" "-e" "RUSTFLAGS=--cap-lints=warn" "-e" "RUSTDOCFLAGS=--cap-lints=warn" "-w" "/opt/rustwide/workdir" "--user" "0:0" "518bc01e0a9f3b8d22f848103dbf3fd3d91309edd6b11d835fa3d8ea9b2ffcde" "/opt/rustwide/cargo-home/bin/cargo" "+1.100.0-beta.1" "build" "--frozen" "--message-format=json" "--release", kill_on_drop: false }`
[INFO] [stderr] warning: `package.homepage` is redundant with `package.repository`
[INFO] [stderr]   --> Cargo.toml:31:12
[INFO] [stderr]    |
[INFO] [stderr] 31 | homepage = "https://github.com/pevers/gdcm-rs"
[INFO] [stderr]    |            ^^^^^^^^^^^^^^^^^^^^^^^^^^^^^^^^^^^
[INFO] [stderr] ...
[INFO] [stderr] 36 | repository = "https://github.com/pevers/gdcm-rs"
[INFO] [stderr]    |              -----------------------------------
[INFO] [stderr]    |
[INFO] [stderr]    = note: `cargo::redundant_homepage` is set to `warn` by default
[INFO] [stderr] help: consider removing `package.homepage`
[INFO] [stderr] warning: `gdcm-rs` (manifest) generated 1 warning
[INFO] [stderr]    Compiling strum v0.26.3
[INFO] [stderr]    Compiling syn v2.0.119
[INFO] [stderr]    Compiling cmake v0.1.58
[INFO] [stderr]    Compiling gdcm-rs v0.6.0 (/opt/rustwide/workdir)
[INFO] [stderr]    Compiling snafu-derive v0.8.9
[INFO] [stderr]    Compiling strum_macros v0.26.4
[INFO] [stderr]    Compiling snafu v0.8.9
[INFO] [stderr] error: failed to run custom build command for `gdcm-rs v0.6.0 (/opt/rustwide/workdir)`
[INFO] [stderr] note: To improve backtraces for build dependencies, set the CARGO_PROFILE_RELEASE_BUILD_OVERRIDE_DEBUG=true environment variable to enable debug information generation.
[INFO] [stderr] 
[INFO] [stderr] Caused by:
[INFO] [stderr]   process didn't exit successfully: `/opt/rustwide/target/release/build/gdcm-rs/75393fec67e07875/out/build_script_build` (exit status: 101)
[INFO] [stderr]   --- stdout
[INFO] [stderr]   cargo:rerun-if-changed=build.rs
[INFO] [stderr]   cargo:rerun-if-changed=gdcm_wrapper.cc
[INFO] [stderr]   cargo:rerun-if-changed=wrapper.h
[INFO] [stderr]   CMAKE_TOOLCHAIN_FILE_x86_64-unknown-linux-gnu = None
[INFO] [stderr]   CMAKE_TOOLCHAIN_FILE_x86_64_unknown_linux_gnu = None
[INFO] [stderr]   HOST_CMAKE_TOOLCHAIN_FILE = None
[INFO] [stderr]   CMAKE_TOOLCHAIN_FILE = None
[INFO] [stderr]   CMAKE_GENERATOR_x86_64-unknown-linux-gnu = None
[INFO] [stderr]   CMAKE_GENERATOR_x86_64_unknown_linux_gnu = None
[INFO] [stderr]   HOST_CMAKE_GENERATOR = None
[INFO] [stderr]   CMAKE_GENERATOR = None
[INFO] [stderr]   CMAKE_PREFIX_PATH_x86_64-unknown-linux-gnu = None
[INFO] [stderr]   CMAKE_PREFIX_PATH_x86_64_unknown_linux_gnu = None
[INFO] [stderr]   HOST_CMAKE_PREFIX_PATH = None
[INFO] [stderr]   CMAKE_PREFIX_PATH = None
[INFO] [stderr]   CMAKE_x86_64-unknown-linux-gnu = None
[INFO] [stderr]   CMAKE_x86_64_unknown_linux_gnu = None
[INFO] [stderr]   HOST_CMAKE = None
[INFO] [stderr]   CMAKE = None
[INFO] [stderr]   -- The CXX compiler identification is GNU 15.2.0
[INFO] [stderr]   -- The C compiler identification is GNU 15.2.0
[INFO] [stderr]   -- Detecting CXX compiler ABI info
[INFO] [stderr]   -- Detecting CXX compiler ABI info - done
[INFO] [stderr]   -- Check for working CXX compiler: /usr/bin/c++ - skipped
[INFO] [stderr]   -- Detecting CXX compile features
[INFO] [stderr]   -- Detecting CXX compile features - done
[INFO] [stderr]   -- Detecting C compiler ABI info
[INFO] [stderr]   -- Detecting C compiler ABI info - done
[INFO] [stderr]   -- Check for working C compiler: /usr/bin/cc - skipped
[INFO] [stderr]   -- Detecting C compile features
[INFO] [stderr]   -- Detecting C compile features - done
[INFO] [stderr]   -- Looking for pthread.h
[INFO] [stderr]   -- Looking for pthread.h - found
[INFO] [stderr]   -- Looking for stddef.h
[INFO] [stderr]   -- Looking for stddef.h - found
[INFO] [stderr]   -- Looking for stdlib.h
[INFO] [stderr]   -- Looking for stdlib.h - found
[INFO] [stderr]   -- Looking for string.h
[INFO] [stderr]   -- Looking for string.h - found
[INFO] [stderr]   -- Looking for string.h
[INFO] [stderr]   -- Looking for string.h - found
[INFO] [stderr]   -- Looking for memory.h
[INFO] [stderr]   -- Looking for memory.h - found
[INFO] [stderr]   -- Looking for stdio.h
[INFO] [stderr]   -- Looking for stdio.h - found
[INFO] [stderr]   -- Looking for math.h
[INFO] [stderr]   -- Looking for math.h - found
[INFO] [stderr]   -- Looking for float.h
[INFO] [stderr]   -- Looking for float.h - found
[INFO] [stderr]   -- Looking for time.h
[INFO] [stderr]   -- Looking for time.h - found
[INFO] [stderr]   -- Looking for stdarg.h
[INFO] [stderr]   -- Looking for stdarg.h - found
[INFO] [stderr]   -- Looking for ctype.h
[INFO] [stderr]   -- Looking for ctype.h - found
[INFO] [stderr]   -- Looking for assert.h
[INFO] [stderr]   -- Looking for assert.h - found
[INFO] [stderr]   -- Looking for stdint.h
[INFO] [stderr]   -- Looking for stdint.h - found
[INFO] [stderr]   -- Looking for inttypes.h
[INFO] [stderr]   -- Looking for inttypes.h - found
[INFO] [stderr]   -- Looking for strings.h
[INFO] [stderr]   -- Looking for strings.h - found
[INFO] [stderr]   -- Looking for sys/stat.h
[INFO] [stderr]   -- Looking for sys/stat.h - found
[INFO] [stderr]   -- Looking for sys/types.h
[INFO] [stderr]   -- Looking for sys/types.h - found
[INFO] [stderr]   -- Looking for unistd.h
[INFO] [stderr]   -- Looking for unistd.h - found
[INFO] [stderr]   -- Checking for 64-bit off_t
[INFO] [stderr]   -- Checking for 64-bit off_t - present
[INFO] [stderr]   -- Checking for fseeko/ftello
[INFO] [stderr]   -- Checking for fseeko/ftello - present
[INFO] [stderr]   -- Large File support - found
[INFO] [stderr]   -- Looking for include file malloc.h
[INFO] [stderr]   -- Looking for include file malloc.h - found
[INFO] [stderr]   -- Looking for _aligned_malloc
[INFO] [stderr]   -- Looking for _aligned_malloc - not found
[INFO] [stderr]   -- Looking for posix_memalign
[INFO] [stderr]   -- Looking for posix_memalign - found
[INFO] [stderr]   -- Looking for memalign
[INFO] [stderr]   -- Looking for memalign - found
[INFO] [stderr]   -- Looking for 3 include files stdlib.h, ..., inttypes.h
[INFO] [stderr]   -- Looking for 3 include files stdlib.h, ..., inttypes.h - found
[INFO] [stderr]   -- Looking for 4 include files stdlib.h, ..., sys/ioctl.h
[INFO] [stderr]   -- Looking for 4 include files stdlib.h, ..., sys/ioctl.h - found
[INFO] [stderr]   -- Looking for 5 include files stdlib.h, ..., sys/time.h
[INFO] [stderr]   -- Looking for 5 include files stdlib.h, ..., sys/time.h - found
[INFO] [stderr]   -- Looking for 6 include files stdlib.h, ..., sys/file.h
[INFO] [stderr]   -- Looking for 6 include files stdlib.h, ..., sys/file.h - found
[INFO] [stderr]   -- Looking for 7 include files stdlib.h, ..., sys/socket.h
[INFO] [stderr]   -- Looking for 7 include files stdlib.h, ..., sys/socket.h - found
[INFO] [stderr]   -- Looking for 8 include files stdlib.h, ..., sys/sockio.h
[INFO] [stderr]   -- Looking for 8 include files stdlib.h, ..., sys/sockio.h - not found
[INFO] [stderr]   -- Looking for 8 include files stdlib.h, ..., net/if.h
[INFO] [stderr]   -- Looking for 8 include files stdlib.h, ..., net/if.h - found
[INFO] [stderr]   -- Looking for 9 include files stdlib.h, ..., netinet/in.h
[INFO] [stderr]   -- Looking for 9 include files stdlib.h, ..., netinet/in.h - found
[INFO] [stderr]   -- Looking for 10 include files stdlib.h, ..., net/if_dl.h
[INFO] [stderr]   -- Looking for 10 include files stdlib.h, ..., net/if_dl.h - not found
[INFO] [stderr]   -- Looking for 10 include files stdlib.h, ..., net/if_arp.h
[INFO] [stderr]   -- Looking for 10 include files stdlib.h, ..., net/if_arp.h - found
[INFO] [stderr]   -- Looking for strsignal
[INFO] [stderr]   -- Looking for strsignal - found
[INFO] [stderr]   -- Looking for include file sys/time.h
[INFO] [stderr]   -- Looking for include file sys/time.h - found
[INFO] [stderr]   -- Looking for include files sys/time.h, winsock.h
[INFO] [stderr]   -- Looking for include files sys/time.h, winsock.h - not found
[INFO] [stderr]   -- Looking for include files sys/time.h, byteswap.h
[INFO] [stderr]   -- Looking for include files sys/time.h, byteswap.h - found
[INFO] [stderr]   -- Performing Test GDCM_HAVE_BYTESWAP_H
[INFO] [stderr]   -- Performing Test GDCM_HAVE_BYTESWAP_H - Success
[INFO] [stderr]   -- Looking for rpc.h
[INFO] [stderr]   -- Looking for rpc.h - not found
[INFO] [stderr]   -- Looking for langinfo.h
[INFO] [stderr]   -- Looking for langinfo.h - found
[INFO] [stderr]   -- Looking for nl_langinfo
[INFO] [stderr]   -- Looking for nl_langinfo - found
[INFO] [stderr]   -- Looking for strcasecmp
[INFO] [stderr]   -- Looking for strcasecmp - found
[INFO] [stderr]   -- Looking for strncasecmp
[INFO] [stderr]   -- Looking for strncasecmp - found
[INFO] [stderr]   -- Looking for strptime
[INFO] [stderr]   -- Looking for strptime - found
[INFO] [stderr]   -- Looking for _stricmp
[INFO] [stderr]   -- Looking for _stricmp - not found
[INFO] [stderr]   -- Looking for _strnicmp
[INFO] [stderr]   -- Looking for _strnicmp - not found
[INFO] [stderr]   -- Looking for gettimeofday
[INFO] [stderr]   -- Looking for gettimeofday - found
[INFO] [stderr]   -- Performing Test GDCM_CXX_HAS_FUNCTION
[INFO] [stderr]   -- Performing Test GDCM_CXX_HAS_FUNCTION - Success
[INFO] [stderr]   -- Performing Test GDCM_HAVE_WCHAR_IFSTREAM
[INFO] [stderr]   -- Performing Test GDCM_HAVE_WCHAR_IFSTREAM - Failed
[INFO] [stderr]   -- Configuring done (13.5s)
[INFO] [stderr]   -- Generating done (0.2s)
[INFO] [stderr]   -- Build files have been written to: /opt/rustwide/target/release/build/gdcm-rs/16d9524b8205d960/out/build
[INFO] [stderr]   [  0%] Building C object Utilities/gdcmjpeg/8/CMakeFiles/gdcmjpeg8.dir/__/jutils.c.o
[INFO] [stderr]   [  0%] Building C object Utilities/gdcmjpeg/8/CMakeFiles/gdcmjpeg8.dir/__/jmemnobs.c.o
[INFO] [stderr]   [  1%] Building C object Utilities/gdcmjpeg/12/CMakeFiles/gdcmjpeg12.dir/__/jmemnobs.c.o
[INFO] [stderr]   [  1%] Building C object Utilities/gdcmjpeg/12/CMakeFiles/gdcmjpeg12.dir/__/jmemmgr.c.o
[INFO] [stderr]   [  2%] Building C object Utilities/gdcmuuid/CMakeFiles/gdcmuuid.dir/compare.c.o
[INFO] [stderr]   [  2%] Building C object Utilities/gdcmjpeg/12/CMakeFiles/gdcmjpeg12.dir/__/jerror.c.o
[INFO] [stderr]   [  2%] Building C object Utilities/gdcmjpeg/12/CMakeFiles/gdcmjpeg12.dir/__/jcomapi.c.o
[INFO] [stderr]   [  2%] Building C object Utilities/gdcmjpeg/12/CMakeFiles/gdcmjpeg12.dir/__/jutils.c.o
[INFO] [stderr]   [  3%] Building C object Utilities/gdcmjpeg/8/CMakeFiles/gdcmjpeg8.dir/__/jcomapi.c.o
[INFO] [stderr]   [  4%] Building CXX object Utilities/gdcmcharls/CMakeFiles/gdcmcharls.dir/interface.cpp.o
[INFO] [stderr]   [  4%] Building C object Utilities/gdcmjpeg/16/CMakeFiles/gdcmjpeg16.dir/__/jmemnobs.c.o
[INFO] [stderr]   [  4%] Building C object Utilities/gdcmopenjpeg/src/lib/openjp2/CMakeFiles/gdcmopenjp2.dir/thread.c.o
[INFO] [stderr]   [  4%] Building C object Utilities/gdcmexpat/lib/CMakeFiles/gdcmexpat.dir/xmlparse.c.o
[INFO] [stderr]   [  5%] Building CXX object Utilities/socketxx/socket++/CMakeFiles/socketxx.dir/sockstream.cpp.o
[INFO] [stderr]   [  5%] Building C object Utilities/gdcmuuid/CMakeFiles/gdcmuuid.dir/gen_uuid.c.o
[INFO] [stderr]   [  5%] Building C object Utilities/gdcmzlib/CMakeFiles/gdcmzlib.dir/adler32.c.o
[INFO] [stderr]   [  5%] Building CXX object Source/Common/CMakeFiles/gdcmCommon.dir/gdcmVersion.cxx.o
[INFO] [stderr]   [  6%] Building C object Utilities/gdcmjpeg/16/CMakeFiles/gdcmjpeg16.dir/__/jcomapi.c.o
[INFO] [stderr]   [  6%] Building C object Utilities/gdcmuuid/CMakeFiles/gdcmuuid.dir/pack.c.o
[INFO] [stderr]   [  6%] Building C object Utilities/gdcmzlib/CMakeFiles/gdcmzlib.dir/compress.c.o
[INFO] [stderr]   [  6%] Building C object Utilities/gdcmuuid/CMakeFiles/gdcmuuid.dir/parse.c.o
[INFO] [stderr]   [  6%] Building CXX object Utilities/gdcmcharls/CMakeFiles/gdcmcharls.dir/jpegls.cpp.o
[INFO] [stderr]   [  6%] Building CXX object Source/Common/CMakeFiles/gdcmCommon.dir/gdcmRegion.cxx.o
[INFO] [stderr]   [  6%] Building C object Utilities/gdcmjpeg/16/CMakeFiles/gdcmjpeg16.dir/__/jutils.c.o
[INFO] [stderr]   [  6%] Building C object Utilities/gdcmexpat/lib/CMakeFiles/gdcmexpat.dir/xmltok.c.o
[INFO] [stderr]   [  6%] Building C object Utilities/gdcmjpeg/16/CMakeFiles/gdcmjpeg16.dir/__/jerror.c.o
[INFO] [stderr]   [  6%] Building C object Utilities/gdcmjpeg/8/CMakeFiles/gdcmjpeg8.dir/__/jerror.c.o
[INFO] [stderr]   [  6%] Building C object Utilities/gdcmuuid/CMakeFiles/gdcmuuid.dir/unpack.c.o
[INFO] [stderr]   [  6%] Building CXX object Utilities/socketxx/socket++/CMakeFiles/socketxx.dir/sockinet.cpp.o
[INFO] [stderr]   [  6%] Building C object Utilities/gdcmzlib/CMakeFiles/gdcmzlib.dir/crc32.c.o
[INFO] [stderr]   [  6%] Building C object Utilities/gdcmjpeg/8/CMakeFiles/gdcmjpeg8.dir/__/jmemmgr.c.o
[INFO] [stderr]   [  6%] Building CXX object Utilities/gdcmcharls/CMakeFiles/gdcmcharls.dir/jpegmarkersegment.cpp.o
[INFO] [stderr]   [  6%] Building C object Utilities/gdcmexpat/lib/CMakeFiles/gdcmexpat.dir/xmlrole.c.o
[INFO] [stderr]   [  6%] Building C object Utilities/gdcmuuid/CMakeFiles/gdcmuuid.dir/unparse.c.o
[INFO] [stderr]   [  6%] Building C object Utilities/gdcmjpeg/12/CMakeFiles/gdcmjpeg12.dir/__/jcapimin.c.o
[INFO] [stderr]   [  6%] Building C object Utilities/gdcmjpeg/16/CMakeFiles/gdcmjpeg16.dir/__/jmemmgr.c.o
[INFO] [stderr]   [  7%] Building C object Utilities/gdcmuuid/CMakeFiles/gdcmuuid.dir/uuid_time.c.o
[INFO] [stderr]   [  8%] Building C object Utilities/gdcmzlib/CMakeFiles/gdcmzlib.dir/deflate.c.o
[INFO] [stderr]   [  8%] Linking C static library ../../bin/libgdcmuuid.a
[INFO] [stderr]   [  9%] Building C object Utilities/gdcmjpeg/12/CMakeFiles/gdcmjpeg12.dir/__/jcapistd.c.o
[INFO] [stderr]   [  9%] Building C object Utilities/gdcmjpeg/12/CMakeFiles/gdcmjpeg12.dir/__/jctrans.c.o
[INFO] [stderr]   [  9%] Building C object Utilities/gdcmopenjpeg/src/lib/openjp2/CMakeFiles/gdcmopenjp2.dir/bio.c.o
[INFO] [stderr]   [  9%] Building C object Utilities/gdcmjpeg/8/CMakeFiles/gdcmjpeg8.dir/__/jcapimin.c.o
[INFO] [stderr]   [  9%] Built target gdcmuuid
[INFO] [stderr]   [ 10%] Building C object Utilities/gdcmjpeg/8/CMakeFiles/gdcmjpeg8.dir/__/jcapistd.c.o
[INFO] [stderr]   [ 11%] Building C object Utilities/gdcmopenjpeg/src/lib/openjp2/CMakeFiles/gdcmopenjp2.dir/cio.c.o
[INFO] [stderr]   [ 11%] Building CXX object Source/Common/CMakeFiles/gdcmCommon.dir/gdcmBoxRegion.cxx.o
[INFO] [stderr]   [ 11%] Building C object Utilities/gdcmjpeg/12/CMakeFiles/gdcmjpeg12.dir/__/jcparam.c.o
[INFO] [stderr]   [ 11%] Building C object Utilities/gdcmjpeg/16/CMakeFiles/gdcmjpeg16.dir/__/jcapimin.c.o
[INFO] [stderr]   [ 11%] Building CXX object Utilities/socketxx/socket++/CMakeFiles/socketxx.dir/fork.cpp.o
[INFO] [stderr]   [ 11%] Building C object Utilities/gdcmjpeg/8/CMakeFiles/gdcmjpeg8.dir/__/jctrans.c.o
[INFO] [stderr]   [ 11%] Building C object Utilities/gdcmjpeg/8/CMakeFiles/gdcmjpeg8.dir/__/jcparam.c.o
[INFO] [stderr]   [ 11%] Building CXX object Utilities/socketxx/socket++/CMakeFiles/socketxx.dir/protocol.cpp.o
[INFO] [stderr]   [ 11%] Building C object Utilities/gdcmzlib/CMakeFiles/gdcmzlib.dir/gzio.c.o
[INFO] [stderr]   [ 11%] Building C object Utilities/gdcmopenjpeg/src/lib/openjp2/CMakeFiles/gdcmopenjp2.dir/dwt.c.o
[INFO] [stderr]   [ 11%] Building C object Utilities/gdcmjpeg/12/CMakeFiles/gdcmjpeg12.dir/__/jcinit.c.o
[INFO] [stderr]   [ 12%] Building C object Utilities/gdcmjpeg/16/CMakeFiles/gdcmjpeg16.dir/__/jcapistd.c.o
[INFO] [stderr]   [ 12%] Building C object Utilities/gdcmjpeg/12/CMakeFiles/gdcmjpeg12.dir/__/jcmaster.c.o
[INFO] [stderr]   [ 12%] Building C object Utilities/gdcmjpeg/16/CMakeFiles/gdcmjpeg16.dir/__/jctrans.c.o
[INFO] [stderr]   [ 12%] Building C object Utilities/gdcmjpeg/16/CMakeFiles/gdcmjpeg16.dir/__/jcparam.c.o
[INFO] [stderr]   [ 12%] Building CXX object Utilities/socketxx/socket++/CMakeFiles/socketxx.dir/echo.cpp.o
[INFO] [stderr]   [ 12%] Building C object Utilities/gdcmjpeg/8/CMakeFiles/gdcmjpeg8.dir/__/jcinit.c.o
[INFO] [stderr]   [ 12%] Building C object Utilities/gdcmopenjpeg/src/lib/openjp2/CMakeFiles/gdcmopenjp2.dir/event.c.o
[INFO] [stderr]   [ 12%] Building CXX object Utilities/gdcmcharls/CMakeFiles/gdcmcharls.dir/jpegstreamreader.cpp.o
[INFO] [stderr]   [ 12%] Building C object Utilities/gdcmzlib/CMakeFiles/gdcmzlib.dir/infback.c.o
[INFO] [stderr]   [ 12%] Building C object Utilities/gdcmjpeg/8/CMakeFiles/gdcmjpeg8.dir/__/jcmaster.c.o
[INFO] [stderr]   [ 13%] Building C object Utilities/gdcmjpeg/12/CMakeFiles/gdcmjpeg12.dir/__/jcmarker.c.o
[INFO] [stderr]   [ 13%] Building CXX object Source/Common/CMakeFiles/gdcmCommon.dir/gdcmEvent.cxx.o
[INFO] [stderr]   [ 13%] Building C object Utilities/gdcmopenjpeg/src/lib/openjp2/CMakeFiles/gdcmopenjp2.dir/image.c.o
[INFO] [stderr]   [ 13%] Building C object Utilities/gdcmjpeg/8/CMakeFiles/gdcmjpeg8.dir/__/jcmarker.c.o
[INFO] [stderr]   [ 13%] Building C object Utilities/gdcmopenjpeg/src/lib/openjp2/CMakeFiles/gdcmopenjp2.dir/invert.c.o
[INFO] [stderr]   [ 13%] Building C object Utilities/gdcmzlib/CMakeFiles/gdcmzlib.dir/inffast.c.o
[INFO] [stderr]   [ 13%] Building C object Utilities/gdcmjpeg/16/CMakeFiles/gdcmjpeg16.dir/__/jcinit.c.o
[INFO] [stderr]   [ 13%] Building C object Utilities/gdcmjpeg/12/CMakeFiles/gdcmjpeg12.dir/__/jcmainct.c.o
[INFO] [stderr]   [ 13%] Building CXX object Utilities/gdcmcharls/CMakeFiles/gdcmcharls.dir/jpegstreamwriter.cpp.o
[INFO] [stderr]   [ 13%] Building C object Utilities/gdcmjpeg/16/CMakeFiles/gdcmjpeg16.dir/__/jcmaster.c.o
[INFO] [stderr]   [ 13%] Building C object Utilities/gdcmzlib/CMakeFiles/gdcmzlib.dir/inflate.c.o
[INFO] [stderr]   [ 14%] Building C object Utilities/gdcmopenjpeg/src/lib/openjp2/CMakeFiles/gdcmopenjp2.dir/j2k.c.o
[INFO] [stderr]   [ 14%] Building C object Utilities/gdcmjpeg/12/CMakeFiles/gdcmjpeg12.dir/__/jcprepct.c.o
[INFO] [stderr]   [ 14%] Building CXX object Source/Common/CMakeFiles/gdcmCommon.dir/gdcmDataEvent.cxx.o
[INFO] [stderr]   [ 14%] Building C object Utilities/gdcmjpeg/12/CMakeFiles/gdcmjpeg12.dir/__/jccoefct.c.o
[INFO] [stderr]   [ 15%] Building C object Utilities/gdcmjpeg/8/CMakeFiles/gdcmjpeg8.dir/__/jcmainct.c.o
[INFO] [stderr]   [ 16%] Building C object Utilities/gdcmzlib/CMakeFiles/gdcmzlib.dir/inftrees.c.o
[INFO] [stderr]   [ 17%] Linking CXX static library ../../../bin/libsocketxx.a
[INFO] [stderr]   [ 17%] Building C object Utilities/gdcmjpeg/8/CMakeFiles/gdcmjpeg8.dir/__/jcprepct.c.o
[INFO] [stderr]   [ 18%] Building C object Utilities/gdcmjpeg/16/CMakeFiles/gdcmjpeg16.dir/__/jcmarker.c.o
[INFO] [stderr]   [ 18%] Building C object Utilities/gdcmopenjpeg/src/lib/openjp2/CMakeFiles/gdcmopenjp2.dir/jp2.c.o
[INFO] [stderr]   [ 19%] Building CXX object Source/Common/CMakeFiles/gdcmCommon.dir/gdcmProgressEvent.cxx.o
[INFO] [stderr]   [ 19%] Building C object Utilities/gdcmzlib/CMakeFiles/gdcmzlib.dir/trees.c.o
[INFO] [stderr]   [ 19%] Built target socketxx
[INFO] [stderr]   [ 19%] Building C object Utilities/gdcmjpeg/12/CMakeFiles/gdcmjpeg12.dir/__/jccolor.c.o
[INFO] [stderr]   [ 19%] Building C object Utilities/gdcmopenjpeg/src/lib/openjp2/CMakeFiles/gdcmopenjp2.dir/mct.c.o
[INFO] [stderr]   [ 19%] Building C object Utilities/gdcmjpeg/8/CMakeFiles/gdcmjpeg8.dir/__/jccoefct.c.o
[INFO] [stderr]   [ 19%] Building CXX object Source/Common/CMakeFiles/gdcmCommon.dir/gdcmFileNameEvent.cxx.o
[INFO] [stderr]   [ 20%] Building C object Utilities/gdcmjpeg/12/CMakeFiles/gdcmjpeg12.dir/__/jcsample.c.o
[INFO] [stderr]   [ 20%] Building C object Utilities/gdcmzlib/CMakeFiles/gdcmzlib.dir/uncompr.c.o
[INFO] [stderr]   [ 20%] Building CXX object Source/Common/CMakeFiles/gdcmCommon.dir/gdcmCommand.cxx.o
[INFO] [stderr]   [ 20%] Building C object Utilities/gdcmjpeg/8/CMakeFiles/gdcmjpeg8.dir/__/jccolor.c.o
[INFO] [stderr]   [ 20%] Building C object Utilities/gdcmjpeg/16/CMakeFiles/gdcmjpeg16.dir/__/jcmainct.c.o
[INFO] [stderr]   [ 20%] Building C object Utilities/gdcmjpeg/12/CMakeFiles/gdcmjpeg12.dir/__/jchuff.c.o
[INFO] [stderr]   [ 20%] Building C object Utilities/gdcmopenjpeg/src/lib/openjp2/CMakeFiles/gdcmopenjp2.dir/mqc.c.o
[INFO] [stderr]   [ 20%] Building C object Utilities/gdcmzlib/CMakeFiles/gdcmzlib.dir/zutil.c.o
[INFO] [stderr]   [ 20%] Building CXX object Source/Common/CMakeFiles/gdcmCommon.dir/gdcmMD5.cxx.o
[INFO] [stderr]   [ 20%] Building C object Utilities/gdcmjpeg/16/CMakeFiles/gdcmjpeg16.dir/__/jcprepct.c.o
[INFO] [stderr]   [ 20%] Building C object Utilities/gdcmjpeg/12/CMakeFiles/gdcmjpeg12.dir/__/jcphuff.c.o
[INFO] [stderr]   [ 20%] Building C object Utilities/gdcmjpeg/16/CMakeFiles/gdcmjpeg16.dir/__/jccoefct.c.o
[INFO] [stderr]   [ 20%] Building CXX object Source/Common/CMakeFiles/gdcmCommon.dir/gdcmBase64.cxx.o
[INFO] [stderr]   [ 21%] Building CXX object Source/Common/CMakeFiles/gdcmCommon.dir/gdcmSHA1.cxx.o
[INFO] [stderr]   [ 21%] Building C object Utilities/gdcmjpeg/8/CMakeFiles/gdcmjpeg8.dir/__/jcsample.c.o
[INFO] [stderr]   [ 21%] Building C object Utilities/gdcmjpeg/16/CMakeFiles/gdcmjpeg16.dir/__/jccolor.c.o
[INFO] [stderr]   [ 21%] Building C object Utilities/gdcmjpeg/12/CMakeFiles/gdcmjpeg12.dir/__/jcdctmgr.c.o
[INFO] [stderr]   [ 22%] Building C object Utilities/gdcmjpeg/8/CMakeFiles/gdcmjpeg8.dir/__/jchuff.c.o
[INFO] [stderr]   [ 22%] Building C object Utilities/gdcmjpeg/8/CMakeFiles/gdcmjpeg8.dir/__/jcphuff.c.o
[INFO] [stderr]   [ 22%] Linking C static library ../../bin/libgdcmzlib.a
[INFO] [stderr]   [ 22%] Building C object Utilities/gdcmopenjpeg/src/lib/openjp2/CMakeFiles/gdcmopenjp2.dir/openjpeg.c.o
[INFO] [stderr]   [ 23%] Building C object Utilities/gdcmjpeg/16/CMakeFiles/gdcmjpeg16.dir/__/jcsample.c.o
[INFO] [stderr]   [ 23%] Building C object Utilities/gdcmjpeg/8/CMakeFiles/gdcmjpeg8.dir/__/jcdctmgr.c.o
[INFO] [stderr]   [ 23%] Building C object Utilities/gdcmjpeg/16/CMakeFiles/gdcmjpeg16.dir/__/jchuff.c.o
[INFO] [stderr]   [ 23%] Building CXX object Source/Common/CMakeFiles/gdcmCommon.dir/gdcmDummyValueGenerator.cxx.o
[INFO] [stderr]   [ 23%] Built target gdcmzlib
[INFO] [stderr]   [ 23%] Building C object Utilities/gdcmjpeg/12/CMakeFiles/gdcmjpeg12.dir/__/jfdctfst.c.o
[INFO] [stderr]   [ 24%] Building C object Utilities/gdcmjpeg/12/CMakeFiles/gdcmjpeg12.dir/__/jfdctflt.c.o
[INFO] [stderr]   [ 24%] Building C object Utilities/gdcmjpeg/12/CMakeFiles/gdcmjpeg12.dir/__/jdatadst.c.o
[INFO] [stderr]   [ 24%] Building C object Utilities/gdcmjpeg/12/CMakeFiles/gdcmjpeg12.dir/__/jdapimin.c.o
[INFO] [stderr]   [ 25%] Building C object Utilities/gdcmopenjpeg/src/lib/openjp2/CMakeFiles/gdcmopenjp2.dir/opj_clock.c.o
[INFO] [stderr]   [ 25%] Building C object Utilities/gdcmjpeg/8/CMakeFiles/gdcmjpeg8.dir/__/jfdctfst.c.o
[INFO] [stderr]   [ 25%] Building C object Utilities/gdcmjpeg/16/CMakeFiles/gdcmjpeg16.dir/__/jcphuff.c.o
[INFO] [stderr]   [ 25%] Building CXX object Source/Common/CMakeFiles/gdcmCommon.dir/gdcmCryptographicMessageSyntax.cxx.o
[INFO] [stderr]   [ 25%] Building C object Utilities/gdcmopenjpeg/src/lib/openjp2/CMakeFiles/gdcmopenjp2.dir/pi.c.o
[INFO] [stderr]   [ 25%] Building C object Utilities/gdcmopenjpeg/src/lib/openjp2/CMakeFiles/gdcmopenjp2.dir/t1.c.o
[INFO] [stderr]   [ 25%] Building C object Utilities/gdcmjpeg/12/CMakeFiles/gdcmjpeg12.dir/__/jdapistd.c.o
[INFO] [stderr]   [ 25%] Building C object Utilities/gdcmopenjpeg/src/lib/openjp2/CMakeFiles/gdcmopenjp2.dir/t2.c.o
[INFO] [stderr]   [ 25%] Building C object Utilities/gdcmjpeg/8/CMakeFiles/gdcmjpeg8.dir/__/jfdctflt.c.o
[INFO] [stderr]   [ 25%] Building C object Utilities/gdcmjpeg/16/CMakeFiles/gdcmjpeg16.dir/__/jcdctmgr.c.o
[INFO] [stderr]   [ 26%] Building C object Utilities/gdcmjpeg/8/CMakeFiles/gdcmjpeg8.dir/__/jdatadst.c.o
[INFO] [stderr]   [ 26%] Building C object Utilities/gdcmjpeg/12/CMakeFiles/gdcmjpeg12.dir/__/jdtrans.c.o
[INFO] [stderr]   [ 27%] Building C object Utilities/gdcmjpeg/12/CMakeFiles/gdcmjpeg12.dir/__/jdmaster.c.o
[INFO] [stderr]   [ 27%] Building C object Utilities/gdcmjpeg/8/CMakeFiles/gdcmjpeg8.dir/__/jdapimin.c.o
[INFO] [stderr]   [ 27%] Building CXX object Source/Common/CMakeFiles/gdcmCommon.dir/gdcmCryptoFactory.cxx.o
[INFO] [stderr]   [ 27%] Building C object Utilities/gdcmopenjpeg/src/lib/openjp2/CMakeFiles/gdcmopenjp2.dir/tcd.c.o
[INFO] [stderr]   [ 27%] Linking C static library ../../../bin/libgdcmexpat.a
[INFO] [stderr]   [ 27%] Building C object Utilities/gdcmjpeg/8/CMakeFiles/gdcmjpeg8.dir/__/jdapistd.c.o
[INFO] [stderr]   [ 28%] Building C object Utilities/gdcmopenjpeg/src/lib/openjp2/CMakeFiles/gdcmopenjp2.dir/tgt.c.o
[INFO] [stderr]   [ 28%] Building C object Utilities/gdcmjpeg/12/CMakeFiles/gdcmjpeg12.dir/__/jdinput.c.o
[INFO] [stderr]   [ 28%] Building C object Utilities/gdcmjpeg/16/CMakeFiles/gdcmjpeg16.dir/__/jfdctfst.c.o
[INFO] [stderr]   [ 28%] Built target gdcmexpat
[INFO] [stderr]   [ 28%] Building C object Utilities/gdcmjpeg/16/CMakeFiles/gdcmjpeg16.dir/__/jfdctflt.c.o
[INFO] [stderr]   [ 28%] Building CXX object Source/Common/CMakeFiles/gdcmCommon.dir/gdcmASN1.cxx.o
[INFO] [stderr]   [ 28%] Building C object Utilities/gdcmjpeg/8/CMakeFiles/gdcmjpeg8.dir/__/jdtrans.c.o
[INFO] [stderr]   [ 29%] Building CXX object Source/Common/CMakeFiles/gdcmCommon.dir/gdcmObject.cxx.o
[INFO] [stderr]   [ 29%] Building C object Utilities/gdcmjpeg/12/CMakeFiles/gdcmjpeg12.dir/__/jdmarker.c.o
[INFO] [stderr]   [ 29%] Building C object Utilities/gdcmjpeg/8/CMakeFiles/gdcmjpeg8.dir/__/jdmaster.c.o
[INFO] [stderr]   [ 30%] Building C object Utilities/gdcmjpeg/16/CMakeFiles/gdcmjpeg16.dir/__/jdatadst.c.o
[INFO] [stderr]   [ 30%] Building C object Utilities/gdcmjpeg/16/CMakeFiles/gdcmjpeg16.dir/__/jdapimin.c.o
[INFO] [stderr]   [ 30%] Building C object Utilities/gdcmopenjpeg/src/lib/openjp2/CMakeFiles/gdcmopenjp2.dir/function_list.c.o
[INFO] [stderr]   [ 30%] Building C object Utilities/gdcmjpeg/16/CMakeFiles/gdcmjpeg16.dir/__/jdapistd.c.o
[INFO] [stderr]   [ 31%] Building C object Utilities/gdcmjpeg/8/CMakeFiles/gdcmjpeg8.dir/__/jdinput.c.o
[INFO] [stderr]   [ 31%] Building C object Utilities/gdcmopenjpeg/src/lib/openjp2/CMakeFiles/gdcmopenjp2.dir/opj_malloc.c.o
[INFO] [stderr]   [ 31%] Building C object Utilities/gdcmjpeg/16/CMakeFiles/gdcmjpeg16.dir/__/jdtrans.c.o
[INFO] [stderr]   [ 31%] Building C object Utilities/gdcmjpeg/8/CMakeFiles/gdcmjpeg8.dir/__/jdmarker.c.o
[INFO] [stderr]   [ 31%] Building C object Utilities/gdcmjpeg/16/CMakeFiles/gdcmjpeg16.dir/__/jdmaster.c.o
[INFO] [stderr]   [ 31%] Building CXX object Source/Common/CMakeFiles/gdcmCommon.dir/gdcmSubject.cxx.o
[INFO] [stderr]   [ 31%] Building C object Utilities/gdcmopenjpeg/src/lib/openjp2/CMakeFiles/gdcmopenjp2.dir/sparse_array.c.o
[INFO] [stderr]   [ 31%] Building C object Utilities/gdcmjpeg/12/CMakeFiles/gdcmjpeg12.dir/__/jdhuff.c.o
[INFO] [stderr]   [ 31%] Building CXX object Source/Common/CMakeFiles/gdcmCommon.dir/gdcmDirectory.cxx.o
[INFO] [stderr]   [ 31%] Building C object Utilities/gdcmjpeg/12/CMakeFiles/gdcmjpeg12.dir/__/jdphuff.c.o
[INFO] [stderr]   [ 32%] Building C object Utilities/gdcmjpeg/16/CMakeFiles/gdcmjpeg16.dir/__/jdinput.c.o
[INFO] [stderr]   [ 32%] Building C object Utilities/gdcmjpeg/16/CMakeFiles/gdcmjpeg16.dir/__/jdmarker.c.o
[INFO] [stderr]   [ 32%] Building CXX object Source/Common/CMakeFiles/gdcmCommon.dir/gdcmTerminal.cxx.o
[INFO] [stderr]   [ 32%] Building CXX object Source/Common/CMakeFiles/gdcmCommon.dir/gdcmString.cxx.o
[INFO] [stderr]   [ 32%] Building C object Utilities/gdcmjpeg/8/CMakeFiles/gdcmjpeg8.dir/__/jdhuff.c.o
[INFO] [stderr]   [ 32%] Building C object Utilities/gdcmjpeg/12/CMakeFiles/gdcmjpeg12.dir/__/jdmainct.c.o
[INFO] [stderr]   [ 32%] Building C object Utilities/gdcmjpeg/16/CMakeFiles/gdcmjpeg16.dir/__/jdhuff.c.o
[INFO] [stderr]   [ 33%] Building CXX object Source/Common/CMakeFiles/gdcmCommon.dir/gdcmFilename.cxx.o
[INFO] [stderr]   [ 33%] Building CXX object Source/Common/CMakeFiles/gdcmCommon.dir/gdcmFilenameGenerator.cxx.o
[INFO] [stderr]   [ 34%] Building C object Utilities/gdcmjpeg/12/CMakeFiles/gdcmjpeg12.dir/__/jdcoefct.c.o
[INFO] [stderr]   [ 34%] Building C object Utilities/gdcmjpeg/8/CMakeFiles/gdcmjpeg8.dir/__/jdphuff.c.o
[INFO] [stderr]   [ 34%] Building C object Utilities/gdcmjpeg/12/CMakeFiles/gdcmjpeg12.dir/__/jdpostct.c.o
[INFO] [stderr]   [ 34%] Building C object Utilities/gdcmjpeg/16/CMakeFiles/gdcmjpeg16.dir/__/jdphuff.c.o
[INFO] [stderr]   [ 34%] Building CXX object Source/Common/CMakeFiles/gdcmCommon.dir/gdcmSwapCode.cxx.o
[INFO] [stderr]   [ 34%] Building C object Utilities/gdcmjpeg/8/CMakeFiles/gdcmjpeg8.dir/__/jdmainct.c.o
[INFO] [stderr]   [ 34%] Building C object Utilities/gdcmjpeg/12/CMakeFiles/gdcmjpeg12.dir/__/jddctmgr.c.o
[INFO] [stderr]   [ 34%] Building C object Utilities/gdcmjpeg/12/CMakeFiles/gdcmjpeg12.dir/__/jidctfst.c.o
[INFO] [stderr]   [ 34%] Building C object Utilities/gdcmjpeg/16/CMakeFiles/gdcmjpeg16.dir/__/jdmainct.c.o
[INFO] [stderr]   [ 34%] Building C object Utilities/gdcmjpeg/16/CMakeFiles/gdcmjpeg16.dir/__/jdpostct.c.o
[INFO] [stderr]   [ 35%] Building C object Utilities/gdcmjpeg/16/CMakeFiles/gdcmjpeg16.dir/__/jdcoefct.c.o
[INFO] [stderr]   [ 36%] Building C object Utilities/gdcmjpeg/8/CMakeFiles/gdcmjpeg8.dir/__/jdcoefct.c.o
[INFO] [stderr]   [ 36%] Building CXX object Source/Common/CMakeFiles/gdcmCommon.dir/gdcmSystem.cxx.o
[INFO] [stderr]   [ 36%] Building C object Utilities/gdcmjpeg/8/CMakeFiles/gdcmjpeg8.dir/__/jdpostct.c.o
[INFO] [stderr]   [ 36%] Building CXX object Source/Common/CMakeFiles/gdcmCommon.dir/gdcmTrace.cxx.o
[INFO] [stderr]   [ 36%] Building C object Utilities/gdcmjpeg/16/CMakeFiles/gdcmjpeg16.dir/__/jddctmgr.c.o
[INFO] [stderr]   [ 36%] Building C object Utilities/gdcmjpeg/8/CMakeFiles/gdcmjpeg8.dir/__/jddctmgr.c.o
[INFO] [stderr]   [ 36%] Building C object Utilities/gdcmjpeg/12/CMakeFiles/gdcmjpeg12.dir/__/jidctflt.c.o
[INFO] [stderr]   [ 37%] Building CXX object Source/Common/CMakeFiles/gdcmCommon.dir/gdcmException.cxx.o
[INFO] [stderr]   [ 37%] Building C object Utilities/gdcmjpeg/8/CMakeFiles/gdcmjpeg8.dir/__/jidctfst.c.o
[INFO] [stderr]   [ 37%] Building C object Utilities/gdcmjpeg/16/CMakeFiles/gdcmjpeg16.dir/__/jidctfst.c.o
[INFO] [stderr]   [ 37%] Building CXX object Source/Common/CMakeFiles/gdcmCommon.dir/gdcmDeflateStream.cxx.o
[INFO] [stderr]   [ 37%] Building C object Utilities/gdcmjpeg/8/CMakeFiles/gdcmjpeg8.dir/__/jidctflt.c.o
[INFO] [stderr]   [ 38%] Building C object Utilities/gdcmjpeg/12/CMakeFiles/gdcmjpeg12.dir/__/jidctint.c.o
[INFO] [stderr]   [ 38%] Building C object Utilities/gdcmjpeg/16/CMakeFiles/gdcmjpeg16.dir/__/jidctflt.c.o
[INFO] [stderr]   [ 39%] Building C object Utilities/gdcmjpeg/16/CMakeFiles/gdcmjpeg16.dir/__/jidctint.c.o
[INFO] [stderr]   [ 39%] Building C object Utilities/gdcmjpeg/8/CMakeFiles/gdcmjpeg8.dir/__/jidctint.c.o
[INFO] [stderr]   [ 39%] Building CXX object Source/Common/CMakeFiles/gdcmCommon.dir/gdcmByteSwap.cxx.o
[INFO] [stderr]   [ 39%] Building C object Utilities/gdcmjpeg/12/CMakeFiles/gdcmjpeg12.dir/__/jidctred.c.o
[INFO] [stderr]   [ 39%] Building C object Utilities/gdcmjpeg/12/CMakeFiles/gdcmjpeg12.dir/__/jdsample.c.o
[INFO] [stderr]   [ 39%] Building C object Utilities/gdcmjpeg/16/CMakeFiles/gdcmjpeg16.dir/__/jdsample.c.o
[INFO] [stderr]   [ 39%] Building C object Utilities/gdcmjpeg/16/CMakeFiles/gdcmjpeg16.dir/__/jidctred.c.o
[INFO] [stderr]   [ 39%] Building CXX object Source/Common/CMakeFiles/gdcmCommon.dir/gdcmUnpacker12Bits.cxx.o
[INFO] [stderr]   [ 40%] Building C object Utilities/gdcmjpeg/12/CMakeFiles/gdcmjpeg12.dir/__/jdcolor.c.o
[INFO] [stderr]   [ 40%] Building C object Utilities/gdcmjpeg/8/CMakeFiles/gdcmjpeg8.dir/__/jidctred.c.o
[INFO] [stderr]   [ 40%] Building C object Utilities/gdcmjpeg/8/CMakeFiles/gdcmjpeg8.dir/__/jdsample.c.o
[INFO] [stderr]   [ 40%] Building C object Utilities/gdcmjpeg/8/CMakeFiles/gdcmjpeg8.dir/__/jdcolor.c.o
[INFO] [stderr]   [ 40%] Building C object Utilities/gdcmjpeg/16/CMakeFiles/gdcmjpeg16.dir/__/jdcolor.c.o
[INFO] [stderr]   [ 40%] Building C object Utilities/gdcmjpeg/12/CMakeFiles/gdcmjpeg12.dir/__/jquant1.c.o
[INFO] [stderr]   [ 40%] Building C object Utilities/gdcmjpeg/16/CMakeFiles/gdcmjpeg16.dir/__/jquant1.c.o
[INFO] [stderr]   [ 41%] Building C object Utilities/gdcmjpeg/12/CMakeFiles/gdcmjpeg12.dir/__/jquant2.c.o
[INFO] [stderr]   [ 42%] Building C object Utilities/gdcmjpeg/16/CMakeFiles/gdcmjpeg16.dir/__/jquant2.c.o
[INFO] [stderr]   [ 42%] Building C object Utilities/gdcmjpeg/8/CMakeFiles/gdcmjpeg8.dir/__/jquant1.c.o
[INFO] [stderr]   [ 42%] Building C object Utilities/gdcmjpeg/12/CMakeFiles/gdcmjpeg12.dir/__/jdmerge.c.o
[INFO] [stderr]   [ 42%] Building C object Utilities/gdcmjpeg/8/CMakeFiles/gdcmjpeg8.dir/__/jquant2.c.o
[INFO] [stderr]   [ 42%] Building C object Utilities/gdcmjpeg/16/CMakeFiles/gdcmjpeg16.dir/__/jdmerge.c.o
[INFO] [stderr]   [ 42%] Building C object Utilities/gdcmjpeg/12/CMakeFiles/gdcmjpeg12.dir/__/jdatasrc.c.o
[INFO] [stderr]   [ 42%] Building C object Utilities/gdcmjpeg/12/CMakeFiles/gdcmjpeg12.dir/__/jfdctint.c.o
[INFO] [stderr]   [ 43%] Building C object Utilities/gdcmjpeg/12/CMakeFiles/gdcmjpeg12.dir/__/jclossls.c.o
[INFO] [stderr]   [ 43%] Building C object Utilities/gdcmjpeg/12/CMakeFiles/gdcmjpeg12.dir/__/jclossy.c.o
[INFO] [stderr]   [ 44%] Building C object Utilities/gdcmjpeg/8/CMakeFiles/gdcmjpeg8.dir/__/jdmerge.c.o
[INFO] [stderr]   [ 44%] Building C object Utilities/gdcmjpeg/8/CMakeFiles/gdcmjpeg8.dir/__/jdatasrc.c.o
[INFO] [stderr]   [ 44%] Building C object Utilities/gdcmjpeg/16/CMakeFiles/gdcmjpeg16.dir/__/jdatasrc.c.o
[INFO] [stderr]   [ 44%] Building C object Utilities/gdcmjpeg/8/CMakeFiles/gdcmjpeg8.dir/__/jfdctint.c.o
[INFO] [stderr]   [ 44%] Building C object Utilities/gdcmjpeg/16/CMakeFiles/gdcmjpeg16.dir/__/jfdctint.c.o
[INFO] [stderr]   [ 44%] Linking CXX static library ../../bin/libgdcmCommon.a
[INFO] [stderr]   [ 44%] Building C object Utilities/gdcmjpeg/12/CMakeFiles/gdcmjpeg12.dir/__/jcodec.c.o
[INFO] [stderr]   [ 44%] Building C object Utilities/gdcmjpeg/8/CMakeFiles/gdcmjpeg8.dir/__/jclossy.c.o
[INFO] [stderr]   [ 44%] Building C object Utilities/gdcmjpeg/16/CMakeFiles/gdcmjpeg16.dir/__/jclossy.c.o
[INFO] [stderr]   [ 44%] Building C object Utilities/gdcmjpeg/8/CMakeFiles/gdcmjpeg8.dir/__/jclossls.c.o
[INFO] [stderr]   [ 44%] Building C object Utilities/gdcmjpeg/16/CMakeFiles/gdcmjpeg16.dir/__/jclossls.c.o
[INFO] [stderr]   [ 44%] Building C object Utilities/gdcmjpeg/12/CMakeFiles/gdcmjpeg12.dir/__/jcscale.c.o
[INFO] [stderr]   [ 45%] Building C object Utilities/gdcmjpeg/16/CMakeFiles/gdcmjpeg16.dir/__/jcodec.c.o
[INFO] [stderr]   [ 45%] Building C object Utilities/gdcmjpeg/16/CMakeFiles/gdcmjpeg16.dir/__/jcscale.c.o
[INFO] [stderr]   [ 46%] Building C object Utilities/gdcmjpeg/8/CMakeFiles/gdcmjpeg8.dir/__/jcodec.c.o
[INFO] [stderr]   [ 46%] Building C object Utilities/gdcmjpeg/12/CMakeFiles/gdcmjpeg12.dir/__/jcshuff.c.o
[INFO] [stderr]   [ 46%] Building C object Utilities/gdcmjpeg/12/CMakeFiles/gdcmjpeg12.dir/__/jclhuff.c.o
[INFO] [stderr]   [ 46%] Building C object Utilities/gdcmjpeg/16/CMakeFiles/gdcmjpeg16.dir/__/jcshuff.c.o
[INFO] [stderr]   [ 46%] Building C object Utilities/gdcmjpeg/16/CMakeFiles/gdcmjpeg16.dir/__/jclhuff.c.o
[INFO] [stderr]   [ 46%] Building C object Utilities/gdcmjpeg/8/CMakeFiles/gdcmjpeg8.dir/__/jcscale.c.o
[INFO] [stderr]   [ 46%] Building C object Utilities/gdcmjpeg/8/CMakeFiles/gdcmjpeg8.dir/__/jcshuff.c.o
[INFO] [stderr]   [ 46%] Building C object Utilities/gdcmjpeg/8/CMakeFiles/gdcmjpeg8.dir/__/jclhuff.c.o
[INFO] [stderr]   [ 46%] Built target gdcmCommon
[INFO] [stderr]   [ 46%] Building C object Utilities/gdcmjpeg/8/CMakeFiles/gdcmjpeg8.dir/__/jcpred.c.o
[INFO] [stderr]   [ 46%] Building C object Utilities/gdcmjpeg/16/CMakeFiles/gdcmjpeg16.dir/__/jcpred.c.o
[INFO] [stderr]   [ 47%] Building CXX object Source/DataStructureAndEncodingDefinition/CMakeFiles/gdcmDSED.dir/gdcmByteValue.cxx.o
[INFO] [stderr]   [ 47%] Building CXX object Source/DataStructureAndEncodingDefinition/CMakeFiles/gdcmDSED.dir/gdcmDataElement.cxx.o
[INFO] [stderr]   [ 48%] Building C object Utilities/gdcmjpeg/12/CMakeFiles/gdcmjpeg12.dir/__/jcpred.c.o
[INFO] [stderr]   [ 49%] Building C object Utilities/gdcmjpeg/16/CMakeFiles/gdcmjpeg16.dir/__/jcdiffct.c.o
[INFO] [stderr]   [ 49%] Building C object Utilities/gdcmjpeg/16/CMakeFiles/gdcmjpeg16.dir/__/jdlossls.c.o
[INFO] [stderr]   [ 50%] Building C object Utilities/gdcmjpeg/8/CMakeFiles/gdcmjpeg8.dir/__/jcdiffct.c.o
[INFO] [stderr]   [ 50%] Building C object Utilities/gdcmjpeg/16/CMakeFiles/gdcmjpeg16.dir/__/jdlossy.c.o
[INFO] [stderr]   [ 50%] Building C object Utilities/gdcmjpeg/16/CMakeFiles/gdcmjpeg16.dir/__/jdlhuff.c.o
[INFO] [stderr]   [ 50%] Building C object Utilities/gdcmjpeg/16/CMakeFiles/gdcmjpeg16.dir/__/jddiffct.c.o
[INFO] [stderr]   [ 50%] Building C object Utilities/gdcmjpeg/12/CMakeFiles/gdcmjpeg12.dir/__/jcdiffct.c.o
[INFO] [stderr]   [ 50%] Building CXX object Source/DataStructureAndEncodingDefinition/CMakeFiles/gdcmDSED.dir/gdcmDataSet.cxx.o
[INFO] [stderr]   [ 51%] Building C object Utilities/gdcmjpeg/16/CMakeFiles/gdcmjpeg16.dir/__/jdpred.c.o
[INFO] [stderr]   [ 51%] Building C object Utilities/gdcmjpeg/8/CMakeFiles/gdcmjpeg8.dir/__/jdlossy.c.o
[INFO] [stderr]   [ 51%] Building CXX object Source/DataStructureAndEncodingDefinition/CMakeFiles/gdcmDSED.dir/gdcmExplicitDataElement.cxx.o
[INFO] [stderr]   [ 51%] Building C object Utilities/gdcmjpeg/8/CMakeFiles/gdcmjpeg8.dir/__/jdlossls.c.o
[INFO] [stderr]   [ 51%] Building CXX object Source/DataStructureAndEncodingDefinition/CMakeFiles/gdcmDSED.dir/gdcmFile.cxx.o
[INFO] [stderr]   [ 51%] Building C object Utilities/gdcmjpeg/12/CMakeFiles/gdcmjpeg12.dir/__/jdlossls.c.o
[INFO] [stderr]   [ 51%] Building C object Utilities/gdcmjpeg/12/CMakeFiles/gdcmjpeg12.dir/__/jdlossy.c.o
[INFO] [stderr]   [ 51%] Building C object Utilities/gdcmjpeg/12/CMakeFiles/gdcmjpeg12.dir/__/jdlhuff.c.o
[INFO] [stderr]   [ 51%] Building C object Utilities/gdcmjpeg/16/CMakeFiles/gdcmjpeg16.dir/__/jdscale.c.o
[INFO] [stderr]   [ 51%] Building C object Utilities/gdcmjpeg/12/CMakeFiles/gdcmjpeg12.dir/__/jddiffct.c.o
[INFO] [stderr]   [ 52%] Building C object Utilities/gdcmjpeg/12/CMakeFiles/gdcmjpeg12.dir/__/jdpred.c.o
[INFO] [stderr]   [ 52%] Building C object Utilities/gdcmjpeg/12/CMakeFiles/gdcmjpeg12.dir/__/jdscale.c.o
[INFO] [stderr]   [ 52%] Building C object Utilities/gdcmjpeg/16/CMakeFiles/gdcmjpeg16.dir/__/jdshuff.c.o
[INFO] [stderr]   [ 53%] Building CXX object Source/DataStructureAndEncodingDefinition/CMakeFiles/gdcmDSED.dir/gdcmFileMetaInformation.cxx.o
[INFO] [stderr]   [ 53%] Building C object Utilities/gdcmjpeg/12/CMakeFiles/gdcmjpeg12.dir/__/jdshuff.c.o
[INFO] [stderr]   [ 53%] Building C object Utilities/gdcmjpeg/8/CMakeFiles/gdcmjpeg8.dir/__/jdlhuff.c.o
[INFO] [stderr]   [ 53%] Linking C static library ../../../bin/libgdcmjpeg16.a
[INFO] [stderr]   [ 54%] Building C object Utilities/gdcmjpeg/8/CMakeFiles/gdcmjpeg8.dir/__/jdpred.c.o
[INFO] [stderr]   [ 54%] Building CXX object Source/DataStructureAndEncodingDefinition/CMakeFiles/gdcmDSED.dir/gdcmFragment.cxx.o
[INFO] [stderr]   [ 54%] Building C object Utilities/gdcmjpeg/8/CMakeFiles/gdcmjpeg8.dir/__/jddiffct.c.o
[INFO] [stderr]   [ 54%] Building CXX object Source/DataStructureAndEncodingDefinition/CMakeFiles/gdcmDSED.dir/gdcmImplicitDataElement.cxx.o
[INFO] [stderr]   [ 54%] Building CXX object Source/DataStructureAndEncodingDefinition/CMakeFiles/gdcmDSED.dir/gdcmItem.cxx.o
[INFO] [stderr]   [ 54%] Built target gdcmjpeg16
[INFO] [stderr]   [ 54%] Building C object Utilities/gdcmjpeg/8/CMakeFiles/gdcmjpeg8.dir/__/jdscale.c.o
[INFO] [stderr]   [ 54%] Building CXX object Source/DataStructureAndEncodingDefinition/CMakeFiles/gdcmDSED.dir/gdcmMediaStorage.cxx.o
[INFO] [stderr]   [ 55%] Building CXX object Source/DataStructureAndEncodingDefinition/CMakeFiles/gdcmDSED.dir/gdcmPrivateTag.cxx.o
[INFO] [stderr]   [ 55%] Linking C static library ../../../bin/libgdcmjpeg12.a
[INFO] [stderr]   [ 55%] Building CXX object Source/DataStructureAndEncodingDefinition/CMakeFiles/gdcmDSED.dir/gdcmReader.cxx.o
[INFO] [stderr]   [ 55%] Building C object Utilities/gdcmjpeg/8/CMakeFiles/gdcmjpeg8.dir/__/jdshuff.c.o
[INFO] [stderr]   [ 55%] Linking C static library ../../../bin/libgdcmjpeg8.a
[INFO] [stderr]   [ 55%] Built target gdcmjpeg12
[INFO] [stderr]   [ 55%] Building CXX object Source/DataStructureAndEncodingDefinition/CMakeFiles/gdcmDSED.dir/gdcmSequenceOfFragments.cxx.o
[INFO] [stderr]   [ 55%] Building CXX object Source/DataStructureAndEncodingDefinition/CMakeFiles/gdcmDSED.dir/gdcmSequenceOfItems.cxx.o
[INFO] [stderr]   [ 55%] Built target gdcmjpeg8
[INFO] [stderr]   [ 55%] Building CXX object Source/DataStructureAndEncodingDefinition/CMakeFiles/gdcmDSED.dir/gdcmValue.cxx.o
[INFO] [stderr]   [ 55%] Building CXX object Source/DataStructureAndEncodingDefinition/CMakeFiles/gdcmDSED.dir/gdcmReader.strict.cxx.o
[INFO] [stderr]   [ 56%] Building CXX object Source/DataStructureAndEncodingDefinition/CMakeFiles/gdcmDSED.dir/gdcmTag.cxx.o
[INFO] [stderr]   [ 56%] Building CXX object Source/DataStructureAndEncodingDefinition/CMakeFiles/gdcmDSED.dir/gdcmTagToVR.cxx.o
[INFO] [stderr]   [ 56%] Building CXX object Source/DataStructureAndEncodingDefinition/CMakeFiles/gdcmDSED.dir/gdcmCodeString.cxx.o
[INFO] [stderr]   [ 56%] Building CXX object Source/DataStructureAndEncodingDefinition/CMakeFiles/gdcmDSED.dir/gdcmFileSet.cxx.o
[INFO] [stderr]   [ 56%] Building CXX object Source/DataStructureAndEncodingDefinition/CMakeFiles/gdcmDSED.dir/gdcmByteSwapFilter.cxx.o
[INFO] [stderr]   [ 57%] Building CXX object Source/DataStructureAndEncodingDefinition/CMakeFiles/gdcmDSED.dir/gdcmUNExplicitImplicitDataElement.cxx.o
[INFO] [stderr]   [ 57%] Building CXX object Source/DataStructureAndEncodingDefinition/CMakeFiles/gdcmDSED.dir/gdcmWriter.cxx.o
[INFO] [stderr]   [ 57%] Building CXX object Source/DataStructureAndEncodingDefinition/CMakeFiles/gdcmDSED.dir/gdcmCSAHeader.cxx.o
[INFO] [stderr]   [ 57%] Building CXX object Source/DataStructureAndEncodingDefinition/CMakeFiles/gdcmDSED.dir/gdcmMrProtocol.cxx.o
[INFO] [stderr]   [ 57%] Building CXX object Source/DataStructureAndEncodingDefinition/CMakeFiles/gdcmDSED.dir/gdcmPDBHeader.cxx.o
[INFO] [stderr]   [ 58%] Building CXX object Source/DataStructureAndEncodingDefinition/CMakeFiles/gdcmDSED.dir/gdcmTransferSyntax.cxx.o
[INFO] [stderr]   [ 58%] Building CXX object Source/DataStructureAndEncodingDefinition/CMakeFiles/gdcmDSED.dir/gdcmVM.cxx.o
[INFO] [stderr]   [ 58%] Building CXX object Source/DataStructureAndEncodingDefinition/CMakeFiles/gdcmDSED.dir/gdcmVR.cxx.o
[INFO] [stderr]   [ 58%] Building CXX object Source/DataStructureAndEncodingDefinition/CMakeFiles/gdcmDSED.dir/gdcmPreamble.cxx.o
[INFO] [stderr]   [ 58%] Building CXX object Source/DataStructureAndEncodingDefinition/CMakeFiles/gdcmDSED.dir/gdcmParseException.cxx.o
[INFO] [stderr]   [ 58%] Linking C static library ../../../../../bin/libgdcmopenjp2.a
[INFO] [stderr]   [ 58%] Built target gdcmopenjp2
[INFO] [stderr]   [ 59%] Linking CXX static library ../../bin/libgdcmcharls.a
[INFO] [stderr]   [ 59%] Built target gdcmcharls
[INFO] [stderr] 
[INFO] [stderr]   --- stderr
[INFO] [stderr]   fatal: not a git repository (or any parent up to mount point /opt/rustwide)
[INFO] [stderr]   Stopping at filesystem boundary (GIT_DISCOVERY_ACROSS_FILESYSTEM not set).
[INFO] [stderr]   running: cd "/opt/rustwide/target/release/build/gdcm-rs/16d9524b8205d960/out/build" && CMAKE_PREFIX_PATH="" LC_ALL="C" "cmake" "/opt/rustwide/workdir/GDCM" "-B" "/opt/rustwide/target/release/build/gdcm-rs/16d9524b8205d960/out/build" "-DGDCM_BUILD_TESTING=OFF" "-DGDCM_DOCUMENTATION=OFF" "-DGDCM_BUILD_EXAMPLES=OFF" "-DGDCM_BUILD_DOCBOOK_MANPAGES=OFF" "-DCMAKE_CXX_STANDARD=14" "-DCMAKE_INSTALL_PREFIX=/opt/rustwide/target/release/build/gdcm-rs/16d9524b8205d960/out" "-DCMAKE_C_FLAGS= -ffunction-sections -fdata-sections -fPIC -m64 -w" "-DCMAKE_C_COMPILER=/usr/bin/cc" "-DCMAKE_CXX_FLAGS= -ffunction-sections -fdata-sections -fPIC -m64 -w" "-DCMAKE_CXX_COMPILER=/usr/bin/c++" "-DCMAKE_ASM_FLAGS= -ffunction-sections -fdata-sections -fPIC -m64 -w" "-DCMAKE_ASM_COMPILER=/usr/bin/cc" "-DCMAKE_BUILD_TYPE=Release"
[INFO] [stderr]   CMake Deprecation Warning at CMakeLists.txt:1 (cmake_minimum_required):
[INFO] [stderr]     Compatibility with CMake < 3.10 will be removed from a future version of
[INFO] [stderr]     CMake.
[INFO] [stderr] 
[INFO] [stderr]     Update the VERSION argument <min> value.  Or, use the <min>...<max> syntax
[INFO] [stderr]     to tell CMake that the project requires at least <min> but has been updated
[INFO] [stderr]     to work with policies introduced by <max> or earlier.
[INFO] [stderr] 
[INFO] [stderr] 
[INFO] [stderr]   CMake Warning:
[INFO] [stderr]     Manually-specified variables were not used by the project:
[INFO] [stderr] 
[INFO] [stderr]       CMAKE_ASM_COMPILER
[INFO] [stderr]       CMAKE_ASM_FLAGS
[INFO] [stderr] 
[INFO] [stderr] 
[INFO] [stderr]   running: cd "/opt/rustwide/target/release/build/gdcm-rs/16d9524b8205d960/out/build" && LC_ALL="C" MAKEFLAGS="-j --jobserver-fds=4,5 --jobserver-auth=4,5" "cmake" "--build" "/opt/rustwide/target/release/build/gdcm-rs/16d9524b8205d960/out/build" "--target" "install" "--config" "Release"
[INFO] [stderr]   c++: fatal error: Killed signal terminated program cc1plus
[INFO] [stderr]   compilation terminated.
[INFO] [stderr]   gmake[2]: *** [Source/DataStructureAndEncodingDefinition/CMakeFiles/gdcmDSED.dir/build.make:93: Source/DataStructureAndEncodingDefinition/CMakeFiles/gdcmDSED.dir/gdcmDataElement.cxx.o] Error 1
[INFO] [stderr]   gmake[2]: *** Waiting for unfinished jobs....
[INFO] [stderr]   c++: fatal error: Killed signal terminated program cc1plus
[INFO] [stderr]   compilation terminated.
[INFO] [stderr]   gmake[2]: *** [Source/DataStructureAndEncodingDefinition/CMakeFiles/gdcmDSED.dir/build.make:149: Source/DataStructureAndEncodingDefinition/CMakeFiles/gdcmDSED.dir/gdcmFileMetaInformation.cxx.o] Error 1
[INFO] [stderr]   gmake[1]: *** [CMakeFiles/Makefile2:1056: Source/DataStructureAndEncodingDefinition/CMakeFiles/gdcmDSED.dir/all] Error 2
[INFO] [stderr]   gmake: *** [Makefile:156: all] Error 2
[INFO] [stderr] 
[INFO] [stderr]   thread 'main' (103) panicked at /opt/rustwide/cargo-home/registry/src/index.crates.io-1949cf8c6b5b557f/cmake-0.1.58/src/lib.rs:1132:5:
[INFO] [stderr] 
[INFO] [stderr]   command did not execute successfully, got: exit status: 2
[INFO] [stderr] 
[INFO] [stderr]   build script failed, must exit now
[INFO] [stderr]   stack backtrace:
[INFO] [stderr]      0:     0x607a702a1541 - <<std[617be2ca0a6fd877]::sys::backtrace::BacktraceLock>::print::DisplayBacktrace as core[a373ad73a504971]::fmt::Display>::fmt
[INFO] [stderr]      1:     0x607a702b601a - core[a373ad73a504971]::fmt::write
[INFO] [stderr]      2:     0x607a702a6d4c - <std[617be2ca0a6fd877]::sys::stdio::unix::Stderr as core[a373ad73a504971]::io::write::Write>::write_fmt
[INFO] [stderr]      3:     0x607a7027e696 - std[617be2ca0a6fd877]::panicking::default_hook::{closure#0}
[INFO] [stderr]      4:     0x607a7029b381 - std[617be2ca0a6fd877]::panicking::default_hook
[INFO] [stderr]      5:     0x607a7029b53b - std[617be2ca0a6fd877]::panicking::panic_with_hook
[INFO] [stderr]      6:     0x607a7027e742 - std[617be2ca0a6fd877]::panicking::panic_handler::{closure#0}
[INFO] [stderr]      7:     0x607a70277379 - std[617be2ca0a6fd877]::sys::backtrace::__rust_end_short_backtrace::<std[617be2ca0a6fd877]::panicking::panic_handler::{closure#0}, !>
[INFO] [stderr]      8:     0x607a7027f19d - __rustc[ea4f61d10b84890b]::rust_begin_unwind
[INFO] [stderr]      9:     0x607a702b678c - core[a373ad73a504971]::panicking::panic_fmt
[INFO] [stderr]     10:     0x607a701d79e7 - cmake[d60c0f08b6701da5]::fail
[INFO] [stderr]     11:     0x607a701d7673 - cmake[d60c0f08b6701da5]::run
[INFO] [stderr]     12:     0x607a701dd645 - <cmake[d60c0f08b6701da5]::Config>::build
[INFO] [stderr]     13:     0x607a701cea15 - build_script_build[1e2863f23a28a58b]::build
[INFO] [stderr]     14:     0x607a701ce820 - build_script_build[1e2863f23a28a58b]::main
[INFO] [stderr]     15:     0x607a701cff0b - <fn() as core[a373ad73a504971]::ops::function::FnOnce<()>>::call_once
[INFO] [stderr]     16:     0x607a701ce616 - std[617be2ca0a6fd877]::sys::backtrace::__rust_begin_short_backtrace::<fn(), ()>
[INFO] [stderr]     17:     0x607a701ce629 - std[617be2ca0a6fd877]::rt::lang_start::<()>::{closure#0}
[INFO] [stderr]     18:     0x607a7029a2f8 - std[617be2ca0a6fd877]::rt::lang_start_internal
[INFO] [stderr]     19:     0x607a701ce121 - std[617be2ca0a6fd877]::rt::lang_start::<()>
[INFO] [stderr]     20:     0x607a701cff75 - main
[INFO] [stderr]     21:     0x7618a75a0601 - <unknown>
[INFO] [stderr]     22:     0x7618a75a0718 - __libc_start_main
[INFO] [stderr]     23:     0x607a701cd295 - _start
[INFO] [stderr]     24:                0x0 - <unknown>
[INFO] running `Command { std: "docker" "inspect" "518bc01e0a9f3b8d22f848103dbf3fd3d91309edd6b11d835fa3d8ea9b2ffcde", kill_on_drop: false }`
[INFO] running `Command { std: "docker" "rm" "-f" "518bc01e0a9f3b8d22f848103dbf3fd3d91309edd6b11d835fa3d8ea9b2ffcde", kill_on_drop: false }`
[INFO] [stdout] 518bc01e0a9f3b8d22f848103dbf3fd3d91309edd6b11d835fa3d8ea9b2ffcde
