[INFO] fetching crate gc_plugin_abi 0.5.0...
[INFO] testing gc_plugin_abi-0.5.0 against 1.100.0-beta.1+cargoflags=--release for beta-release-1.100-2
[INFO] extracting crate gc_plugin_abi 0.5.0 into /workspace/builds/worker-6-tc2/source
[INFO] started tweaking crates.io crate gc_plugin_abi 0.5.0
[INFO] removed 0 missing tests
[INFO] finished tweaking crates.io crate gc_plugin_abi 0.5.0
[INFO] tweaked toml for crates.io crate gc_plugin_abi 0.5.0 written to /workspace/builds/worker-6-tc2/source/Cargo.toml
[INFO] validating manifest of crates.io crate gc_plugin_abi 0.5.0 on toolchain 1.100.0-beta.1
[INFO] running `Command { std: CARGO_HOME="/workspace/cargo-home" RUSTUP_HOME="/workspace/rustup-home" "/workspace/cargo-home/bin/cargo" "+1.100.0-beta.1" "metadata" "--manifest-path" "Cargo.toml" "--no-deps", kill_on_drop: false }`
[INFO] crate crates.io crate gc_plugin_abi 0.5.0 already has a lockfile, it will not be regenerated
[INFO] running `Command { std: CARGO_HOME="/workspace/cargo-home" RUSTUP_HOME="/workspace/rustup-home" "/workspace/cargo-home/bin/cargo" "+1.100.0-beta.1" "fetch" "--manifest-path" "Cargo.toml", kill_on_drop: false }`
[INFO] running `Command { std: "docker" "create" "-v" "/var/lib/crater-agent-workspace/builds/worker-6-tc2/source:/opt/rustwide/workdir:ro,Z" "-v" "/var/lib/crater-agent-workspace/builds/worker-6-tc2/target:/opt/rustwide/target:rw,Z" "-v" "/var/lib/crater-agent-workspace/cargo-home:/opt/rustwide/cargo-home:ro,Z" "-v" "/var/lib/crater-agent-workspace/rustup-home:/opt/rustwide/rustup-home:ro,Z" "-m" "1610612736" "--network" "none" "ghcr.io/rust-lang/crates-build-env/linux@sha256:77db811e55d90add9212f6832c23229e3de5f1c1f9905e8cb07319ea15df73ac" "sleep" "infinity", kill_on_drop: false }`
[INFO] [stdout] 7bc16fa7106ff95bb760b1916bdb637e0edf43963610723c60489e75215ded36
[INFO] running `Command { std: "docker" "start" "7bc16fa7106ff95bb760b1916bdb637e0edf43963610723c60489e75215ded36", kill_on_drop: false }`
[INFO] running `Command { std: "docker" "inspect" "7bc16fa7106ff95bb760b1916bdb637e0edf43963610723c60489e75215ded36", kill_on_drop: false }`
[INFO] running `Command { std: "docker" "exec" "-e" "SOURCE_DIR=/opt/rustwide/workdir" "-e" "CARGO_HOME=/opt/rustwide/cargo-home" "-e" "RUSTUP_HOME=/opt/rustwide/rustup-home" "-e" "CARGO_TARGET_DIR=/opt/rustwide/target" "-w" "/opt/rustwide/workdir" "--user" "0:0" "7bc16fa7106ff95bb760b1916bdb637e0edf43963610723c60489e75215ded36" "/opt/rustwide/cargo-home/bin/cargo" "+1.100.0-beta.1" "metadata" "--no-deps" "--format-version=1", kill_on_drop: false }`
[INFO] running `Command { std: "docker" "inspect" "7bc16fa7106ff95bb760b1916bdb637e0edf43963610723c60489e75215ded36", kill_on_drop: false }`
[INFO] running `Command { std: "docker" "exec" "-e" "SOURCE_DIR=/opt/rustwide/workdir" "-e" "CARGO_HOME=/opt/rustwide/cargo-home" "-e" "RUSTUP_HOME=/opt/rustwide/rustup-home" "-e" "CARGO_TARGET_DIR=/opt/rustwide/target" "-e" "CARGO_INCREMENTAL=0" "-e" "RUST_BACKTRACE=full" "-e" "RUSTFLAGS=--cap-lints=warn" "-e" "RUSTDOCFLAGS=--cap-lints=warn" "-w" "/opt/rustwide/workdir" "--user" "0:0" "7bc16fa7106ff95bb760b1916bdb637e0edf43963610723c60489e75215ded36" "/opt/rustwide/cargo-home/bin/cargo" "+1.100.0-beta.1" "build" "--frozen" "--message-format=json" "--release", kill_on_drop: false }`
[INFO] [stderr]    Compiling glob v0.3.3
[INFO] [stderr]    Compiling prettyplease v0.2.37
[INFO] [stderr]    Compiling regex-syntax v0.8.10
[INFO] [stderr]    Compiling libc v0.2.186
[INFO] [stderr]    Compiling nom v7.1.3
[INFO] [stderr]    Compiling libloading v0.8.9
[INFO] [stderr]    Compiling either v1.15.0
[INFO] [stderr]    Compiling syn v2.0.117
[INFO] [stderr]    Compiling bindgen v0.71.1
[INFO] [stderr]    Compiling itertools v0.13.0
[INFO] [stderr]    Compiling bitflags v2.11.1
[INFO] [stderr]    Compiling log v0.4.29
[INFO] [stderr]    Compiling rustc-hash v2.1.2
[INFO] [stderr]    Compiling serde_json v1.0.149
[INFO] [stderr]    Compiling clang-sys v1.8.1
[INFO] [stderr]    Compiling regex-automata v0.4.14
[INFO] [stderr]    Compiling cexpr v0.6.0
[INFO] [stderr]    Compiling regex v1.12.3
[INFO] [stderr]    Compiling serde_derive_internals v0.29.1
[INFO] [stderr]    Compiling serde_derive v1.0.228
[INFO] [stderr]    Compiling thiserror-impl v2.0.18
[INFO] [stderr]    Compiling gc_plugin_macros v0.5.0
[INFO] [stderr]    Compiling schemars_derive v0.8.22
[INFO] [stderr]    Compiling thiserror v2.0.18
[INFO] [stderr]    Compiling serde v1.0.228
[INFO] [stderr]    Compiling schemars v0.8.22
[INFO] [stderr]    Compiling gc_abi_sys v0.5.0
[INFO] [stderr]    Compiling gc_abi v0.5.0
[INFO] [stderr]    Compiling gc_plugin_abi v0.5.0 (/opt/rustwide/workdir)
[INFO] [stderr]     Finished `release` profile [optimized] target(s) in 49.31s
[INFO] running `Command { std: "docker" "inspect" "7bc16fa7106ff95bb760b1916bdb637e0edf43963610723c60489e75215ded36", kill_on_drop: false }`
[INFO] running `Command { std: "docker" "exec" "-e" "SOURCE_DIR=/opt/rustwide/workdir" "-e" "CARGO_HOME=/opt/rustwide/cargo-home" "-e" "RUSTUP_HOME=/opt/rustwide/rustup-home" "-e" "CARGO_TARGET_DIR=/opt/rustwide/target" "-e" "CARGO_INCREMENTAL=0" "-e" "RUST_BACKTRACE=full" "-e" "RUSTFLAGS=--cap-lints=warn" "-e" "RUSTDOCFLAGS=--cap-lints=warn" "-w" "/opt/rustwide/workdir" "--user" "0:0" "7bc16fa7106ff95bb760b1916bdb637e0edf43963610723c60489e75215ded36" "/opt/rustwide/cargo-home/bin/cargo" "+1.100.0-beta.1" "test" "--frozen" "--no-run" "--message-format=json" "--release", kill_on_drop: false }`
[INFO] [stderr]    Compiling gc_plugin_abi v0.5.0 (/opt/rustwide/workdir)
[INFO] [stdout] error[E0433]: cannot find module or crate `gc_utils` in this scope
[INFO] [stdout]    --> tests/test_own_sub_datapoints.rs:141:9
[INFO] [stdout]     |
[INFO] [stdout] 141 |     use gc_utils::testing::gc_integration_test;
[INFO] [stdout]     |         ^^^^^^^^ use of unresolved module or unlinked crate `gc_utils`
[INFO] [stdout]     |
[INFO] [stdout]     = help: if you wanted to use a crate named `gc_utils`, use `cargo add gc_utils` to add it to your `Cargo.toml`
[INFO] [stdout] 
[INFO] [stdout] 
[INFO] [stdout] error[E0432]: unresolved import `gc_json_bridge`
[INFO] [stdout]  --> tests/test_own_sub_datapoints.rs:1:5
[INFO] [stdout]   |
[INFO] [stdout] 1 | use gc_json_bridge::GCJsonBridge;
[INFO] [stdout]   |     ^^^^^^^^^^^^^^ use of unresolved module or unlinked crate `gc_json_bridge`
[INFO] [stdout]   |
[INFO] [stdout]   = help: if you wanted to use a crate named `gc_json_bridge`, use `cargo add gc_json_bridge` to add it to your `Cargo.toml`
[INFO] [stdout] 
[INFO] [stdout] 
[INFO] [stdout] error[E0433]: cannot find module or crate `gc_utils` in this scope
[INFO] [stdout]    --> tests/test_start_fetch_shutdown.rs:105:9
[INFO] [stdout]     |
[INFO] [stdout] 105 |     use gc_utils::testing::gc_integration_test;
[INFO] [stdout]     |         ^^^^^^^^ use of unresolved module or unlinked crate `gc_utils`
[INFO] [stdout]     |
[INFO] [stdout]     = help: if you wanted to use a crate named `gc_utils`, use `cargo add gc_utils` to add it to your `Cargo.toml`
[INFO] [stdout] 
[INFO] [stdout] 
[INFO] [stdout] error[E0432]: unresolved import `gc_json_bridge`
[INFO] [stdout]  --> tests/test_start_fetch_shutdown.rs:1:5
[INFO] [stdout]   |
[INFO] [stdout] 1 | use gc_json_bridge::GCJsonBridge;
[INFO] [stdout]   |     ^^^^^^^^^^^^^^ use of unresolved module or unlinked crate `gc_json_bridge`
[INFO] [stdout]   |
[INFO] [stdout]   = help: if you wanted to use a crate named `gc_json_bridge`, use `cargo add gc_json_bridge` to add it to your `Cargo.toml`
[INFO] [stdout] 
[INFO] [stdout] 
[INFO] [stdout] error[E0433]: cannot find module or crate `gc_utils` in this scope
[INFO] [stdout]    --> tests/test_logs.rs:136:9
[INFO] [stdout]     |
[INFO] [stdout] 136 |     use gc_utils::testing::gc_integration_test;
[INFO] [stdout]     |         ^^^^^^^^ use of unresolved module or unlinked crate `gc_utils`
[INFO] [stdout]     |
[INFO] [stdout]     = help: if you wanted to use a crate named `gc_utils`, use `cargo add gc_utils` to add it to your `Cargo.toml`
[INFO] [stdout] 
[INFO] [stdout] 
[INFO] [stdout] error[E0432]: unresolved import `gc_json_bridge`
[INFO] [stdout]  --> tests/test_logs.rs:4:5
[INFO] [stdout]   |
[INFO] [stdout] 4 | use gc_json_bridge::GCJsonBridge;
[INFO] [stdout]   |     ^^^^^^^^^^^^^^ use of unresolved module or unlinked crate `gc_json_bridge`
[INFO] [stdout]   |
[INFO] [stdout]   = help: if you wanted to use a crate named `gc_json_bridge`, use `cargo add gc_json_bridge` to add it to your `Cargo.toml`
[INFO] [stdout] 
[INFO] [stdout] 
[INFO] [stdout] error[E0433]: cannot find module or crate `gc_utils` in this scope
[INFO] [stdout]    --> tests/test_datapoint_publish_release.rs:127:9
[INFO] [stdout]     |
[INFO] [stdout] 127 |     use gc_utils::testing::gc_integration_test;
[INFO] [stdout]     |         ^^^^^^^^ use of unresolved module or unlinked crate `gc_utils`
[INFO] [stdout]     |
[INFO] [stdout]     = help: if you wanted to use a crate named `gc_utils`, use `cargo add gc_utils` to add it to your `Cargo.toml`
[INFO] [stdout] 
[INFO] [stdout] 
[INFO] [stdout] error[E0432]: unresolved import `gc_json_bridge`
[INFO] [stdout]  --> tests/test_datapoint_publish_release.rs:1:5
[INFO] [stdout]   |
[INFO] [stdout] 1 | use gc_json_bridge::GCJsonBridge;
[INFO] [stdout]   |     ^^^^^^^^^^^^^^ use of unresolved module or unlinked crate `gc_json_bridge`
[INFO] [stdout]   |
[INFO] [stdout]   = help: if you wanted to use a crate named `gc_json_bridge`, use `cargo add gc_json_bridge` to add it to your `Cargo.toml`
[INFO] [stdout] 
[INFO] [stdout] 
[INFO] [stdout] error[E0433]: cannot find module or crate `gc_utils` in this scope
[INFO] [stdout]    --> tests/test_config_loading.rs:119:9
[INFO] [stdout]     |
[INFO] [stdout] 119 |     use gc_utils::testing::gc_integration_test;
[INFO] [stdout]     |         ^^^^^^^^ use of unresolved module or unlinked crate `gc_utils`
[INFO] [stdout]     |
[INFO] [stdout]     = help: if you wanted to use a crate named `gc_utils`, use `cargo add gc_utils` to add it to your `Cargo.toml`
[INFO] [stdout] 
[INFO] [stdout] 
[INFO] [stdout] error[E0432]: unresolved import `gc_json_bridge`
[INFO] [stdout]  --> tests/test_config_loading.rs:1:5
[INFO] [stdout]   |
[INFO] [stdout] 1 | use gc_json_bridge::GCJsonBridge;
[INFO] [stdout]   |     ^^^^^^^^^^^^^^ use of unresolved module or unlinked crate `gc_json_bridge`
[INFO] [stdout]   |
[INFO] [stdout]   = help: if you wanted to use a crate named `gc_json_bridge`, use `cargo add gc_json_bridge` to add it to your `Cargo.toml`
[INFO] [stdout] 
[INFO] [stdout] 
[INFO] [stdout] error[E0433]: cannot find module or crate `gc_utils` in this scope
[INFO] [stdout]  --> tests/test_generate_schema_types.rs:1:5
[INFO] [stdout]   |
[INFO] [stdout] 1 | use gc_utils::testing::gc_integration_test;
[INFO] [stdout]   |     ^^^^^^^^ use of unresolved module or unlinked crate `gc_utils`
[INFO] [stdout]   |
[INFO] [stdout]   = help: if you wanted to use a crate named `gc_utils`, use `cargo add gc_utils` to add it to your `Cargo.toml`
[INFO] [stdout] 
[INFO] [stdout] 
[INFO] [stdout] Some errors have detailed explanations: E0432, E0433.
[INFO] [stdout] 
[INFO] [stdout] For more information about an error, try `rustc --explain E0432`.
[INFO] [stdout] 
[INFO] [stdout] Some errors have detailed explanations: E0432, E0433.
[INFO] [stdout] 
[INFO] [stdout] For more information about an error, try `rustc --explain E0432`.
[INFO] [stdout] 
[INFO] [stdout] error[E0433]: cannot find module or crate `gc_utils` in this scope
[INFO] [stdout]    --> tests/test_realtime_db_fetch.rs:140:9
[INFO] [stdout]     |
[INFO] [stdout] 140 |     use gc_utils::testing::gc_integration_test;
[INFO] [stdout]     |         ^^^^^^^^ use of unresolved module or unlinked crate `gc_utils`
[INFO] [stdout]     |
[INFO] [stdout]     = help: if you wanted to use a crate named `gc_utils`, use `cargo add gc_utils` to add it to your `Cargo.toml`
[INFO] [stdout] 
[INFO] [stdout] 
[INFO] [stderr] error: could not compile `gc_plugin_abi` (test "test_start_fetch_shutdown") due to 2 previous errors
[INFO] [stderr] warning: build failed, waiting for other jobs to finish...
[INFO] [stderr] error: could not compile `gc_plugin_abi` (test "test_own_sub_datapoints") due to 2 previous errors
[INFO] [stdout] error[E0432]: unresolved import `gc_json_bridge`
[INFO] [stdout]  --> tests/test_realtime_db_fetch.rs:4:5
[INFO] [stdout]   |
[INFO] [stdout] 4 | use gc_json_bridge::GCJsonBridge;
[INFO] [stdout]   |     ^^^^^^^^^^^^^^ use of unresolved module or unlinked crate `gc_json_bridge`
[INFO] [stdout]   |
[INFO] [stdout]   = help: if you wanted to use a crate named `gc_json_bridge`, use `cargo add gc_json_bridge` to add it to your `Cargo.toml`
[INFO] [stdout] 
[INFO] [stdout] 
[INFO] [stdout] For more information about this error, try `rustc --explain E0433`.
[INFO] [stdout] 
[INFO] [stderr] error: could not compile `gc_plugin_abi` (test "test_generate_schema_types") due to 1 previous error
[INFO] [stdout] error[E0433]: cannot find module or crate `allocation_counter` in this scope
[INFO] [stdout]    --> tests/test_datapoint_publish_release.rs:131:20
[INFO] [stdout]     |
[INFO] [stdout] 131 |         let info = allocation_counter::measure(|| {
[INFO] [stdout]     |                    ^^^^^^^^^^^^^^^^^^ use of unresolved module or unlinked crate `allocation_counter`
[INFO] [stdout]     |
[INFO] [stdout]     = help: if you wanted to use a crate named `allocation_counter`, use `cargo add allocation_counter` to add it to your `Cargo.toml`
[INFO] [stdout] 
[INFO] [stdout] 
[INFO] [stdout] error[E0433]: cannot find module or crate `allocation_counter` in this scope
[INFO] [stdout]    --> tests/test_logs.rs:141:20
[INFO] [stdout]     |
[INFO] [stdout] 141 |         let info = allocation_counter::measure(|| {
[INFO] [stdout]     |                    ^^^^^^^^^^^^^^^^^^ use of unresolved module or unlinked crate `allocation_counter`
[INFO] [stdout]     |
[INFO] [stdout]     = help: if you wanted to use a crate named `allocation_counter`, use `cargo add allocation_counter` to add it to your `Cargo.toml`
[INFO] [stdout] 
[INFO] [stdout] 
[INFO] [stdout] error[E0433]: cannot find module or crate `allocation_counter` in this scope
[INFO] [stdout]    --> tests/test_realtime_db_fetch.rs:144:20
[INFO] [stdout]     |
[INFO] [stdout] 144 |         let info = allocation_counter::measure(|| {
[INFO] [stdout]     |                    ^^^^^^^^^^^^^^^^^^ use of unresolved module or unlinked crate `allocation_counter`
[INFO] [stdout]     |
[INFO] [stdout]     = help: if you wanted to use a crate named `allocation_counter`, use `cargo add allocation_counter` to add it to your `Cargo.toml`
[INFO] [stdout] 
[INFO] [stdout] 
[INFO] [stdout] error[E0433]: cannot find module or crate `allocation_counter` in this scope
[INFO] [stdout]    --> tests/test_config_loading.rs:123:20
[INFO] [stdout]     |
[INFO] [stdout] 123 |         let info = allocation_counter::measure(|| {
[INFO] [stdout]     |                    ^^^^^^^^^^^^^^^^^^ use of unresolved module or unlinked crate `allocation_counter`
[INFO] [stdout]     |
[INFO] [stdout]     = help: if you wanted to use a crate named `allocation_counter`, use `cargo add allocation_counter` to add it to your `Cargo.toml`
[INFO] [stdout] 
[INFO] [stdout] 
[INFO] [stdout] Some errors have detailed explanations: E0432, E0433.
[INFO] [stdout] 
[INFO] [stdout] For more information about an error, try `rustc --explain E0432`.
[INFO] [stdout] 
[INFO] [stdout] Some errors have detailed explanations: E0432, E0433.
[INFO] [stdout] 
[INFO] [stdout] For more information about an error, try `rustc --explain E0432`.
[INFO] [stdout] 
[INFO] [stderr] error: could not compile `gc_plugin_abi` (test "test_datapoint_publish_release") due to 3 previous errors
[INFO] [stderr] error: could not compile `gc_plugin_abi` (test "test_realtime_db_fetch") due to 3 previous errors
[INFO] [stdout] Some errors have detailed explanations: E0432, E0433.
[INFO] [stdout] 
[INFO] [stdout] For more information about an error, try `rustc --explain E0432`.
[INFO] [stdout] 
[INFO] [stdout] Some errors have detailed explanations: E0432, E0433.
[INFO] [stdout] 
[INFO] [stdout] For more information about an error, try `rustc --explain E0432`.
[INFO] [stdout] 
[INFO] [stderr] error: could not compile `gc_plugin_abi` (test "test_config_loading") due to 3 previous errors
[INFO] [stderr] error: could not compile `gc_plugin_abi` (test "test_logs") due to 3 previous errors
[INFO] [stdout] error[E0433]: cannot find module or crate `allocation_counter` in this scope
[INFO] [stdout]    --> src/abi_abstractions/borrowed_datapoint_value.rs:138:26
[INFO] [stdout]     |
[INFO] [stdout] 138 |         let alloc_info = allocation_counter::measure(|| {
[INFO] [stdout]     |                          ^^^^^^^^^^^^^^^^^^ use of unresolved module or unlinked crate `allocation_counter`
[INFO] [stdout]     |
[INFO] [stdout]     = help: if you wanted to use a crate named `allocation_counter`, use `cargo add allocation_counter` to add it to your `Cargo.toml`
[INFO] [stdout] 
[INFO] [stdout] 
[INFO] [stdout] For more information about this error, try `rustc --explain E0433`.
[INFO] [stdout] 
[INFO] [stderr] error: could not compile `gc_plugin_abi` (lib test) due to 1 previous error
[INFO] running `Command { std: "docker" "inspect" "7bc16fa7106ff95bb760b1916bdb637e0edf43963610723c60489e75215ded36", kill_on_drop: false }`
[INFO] running `Command { std: "docker" "rm" "-f" "7bc16fa7106ff95bb760b1916bdb637e0edf43963610723c60489e75215ded36", kill_on_drop: false }`
[INFO] [stdout] 7bc16fa7106ff95bb760b1916bdb637e0edf43963610723c60489e75215ded36
