[INFO] fetching crate gaussdb-derive-test 0.1.0...
[INFO] testing gaussdb-derive-test-0.1.0 against 1.99.0-beta.8+cargoflags=--release for beta-release-1.100-2
[INFO] extracting crate gaussdb-derive-test 0.1.0 into /workspace/builds/worker-6-tc1/source
[INFO] started tweaking crates.io crate gaussdb-derive-test 0.1.0
[INFO] finished tweaking crates.io crate gaussdb-derive-test 0.1.0
[INFO] tweaked toml for crates.io crate gaussdb-derive-test 0.1.0 written to /workspace/builds/worker-6-tc1/source/Cargo.toml
[INFO] validating manifest of crates.io crate gaussdb-derive-test 0.1.0 on toolchain 1.99.0-beta.8
[INFO] running `Command { std: CARGO_HOME="/workspace/cargo-home" RUSTUP_HOME="/workspace/rustup-home" "/workspace/cargo-home/bin/cargo" "+1.99.0-beta.8" "metadata" "--manifest-path" "Cargo.toml" "--no-deps", kill_on_drop: false }`
[INFO] crate crates.io crate gaussdb-derive-test 0.1.0 already has a lockfile, it will not be regenerated
[INFO] running `Command { std: CARGO_HOME="/workspace/cargo-home" RUSTUP_HOME="/workspace/rustup-home" "/workspace/cargo-home/bin/cargo" "+1.99.0-beta.8" "fetch" "--manifest-path" "Cargo.toml", kill_on_drop: false }`
[INFO] [stderr]  Downloading crates ...
[INFO] [stderr]   Downloaded serde_spanned v0.6.8
[INFO] [stderr]   Downloaded toml v0.8.22
[INFO] [stderr]   Downloaded toml_write v0.1.1
[INFO] [stderr]   Downloaded target-triple v0.1.4
[INFO] [stderr]   Downloaded trybuild v1.0.105
[INFO] [stderr]   Downloaded winnow v0.7.10
[INFO] running `Command { std: "docker" "create" "-v" "/var/lib/crater-agent-workspace/builds/worker-6-tc1/source:/opt/rustwide/workdir:ro,Z" "-v" "/var/lib/crater-agent-workspace/builds/worker-6-tc1/target:/opt/rustwide/target:rw,Z" "-v" "/var/lib/crater-agent-workspace/cargo-home:/opt/rustwide/cargo-home:ro,Z" "-v" "/var/lib/crater-agent-workspace/rustup-home:/opt/rustwide/rustup-home:ro,Z" "-m" "1610612736" "--network" "none" "ghcr.io/rust-lang/crates-build-env/linux@sha256:77db811e55d90add9212f6832c23229e3de5f1c1f9905e8cb07319ea15df73ac" "sleep" "infinity", kill_on_drop: false }`
[INFO] [stdout] 5ed6d1c7681e7c81eab514c887a1bb374144e145342f627b0ec7237a8f1f417b
[INFO] running `Command { std: "docker" "start" "5ed6d1c7681e7c81eab514c887a1bb374144e145342f627b0ec7237a8f1f417b", kill_on_drop: false }`
[INFO] running `Command { std: "docker" "inspect" "5ed6d1c7681e7c81eab514c887a1bb374144e145342f627b0ec7237a8f1f417b", kill_on_drop: false }`
[INFO] running `Command { std: "docker" "exec" "-e" "SOURCE_DIR=/opt/rustwide/workdir" "-e" "CARGO_HOME=/opt/rustwide/cargo-home" "-e" "RUSTUP_HOME=/opt/rustwide/rustup-home" "-e" "CARGO_TARGET_DIR=/opt/rustwide/target" "-w" "/opt/rustwide/workdir" "--user" "0:0" "5ed6d1c7681e7c81eab514c887a1bb374144e145342f627b0ec7237a8f1f417b" "/opt/rustwide/cargo-home/bin/cargo" "+1.99.0-beta.8" "metadata" "--no-deps" "--format-version=1", kill_on_drop: false }`
[INFO] running `Command { std: "docker" "inspect" "5ed6d1c7681e7c81eab514c887a1bb374144e145342f627b0ec7237a8f1f417b", kill_on_drop: false }`
[INFO] running `Command { std: "docker" "exec" "-e" "SOURCE_DIR=/opt/rustwide/workdir" "-e" "CARGO_HOME=/opt/rustwide/cargo-home" "-e" "RUSTUP_HOME=/opt/rustwide/rustup-home" "-e" "CARGO_TARGET_DIR=/opt/rustwide/target" "-e" "CARGO_INCREMENTAL=0" "-e" "RUST_BACKTRACE=full" "-e" "RUSTFLAGS=--cap-lints=warn" "-e" "RUSTDOCFLAGS=--cap-lints=warn" "-w" "/opt/rustwide/workdir" "--user" "0:0" "5ed6d1c7681e7c81eab514c887a1bb374144e145342f627b0ec7237a8f1f417b" "/opt/rustwide/cargo-home/bin/cargo" "+1.99.0-beta.8" "build" "--frozen" "--message-format=json" "--release", kill_on_drop: false }`
[INFO] [stderr]    Compiling gaussdb-derive-test v0.1.0 (/opt/rustwide/workdir)
[INFO] [stderr]     Finished `release` profile [optimized] target(s) in 0.14s
[INFO] running `Command { std: "docker" "inspect" "5ed6d1c7681e7c81eab514c887a1bb374144e145342f627b0ec7237a8f1f417b", kill_on_drop: false }`
[INFO] running `Command { std: "docker" "exec" "-e" "SOURCE_DIR=/opt/rustwide/workdir" "-e" "CARGO_HOME=/opt/rustwide/cargo-home" "-e" "RUSTUP_HOME=/opt/rustwide/rustup-home" "-e" "CARGO_TARGET_DIR=/opt/rustwide/target" "-e" "CARGO_INCREMENTAL=0" "-e" "RUST_BACKTRACE=full" "-e" "RUSTFLAGS=--cap-lints=warn" "-e" "RUSTDOCFLAGS=--cap-lints=warn" "-w" "/opt/rustwide/workdir" "--user" "0:0" "5ed6d1c7681e7c81eab514c887a1bb374144e145342f627b0ec7237a8f1f417b" "/opt/rustwide/cargo-home/bin/cargo" "+1.99.0-beta.8" "test" "--frozen" "--no-run" "--message-format=json" "--release", kill_on_drop: false }`
[INFO] [stderr]    Compiling serde v1.0.219
[INFO] [stderr]    Compiling proc-macro2 v1.0.95
[INFO] [stderr]    Compiling hashbrown v0.15.3
[INFO] [stderr]    Compiling winnow v0.7.10
[INFO] [stderr]    Compiling toml_write v0.1.1
[INFO] [stderr]    Compiling serde_json v1.0.140
[INFO] [stderr]    Compiling target-triple v0.1.4
[INFO] [stderr]    Compiling glob v0.3.2
[INFO] [stderr]    Compiling termcolor v1.4.1
[INFO] [stderr]    Compiling quote v1.0.40
[INFO] [stderr]    Compiling indexmap v2.9.0
[INFO] [stderr]    Compiling syn v2.0.101
[INFO] [stderr]    Compiling serde_derive v1.0.219
[INFO] [stderr]    Compiling toml_datetime v0.6.9
[INFO] [stderr]    Compiling serde_spanned v0.6.8
[INFO] [stderr]    Compiling toml_edit v0.22.26
[INFO] [stderr]    Compiling toml v0.8.22
[INFO] [stderr]    Compiling trybuild v1.0.105
[INFO] [stderr]    Compiling gaussdb-derive-test v0.1.0 (/opt/rustwide/workdir)
[INFO] [stdout] error[E0432]: unresolved import `gaussdb`
[INFO] [stdout]  --> src/lib.rs:3:5
[INFO] [stdout]   |
[INFO] [stdout] 3 | use gaussdb::Client;
[INFO] [stdout]   |     ^^^^^^^ use of unresolved module or unlinked crate `gaussdb`
[INFO] [stdout]   |
[INFO] [stdout]   = help: if you wanted to use a crate named `gaussdb`, use `cargo add gaussdb` to add it to your `Cargo.toml`
[INFO] [stdout] 
[INFO] [stdout] 
[INFO] [stdout] error[E0432]: unresolved import `gaussdb_types`
[INFO] [stdout]  --> src/lib.rs:4:5
[INFO] [stdout]   |
[INFO] [stdout] 4 | use gaussdb_types::{FromSqlOwned, ToSql};
[INFO] [stdout]   |     ^^^^^^^^^^^^^ use of unresolved module or unlinked crate `gaussdb_types`
[INFO] [stdout]   |
[INFO] [stdout]   = help: if you wanted to use a crate named `gaussdb_types`, use `cargo add gaussdb_types` to add it to your `Cargo.toml`
[INFO] [stdout] 
[INFO] [stdout] 
[INFO] [stdout] error[E0432]: unresolved import `gaussdb`
[INFO] [stdout]  --> src/composites.rs:2:5
[INFO] [stdout]   |
[INFO] [stdout] 2 | use gaussdb::{Client, NoTls};
[INFO] [stdout]   |     ^^^^^^^ use of unresolved module or unlinked crate `gaussdb`
[INFO] [stdout]   |
[INFO] [stdout]   = help: if you wanted to use a crate named `gaussdb`, use `cargo add gaussdb` to add it to your `Cargo.toml`
[INFO] [stdout] 
[INFO] [stdout] 
[INFO] [stdout] error[E0432]: unresolved import `gaussdb_types`
[INFO] [stdout]  --> src/composites.rs:3:5
[INFO] [stdout]   |
[INFO] [stdout] 3 | use gaussdb_types::{FromSql, ToSql, WrongType};
[INFO] [stdout]   |     ^^^^^^^^^^^^^ use of unresolved module or unlinked crate `gaussdb_types`
[INFO] [stdout]   |
[INFO] [stdout]   = help: if you wanted to use a crate named `gaussdb_types`, use `cargo add gaussdb_types` to add it to your `Cargo.toml`
[INFO] [stdout] 
[INFO] [stdout] 
[INFO] [stdout] error[E0432]: unresolved import `gaussdb`
[INFO] [stdout]  --> src/domains.rs:2:5
[INFO] [stdout]   |
[INFO] [stdout] 2 | use gaussdb::{Client, NoTls};
[INFO] [stdout]   |     ^^^^^^^ use of unresolved module or unlinked crate `gaussdb`
[INFO] [stdout]   |
[INFO] [stdout]   = help: if you wanted to use a crate named `gaussdb`, use `cargo add gaussdb` to add it to your `Cargo.toml`
[INFO] [stdout] 
[INFO] [stdout] 
[INFO] [stdout] error[E0433]: cannot find module or crate `gaussdb` in this scope
[INFO] [stdout]  --> src/enums.rs:2:5
[INFO] [stdout]   |
[INFO] [stdout] 2 | use gaussdb::{error::DbError, Client, NoTls};
[INFO] [stdout]   |     ^^^^^^^ use of unresolved module or unlinked crate `gaussdb`
[INFO] [stdout]   |
[INFO] [stdout]   = help: if you wanted to use a crate named `gaussdb`, use `cargo add gaussdb` to add it to your `Cargo.toml`
[INFO] [stdout] 
[INFO] [stdout] 
[INFO] [stdout] error[E0432]: unresolved import `gaussdb_types`
[INFO] [stdout]  --> src/domains.rs:3:5
[INFO] [stdout]   |
[INFO] [stdout] 3 | use gaussdb_types::{FromSql, ToSql, WrongType};
[INFO] [stdout]   |     ^^^^^^^^^^^^^ use of unresolved module or unlinked crate `gaussdb_types`
[INFO] [stdout]   |
[INFO] [stdout]   = help: if you wanted to use a crate named `gaussdb_types`, use `cargo add gaussdb_types` to add it to your `Cargo.toml`
[INFO] [stdout] 
[INFO] [stdout] 
[INFO] [stdout] error[E0432]: unresolved import `gaussdb`
[INFO] [stdout]  --> src/enums.rs:2:5
[INFO] [stdout]   |
[INFO] [stdout] 2 | use gaussdb::{error::DbError, Client, NoTls};
[INFO] [stdout]   |     ^^^^^^^ use of unresolved module or unlinked crate `gaussdb`
[INFO] [stdout]   |
[INFO] [stdout]   = help: if you wanted to use a crate named `gaussdb`, use `cargo add gaussdb` to add it to your `Cargo.toml`
[INFO] [stdout] 
[INFO] [stdout] 
[INFO] [stdout] error[E0432]: unresolved import `gaussdb_types`
[INFO] [stdout]  --> src/enums.rs:3:5
[INFO] [stdout]   |
[INFO] [stdout] 3 | use gaussdb_types::{FromSql, ToSql, WrongType};
[INFO] [stdout]   |     ^^^^^^^^^^^^^ use of unresolved module or unlinked crate `gaussdb_types`
[INFO] [stdout]   |
[INFO] [stdout]   = help: if you wanted to use a crate named `gaussdb_types`, use `cargo add gaussdb_types` to add it to your `Cargo.toml`
[INFO] [stdout] 
[INFO] [stdout] 
[INFO] [stdout] error[E0432]: unresolved import `gaussdb`
[INFO] [stdout]  --> src/transparent.rs:1:5
[INFO] [stdout]   |
[INFO] [stdout] 1 | use gaussdb::{Client, NoTls};
[INFO] [stdout]   |     ^^^^^^^ use of unresolved module or unlinked crate `gaussdb`
[INFO] [stdout]   |
[INFO] [stdout]   = help: if you wanted to use a crate named `gaussdb`, use `cargo add gaussdb` to add it to your `Cargo.toml`
[INFO] [stdout] 
[INFO] [stdout] 
[INFO] [stdout] error[E0432]: unresolved import `gaussdb_types`
[INFO] [stdout]  --> src/transparent.rs:2:5
[INFO] [stdout]   |
[INFO] [stdout] 2 | use gaussdb_types::{FromSql, ToSql};
[INFO] [stdout]   |     ^^^^^^^^^^^^^ use of unresolved module or unlinked crate `gaussdb_types`
[INFO] [stdout]   |
[INFO] [stdout]   = help: if you wanted to use a crate named `gaussdb_types`, use `cargo add gaussdb_types` to add it to your `Cargo.toml`
[INFO] [stdout] 
[INFO] [stdout] 
[INFO] [stdout] error: cannot find attribute `gaussdb` in this scope
[INFO] [stdout]   --> src/composites.rs:54:7
[INFO] [stdout]    |
[INFO] [stdout] 54 |     #[gaussdb(name = "inventory_item")]
[INFO] [stdout]    |       ^^^^^^^
[INFO] [stdout] 
[INFO] [stdout] 
[INFO] [stdout] error: cannot find attribute `gaussdb` in this scope
[INFO] [stdout]   --> src/composites.rs:56:11
[INFO] [stdout]    |
[INFO] [stdout] 56 |         #[gaussdb(name = "name")]
[INFO] [stdout]    |           ^^^^^^^
[INFO] [stdout] 
[INFO] [stdout] 
[INFO] [stdout] error: cannot find attribute `gaussdb` in this scope
[INFO] [stdout]   --> src/composites.rs:58:11
[INFO] [stdout]    |
[INFO] [stdout] 58 |         #[gaussdb(name = "supplier_id")]
[INFO] [stdout]    |           ^^^^^^^
[INFO] [stdout] 
[INFO] [stdout] 
[INFO] [stdout] error: cannot find attribute `gaussdb` in this scope
[INFO] [stdout]   --> src/composites.rs:60:11
[INFO] [stdout]    |
[INFO] [stdout] 60 |         #[gaussdb(name = "price")]
[INFO] [stdout]    |           ^^^^^^^
[INFO] [stdout] 
[INFO] [stdout] 
[INFO] [stdout] error: cannot find attribute `gaussdb` in this scope
[INFO] [stdout]    --> src/composites.rs:103:7
[INFO] [stdout]     |
[INFO] [stdout] 103 |     #[gaussdb(name = "inventory_item", rename_all = "SCREAMING_SNAKE_CASE")]
[INFO] [stdout]     |       ^^^^^^^
[INFO] [stdout] 
[INFO] [stdout] 
[INFO] [stdout] error: cannot find attribute `gaussdb` in this scope
[INFO] [stdout]    --> src/composites.rs:107:11
[INFO] [stdout]     |
[INFO] [stdout] 107 |         #[gaussdb(name = "Price")]
[INFO] [stdout]     |           ^^^^^^^
[INFO] [stdout] 
[INFO] [stdout] 
[INFO] [stdout] error: cannot find attribute `gaussdb` in this scope
[INFO] [stdout]    --> src/composites.rs:185:7
[INFO] [stdout]     |
[INFO] [stdout] 185 |     #[gaussdb(name = "inventory_item")]
[INFO] [stdout]     |       ^^^^^^^
[INFO] [stdout] 
[INFO] [stdout] 
[INFO] [stdout] error: cannot find attribute `gaussdb` in this scope
[INFO] [stdout]    --> src/composites.rs:223:7
[INFO] [stdout]     |
[INFO] [stdout] 223 |     #[gaussdb(name = "inventory_item")]
[INFO] [stdout]     |       ^^^^^^^
[INFO] [stdout] 
[INFO] [stdout] 
[INFO] [stdout] error: cannot find attribute `gaussdb` in this scope
[INFO] [stdout]    --> src/composites.rs:257:7
[INFO] [stdout]     |
[INFO] [stdout] 257 |     #[gaussdb(name = "inventory_item")]
[INFO] [stdout]     |       ^^^^^^^
[INFO] [stdout] 
[INFO] [stdout] 
[INFO] [stdout] error: cannot find attribute `gaussdb` in this scope
[INFO] [stdout]    --> src/composites.rs:293:7
[INFO] [stdout]     |
[INFO] [stdout] 293 |     #[gaussdb(name = "inventory_item")]
[INFO] [stdout]     |       ^^^^^^^
[INFO] [stdout] 
[INFO] [stdout] 
[INFO] [stdout] error: cannot find attribute `gaussdb` in this scope
[INFO] [stdout]    --> src/composites.rs:331:7
[INFO] [stdout]     |
[INFO] [stdout] 331 |     #[gaussdb(name = "InventoryItem")]
[INFO] [stdout]     |       ^^^^^^^
[INFO] [stdout] 
[INFO] [stdout] 
[INFO] [stdout] error: cannot find attribute `gaussdb` in this scope
[INFO] [stdout]   --> src/domains.rs:35:7
[INFO] [stdout]    |
[INFO] [stdout] 35 |     #[gaussdb(name = "session_id")]
[INFO] [stdout]    |       ^^^^^^^
[INFO] [stdout] 
[INFO] [stdout] 
[INFO] [stdout] error: cannot find attribute `gaussdb` in this scope
[INFO] [stdout]   --> src/domains.rs:84:7
[INFO] [stdout]    |
[INFO] [stdout] 84 |     #[gaussdb(name = "session_id")]
[INFO] [stdout]    |       ^^^^^^^
[INFO] [stdout] 
[INFO] [stdout] 
[INFO] [stdout] error: cannot find attribute `gaussdb` in this scope
[INFO] [stdout]    --> src/domains.rs:107:7
[INFO] [stdout]     |
[INFO] [stdout] 107 |     #[gaussdb(name = "domain")]
[INFO] [stdout]     |       ^^^^^^^
[INFO] [stdout] 
[INFO] [stdout] 
[INFO] [stdout] error: cannot find attribute `gaussdb` in this scope
[INFO] [stdout]    --> src/domains.rs:111:7
[INFO] [stdout]     |
[INFO] [stdout] 111 |     #[gaussdb(name = "composite")]
[INFO] [stdout]     |       ^^^^^^^
[INFO] [stdout] 
[INFO] [stdout] 
[INFO] [stdout] error: cannot find attribute `gaussdb` in this scope
[INFO] [stdout]   --> src/enums.rs:32:7
[INFO] [stdout]    |
[INFO] [stdout] 32 |     #[gaussdb(name = "mood")]
[INFO] [stdout]    |       ^^^^^^^
[INFO] [stdout] 
[INFO] [stdout] 
[INFO] [stdout] error: cannot find attribute `gaussdb` in this scope
[INFO] [stdout]   --> src/enums.rs:34:11
[INFO] [stdout]    |
[INFO] [stdout] 34 |         #[gaussdb(name = "sad")]
[INFO] [stdout]    |           ^^^^^^^
[INFO] [stdout] 
[INFO] [stdout] 
[INFO] [stdout] error: cannot find attribute `gaussdb` in this scope
[INFO] [stdout]   --> src/enums.rs:36:11
[INFO] [stdout]    |
[INFO] [stdout] 36 |         #[gaussdb(name = "ok")]
[INFO] [stdout]    |           ^^^^^^^
[INFO] [stdout] 
[INFO] [stdout] 
[INFO] [stdout] error: cannot find attribute `gaussdb` in this scope
[INFO] [stdout]   --> src/enums.rs:38:11
[INFO] [stdout]    |
[INFO] [stdout] 38 |         #[gaussdb(name = "happy")]
[INFO] [stdout]    |           ^^^^^^^
[INFO] [stdout] 
[INFO] [stdout] 
[INFO] [stdout] error: cannot find attribute `gaussdb` in this scope
[INFO] [stdout]   --> src/enums.rs:67:7
[INFO] [stdout]    |
[INFO] [stdout] 67 |     #[gaussdb(name = "mood", rename_all = "snake_case")]
[INFO] [stdout]    |       ^^^^^^^
[INFO] [stdout] 
[INFO] [stdout] 
[INFO] [stdout] error: cannot find attribute `gaussdb` in this scope
[INFO] [stdout]   --> src/enums.rs:70:11
[INFO] [stdout]    |
[INFO] [stdout] 70 |         #[gaussdb(name = "okay")]
[INFO] [stdout]    |           ^^^^^^^
[INFO] [stdout] 
[INFO] [stdout] 
[INFO] [stdout] error: cannot find attribute `gaussdb` in this scope
[INFO] [stdout]    --> src/enums.rs:120:7
[INFO] [stdout]     |
[INFO] [stdout] 120 |     #[gaussdb(name = "foo")]
[INFO] [stdout]     |       ^^^^^^^
[INFO] [stdout] 
[INFO] [stdout] 
[INFO] [stdout] error: cannot find attribute `gaussdb` in this scope
[INFO] [stdout]    --> src/enums.rs:142:7
[INFO] [stdout]     |
[INFO] [stdout] 142 |     #[gaussdb(name = "foo")]
[INFO] [stdout]     |       ^^^^^^^
[INFO] [stdout] 
[INFO] [stdout] 
[INFO] [stdout] error: cannot find attribute `gaussdb` in this scope
[INFO] [stdout]    --> src/enums.rs:162:7
[INFO] [stdout]     |
[INFO] [stdout] 162 |     #[gaussdb(allow_mismatch)]
[INFO] [stdout]     |       ^^^^^^^
[INFO] [stdout] 
[INFO] [stdout] 
[INFO] [stdout] error: cannot find attribute `gaussdb` in this scope
[INFO] [stdout]    --> src/enums.rs:182:7
[INFO] [stdout]     |
[INFO] [stdout] 182 |     #[gaussdb(allow_mismatch)]
[INFO] [stdout]     |       ^^^^^^^
[INFO] [stdout] 
[INFO] [stdout] 
[INFO] [stdout] error: cannot find attribute `gaussdb` in this scope
[INFO] [stdout]    --> src/enums.rs:205:7
[INFO] [stdout]     |
[INFO] [stdout] 205 |     #[gaussdb(name = "foo", allow_mismatch)]
[INFO] [stdout]     |       ^^^^^^^
[INFO] [stdout] 
[INFO] [stdout] 
[INFO] [stdout] error: cannot find attribute `gaussdb` in this scope
[INFO] [stdout]    --> src/enums.rs:207:11
[INFO] [stdout]     |
[INFO] [stdout] 207 |         #[gaussdb(name = "bar")]
[INFO] [stdout]     |           ^^^^^^^
[INFO] [stdout] 
[INFO] [stdout] 
[INFO] [stdout] error: cannot find attribute `gaussdb` in this scope
[INFO] [stdout]    --> src/enums.rs:209:11
[INFO] [stdout]     |
[INFO] [stdout] 209 |         #[gaussdb(name = "buz")]
[INFO] [stdout]     |           ^^^^^^^
[INFO] [stdout] 
[INFO] [stdout] 
[INFO] [stdout] error: cannot find attribute `gaussdb` in this scope
[INFO] [stdout]    --> src/enums.rs:228:7
[INFO] [stdout]     |
[INFO] [stdout] 228 |     #[gaussdb(allow_mismatch)]
[INFO] [stdout]     |       ^^^^^^^
[INFO] [stdout] 
[INFO] [stdout] 
[INFO] [stdout] error: cannot find attribute `gaussdb` in this scope
[INFO] [stdout]  --> src/transparent.rs:7:7
[INFO] [stdout]   |
[INFO] [stdout] 7 |     #[gaussdb(transparent)]
[INFO] [stdout]   |       ^^^^^^^
[INFO] [stdout] 
[INFO] [stdout] 
[INFO] [stdout] Some errors have detailed explanations: E0432, E0433.
[INFO] [stdout] 
[INFO] [stdout] For more information about an error, try `rustc --explain E0432`.
[INFO] [stdout] 
[INFO] [stderr] error: could not compile `gaussdb-derive-test` (lib test) due to 41 previous errors
[INFO] running `Command { std: "docker" "inspect" "5ed6d1c7681e7c81eab514c887a1bb374144e145342f627b0ec7237a8f1f417b", kill_on_drop: false }`
[INFO] running `Command { std: "docker" "rm" "-f" "5ed6d1c7681e7c81eab514c887a1bb374144e145342f627b0ec7237a8f1f417b", kill_on_drop: false }`
[INFO] [stdout] 5ed6d1c7681e7c81eab514c887a1bb374144e145342f627b0ec7237a8f1f417b
