[INFO] fetching crate gatelogue-types 3.1.4+13...
[INFO] testing gatelogue-types-3.1.4+13 against 1.100.0-beta.1+cargoflags=--release for beta-release-1.100-2
[INFO] extracting crate gatelogue-types 3.1.4+13 into /workspace/builds/worker-7-tc2/source
[INFO] started tweaking crates.io crate gatelogue-types 3.1.4+13
[INFO] finished tweaking crates.io crate gatelogue-types 3.1.4+13
[INFO] tweaked toml for crates.io crate gatelogue-types 3.1.4+13 written to /workspace/builds/worker-7-tc2/source/Cargo.toml
[INFO] validating manifest of crates.io crate gatelogue-types 3.1.4+13 on toolchain 1.100.0-beta.1
[INFO] running `Command { std: CARGO_HOME="/workspace/cargo-home" RUSTUP_HOME="/workspace/rustup-home" "/workspace/cargo-home/bin/cargo" "+1.100.0-beta.1" "metadata" "--manifest-path" "Cargo.toml" "--no-deps", kill_on_drop: false }`
[INFO] crate crates.io crate gatelogue-types 3.1.4+13 already has a lockfile, it will not be regenerated
[INFO] running `Command { std: CARGO_HOME="/workspace/cargo-home" RUSTUP_HOME="/workspace/rustup-home" "/workspace/cargo-home/bin/cargo" "+1.100.0-beta.1" "fetch" "--manifest-path" "Cargo.toml", kill_on_drop: false }`
[INFO] [stderr] warning: Cargo.toml: `lints.rust.future-incompatible` is deprecated in favor of `lints.rust.future_incompatible` and will not work in a future edition
[INFO] [stderr] warning: `gatelogue-types` (manifest) generated 1 warning
[INFO] running `Command { std: "docker" "create" "-v" "/var/lib/crater-agent-workspace/builds/worker-7-tc2/source:/opt/rustwide/workdir:ro,Z" "-v" "/var/lib/crater-agent-workspace/builds/worker-7-tc2/target:/opt/rustwide/target:rw,Z" "-v" "/var/lib/crater-agent-workspace/cargo-home:/opt/rustwide/cargo-home:ro,Z" "-v" "/var/lib/crater-agent-workspace/rustup-home:/opt/rustwide/rustup-home:ro,Z" "-m" "1610612736" "--network" "none" "ghcr.io/rust-lang/crates-build-env/linux@sha256:77db811e55d90add9212f6832c23229e3de5f1c1f9905e8cb07319ea15df73ac" "sleep" "infinity", kill_on_drop: false }`
[INFO] [stdout] 0e7d10a77ad098bc32af98d74b996a2f76b7317b494b43faa84c4a155531c402
[INFO] running `Command { std: "docker" "start" "0e7d10a77ad098bc32af98d74b996a2f76b7317b494b43faa84c4a155531c402", kill_on_drop: false }`
[INFO] running `Command { std: "docker" "inspect" "0e7d10a77ad098bc32af98d74b996a2f76b7317b494b43faa84c4a155531c402", kill_on_drop: false }`
[INFO] running `Command { std: "docker" "exec" "-e" "SOURCE_DIR=/opt/rustwide/workdir" "-e" "CARGO_HOME=/opt/rustwide/cargo-home" "-e" "RUSTUP_HOME=/opt/rustwide/rustup-home" "-e" "CARGO_TARGET_DIR=/opt/rustwide/target" "-w" "/opt/rustwide/workdir" "--user" "0:0" "0e7d10a77ad098bc32af98d74b996a2f76b7317b494b43faa84c4a155531c402" "/opt/rustwide/cargo-home/bin/cargo" "+1.100.0-beta.1" "metadata" "--no-deps" "--format-version=1", kill_on_drop: false }`
[INFO] running `Command { std: "docker" "inspect" "0e7d10a77ad098bc32af98d74b996a2f76b7317b494b43faa84c4a155531c402", kill_on_drop: false }`
[INFO] running `Command { std: "docker" "exec" "-e" "SOURCE_DIR=/opt/rustwide/workdir" "-e" "CARGO_HOME=/opt/rustwide/cargo-home" "-e" "RUSTUP_HOME=/opt/rustwide/rustup-home" "-e" "CARGO_TARGET_DIR=/opt/rustwide/target" "-e" "CARGO_INCREMENTAL=0" "-e" "RUST_BACKTRACE=full" "-e" "RUSTFLAGS=--cap-lints=warn" "-e" "RUSTDOCFLAGS=--cap-lints=warn" "-w" "/opt/rustwide/workdir" "--user" "0:0" "0e7d10a77ad098bc32af98d74b996a2f76b7317b494b43faa84c4a155531c402" "/opt/rustwide/cargo-home/bin/cargo" "+1.100.0-beta.1" "build" "--frozen" "--message-format=json" "--release", kill_on_drop: false }`
[INFO] [stderr] warning: Cargo.toml: `lints.rust.future-incompatible` is deprecated in favor of `lints.rust.future_incompatible` and will not work in a future edition
[INFO] [stderr] warning: `gatelogue-types` (manifest) generated 1 warning
[INFO] [stderr]    Compiling find-msvc-tools v0.1.10
[INFO] [stderr]    Compiling fallible-streaming-iterator v0.1.9
[INFO] [stderr]    Compiling smallvec v1.15.2
[INFO] [stderr]    Compiling fallible-iterator v0.3.0
[INFO] [stderr]    Compiling strum v0.28.0
[INFO] [stderr]    Compiling hashbrown v0.17.1
[INFO] [stderr]    Compiling strum_macros v0.28.0
[INFO] [stderr]    Compiling enum_dispatch v0.3.13
[INFO] [stderr]    Compiling cc v1.4.2
[INFO] [stderr]    Compiling hashlink v0.12.1
[INFO] [stderr]    Compiling libsqlite3-sys v0.38.2
[INFO] [stderr]    Compiling rusqlite v0.40.2
[INFO] [stderr]    Compiling gatelogue-types v3.1.4+13 (/opt/rustwide/workdir)
[INFO] [stderr]     Finished `release` profile [optimized] target(s) in 1m 33s
[INFO] running `Command { std: "docker" "inspect" "0e7d10a77ad098bc32af98d74b996a2f76b7317b494b43faa84c4a155531c402", kill_on_drop: false }`
[INFO] running `Command { std: "docker" "exec" "-e" "SOURCE_DIR=/opt/rustwide/workdir" "-e" "CARGO_HOME=/opt/rustwide/cargo-home" "-e" "RUSTUP_HOME=/opt/rustwide/rustup-home" "-e" "CARGO_TARGET_DIR=/opt/rustwide/target" "-e" "CARGO_INCREMENTAL=0" "-e" "RUST_BACKTRACE=full" "-e" "RUSTFLAGS=--cap-lints=warn" "-e" "RUSTDOCFLAGS=--cap-lints=warn" "-w" "/opt/rustwide/workdir" "--user" "0:0" "0e7d10a77ad098bc32af98d74b996a2f76b7317b494b43faa84c4a155531c402" "/opt/rustwide/cargo-home/bin/cargo" "+1.100.0-beta.1" "test" "--frozen" "--no-run" "--message-format=json" "--release", kill_on_drop: false }`
[INFO] [stderr] warning: Cargo.toml: `lints.rust.future-incompatible` is deprecated in favor of `lints.rust.future_incompatible` and will not work in a future edition
[INFO] [stderr] warning: `gatelogue-types` (manifest) generated 1 warning
[INFO] [stderr]    Compiling syn v3.0.3
[INFO] [stderr]    Compiling futures-sink v0.3.33
[INFO] [stderr]    Compiling bitflags v2.13.1
[INFO] [stderr]    Compiling hashbrown v0.17.1
[INFO] [stderr]    Compiling aws-lc-rs v1.18.0
[INFO] [stderr]    Compiling cc v1.4.2
[INFO] [stderr]    Compiling clang-sys v1.9.1
[INFO] [stderr]    Compiling regex-syntax v0.8.11
[INFO] [stderr]    Compiling libloading v0.8.9
[INFO] [stderr]    Compiling rustls v0.23.43
[INFO] [stderr]    Compiling either v1.17.0
[INFO] [stderr]    Compiling bindgen v0.72.1
[INFO] [stderr]    Compiling fslock v0.2.1
[INFO] [stderr]    Compiling openssl-macros v0.1.1
[INFO] [stderr]    Compiling sync_wrapper v1.0.2
[INFO] [stderr]    Compiling futures-util v0.3.33
[INFO] [stderr]    Compiling futures-channel v0.3.33
[INFO] [stderr]    Compiling foreign-types-shared v0.3.1
[INFO] [stderr]    Compiling rustix v1.1.4
[INFO] [stderr]    Compiling miniz_oxide v0.8.9
[INFO] [stderr]    Compiling async-channel v2.5.0
[INFO] [stderr]    Compiling linux-raw-sys v0.12.1
[INFO] [stderr]    Compiling curl v0.4.50
[INFO] [stderr]    Compiling itertools v0.13.0
[INFO] [stderr]    Compiling base64 v0.23.1
[INFO] [stderr]    Compiling http-body-util v0.1.4
[INFO] [stderr]    Compiling utf8-zero v0.8.1
[INFO] [stderr]    Compiling base64ct v1.8.3
[INFO] [stderr]    Compiling isahc v2.0.1
[INFO] [stderr]    Compiling enum_dispatch v0.3.13
[INFO] [stderr]    Compiling sluice v0.6.0
[INFO] [stderr]    Compiling futures-lite v2.6.1
[INFO] [stderr]    Compiling strum_macros v0.28.0
[INFO] [stderr]    Compiling castaway v0.2.4
[INFO] [stderr]    Compiling tracing-futures v0.2.5
[INFO] [stderr]    Compiling ureq-proto v0.6.1
[INFO] [stderr]    Compiling pem-rfc7468 v1.0.0
[INFO] [stderr]    Compiling flate2 v1.1.9
[INFO] [stderr]    Compiling indexmap v2.14.0
[INFO] [stderr]    Compiling hashlink v0.12.1
[INFO] [stderr]    Compiling lru v0.18.2
[INFO] [stderr]    Compiling cmake v0.1.58
[INFO] [stderr]    Compiling openssl-src v300.6.1+3.6.3
[INFO] [stderr]    Compiling regex-automata v0.4.18
[INFO] [stderr]    Compiling aws-lc-sys v0.44.0
[INFO] [stderr]    Compiling openssl-sys v0.9.117
[INFO] [stderr]    Compiling ring v0.17.14
[INFO] [stderr]    Compiling libnghttp2-sys v0.1.13+1.68.1
[INFO] [stderr]    Compiling libz-sys v1.1.29
[INFO] [stderr]    Compiling curl-sys v0.4.90+curl-8.21.0
[INFO] [stderr]    Compiling libsqlite3-sys v0.38.2
[INFO] [stderr]    Compiling tokio-macros v2.7.2
[INFO] [stderr]    Compiling displaydoc v0.2.7
[INFO] [stderr]    Compiling foreign-types-macros v0.2.4
[INFO] [stderr]    Compiling thiserror-impl v2.0.20
[INFO] [stderr]    Compiling polling v3.11.0
[INFO] [stderr]    Compiling foreign-types v0.5.0
[INFO] [stderr]    Compiling tinystr v0.8.3
[INFO] [stderr]    Compiling zerotrie v0.2.4
[INFO] [stderr]    Compiling icu_collections v2.2.0
[INFO] [stderr]    Compiling regex v1.13.1
[INFO] [stderr]    Compiling tokio v1.53.1
[INFO] [stderr]    Compiling icu_locale_core v2.2.0
[INFO] [stderr]    Compiling thiserror v2.0.20
[INFO] [stderr]    Compiling icu_provider v2.2.0
[INFO] [stderr]    Compiling icu_properties v2.2.0
[INFO] [stderr]    Compiling icu_normalizer v2.2.0
[INFO] [stderr]    Compiling idna_adapter v1.2.2
[INFO] [stderr]    Compiling idna v1.1.0
[INFO] [stderr]    Compiling url v2.5.8
[INFO] [stderr]    Compiling tokio-util v0.7.19
[INFO] [stderr]    Compiling tower v0.5.3
[INFO] [stderr]    Compiling btls-sys v0.5.6
[INFO] [stderr]    Compiling tower-http v0.6.11
[INFO] [stderr]    Compiling h2 v0.4.15
[INFO] [stderr]    Compiling http2 v0.5.20
[INFO] [stderr]    Compiling wreq-proto v0.2.5
[INFO] [stderr]    Compiling hyper v1.11.0
[INFO] [stderr]    Compiling wreq-rt v0.2.2-rc.4
[INFO] [stderr]    Compiling hyper-util v0.1.20
[INFO] [stderr]    Compiling rustls-webpki v0.103.13
[INFO] [stderr] warning: btls-sys@0.5.6: applying post quantum crypto patch to boringssl
[INFO] [stderr] warning: btls-sys@0.5.6: applying patch to boringssl
[INFO] [stderr] warning: btls-sys@0.5.6: applying loongarch patch to boringssl
[INFO] [stderr] warning: btls-sys@0.5.6: applying windows cross compile patch to boringssl
[INFO] [stderr] error: failed to run custom build command for `btls-sys v0.5.6`
[INFO] [stderr] note: To improve backtraces for build dependencies, set the CARGO_PROFILE_RELEASE_BUILD_OVERRIDE_DEBUG=true environment variable to enable debug information generation.
[INFO] [stderr] 
[INFO] [stderr] Caused by:
[INFO] [stderr]   process didn't exit successfully: `/opt/rustwide/target/release/build/btls-sys/a47d695fd284dd15/out/build_script_main` (exit status: 101)
[INFO] [stderr]   --- stdout
[INFO] [stderr]   cargo:rerun-if-env-changed=BORING_BSSL_PATH_x86_64-unknown-linux-gnu
[INFO] [stderr]   cargo:rerun-if-env-changed=BORING_BSSL_PATH_x86_64_unknown_linux_gnu
[INFO] [stderr]   cargo:rerun-if-env-changed=HOST_BORING_BSSL_PATH
[INFO] [stderr]   cargo:rerun-if-env-changed=BORING_BSSL_PATH
[INFO] [stderr]   cargo:rerun-if-env-changed=BORING_BSSL_INCLUDE_PATH_x86_64-unknown-linux-gnu
[INFO] [stderr]   cargo:rerun-if-env-changed=BORING_BSSL_INCLUDE_PATH_x86_64_unknown_linux_gnu
[INFO] [stderr]   cargo:rerun-if-env-changed=HOST_BORING_BSSL_INCLUDE_PATH
[INFO] [stderr]   cargo:rerun-if-env-changed=BORING_BSSL_INCLUDE_PATH
[INFO] [stderr]   cargo:rerun-if-env-changed=BORING_BSSL_SOURCE_PATH_x86_64-unknown-linux-gnu
[INFO] [stderr]   cargo:rerun-if-env-changed=BORING_BSSL_SOURCE_PATH_x86_64_unknown_linux_gnu
[INFO] [stderr]   cargo:rerun-if-env-changed=HOST_BORING_BSSL_SOURCE_PATH
[INFO] [stderr]   cargo:rerun-if-env-changed=BORING_BSSL_SOURCE_PATH
[INFO] [stderr]   cargo:rerun-if-env-changed=BORING_BSSL_ASSUME_PATCHED_x86_64-unknown-linux-gnu
[INFO] [stderr]   cargo:rerun-if-env-changed=BORING_BSSL_ASSUME_PATCHED_x86_64_unknown_linux_gnu
[INFO] [stderr]   cargo:rerun-if-env-changed=HOST_BORING_BSSL_ASSUME_PATCHED
[INFO] [stderr]   cargo:rerun-if-env-changed=BORING_BSSL_ASSUME_PATCHED
[INFO] [stderr]   cargo:rerun-if-env-changed=BORING_BSSL_SYSROOT_x86_64-unknown-linux-gnu
[INFO] [stderr]   cargo:rerun-if-env-changed=BORING_BSSL_SYSROOT_x86_64_unknown_linux_gnu
[INFO] [stderr]   cargo:rerun-if-env-changed=HOST_BORING_BSSL_SYSROOT
[INFO] [stderr]   cargo:rerun-if-env-changed=BORING_BSSL_SYSROOT
[INFO] [stderr]   cargo:rerun-if-env-changed=BORING_BSSL_COMPILER_EXTERNAL_TOOLCHAIN_x86_64-unknown-linux-gnu
[INFO] [stderr]   cargo:rerun-if-env-changed=BORING_BSSL_COMPILER_EXTERNAL_TOOLCHAIN_x86_64_unknown_linux_gnu
[INFO] [stderr]   cargo:rerun-if-env-changed=HOST_BORING_BSSL_COMPILER_EXTERNAL_TOOLCHAIN
[INFO] [stderr]   cargo:rerun-if-env-changed=BORING_BSSL_COMPILER_EXTERNAL_TOOLCHAIN
[INFO] [stderr]   cargo:rerun-if-env-changed=DEBUG_x86_64-unknown-linux-gnu
[INFO] [stderr]   cargo:rerun-if-env-changed=DEBUG_x86_64_unknown_linux_gnu
[INFO] [stderr]   cargo:rerun-if-env-changed=HOST_DEBUG
[INFO] [stderr]   cargo:rerun-if-env-changed=DEBUG
[INFO] [stderr]   cargo:rerun-if-env-changed=OPT_LEVEL_x86_64-unknown-linux-gnu
[INFO] [stderr]   cargo:rerun-if-env-changed=OPT_LEVEL_x86_64_unknown_linux_gnu
[INFO] [stderr]   cargo:rerun-if-env-changed=HOST_OPT_LEVEL
[INFO] [stderr]   cargo:rerun-if-env-changed=OPT_LEVEL
[INFO] [stderr]   cargo:rerun-if-env-changed=ANDROID_NDK_HOME_x86_64-unknown-linux-gnu
[INFO] [stderr]   cargo:rerun-if-env-changed=ANDROID_NDK_HOME_x86_64_unknown_linux_gnu
[INFO] [stderr]   cargo:rerun-if-env-changed=HOST_ANDROID_NDK_HOME
[INFO] [stderr]   cargo:rerun-if-env-changed=ANDROID_NDK_HOME
[INFO] [stderr]   cargo:rerun-if-env-changed=CMAKE_TOOLCHAIN_FILE_x86_64-unknown-linux-gnu
[INFO] [stderr]   cargo:rerun-if-env-changed=CMAKE_TOOLCHAIN_FILE_x86_64_unknown_linux_gnu
[INFO] [stderr]   cargo:rerun-if-env-changed=HOST_CMAKE_TOOLCHAIN_FILE
[INFO] [stderr]   cargo:rerun-if-env-changed=CMAKE_TOOLCHAIN_FILE
[INFO] [stderr]   cargo:rerun-if-env-changed=BORING_BSSL_RUST_CPPLIB_x86_64-unknown-linux-gnu
[INFO] [stderr]   cargo:rerun-if-env-changed=BORING_BSSL_RUST_CPPLIB_x86_64_unknown_linux_gnu
[INFO] [stderr]   cargo:rerun-if-env-changed=HOST_BORING_BSSL_RUST_CPPLIB
[INFO] [stderr]   cargo:rerun-if-env-changed=BORING_BSSL_RUST_CPPLIB
[INFO] [stderr]   cargo:rerun-if-env-changed=CC_x86_64-unknown-linux-gnu
[INFO] [stderr]   cargo:rerun-if-env-changed=CC_x86_64_unknown_linux_gnu
[INFO] [stderr]   cargo:rerun-if-env-changed=HOST_CC
[INFO] [stderr]   cargo:rerun-if-env-changed=CXX_x86_64-unknown-linux-gnu
[INFO] [stderr]   cargo:rerun-if-env-changed=CXX_x86_64_unknown_linux_gnu
[INFO] [stderr]   cargo:rerun-if-env-changed=HOST_CXX
[INFO] [stderr]   cargo:rerun-if-env-changed=DOCS_RS
[INFO] [stderr]   cargo:rerun-if-env-changed=BORING_BSSL_INSTALL_DIR_x86_64-unknown-linux-gnu
[INFO] [stderr]   cargo:rerun-if-env-changed=BORING_BSSL_INSTALL_DIR_x86_64_unknown_linux_gnu
[INFO] [stderr]   cargo:rerun-if-env-changed=HOST_BORING_BSSL_INSTALL_DIR
[INFO] [stderr]   cargo:rerun-if-env-changed=BORING_BSSL_INSTALL_DIR
[INFO] [stderr]   Initialized empty Git repository in /opt/rustwide/target/release/build/btls-sys/8f973be255c02b62/out/boringssl/.git/
[INFO] [stderr]   cargo:warning=applying post quantum crypto patch to boringssl
[INFO] [stderr]   cargo:warning=applying patch to boringssl
[INFO] [stderr]   cargo:warning=applying loongarch patch to boringssl
[INFO] [stderr]   cargo:warning=applying windows cross compile patch to boringssl
[INFO] [stderr]   CMAKE_TOOLCHAIN_FILE_x86_64-unknown-linux-gnu = None
[INFO] [stderr]   CMAKE_TOOLCHAIN_FILE_x86_64_unknown_linux_gnu = None
[INFO] [stderr]   HOST_CMAKE_TOOLCHAIN_FILE = None
[INFO] [stderr]   CMAKE_TOOLCHAIN_FILE = None
[INFO] [stderr]   CMAKE_GENERATOR_x86_64-unknown-linux-gnu = None
[INFO] [stderr]   CMAKE_GENERATOR_x86_64_unknown_linux_gnu = None
[INFO] [stderr]   HOST_CMAKE_GENERATOR = None
[INFO] [stderr]   CMAKE_GENERATOR = None
[INFO] [stderr]   CMAKE_PREFIX_PATH_x86_64-unknown-linux-gnu = None
[INFO] [stderr]   CMAKE_PREFIX_PATH_x86_64_unknown_linux_gnu = None
[INFO] [stderr]   HOST_CMAKE_PREFIX_PATH = None
[INFO] [stderr]   CMAKE_PREFIX_PATH = None
[INFO] [stderr]   CMAKE_x86_64-unknown-linux-gnu = None
[INFO] [stderr]   CMAKE_x86_64_unknown_linux_gnu = None
[INFO] [stderr]   HOST_CMAKE = None
[INFO] [stderr]   CMAKE = None
[INFO] [stderr]   -- The C compiler identification is GNU 15.2.0
[INFO] [stderr]   -- Detecting C compiler ABI info
[INFO] [stderr]   -- Detecting C compiler ABI info - done
[INFO] [stderr]   -- Check for working C compiler: /usr/bin/cc - skipped
[INFO] [stderr]   -- Detecting C compile features
[INFO] [stderr]   -- Detecting C compile features - done
[INFO] [stderr]   -- The CXX compiler identification is GNU 15.2.0
[INFO] [stderr]   -- Detecting CXX compiler ABI info
[INFO] [stderr]   -- Detecting CXX compiler ABI info - done
[INFO] [stderr]   -- Check for working CXX compiler: /usr/bin/c++ - skipped
[INFO] [stderr]   -- Detecting CXX compile features
[INFO] [stderr]   -- Detecting CXX compile features - done
[INFO] [stderr]   -- Checking for module 'libunwind-generic>=1.3.0'
[INFO] [stderr]   --   Found libunwind-generic, version 1.8.3
[INFO] [stderr]   -- The ASM compiler identification is GNU
[INFO] [stderr]   -- Found assembler: /usr/bin/cc
[INFO] [stderr]   -- Performing Test CMAKE_HAVE_LIBC_PTHREAD
[INFO] [stderr]   -- Performing Test CMAKE_HAVE_LIBC_PTHREAD - Success
[INFO] [stderr]   -- Found Threads: TRUE
[INFO] [stderr]   -- Configuring done (7.3s)
[INFO] [stderr]   -- Generating done (2.7s)
[INFO] [stderr]   -- Build files have been written to: /opt/rustwide/target/release/build/btls-sys/8f973be255c02b62/out/build
[INFO] [stderr]   [  0%] Built target boringssl_prefix_symbols
[INFO] [stderr]   [  0%] Building CXX object CMakeFiles/fipsmodule.dir/crypto/fipsmodule/bcm.cc.o
[INFO] [stderr]   [  1%] Building ASM object CMakeFiles/fipsmodule.dir/gen/bcm/aes-gcm-avx2-x86_64-apple.S.o
[INFO] [stderr]   [  1%] Building ASM object CMakeFiles/fipsmodule.dir/gen/bcm/aes-gcm-avx2-x86_64-linux.S.o
[INFO] [stderr]   [  1%] Building ASM object CMakeFiles/fipsmodule.dir/gen/bcm/aesni-gcm-x86_64-linux.S.o
[INFO] [stderr]   [  1%] Building ASM object CMakeFiles/fipsmodule.dir/gen/bcm/aes-gcm-avx512-x86_64-apple.S.o
[INFO] [stderr]   [  1%] Building ASM object CMakeFiles/fipsmodule.dir/gen/bcm/aesni-gcm-x86_64-apple.S.o
[INFO] [stderr]   [  3%] Building ASM object CMakeFiles/fipsmodule.dir/gen/bcm/aesv8-armv8-win.S.o
[INFO] [stderr]   [  3%] Building ASM object CMakeFiles/fipsmodule.dir/gen/bcm/aesv8-armv8-linux.S.o
[INFO] [stderr]   [  3%] Building ASM object CMakeFiles/fipsmodule.dir/gen/bcm/aesni-x86-apple.S.o
[INFO] [stderr]   [  3%] Building ASM object CMakeFiles/fipsmodule.dir/gen/bcm/aesv8-armv8-apple.S.o
[INFO] [stderr]   [  3%] Building ASM object CMakeFiles/fipsmodule.dir/gen/bcm/aesv8-armv7-linux.S.o
[INFO] [stderr]   [  3%] Building ASM object CMakeFiles/fipsmodule.dir/gen/bcm/aesv8-gcm-armv8-apple.S.o
[INFO] [stderr]   [  3%] Building ASM object CMakeFiles/fipsmodule.dir/gen/bcm/aesni-x86_64-apple.S.o
[INFO] [stderr]   [  4%] Building ASM object CMakeFiles/fipsmodule.dir/gen/bcm/aesni-x86-linux.S.o
[INFO] [stderr]   [  4%] Building ASM object CMakeFiles/fipsmodule.dir/gen/bcm/aesni-x86_64-linux.S.o
[INFO] [stderr]   [  4%] Building ASM object CMakeFiles/fipsmodule.dir/gen/bcm/aes-gcm-avx512-x86_64-linux.S.o
[INFO] [stderr]   [  4%] Building ASM object CMakeFiles/fipsmodule.dir/gen/bcm/aesv8-gcm-armv8-linux.S.o
[INFO] [stderr]   [  4%] Building ASM object CMakeFiles/fipsmodule.dir/gen/bcm/aesv8-gcm-armv8-win.S.o
[INFO] [stderr]   [  6%] Building ASM object CMakeFiles/fipsmodule.dir/gen/bcm/armv8-mont-win.S.o
[INFO] [stderr]   [  6%] Building ASM object CMakeFiles/fipsmodule.dir/gen/bcm/bn-586-linux.S.o
[INFO] [stderr]   [  6%] Building ASM object CMakeFiles/fipsmodule.dir/gen/bcm/armv8-mont-linux.S.o
[INFO] [stderr]   [  6%] Building ASM object CMakeFiles/fipsmodule.dir/gen/bcm/armv8-mont-apple.S.o
[INFO] [stderr]   [  6%] Building ASM object CMakeFiles/fipsmodule.dir/gen/bcm/bn-armv8-apple.S.o
[INFO] [stderr]   [  6%] Building ASM object CMakeFiles/fipsmodule.dir/gen/bcm/armv4-mont-linux.S.o
[INFO] [stderr]   [  6%] Building ASM object CMakeFiles/fipsmodule.dir/gen/bcm/bn-armv8-linux.S.o
[INFO] [stderr]   [  7%] Building ASM object CMakeFiles/fipsmodule.dir/gen/bcm/bsaes-armv7-linux.S.o
[INFO] [stderr]   [  7%] Building ASM object CMakeFiles/fipsmodule.dir/gen/bcm/co-586-apple.S.o
[INFO] [stderr]   [  7%] Building ASM object CMakeFiles/fipsmodule.dir/gen/bcm/ghash-neon-armv8-apple.S.o
[INFO] [stderr]   [  7%] Building ASM object CMakeFiles/fipsmodule.dir/gen/bcm/ghash-armv4-linux.S.o
[INFO] [stderr]   [  7%] Building ASM object CMakeFiles/fipsmodule.dir/gen/bcm/bn-586-apple.S.o
[INFO] [stderr]   [  7%] Building ASM object CMakeFiles/fipsmodule.dir/gen/bcm/bn-armv8-win.S.o
[INFO] [stderr]   [  7%] Building ASM object CMakeFiles/fipsmodule.dir/gen/bcm/co-586-linux.S.o
[INFO] [stderr]   [  7%] Building ASM object CMakeFiles/fipsmodule.dir/gen/bcm/ghash-neon-armv8-linux.S.o
[INFO] [stderr]   [  9%] Building ASM object CMakeFiles/fipsmodule.dir/gen/bcm/ghash-ssse3-x86-apple.S.o
[INFO] [stderr]   [  9%] Building ASM object CMakeFiles/fipsmodule.dir/gen/bcm/ghash-neon-armv8-win.S.o
[INFO] [stderr]   [  9%] Building ASM object CMakeFiles/fipsmodule.dir/gen/bcm/ghash-ssse3-x86-linux.S.o
[INFO] [stderr]   [  9%] Building ASM object CMakeFiles/fipsmodule.dir/gen/bcm/ghash-x86-linux.S.o
[INFO] [stderr]   [  9%] Building ASM object CMakeFiles/fipsmodule.dir/gen/bcm/ghash-ssse3-x86_64-linux.S.o
[INFO] [stderr]   [  9%] Building ASM object CMakeFiles/fipsmodule.dir/gen/bcm/ghash-x86-apple.S.o
[INFO] [stderr]   [  9%] Building ASM object CMakeFiles/fipsmodule.dir/gen/bcm/ghash-ssse3-x86_64-apple.S.o
[INFO] [stderr]   [  9%] Building ASM object CMakeFiles/fipsmodule.dir/gen/bcm/ghash-x86_64-linux.S.o
[INFO] [stderr]   [  9%] Building ASM object CMakeFiles/fipsmodule.dir/gen/bcm/ghashv8-armv7-linux.S.o
[INFO] [stderr]   [ 11%] Building ASM object CMakeFiles/fipsmodule.dir/gen/bcm/ghash-x86_64-apple.S.o
[INFO] [stderr]   [ 11%] Building ASM object CMakeFiles/fipsmodule.dir/gen/bcm/ghashv8-armv8-win.S.o
[INFO] [stderr]   [ 12%] Building ASM object CMakeFiles/fipsmodule.dir/gen/bcm/p256_beeu-armv8-asm-win.S.o
[INFO] [stderr]   [ 12%] Building ASM object CMakeFiles/fipsmodule.dir/gen/bcm/ghashv8-armv8-apple.S.o
[INFO] [stderr]   [ 12%] Building ASM object CMakeFiles/fipsmodule.dir/gen/bcm/p256_beeu-x86_64-asm-linux.S.o
[INFO] [stderr]   [ 12%] Building ASM object CMakeFiles/fipsmodule.dir/gen/bcm/p256_beeu-armv8-asm-linux.S.o
[INFO] [stderr]   [ 12%] Building ASM object CMakeFiles/fipsmodule.dir/gen/bcm/p256-armv8-asm-apple.S.o
[INFO] [stderr]   [ 12%] Building ASM object CMakeFiles/fipsmodule.dir/gen/bcm/ghashv8-armv8-linux.S.o
[INFO] [stderr]   [ 12%] Building ASM object CMakeFiles/fipsmodule.dir/gen/bcm/p256_beeu-armv8-asm-apple.S.o
[INFO] [stderr]   [ 14%] Building ASM object CMakeFiles/fipsmodule.dir/gen/bcm/p256-armv8-asm-linux.S.o
[INFO] [stderr]   [ 14%] Building ASM object CMakeFiles/fipsmodule.dir/gen/bcm/p256-x86_64-asm-apple.S.o
[INFO] [stderr]   [ 14%] Building ASM object CMakeFiles/fipsmodule.dir/gen/bcm/p256-x86_64-asm-linux.S.o
[INFO] [stderr]   [ 14%] Building ASM object CMakeFiles/fipsmodule.dir/gen/bcm/p256_beeu-x86_64-asm-apple.S.o
[INFO] [stderr]   [ 14%] Building ASM object CMakeFiles/fipsmodule.dir/gen/bcm/rsaz-avx2-apple.S.o
[INFO] [stderr]   [ 14%] Building ASM object CMakeFiles/fipsmodule.dir/gen/bcm/p256-armv8-asm-win.S.o
[INFO] [stderr]   [ 14%] Building ASM object CMakeFiles/fipsmodule.dir/gen/bcm/rdrand-x86_64-linux.S.o
[INFO] [stderr]   [ 14%] Building ASM object CMakeFiles/fipsmodule.dir/gen/bcm/rdrand-x86_64-apple.S.o
[INFO] [stderr]   [ 14%] Building ASM object CMakeFiles/fipsmodule.dir/gen/bcm/rsaz-avx2-linux.S.o
[INFO] [stderr]   [ 15%] Building ASM object CMakeFiles/fipsmodule.dir/gen/bcm/sha1-586-apple.S.o
[INFO] [stderr]   [ 15%] Building ASM object CMakeFiles/fipsmodule.dir/gen/bcm/sha1-586-linux.S.o
[INFO] [stderr]   [ 15%] Building ASM object CMakeFiles/fipsmodule.dir/gen/bcm/sha1-armv4-large-linux.S.o
[INFO] [stderr]   [ 17%] Building ASM object CMakeFiles/fipsmodule.dir/gen/bcm/sha1-x86_64-apple.S.o
[INFO] [stderr]   [ 17%] Building ASM object CMakeFiles/fipsmodule.dir/gen/bcm/sha256-armv8-linux.S.o
[INFO] [stderr]   [ 17%] Building ASM object CMakeFiles/fipsmodule.dir/gen/bcm/sha1-x86_64-linux.S.o
[INFO] [stderr]   [ 17%] Building ASM object CMakeFiles/fipsmodule.dir/gen/bcm/sha256-armv4-linux.S.o
[INFO] [stderr]   [ 17%] Building ASM object CMakeFiles/fipsmodule.dir/gen/bcm/sha1-armv8-win.S.o
[INFO] [stderr]   [ 17%] Building ASM object CMakeFiles/fipsmodule.dir/gen/bcm/sha256-586-apple.S.o
[INFO] [stderr]   [ 17%] Building ASM object CMakeFiles/fipsmodule.dir/gen/bcm/sha256-586-linux.S.o
[INFO] [stderr]   [ 17%] Building ASM object CMakeFiles/fipsmodule.dir/gen/bcm/sha256-armv8-apple.S.o
[INFO] [stderr]   [ 17%] Building ASM object CMakeFiles/fipsmodule.dir/gen/bcm/sha1-armv8-linux.S.o
[INFO] [stderr]   [ 17%] Building ASM object CMakeFiles/fipsmodule.dir/gen/bcm/sha1-armv8-apple.S.o
[INFO] [stderr]   [ 17%] Building ASM object CMakeFiles/fipsmodule.dir/gen/bcm/sha256-x86_64-linux.S.o
[INFO] [stderr]   [ 17%] Building ASM object CMakeFiles/fipsmodule.dir/gen/bcm/sha512-586-apple.S.o
[INFO] [stderr]   [ 17%] Building ASM object CMakeFiles/fipsmodule.dir/gen/bcm/sha256-x86_64-apple.S.o
[INFO] [stderr]   [ 19%] Building ASM object CMakeFiles/fipsmodule.dir/gen/bcm/sha256-armv8-win.S.o
[INFO] [stderr]   [ 19%] Building ASM object CMakeFiles/fipsmodule.dir/gen/bcm/sha512-armv8-linux.S.o
[INFO] [stderr]   [ 20%] Building ASM object CMakeFiles/fipsmodule.dir/gen/bcm/sha512-armv8-apple.S.o
[INFO] [stderr]   [ 20%] Building ASM object CMakeFiles/fipsmodule.dir/gen/bcm/sha512-armv4-linux.S.o
[INFO] [stderr]   [ 20%] Building ASM object CMakeFiles/fipsmodule.dir/gen/bcm/vpaes-armv8-apple.S.o
[INFO] [stderr]   [ 20%] Building ASM object CMakeFiles/fipsmodule.dir/gen/bcm/vpaes-armv7-linux.S.o
[INFO] [stderr]   [ 20%] Building ASM object CMakeFiles/fipsmodule.dir/gen/bcm/sha512-x86_64-apple.S.o
[INFO] [stderr]   [ 20%] Building ASM object CMakeFiles/fipsmodule.dir/gen/bcm/sha512-armv8-win.S.o
[INFO] [stderr]   [ 20%] Building ASM object CMakeFiles/fipsmodule.dir/gen/bcm/vpaes-armv8-win.S.o
[INFO] [stderr]   [ 22%] Building ASM object CMakeFiles/fipsmodule.dir/gen/bcm/vpaes-armv8-linux.S.o
[INFO] [stderr]   [ 22%] Building ASM object CMakeFiles/fipsmodule.dir/gen/bcm/sha512-586-linux.S.o
[INFO] [stderr]   [ 22%] Building ASM object CMakeFiles/fipsmodule.dir/gen/bcm/sha512-x86_64-linux.S.o
[INFO] [stderr]   [ 22%] Building ASM object CMakeFiles/fipsmodule.dir/gen/bcm/vpaes-x86-apple.S.o
[INFO] [stderr]   [ 22%] Building ASM object CMakeFiles/fipsmodule.dir/gen/bcm/vpaes-x86-linux.S.o
[INFO] [stderr]   [ 22%] Building ASM object CMakeFiles/fipsmodule.dir/gen/bcm/x86_64-mont5-apple.S.o
[INFO] [stderr]   [ 22%] Building ASM object CMakeFiles/fipsmodule.dir/gen/bcm/x86_64-mont5-linux.S.o
[INFO] [stderr]   [ 23%] Building ASM object CMakeFiles/fipsmodule.dir/gen/bcm/x86-mont-apple.S.o
[INFO] [stderr]   [ 23%] Building ASM object CMakeFiles/fipsmodule.dir/gen/bcm/vpaes-x86_64-apple.S.o
[INFO] [stderr]   [ 23%] Building ASM object CMakeFiles/fipsmodule.dir/gen/bcm/x86_64-mont-apple.S.o
[INFO] [stderr]   [ 23%] Building ASM object CMakeFiles/fipsmodule.dir/gen/bcm/x86_64-mont-linux.S.o
[INFO] [stderr]   [ 23%] Building ASM object CMakeFiles/fipsmodule.dir/third_party/fiat/asm/fiat_p256_adx_mul.S.o
[INFO] [stderr]   [ 23%] Building ASM object CMakeFiles/fipsmodule.dir/gen/bcm/vpaes-x86_64-linux.S.o
[INFO] [stderr]   [ 23%] Building ASM object CMakeFiles/fipsmodule.dir/gen/bcm/x86-mont-linux.S.o
[INFO] [stderr]   [ 25%] Building ASM object CMakeFiles/fipsmodule.dir/third_party/fiat/asm/fiat_p256_adx_sqr.S.o
[INFO] [stderr] 
[INFO] [stderr]   --- stderr
[INFO] [stderr]   hint: Using 'master' as the name for the initial branch. This default branch name
[INFO] [stderr]   hint: will change to "main" in Git 3.0. To configure the initial branch name
[INFO] [stderr]   hint: to use in all of your new repositories, which will suppress this warning,
[INFO] [stderr]   hint: call:
[INFO] [stderr]   hint:
[INFO] [stderr]   hint: 	git config --global init.defaultBranch <name>
[INFO] [stderr]   hint:
[INFO] [stderr]   hint: Names commonly chosen instead of 'master' are 'main', 'trunk' and
[INFO] [stderr]   hint: 'development'. The just-created branch can be renamed via this command:
[INFO] [stderr]   hint:
[INFO] [stderr]   hint: 	git branch -m <name>
[INFO] [stderr]   hint:
[INFO] [stderr]   hint: Disable this message with "git config set advice.defaultBranchName false"
[INFO] [stderr]   Checking patch crypto/obj/obj_dat.h...
[INFO] [stderr]   Checking patch crypto/obj/obj_mac.num...
[INFO] [stderr]   Checking patch crypto/obj/objects.txt...
[INFO] [stderr]   Checking patch include/openssl/nid.h...
[INFO] [stderr]   Checking patch include/openssl/ssl.h...
[INFO] [stderr]   Checking patch ssl/extensions.cc...
[INFO] [stderr]   Checking patch ssl/internal.h...
[INFO] [stderr]   Checking patch ssl/ssl_key_share.cc...
[INFO] [stderr]   Checking patch ssl/ssl_lib.cc...
[INFO] [stderr]   Checking patch ssl/ssl_test.cc...
[INFO] [stderr]   Checking patch ssl/test/runner/basic_tests.go...
[INFO] [stderr]   Checking patch ssl/test/runner/cbc_tests.go...
[INFO] [stderr]   Checking patch ssl/test/runner/common.go...
[INFO] [stderr]   Checking patch ssl/test/runner/curve_tests.go...
[INFO] [stderr]   Checking patch ssl/test/runner/ech_tests.go...
[INFO] [stderr]   Checking patch ssl/test/runner/extension_tests.go...
[INFO] [stderr]   Checking patch ssl/test/runner/key_update_tests.go...
[INFO] [stderr]   Checking patch tool/client.cc...
[INFO] [stderr]   Applied patch crypto/obj/obj_dat.h cleanly.
[INFO] [stderr]   Applied patch crypto/obj/obj_mac.num cleanly.
[INFO] [stderr]   Applied patch crypto/obj/objects.txt cleanly.
[INFO] [stderr]   Applied patch include/openssl/nid.h cleanly.
[INFO] [stderr]   Applied patch include/openssl/ssl.h cleanly.
[INFO] [stderr]   Applied patch ssl/extensions.cc cleanly.
[INFO] [stderr]   Applied patch ssl/internal.h cleanly.
[INFO] [stderr]   Applied patch ssl/ssl_key_share.cc cleanly.
[INFO] [stderr]   Applied patch ssl/ssl_lib.cc cleanly.
[INFO] [stderr]   Applied patch ssl/ssl_test.cc cleanly.
[INFO] [stderr]   Applied patch ssl/test/runner/basic_tests.go cleanly.
[INFO] [stderr]   Applied patch ssl/test/runner/cbc_tests.go cleanly.
[INFO] [stderr]   Applied patch ssl/test/runner/common.go cleanly.
[INFO] [stderr]   Applied patch ssl/test/runner/curve_tests.go cleanly.
[INFO] [stderr]   Applied patch ssl/test/runner/ech_tests.go cleanly.
[INFO] [stderr]   Applied patch ssl/test/runner/extension_tests.go cleanly.
[INFO] [stderr]   Applied patch ssl/test/runner/key_update_tests.go cleanly.
[INFO] [stderr]   Applied patch tool/client.cc cleanly.
[INFO] [stderr]   /opt/rustwide/cargo-home/registry/src/index.crates.io-1949cf8c6b5b557f/btls-sys-0.5.6/patches/boringssl.patch:91: trailing whitespace.
[INFO] [stderr]    private:  
[INFO] [stderr]   /opt/rustwide/cargo-home/registry/src/index.crates.io-1949cf8c6b5b557f/btls-sys-0.5.6/patches/boringssl.patch:426: trailing whitespace.
[INFO] [stderr]     
[INFO] [stderr]   /opt/rustwide/cargo-home/registry/src/index.crates.io-1949cf8c6b5b557f/btls-sys-0.5.6/patches/boringssl.patch:715: trailing whitespace.
[INFO] [stderr]         
[INFO] [stderr]   /opt/rustwide/cargo-home/registry/src/index.crates.io-1949cf8c6b5b557f/btls-sys-0.5.6/patches/boringssl.patch:721: trailing whitespace.
[INFO] [stderr]         if (!DH_generate_key(dh) || 
[INFO] [stderr]   /opt/rustwide/cargo-home/registry/src/index.crates.io-1949cf8c6b5b557f/btls-sys-0.5.6/patches/boringssl.patch:729: trailing whitespace.
[INFO] [stderr]         if (peer_point == nullptr || 
[INFO] [stderr]   Checking patch crypto/cipher/e_tls.cc...
[INFO] [stderr]   Checking patch crypto/mem_internal.h...
[INFO] [stderr]   Checking patch include/openssl/aead.h...
[INFO] [stderr]   Checking patch include/openssl/nid.h...
[INFO] [stderr]   Checking patch include/openssl/ssl.h...
[INFO] [stderr]   Checking patch include/openssl/tls1.h...
[INFO] [stderr]   Checking patch ssl/extensions.cc...
[INFO] [stderr]   Checking patch ssl/handshake_client.cc...
[INFO] [stderr]   Checking patch ssl/internal.h...
[INFO] [stderr]   Checking patch ssl/ssl_cipher.cc...
[INFO] [stderr]   Checking patch ssl/ssl_key_share.cc...
[INFO] [stderr]   Checking patch ssl/ssl_lib.cc...
[INFO] [stderr]   Checking patch ssl/ssl_privkey.cc...
[INFO] [stderr]   Applied patch crypto/cipher/e_tls.cc cleanly.
[INFO] [stderr]   Applied patch crypto/mem_internal.h cleanly.
[INFO] [stderr]   Applied patch include/openssl/aead.h cleanly.
[INFO] [stderr]   Applied patch include/openssl/nid.h cleanly.
[INFO] [stderr]   Applied patch include/openssl/ssl.h cleanly.
[INFO] [stderr]   Applied patch include/openssl/tls1.h cleanly.
[INFO] [stderr]   Applied patch ssl/extensions.cc cleanly.
[INFO] [stderr]   Applied patch ssl/handshake_client.cc cleanly.
[INFO] [stderr]   Applied patch ssl/internal.h cleanly.
[INFO] [stderr]   Applied patch ssl/ssl_cipher.cc cleanly.
[INFO] [stderr]   Applied patch ssl/ssl_key_share.cc cleanly.
[INFO] [stderr]   Applied patch ssl/ssl_lib.cc cleanly.
[INFO] [stderr]   Applied patch ssl/ssl_privkey.cc cleanly.
[INFO] [stderr]   warning: squelched 4 whitespace errors
[INFO] [stderr]   warning: 9 lines applied after fixing whitespace errors.
[INFO] [stderr]   Checking patch include/openssl/target.h...
[INFO] [stderr]   Applied patch include/openssl/target.h cleanly.
[INFO] [stderr]   Checking patch third_party/fiat/p256_64.h...
[INFO] [stderr]   Hunk #2 succeeded at 178 (offset -3 lines).
[INFO] [stderr]   Hunk #3 succeeded at 493 (offset -4 lines).
[INFO] [stderr]   Applied patch third_party/fiat/p256_64.h cleanly.
[INFO] [stderr]   running: cd "/opt/rustwide/target/release/build/btls-sys/8f973be255c02b62/out/build" && CMAKE_BUILD_PARALLEL_LEVEL="16" CMAKE_PREFIX_PATH="" LC_ALL="C" "cmake" "/opt/rustwide/target/release/build/btls-sys/8f973be255c02b62/out/boringssl" "-B" "/opt/rustwide/target/release/build/btls-sys/8f973be255c02b62/out/build" "-DCMAKE_POSITION_INDEPENDENT_CODE=ON" "-DCMAKE_INSTALL_PREFIX=/opt/rustwide/target/release/build/btls-sys/8f973be255c02b62/out" "-DCMAKE_C_FLAGS= -ffunction-sections -fdata-sections -fPIC -m64 -w" "-DCMAKE_C_COMPILER=/usr/bin/cc" "-DCMAKE_CXX_FLAGS= -ffunction-sections -fdata-sections -fPIC -m64 -w" "-DCMAKE_CXX_COMPILER=/usr/bin/c++" "-DCMAKE_ASM_FLAGS= -ffunction-sections -fdata-sections -fPIC -m64 -w" "-DCMAKE_ASM_COMPILER=/usr/bin/cc" "-DCMAKE_BUILD_TYPE=Release"
[INFO] [stderr]   running: cd "/opt/rustwide/target/release/build/btls-sys/8f973be255c02b62/out/build" && CMAKE_BUILD_PARALLEL_LEVEL="16" LC_ALL="C" MAKEFLAGS="-j --jobserver-fds=4,5 --jobserver-auth=4,5" "cmake" "--build" "/opt/rustwide/target/release/build/btls-sys/8f973be255c02b62/out/build" "--target" "ssl" "--config" "Release"
[INFO] [stderr]   gmake: warning: -j16 forced in submake: resetting jobserver mode.
[INFO] [stderr]   c++: fatal error: Killed signal terminated program cc1plus
[INFO] [stderr]   compilation terminated.
[INFO] [stderr]   gmake[3]: *** [CMakeFiles/fipsmodule.dir/build.make:79: CMakeFiles/fipsmodule.dir/crypto/fipsmodule/bcm.cc.o] Error 1
[INFO] [stderr]   gmake[2]: *** [CMakeFiles/Makefile2:1186: CMakeFiles/fipsmodule.dir/all] Error 2
[INFO] [stderr]   gmake[1]: *** [CMakeFiles/Makefile2:1258: CMakeFiles/ssl.dir/rule] Error 2
[INFO] [stderr]   gmake: *** [Makefile:608: ssl] Error 2
[INFO] [stderr] 
[INFO] [stderr]   thread 'main' (2624) panicked at /opt/rustwide/cargo-home/registry/src/index.crates.io-1949cf8c6b5b557f/cmake-0.1.58/src/lib.rs:1132:5:
[INFO] [stderr] 
[INFO] [stderr]   command did not execute successfully, got: exit status: 2
[INFO] [stderr] 
[INFO] [stderr]   build script failed, must exit now
[INFO] [stderr]   stack backtrace:
[INFO] [stderr]      0:     0x5a1fd05ec011 - <<std[617be2ca0a6fd877]::sys::backtrace::BacktraceLock>::print::DisplayBacktrace as core[a373ad73a504971]::fmt::Display>::fmt
[INFO] [stderr]      1:     0x5a1fd060423a - core[a373ad73a504971]::fmt::write
[INFO] [stderr]      2:     0x5a1fd05f245c - <std[617be2ca0a6fd877]::sys::stdio::unix::Stderr as core[a373ad73a504971]::io::write::Write>::write_fmt
[INFO] [stderr]      3:     0x5a1fd05c5456 - std[617be2ca0a6fd877]::panicking::default_hook::{closure#0}
[INFO] [stderr]      4:     0x5a1fd05e2c21 - std[617be2ca0a6fd877]::panicking::default_hook
[INFO] [stderr]      5:     0x5a1fd05e2f4b - std[617be2ca0a6fd877]::panicking::panic_with_hook
[INFO] [stderr]      6:     0x5a1fd05c5502 - std[617be2ca0a6fd877]::panicking::panic_handler::{closure#0}
[INFO] [stderr]      7:     0x5a1fd05be029 - std[617be2ca0a6fd877]::sys::backtrace::__rust_end_short_backtrace::<std[617be2ca0a6fd877]::panicking::panic_handler::{closure#0}, !>
[INFO] [stderr]      8:     0x5a1fd05c60fd - __rustc[ea4f61d10b84890b]::rust_begin_unwind
[INFO] [stderr]      9:     0x5a1fd0604a5c - core[a373ad73a504971]::panicking::panic_fmt
[INFO] [stderr]     10:     0x5a1fd00ca4d7 - cmake[ab1a46f404242458]::fail
[INFO] [stderr]     11:     0x5a1fd00ca163 - cmake[ab1a46f404242458]::run
[INFO] [stderr]     12:     0x5a1fd00d01f5 - <cmake[ab1a46f404242458]::Config>::build
[INFO] [stderr]     13:     0x5a1fd00afed0 - build_script_main[5ca3266d03439b68]::build_boringssl_or_get_prebuilt::{closure#0}
[INFO] [stderr]     14:     0x5a1fd00a5307 - <std[617be2ca0a6fd877]::sync::once_lock::OnceLock<std[617be2ca0a6fd877]::path::PathBuf>>::get_or_init::<build_script_main[5ca3266d03439b68]::build_boringssl_or_get_prebuilt::{closure#0}>::{closure#0}
[INFO] [stderr]     15:     0x5a1fd00a522d - <std[617be2ca0a6fd877]::sync::once_lock::OnceLock<std[617be2ca0a6fd877]::path::PathBuf>>::initialize::<<std[617be2ca0a6fd877]::sync::once_lock::OnceLock<std[617be2ca0a6fd877]::path::PathBuf>>::get_or_init<build_script_main[5ca3266d03439b68]::build_boringssl_or_get_prebuilt::{closure#0}>::{closure#0}, !>::{closure#0}
[INFO] [stderr]     16:     0x5a1fd009ee42 - <std[617be2ca0a6fd877]::sync::once::Once>::call_once_force::<<std[617be2ca0a6fd877]::sync::once_lock::OnceLock<std[617be2ca0a6fd877]::path::PathBuf>>::initialize<<std[617be2ca0a6fd877]::sync::once_lock::OnceLock<std[617be2ca0a6fd877]::path::PathBuf>>::get_or_init<build_script_main[5ca3266d03439b68]::build_boringssl_or_get_prebuilt::{closure#0}>::{closure#0}, !>::{closure#0}>::{closure#0}
[INFO] [stderr]     17:     0x5a1fd05cae39 - <std[617be2ca0a6fd877]::sys::sync::once::futex::Once>::call
[INFO] [stderr]     18:     0x5a1fd009c218 - <std[617be2ca0a6fd877]::sync::once::Once>::call_once_force::<<std[617be2ca0a6fd877]::sync::once_lock::OnceLock<std[617be2ca0a6fd877]::path::PathBuf>>::initialize<<std[617be2ca0a6fd877]::sync::once_lock::OnceLock<std[617be2ca0a6fd877]::path::PathBuf>>::get_or_init<build_script_main[5ca3266d03439b68]::build_boringssl_or_get_prebuilt::{closure#0}>::{closure#0}, !>::{closure#0}>
[INFO] [stderr]     19:     0x5a1fd00a499e - <std[617be2ca0a6fd877]::sync::once_lock::OnceLock<std[617be2ca0a6fd877]::path::PathBuf>>::initialize::<<std[617be2ca0a6fd877]::sync::once_lock::OnceLock<std[617be2ca0a6fd877]::path::PathBuf>>::get_or_init<build_script_main[5ca3266d03439b68]::build_boringssl_or_get_prebuilt::{closure#0}>::{closure#0}, !>
[INFO] [stderr]     20:     0x5a1fd00a4a83 - <std[617be2ca0a6fd877]::sync::once_lock::OnceLock<std[617be2ca0a6fd877]::path::PathBuf>>::get_or_try_init::<<std[617be2ca0a6fd877]::sync::once_lock::OnceLock<std[617be2ca0a6fd877]::path::PathBuf>>::get_or_init<build_script_main[5ca3266d03439b68]::build_boringssl_or_get_prebuilt::{closure#0}>::{closure#0}, !>
[INFO] [stderr]     21:     0x5a1fd00a49b6 - <std[617be2ca0a6fd877]::sync::once_lock::OnceLock<std[617be2ca0a6fd877]::path::PathBuf>>::get_or_init::<build_script_main[5ca3266d03439b68]::build_boringssl_or_get_prebuilt::{closure#0}>
[INFO] [stderr]     22:     0x5a1fd00b6c30 - build_script_main[5ca3266d03439b68]::build_boringssl_or_get_prebuilt
[INFO] [stderr]     23:     0x5a1fd00b4549 - build_script_main[5ca3266d03439b68]::emit_link_directives
[INFO] [stderr]     24:     0x5a1fd00b7d7f - build_script_main[5ca3266d03439b68]::run
[INFO] [stderr]     25:     0x5a1fd00b818c - build_script_main[5ca3266d03439b68]::main
[INFO] [stderr]     26:     0x5a1fd00a2ce3 - <fn() -> std[617be2ca0a6fd877]::process::ExitCode as core[a373ad73a504971]::ops::function::FnOnce<()>>::call_once
[INFO] [stderr]     27:     0x5a1fd009e926 - std[617be2ca0a6fd877]::sys::backtrace::__rust_begin_short_backtrace::<fn() -> std[617be2ca0a6fd877]::process::ExitCode, std[617be2ca0a6fd877]::process::ExitCode>
[INFO] [stderr]     28:     0x5a1fd00a5349 - std[617be2ca0a6fd877]::rt::lang_start::<std[617be2ca0a6fd877]::process::ExitCode>::{closure#0}
[INFO] [stderr]     29:     0x5a1fd05e1f18 - std[617be2ca0a6fd877]::rt::lang_start_internal
[INFO] [stderr]     30:     0x5a1fd00a4b01 - std[617be2ca0a6fd877]::rt::lang_start::<std[617be2ca0a6fd877]::process::ExitCode>
[INFO] [stderr]     31:     0x5a1fd00b83f5 - main
[INFO] [stderr]     32:     0x77db464e4601 - <unknown>
[INFO] [stderr]     33:     0x77db464e4718 - __libc_start_main
[INFO] [stderr]     34:     0x5a1fd009b6a5 - _start
[INFO] [stderr]     35:                0x0 - <unknown>
[INFO] [stderr] warning: build failed, waiting for other jobs to finish...
[INFO] running `Command { std: "docker" "inspect" "0e7d10a77ad098bc32af98d74b996a2f76b7317b494b43faa84c4a155531c402", kill_on_drop: false }`
[INFO] running `Command { std: "docker" "rm" "-f" "0e7d10a77ad098bc32af98d74b996a2f76b7317b494b43faa84c4a155531c402", kill_on_drop: false }`
[INFO] [stdout] 0e7d10a77ad098bc32af98d74b996a2f76b7317b494b43faa84c4a155531c402
