[INFO] fetching crate gatekeeper-members 0.4.1...
[INFO] testing gatekeeper-members-0.4.1 against 1.99.0-beta.8+cargoflags=--release for beta-release-1.100-2
[INFO] extracting crate gatekeeper-members 0.4.1 into /workspace/builds/worker-6-tc1/source
[INFO] started tweaking crates.io crate gatekeeper-members 0.4.1
[INFO] finished tweaking crates.io crate gatekeeper-members 0.4.1
[INFO] tweaked toml for crates.io crate gatekeeper-members 0.4.1 written to /workspace/builds/worker-6-tc1/source/Cargo.toml
[INFO] validating manifest of crates.io crate gatekeeper-members 0.4.1 on toolchain 1.99.0-beta.8
[INFO] running `Command { std: CARGO_HOME="/workspace/cargo-home" RUSTUP_HOME="/workspace/rustup-home" "/workspace/cargo-home/bin/cargo" "+1.99.0-beta.8" "metadata" "--manifest-path" "Cargo.toml" "--no-deps", kill_on_drop: false }`
[INFO] running `Command { std: CARGO_HOME="/workspace/cargo-home" RUSTUP_HOME="/workspace/rustup-home" "/workspace/cargo-home/bin/cargo" "+1.99.0-beta.8" "generate-lockfile" "--manifest-path" "Cargo.toml", kill_on_drop: false }`
[INFO] [stderr]     Updating crates.io index
[INFO] [stderr]     Blocking waiting for file lock on package cache
[INFO] [stderr]      Locking 160 packages to highest compatible versions
[INFO] [stderr]       Adding reqwest v0.11.27 (available: v0.13.5)
[INFO] running `Command { std: CARGO_HOME="/workspace/cargo-home" RUSTUP_HOME="/workspace/rustup-home" "/workspace/cargo-home/bin/cargo" "+1.99.0-beta.8" "fetch" "--manifest-path" "Cargo.toml", kill_on_drop: false }`
[INFO] [stderr]     Blocking waiting for file lock on package cache
[INFO] [stderr]  Downloading crates ...
[INFO] [stderr]   Downloaded nfc-sys v0.1.5
[INFO] [stderr]   Downloaded apdu-core v0.3.0
[INFO] [stderr]   Downloaded freefare-sys v0.2.1
[INFO] [stderr]   Downloaded gatekeeper-core v0.2.1
[INFO] running `Command { std: "docker" "create" "-v" "/var/lib/crater-agent-workspace/builds/worker-6-tc1/source:/opt/rustwide/workdir:ro,Z" "-v" "/var/lib/crater-agent-workspace/builds/worker-6-tc1/target:/opt/rustwide/target:rw,Z" "-v" "/var/lib/crater-agent-workspace/cargo-home:/opt/rustwide/cargo-home:ro,Z" "-v" "/var/lib/crater-agent-workspace/rustup-home:/opt/rustwide/rustup-home:ro,Z" "-m" "1610612736" "--network" "none" "ghcr.io/rust-lang/crates-build-env/linux@sha256:77db811e55d90add9212f6832c23229e3de5f1c1f9905e8cb07319ea15df73ac" "sleep" "infinity", kill_on_drop: false }`
[INFO] [stdout] 45b84c428883fa4cc099e0e6858175815c272b35d899a10b727ce7b6fe2e29cb
[INFO] running `Command { std: "docker" "start" "45b84c428883fa4cc099e0e6858175815c272b35d899a10b727ce7b6fe2e29cb", kill_on_drop: false }`
[INFO] running `Command { std: "docker" "inspect" "45b84c428883fa4cc099e0e6858175815c272b35d899a10b727ce7b6fe2e29cb", kill_on_drop: false }`
[INFO] running `Command { std: "docker" "exec" "-e" "SOURCE_DIR=/opt/rustwide/workdir" "-e" "CARGO_HOME=/opt/rustwide/cargo-home" "-e" "RUSTUP_HOME=/opt/rustwide/rustup-home" "-e" "CARGO_TARGET_DIR=/opt/rustwide/target" "-w" "/opt/rustwide/workdir" "--user" "0:0" "45b84c428883fa4cc099e0e6858175815c272b35d899a10b727ce7b6fe2e29cb" "/opt/rustwide/cargo-home/bin/cargo" "+1.99.0-beta.8" "metadata" "--no-deps" "--format-version=1", kill_on_drop: false }`
[INFO] running `Command { std: "docker" "inspect" "45b84c428883fa4cc099e0e6858175815c272b35d899a10b727ce7b6fe2e29cb", kill_on_drop: false }`
[INFO] running `Command { std: "docker" "exec" "-e" "SOURCE_DIR=/opt/rustwide/workdir" "-e" "CARGO_HOME=/opt/rustwide/cargo-home" "-e" "RUSTUP_HOME=/opt/rustwide/rustup-home" "-e" "CARGO_TARGET_DIR=/opt/rustwide/target" "-e" "CARGO_INCREMENTAL=0" "-e" "RUST_BACKTRACE=full" "-e" "RUSTFLAGS=--cap-lints=warn" "-e" "RUSTDOCFLAGS=--cap-lints=warn" "-w" "/opt/rustwide/workdir" "--user" "0:0" "45b84c428883fa4cc099e0e6858175815c272b35d899a10b727ce7b6fe2e29cb" "/opt/rustwide/cargo-home/bin/cargo" "+1.99.0-beta.8" "build" "--frozen" "--message-format=json" "--release", kill_on_drop: false }`
[INFO] [stderr]    Compiling zerofrom v0.1.8
[INFO] [stderr]    Compiling stable_deref_trait v1.2.1
[INFO] [stderr]    Compiling vcpkg v0.2.15
[INFO] [stderr]    Compiling bytes v1.12.1
[INFO] [stderr]    Compiling litemap v0.8.3
[INFO] [stderr]    Compiling writeable v0.6.4
[INFO] [stderr]    Compiling mio v1.2.4
[INFO] [stderr]    Compiling socket2 v0.6.5
[INFO] [stderr]    Compiling foreign-types-shared v0.1.1
[INFO] [stderr]    Compiling futures-core v0.3.34
[INFO] [stderr]    Compiling openssl v0.10.81
[INFO] [stderr]    Compiling icu_properties_data v2.3.0
[INFO] [stderr]    Compiling icu_normalizer_data v2.3.0
[INFO] [stderr]    Compiling openssl-macros v0.1.1
[INFO] [stderr]    Compiling zerocopy v0.8.63
[INFO] [stderr]    Compiling equivalent v1.0.3
[INFO] [stderr]    Compiling native-tls v0.2.18
[INFO] [stderr]    Compiling smallvec v1.16.3
[INFO] [stderr]    Compiling futures-io v0.3.34
[INFO] [stderr]    Compiling foreign-types v0.3.2
[INFO] [stderr]    Compiling yoke v0.8.3
[INFO] [stderr]    Compiling futures-sink v0.3.34
[INFO] [stderr]    Compiling indexmap v2.14.2
[INFO] [stderr]    Compiling tracing v0.1.44
[INFO] [stderr]    Compiling getrandom v0.2.17
[INFO] [stderr]    Compiling openssl-probe v0.2.1
[INFO] [stderr]    Compiling futures-util v0.3.34
[INFO] [stderr]    Compiling want v0.3.2
[INFO] [stderr]    Compiling futures-channel v0.3.34
[INFO] [stderr]    Compiling rand_core v0.6.4
[INFO] [stderr]    Compiling form_urlencoded v1.2.2
[INFO] [stderr]    Compiling encoding_rs v0.8.42
[INFO] [stderr]    Compiling socket2 v0.5.10
[INFO] [stderr]    Compiling zerovec v0.11.8
[INFO] [stderr]    Compiling zerotrie v0.2.5
[INFO] [stderr]    Compiling freefare-sys v0.2.1
[INFO] [stderr]    Compiling serde v1.0.229
[INFO] [stderr]    Compiling nfc-sys v0.1.5
[INFO] [stderr]    Compiling multiversion_no_op v1.0.0
[INFO] [stderr]    Compiling simdutf8 v0.1.5
[INFO] [stderr]    Compiling base64 v0.21.7
[INFO] [stderr]    Compiling core_detect v1.0.0
[INFO] [stderr]    Compiling apdu-core v0.3.0
[INFO] [stderr]    Compiling openssl-sys v0.9.117
[INFO] [stderr]    Compiling ipnet v2.12.2
[INFO] [stderr]    Compiling sync_wrapper v0.1.2
[INFO] [stderr]    Compiling rustls-pemfile v1.0.4
[INFO] [stderr]    Compiling serde_urlencoded v0.7.1
[INFO] [stderr]    Compiling tokio v1.53.3
[INFO] [stderr]    Compiling http v0.2.12
[INFO] [stderr]    Compiling tinystr v0.8.4
[INFO] [stderr]    Compiling potential_utf v0.1.6
[INFO] [stderr]    Compiling icu_collections v2.3.0
[INFO] [stderr]    Compiling icu_locale_core v2.3.0
[INFO] [stderr]    Compiling http-body v0.4.6
[INFO] [stderr]    Compiling icu_provider v2.3.1
[INFO] [stderr]    Compiling icu_normalizer v2.3.0
[INFO] [stderr]    Compiling icu_properties v2.3.0
[INFO] [stderr]    Compiling idna_adapter v1.2.2
[INFO] [stderr]    Compiling idna v1.1.0
[INFO] [stderr]    Compiling url v2.5.8
[INFO] [stderr]    Compiling ppv-lite86 v0.2.21
[INFO] [stderr]    Compiling rand_chacha v0.3.1
[INFO] [stderr]    Compiling rand v0.8.8
[INFO] [stderr]    Compiling tokio-util v0.7.20
[INFO] [stderr]    Compiling tokio-native-tls v0.3.1
[INFO] [stderr]    Compiling h2 v0.3.27
[INFO] [stderr]    Compiling gatekeeper-core v0.2.1
[INFO] [stderr]    Compiling hyper v0.14.32
[INFO] [stderr]    Compiling hyper-tls v0.5.0
[INFO] [stderr]    Compiling reqwest v0.11.27
[INFO] [stderr]    Compiling gatekeeper-members v0.4.1 (/opt/rustwide/workdir)
[INFO] [stdout] warning: hiding a lifetime that's elided elsewhere is confusing
[INFO] [stdout]    --> src/lib.rs:113:25
[INFO] [stdout]     |
[INFO] [stdout] 113 |     pub fn poll_for_tag(&mut self) -> Option<UndifferentiatedTag> {
[INFO] [stdout]     |                         ^^^^^^^^^            ^^^^^^^^^^^^^^^^^^^ the same lifetime is hidden here
[INFO] [stdout]     |                         |
[INFO] [stdout]     |                         the lifetime is elided here
[INFO] [stdout]     |
[INFO] [stdout]     = help: the same lifetime is referred to in inconsistent ways, making the signature confusing
[INFO] [stdout]     = note: `#[warn(mismatched_lifetime_syntaxes)]` on by default
[INFO] [stdout] help: use `'_` for type paths
[INFO] [stdout]     |
[INFO] [stdout] 113 |     pub fn poll_for_tag(&mut self) -> Option<UndifferentiatedTag<'_>> {
[INFO] [stdout]     |                                                                 ++++
[INFO] [stdout] 
[INFO] [stdout] 
[INFO] [stderr]     Finished `release` profile [optimized] target(s) in 54.92s
[INFO] running `Command { std: "docker" "inspect" "45b84c428883fa4cc099e0e6858175815c272b35d899a10b727ce7b6fe2e29cb", kill_on_drop: false }`
[INFO] running `Command { std: "docker" "exec" "-e" "SOURCE_DIR=/opt/rustwide/workdir" "-e" "CARGO_HOME=/opt/rustwide/cargo-home" "-e" "RUSTUP_HOME=/opt/rustwide/rustup-home" "-e" "CARGO_TARGET_DIR=/opt/rustwide/target" "-e" "CARGO_INCREMENTAL=0" "-e" "RUST_BACKTRACE=full" "-e" "RUSTFLAGS=--cap-lints=warn" "-e" "RUSTDOCFLAGS=--cap-lints=warn" "-w" "/opt/rustwide/workdir" "--user" "0:0" "45b84c428883fa4cc099e0e6858175815c272b35d899a10b727ce7b6fe2e29cb" "/opt/rustwide/cargo-home/bin/cargo" "+1.99.0-beta.8" "test" "--frozen" "--no-run" "--message-format=json" "--release", kill_on_drop: false }`
[INFO] [stderr]    Compiling gatekeeper-members v0.4.1 (/opt/rustwide/workdir)
[INFO] [stdout] warning: hiding a lifetime that's elided elsewhere is confusing
[INFO] [stdout]    --> src/lib.rs:113:25
[INFO] [stdout]     |
[INFO] [stdout] 113 |     pub fn poll_for_tag(&mut self) -> Option<UndifferentiatedTag> {
[INFO] [stdout]     |                         ^^^^^^^^^            ^^^^^^^^^^^^^^^^^^^ the same lifetime is hidden here
[INFO] [stdout]     |                         |
[INFO] [stdout]     |                         the lifetime is elided here
[INFO] [stdout]     |
[INFO] [stdout]     = help: the same lifetime is referred to in inconsistent ways, making the signature confusing
[INFO] [stdout]     = note: `#[warn(mismatched_lifetime_syntaxes)]` on by default
[INFO] [stdout] help: use `'_` for type paths
[INFO] [stdout]     |
[INFO] [stdout] 113 |     pub fn poll_for_tag(&mut self) -> Option<UndifferentiatedTag<'_>> {
[INFO] [stdout]     |                                                                 ++++
[INFO] [stdout] 
[INFO] [stdout] 
[INFO] [stdout] warning: hiding a lifetime that's elided elsewhere is confusing
[INFO] [stdout]    --> src/lib.rs:113:25
[INFO] [stdout]     |
[INFO] [stdout] 113 |     pub fn poll_for_tag(&mut self) -> Option<UndifferentiatedTag> {
[INFO] [stdout]     |                         ^^^^^^^^^            ^^^^^^^^^^^^^^^^^^^ the same lifetime is hidden here
[INFO] [stdout]     |                         |
[INFO] [stdout]     |                         the lifetime is elided here
[INFO] [stdout]     |
[INFO] [stdout]     = help: the same lifetime is referred to in inconsistent ways, making the signature confusing
[INFO] [stdout]     = note: `#[warn(mismatched_lifetime_syntaxes)]` on by default
[INFO] [stdout] help: use `'_` for type paths
[INFO] [stdout]     |
[INFO] [stdout] 113 |     pub fn poll_for_tag(&mut self) -> Option<UndifferentiatedTag<'_>> {
[INFO] [stdout]     |                                                                 ++++
[INFO] [stdout] 
[INFO] [stdout] 
[INFO] [stdout] error: linking with `cc` failed: exit status: 1
[INFO] [stdout]   |
[INFO] [stdout]   = note:  "cc" "-m64" "/opt/rustwide/target/release/deps/rustc7jEaAt/symbols.o" "<2 object files omitted>" "-Wl,--as-needed" "-Wl,-Bstatic" "<sysroot>/lib/rustlib/x86_64-unknown-linux-gnu/lib/{libtest-*,libgetopts-*,librustc_std_workspace_std-*}.rlib" "/opt/rustwide/target/release/deps/{libserde_json-17ece8486890f945,libzmij-586d023c1dba25b5,libreqwest-bfca71725be986f4,librustls_pemfile-b1835c0706fdad90,libhyper_tls-36bbc07ba07f8782,libbase64-3f3a561c7d479591,libipnet-e2a267704db81b3c,libtokio_native_tls-969e800ed40ba415,libserde_urlencoded-e9f18ff1c6f4ac75,libryu-cc0a3553ff73174e,libmime-6d6703af1a0641fa,libencoding_rs-0875090b55cd2f2f,libscopeguard-5f9373ec660020b4,libsimdutf8-a56008cda6bf8876,libcore_detect-1afd49c4588f659b,libserde-f23e0f8b9b526d23,libserde_core-2831f2261da3e922,libnative_tls-2b0e8b317903e0ac,libopenssl_probe-9a558ebf8c836060,libhyper-cf3b800b3a7d9d18,libwant-fdd30a0e84c3b897,libtry_lock-f6d0b473a0eeeda4,libsocket2-7eede64128c90104,libhttparse-5ae8896e125f1bfe,libh2-c3933635bffc00e1,libindexmap-dc25fd61c93c12c6,libequivalent-edce8fcc016f2345,libhashbrown-e584a62dc81c493d,libtokio_util-110f5ae92064e1bb,libfutures_sink-5b1f2e5a11c9433c,libtower_service-1eef8393de4ac64f,libtracing-eb4139e2fb2a0b10,libtracing_core-3e7f99a7051d5219,libonce_cell-a92ce0590bdd2571,libfutures_channel-29ca59cf9bba2327,libtokio-971913ea70e34d86,libsocket2-224666075fb59305,libmio-53909504ada076ee,libsync_wrapper-549ce4c27f612df6,libhttp_body-f296c3a4efc16f97,libfutures_util-f5ed99e714dc5b9f,libmemchr-b836402bd6c4c7f1,libfutures_io-140f40c122dc4703,libslab-fc33110460bc6c9a,libpin_project_lite-9a89bb36c0c56875,libfutures_task-5c5534087cfa7016,libfutures_core-000e9c1bb1a1e1f4,liburl-299314aeba248042,libidna-87bd0d4690ae4ce9,libidna_adapter-c317a9936a579b56,libicu_properties-8408a31642c36f6c,libicu_properties_data-b6b1c199ccecdf50,libicu_normalizer-1bb851207db7da4d,libsmallvec-d54445d261bbe568,libicu_normalizer_data-06150ec4346f7247,libicu_collections-6c8bc62eb3333cde,libutf8_iter-050834cd1b25caa4,libpotential_utf-6b31e16a26aca021,libicu_provider-55087d7019c0baab,libicu_locale_core-07e4686820aefd7a,libtinystr-b4efff0d56ea0c64,liblitemap-aa6b6067c9f26bcb,libwriteable-52ecc8b37bf6a6a1,libzerovec-9412e476bf76c56c,libzerotrie-3e73c83597af9ccd,libyoke-221eeba0807133dc,libstable_deref_trait-1fabeba25560deaf,libzerofrom-c55444bdb6de6fd8,libform_urlencoded-70d7eb87b0d10ea7,libpercent_encoding-6ee9e8dd7e10ccaa,libhttp-cc419af555191242,libitoa-1e9e3b22820c4a15,libbytes-654f8a7a557a4087,libfnv-98df728fc8020158,libgatekeeper_core-c076caacbfa85501,librand-23c81036722f67a6,librand_chacha-4933f9d566fa5948,libppv_lite86-cbc071a7b1ce8658,libzerocopy-2501ad56a7ef57f6,librand_core-4b2fd2a14d4bb318,libgetrandom-a215b206314e76ea,liblog-3c55b5043a18cee7,libapdu_core-18460aba09a70a7e,libfreefare_sys-6eb558375a0bb771,libopenssl-6bb202d032c84291,libbitflags-76ed6ab22427693a,libcfg_if-aebc73b2fc35ea49,libforeign_types-261c23f70690c98f,libforeign_types_shared-7ae3c6e5bd5a08a6,libopenssl_sys-d45e4530d4fa0eb5,libnfc_sys-56f518118008ca00,liblibc-a0a6e54f1566fa83}.rlib" "<sysroot>/lib/rustlib/x86_64-unknown-linux-gnu/lib/{libstd-*,libpanic_unwind-*,libobject-*,libmemchr-*,libaddr2line-*,libgimli-*,libcfg_if-*,librustc_demangle-*,libstd_detect-*,libhashbrown-*,librustc_std_workspace_alloc-*,libminiz_oxide-*,libadler2-*,libunwind-*,liblibc-*,librustc_std_workspace_core-*,liballoc-*,libcore-*,libcompiler_builtins-*}.rlib" "-Wl,-Bdynamic" "-lfreefare" "-lnfc" "-lssl" "-lcrypto" "-lnfc" "-lgcc_s" "-lutil" "-lrt" "-lpthread" "-lm" "-ldl" "-lc" "-L" "/opt/rustwide/target/release/deps/rustc7jEaAt/raw-dylibs" "-B<sysroot>/lib/rustlib/x86_64-unknown-linux-gnu/bin/gcc-ld" "-fuse-ld=lld" "-Wl,--eh-frame-hdr" "-Wl,-z,noexecstack" "-L" "/usr/lib" "-L" "<sysroot>/lib/rustlib/x86_64-unknown-linux-gnu/lib" "-o" "/opt/rustwide/target/release/deps/gatekeeper_members-957632a5eda4225e" "-Wl,--gc-sections" "-pie" "-Wl,-z,relro,-z,now" "-Wl,-O1" "-Wl,--strip-debug" "-nodefaultlibs"
[INFO] [stdout]   = note: some arguments are omitted. use `--verbose` to show all linker arguments
[INFO] [stdout]   = note: rust-lld: error: unable to find library -lfreefare
[INFO] [stdout]           rust-lld: error: unable to find library -lnfc
[INFO] [stdout]           rust-lld: error: unable to find library -lnfc
[INFO] [stdout]           collect2: error: ld returned 1 exit status
[INFO] [stdout]           
[INFO] [stdout] 
[INFO] [stdout] 
[INFO] [stderr] error: could not compile `gatekeeper-members` (lib test) due to 1 previous error; 1 warning emitted
[INFO] running `Command { std: "docker" "inspect" "45b84c428883fa4cc099e0e6858175815c272b35d899a10b727ce7b6fe2e29cb", kill_on_drop: false }`
[INFO] running `Command { std: "docker" "rm" "-f" "45b84c428883fa4cc099e0e6858175815c272b35d899a10b727ce7b6fe2e29cb", kill_on_drop: false }`
[INFO] [stdout] 45b84c428883fa4cc099e0e6858175815c272b35d899a10b727ce7b6fe2e29cb
