[INFO] fetching crate gamut-wasm 0.1.3...
[INFO] testing gamut-wasm-0.1.3 against 1.100.0-beta.1+cargoflags=--release for beta-release-1.100-2
[INFO] extracting crate gamut-wasm 0.1.3 into /workspace/builds/worker-7-tc2/source
[INFO] started tweaking crates.io crate gamut-wasm 0.1.3
[INFO] finished tweaking crates.io crate gamut-wasm 0.1.3
[INFO] tweaked toml for crates.io crate gamut-wasm 0.1.3 written to /workspace/builds/worker-7-tc2/source/Cargo.toml
[INFO] validating manifest of crates.io crate gamut-wasm 0.1.3 on toolchain 1.100.0-beta.1
[INFO] running `Command { std: CARGO_HOME="/workspace/cargo-home" RUSTUP_HOME="/workspace/rustup-home" "/workspace/cargo-home/bin/cargo" "+1.100.0-beta.1" "metadata" "--manifest-path" "Cargo.toml" "--no-deps", kill_on_drop: false }`
[INFO] crate crates.io crate gamut-wasm 0.1.3 already has a lockfile, it will not be regenerated
[INFO] running `Command { std: CARGO_HOME="/workspace/cargo-home" RUSTUP_HOME="/workspace/rustup-home" "/workspace/cargo-home/bin/cargo" "+1.100.0-beta.1" "fetch" "--manifest-path" "Cargo.toml", kill_on_drop: false }`
[INFO] [stderr] warning: `package.homepage` is redundant with `package.repository`
[INFO] [stderr]   --> Cargo.toml:27:12
[INFO] [stderr]    |
[INFO] [stderr] 27 | homepage = "https://github.com/justin13888/gamut"
[INFO] [stderr]    |            ^^^^^^^^^^^^^^^^^^^^^^^^^^^^^^^^^^^^^^
[INFO] [stderr] ...
[INFO] [stderr] 32 | repository = "https://github.com/justin13888/gamut"
[INFO] [stderr]    |              --------------------------------------
[INFO] [stderr]    |
[INFO] [stderr]    = note: `cargo::redundant_homepage` is set to `warn` by default
[INFO] [stderr] help: consider removing `package.homepage`
[INFO] [stderr] warning: `gamut-wasm` (manifest) generated 1 warning
[INFO] running `Command { std: "docker" "create" "-v" "/var/lib/crater-agent-workspace/builds/worker-7-tc2/source:/opt/rustwide/workdir:ro,Z" "-v" "/var/lib/crater-agent-workspace/builds/worker-7-tc2/target:/opt/rustwide/target:rw,Z" "-v" "/var/lib/crater-agent-workspace/cargo-home:/opt/rustwide/cargo-home:ro,Z" "-v" "/var/lib/crater-agent-workspace/rustup-home:/opt/rustwide/rustup-home:ro,Z" "-m" "1610612736" "--network" "none" "ghcr.io/rust-lang/crates-build-env/linux@sha256:77db811e55d90add9212f6832c23229e3de5f1c1f9905e8cb07319ea15df73ac" "sleep" "infinity", kill_on_drop: false }`
[INFO] [stdout] ee91cb6322667d03b75e21149daf3bb8e05a8861f44828633b09e7dc8c76dfec
[INFO] running `Command { std: "docker" "start" "ee91cb6322667d03b75e21149daf3bb8e05a8861f44828633b09e7dc8c76dfec", kill_on_drop: false }`
[INFO] running `Command { std: "docker" "inspect" "ee91cb6322667d03b75e21149daf3bb8e05a8861f44828633b09e7dc8c76dfec", kill_on_drop: false }`
[INFO] running `Command { std: "docker" "exec" "-e" "SOURCE_DIR=/opt/rustwide/workdir" "-e" "CARGO_HOME=/opt/rustwide/cargo-home" "-e" "RUSTUP_HOME=/opt/rustwide/rustup-home" "-e" "CARGO_TARGET_DIR=/opt/rustwide/target" "-w" "/opt/rustwide/workdir" "--user" "0:0" "ee91cb6322667d03b75e21149daf3bb8e05a8861f44828633b09e7dc8c76dfec" "/opt/rustwide/cargo-home/bin/cargo" "+1.100.0-beta.1" "metadata" "--no-deps" "--format-version=1", kill_on_drop: false }`
[INFO] running `Command { std: "docker" "inspect" "ee91cb6322667d03b75e21149daf3bb8e05a8861f44828633b09e7dc8c76dfec", kill_on_drop: false }`
[INFO] running `Command { std: "docker" "exec" "-e" "SOURCE_DIR=/opt/rustwide/workdir" "-e" "CARGO_HOME=/opt/rustwide/cargo-home" "-e" "RUSTUP_HOME=/opt/rustwide/rustup-home" "-e" "CARGO_TARGET_DIR=/opt/rustwide/target" "-e" "CARGO_INCREMENTAL=0" "-e" "RUST_BACKTRACE=full" "-e" "RUSTFLAGS=--cap-lints=warn" "-e" "RUSTDOCFLAGS=--cap-lints=warn" "-w" "/opt/rustwide/workdir" "--user" "0:0" "ee91cb6322667d03b75e21149daf3bb8e05a8861f44828633b09e7dc8c76dfec" "/opt/rustwide/cargo-home/bin/cargo" "+1.100.0-beta.1" "build" "--frozen" "--message-format=json" "--release", kill_on_drop: false }`
[INFO] [stderr] warning: `package.homepage` is redundant with `package.repository`
[INFO] [stderr]   --> Cargo.toml:27:12
[INFO] [stderr]    |
[INFO] [stderr] 27 | homepage = "https://github.com/justin13888/gamut"
[INFO] [stderr]    |            ^^^^^^^^^^^^^^^^^^^^^^^^^^^^^^^^^^^^^^
[INFO] [stderr] ...
[INFO] [stderr] 32 | repository = "https://github.com/justin13888/gamut"
[INFO] [stderr]    |              --------------------------------------
[INFO] [stderr]    |
[INFO] [stderr]    = note: `cargo::redundant_homepage` is set to `warn` by default
[INFO] [stderr] help: consider removing `package.homepage`
[INFO] [stderr] warning: `gamut-wasm` (manifest) generated 1 warning
[INFO] [stderr]    Compiling thiserror v2.0.19
[INFO] [stderr]    Compiling wasm-bindgen-shared v0.2.126
[INFO] [stderr]    Compiling gamut-codec-abi v0.1.1
[INFO] [stderr]    Compiling gamut-dsp v2.0.0
[INFO] [stderr]    Compiling syn v2.0.119
[INFO] [stderr]    Compiling proc-macro-error-attr2 v2.0.0
[INFO] [stderr]    Compiling thiserror-impl v2.0.19
[INFO] [stderr]    Compiling cmake v0.1.58
[INFO] [stderr]    Compiling jxl_simd v0.4.3
[INFO] [stderr]    Compiling crypto-common v0.1.7
[INFO] [stderr]    Compiling array-init v2.1.0
[INFO] [stderr]    Compiling quick-xml v0.40.1
[INFO] [stderr]    Compiling digest v0.10.7
[INFO] [stderr]    Compiling jpegxl-src v0.12.0
[INFO] [stderr]    Compiling md-5 v0.10.6
[INFO] [stderr]    Compiling gamut-jxl-sys v0.1.0
[INFO] [stderr]    Compiling wasm-bindgen v0.2.126
[INFO] [stderr]    Compiling jxl_transforms v0.4.3
[INFO] [stderr]    Compiling gamut-deflate v0.1.0
[INFO] [stderr]    Compiling gamut-core v2.0.1
[INFO] [stderr]    Compiling once_cell v1.21.4
[INFO] [stderr]    Compiling gamut-bitstream v0.2.3
[INFO] [stderr]    Compiling gamut-color v2.0.0
[INFO] [stderr]    Compiling gamut-ifd v2.0.1
[INFO] [stderr]    Compiling gamut-xmp v1.0.0
[INFO] [stderr]    Compiling gamut-isobmff v2.0.1
[INFO] [stderr]    Compiling gamut-exif v1.0.0
[INFO] [stderr]    Compiling gamut-iptc v1.0.0
[INFO] [stderr]    Compiling gamut-av1 v0.4.1
[INFO] [stderr]    Compiling gamut-riff v0.1.3
[INFO] [stderr]    Compiling gamut-icc v1.0.0
[INFO] [stderr]    Compiling gamut-webp v0.3.1
[INFO] [stderr]    Compiling gamut-avif v1.1.0
[INFO] [stderr]    Compiling proc-macro-error2 v2.0.1
[INFO] [stderr]    Compiling wasm-bindgen-macro-support v0.2.126
[INFO] [stderr]    Compiling gamut-metadata v1.0.0
[INFO] [stderr]    Compiling gamut-heic v0.2.2
[INFO] [stderr]    Compiling gamut-tiff v1.0.0
[INFO] [stderr]    Compiling jxl_macros v0.4.3
[INFO] [stderr]    Compiling num-derive v0.4.2
[INFO] [stderr]    Compiling gamut-jpeg v0.1.0
[INFO] [stderr]    Compiling gamut-vvc v0.2.1
[INFO] [stderr]    Compiling gamut-av2 v0.1.3
[INFO] [stderr]    Compiling gamut-png v0.1.0
[INFO] [stderr]    Compiling jxl v0.4.3
[INFO] [stderr] error: could not compile `wasm-bindgen-macro-support` (lib)
[INFO] [stderr] 
[INFO] [stderr] Caused by:
[INFO] [stderr]   process didn't exit successfully: `/opt/rustwide/rustup-home/toolchains/1.100.0-beta.1-x86_64-unknown-linux-gnu/bin/rustc --crate-name wasm_bindgen_macro_support --edition=2021 /opt/rustwide/cargo-home/registry/src/index.crates.io-1949cf8c6b5b557f/wasm-bindgen-macro-support-0.2.126/src/lib.rs --error-format=json --json=diagnostic-rendered-ansi,artifacts,future-incompat,unused-externs-silent --crate-type lib --emit=dep-info,metadata,link -C embed-bitcode=no -C debug-assertions=off --check-cfg 'cfg(docsrs,test)' --check-cfg 'cfg(feature, values("extra-traits", "strict-macro"))' -C metadata=3abce3ccba663265 -C extra-filename=-2e7346f1013c9344 --out-dir /opt/rustwide/target/release/build/wasm-bindgen-macro-support/2e7346f1013c9344/out -C strip=debuginfo -L dependency=/opt/rustwide/target/release/build/proc-macro2/58bd5a67493b0c92/out -L dependency=/opt/rustwide/target/release/build/quote/bb159eae73371f0d/out -L dependency=/opt/rustwide/target/release/build/unicode-ident/3d1450b03eaa80c7/out --extern bumpalo=/opt/rustwide/target/release/build/bumpalo/15385effae2fa66e/out/libbumpalo-15385effae2fa66e.rmeta --extern proc_macro2=/opt/rustwide/target/release/build/proc-macro2/58bd5a67493b0c92/out/libproc_macro2-58bd5a67493b0c92.rmeta --extern quote=/opt/rustwide/target/release/build/quote/bb159eae73371f0d/out/libquote-bb159eae73371f0d.rmeta --extern syn=/opt/rustwide/target/release/build/syn/e1a78e42b8c8c114/out/libsyn-e1a78e42b8c8c114.rmeta --extern wasm_bindgen_shared=/opt/rustwide/target/release/build/wasm-bindgen-shared/7c5996b7735f7e29/out/libwasm_bindgen_shared-7c5996b7735f7e29.rmeta --cap-lints allow --cap-lints=warn --force-warn=unused_crate_dependencies` (signal: 9, SIGKILL: kill)
[INFO] [stderr] warning: build failed, waiting for other jobs to finish...
[INFO] [stderr] error: could not compile `jxl` (lib)
[INFO] [stderr] 
[INFO] [stderr] Caused by:
[INFO] [stderr]   process didn't exit successfully: `/opt/rustwide/rustup-home/toolchains/1.100.0-beta.1-x86_64-unknown-linux-gnu/bin/rustc --crate-name jxl --edition=2024 /opt/rustwide/cargo-home/registry/src/index.crates.io-1949cf8c6b5b557f/jxl-0.4.3/src/lib.rs --error-format=json --json=diagnostic-rendered-ansi,artifacts,future-incompat,unused-externs-silent --crate-type lib --emit=dep-info,metadata,link -C opt-level=3 -C embed-bitcode=no --cfg 'feature="avx"' --cfg 'feature="neon"' --cfg 'feature="sse42"' --check-cfg 'cfg(docsrs,test)' --check-cfg 'cfg(feature, values("all-simd", "avx", "avx512", "default", "neon", "sse42", "tracing"))' -C metadata=eef2340ffbf72e30 -C extra-filename=-d7f7ae4e9a96e553 --out-dir /opt/rustwide/target/release/build/jxl/d7f7ae4e9a96e553/out -C strip=debuginfo -L dependency=/opt/rustwide/target/release/build/jxl_simd/8208581f2910ee9f/out -L dependency=/opt/rustwide/target/release/build/thiserror-impl/979c8b92c90613d0/out --extern array_init=/opt/rustwide/target/release/build/array-init/6d52239dc6880758/out/libarray_init-6d52239dc6880758.rmeta --extern byteorder=/opt/rustwide/target/release/build/byteorder/612182941aaee0f7/out/libbyteorder-612182941aaee0f7.rmeta --extern jxl_macros=/opt/rustwide/target/release/build/jxl_macros/f2f2b13d42b991ea/out/libjxl_macros-f2f2b13d42b991ea.so --extern jxl_simd=/opt/rustwide/target/release/build/jxl_simd/8208581f2910ee9f/out/libjxl_simd-8208581f2910ee9f.rmeta --extern jxl_transforms=/opt/rustwide/target/release/build/jxl_transforms/7028ddd0c810e712/out/libjxl_transforms-7028ddd0c810e712.rmeta --extern num_derive=/opt/rustwide/target/release/build/num-derive/70147b87592103d8/out/libnum_derive-70147b87592103d8.so --extern num_traits=/opt/rustwide/target/release/build/num-traits/889aba9987c3ffcc/out/libnum_traits-889aba9987c3ffcc.rmeta --extern thiserror=/opt/rustwide/target/release/build/thiserror/252084d2d85720c9/out/libthiserror-252084d2d85720c9.rmeta --cap-lints allow --cap-lints=warn --force-warn=unused_crate_dependencies` (signal: 9, SIGKILL: kill)
[INFO] [stderr] error: failed to run custom build command for `gamut-jxl-sys v0.1.0`
[INFO] [stderr] note: To improve backtraces for build dependencies, set the CARGO_PROFILE_RELEASE_BUILD_OVERRIDE_DEBUG=true environment variable to enable debug information generation.
[INFO] [stderr] 
[INFO] [stderr] Caused by:
[INFO] [stderr]   process didn't exit successfully: `/opt/rustwide/target/release/build/gamut-jxl-sys/8d133f6c8e56d5a6/out/build_script_build` (exit status: 101)
[INFO] [stderr]   --- stdout
[INFO] [stderr]   cargo:rerun-if-env-changed=GAMUT_JXL_SYS_SKIP_NATIVE
[INFO] [stderr]   cargo:rerun-if-env-changed=GAMUT_JXL_SYS_LIBJXL_DIR
[INFO] [stderr]   CMAKE_TOOLCHAIN_FILE_x86_64-unknown-linux-gnu = None
[INFO] [stderr]   CMAKE_TOOLCHAIN_FILE_x86_64_unknown_linux_gnu = None
[INFO] [stderr]   HOST_CMAKE_TOOLCHAIN_FILE = None
[INFO] [stderr]   CMAKE_TOOLCHAIN_FILE = None
[INFO] [stderr]   CMAKE_GENERATOR_x86_64-unknown-linux-gnu = None
[INFO] [stderr]   CMAKE_GENERATOR_x86_64_unknown_linux_gnu = None
[INFO] [stderr]   HOST_CMAKE_GENERATOR = None
[INFO] [stderr]   CMAKE_GENERATOR = None
[INFO] [stderr]   CMAKE_PREFIX_PATH_x86_64-unknown-linux-gnu = None
[INFO] [stderr]   CMAKE_PREFIX_PATH_x86_64_unknown_linux_gnu = None
[INFO] [stderr]   HOST_CMAKE_PREFIX_PATH = None
[INFO] [stderr]   CMAKE_PREFIX_PATH = None
[INFO] [stderr]   CMAKE_x86_64-unknown-linux-gnu = None
[INFO] [stderr]   CMAKE_x86_64_unknown_linux_gnu = None
[INFO] [stderr]   HOST_CMAKE = None
[INFO] [stderr]   CMAKE = None
[INFO] [stderr]   -- The C compiler identification is GNU 15.2.0
[INFO] [stderr]   -- The CXX compiler identification is GNU 15.2.0
[INFO] [stderr]   -- Detecting C compiler ABI info
[INFO] [stderr]   -- Detecting C compiler ABI info - done
[INFO] [stderr]   -- Check for working C compiler: /usr/bin/cc - skipped
[INFO] [stderr]   -- Detecting C compile features
[INFO] [stderr]   -- Detecting C compile features - done
[INFO] [stderr]   -- Detecting CXX compiler ABI info
[INFO] [stderr]   -- Detecting CXX compiler ABI info - done
[INFO] [stderr]   -- Check for working CXX compiler: /usr/bin/c++ - skipped
[INFO] [stderr]   -- Detecting CXX compile features
[INFO] [stderr]   -- Detecting CXX compile features - done
[INFO] [stderr]   -- CMake version: 4.2.3
[INFO] [stderr]   -- Compiler IDs C:GNU 15.2.0, C++:GNU 15.2.0
[INFO] [stderr]   -- Linker IDs C:GNU 2.46, C++:GNU 2.46
[INFO] [stderr]   -- CMAKE_SYSTEM_PROCESSOR is x86_64
[INFO] [stderr]   -- Performing Test CXX_FUZZERS_SUPPORTED
[INFO] [stderr]   -- Performing Test CXX_FUZZERS_SUPPORTED - Failed
[INFO] [stderr]   -- Performing Test CXX_MACRO_PREFIX_MAP
[INFO] [stderr]   -- Performing Test CXX_MACRO_PREFIX_MAP - Success
[INFO] [stderr]   -- Performing Test CXX_NO_RTTI_SUPPORTED
[INFO] [stderr]   -- Performing Test CXX_NO_RTTI_SUPPORTED - Success
[INFO] [stderr]   -- Performing Test CXX_MAVX2_SUPPORTED
[INFO] [stderr]   -- Performing Test CXX_MAVX2_SUPPORTED - Success
[INFO] [stderr]   -- Performing Test CXX_MF16C_SUPPORTED
[INFO] [stderr]   -- Performing Test CXX_MF16C_SUPPORTED - Success
[INFO] [stderr]   -- Performing Test CXX_MAVX512F_SUPPORTED
[INFO] [stderr]   -- Performing Test CXX_MAVX512F_SUPPORTED - Success
[INFO] [stderr]   -- Performing Test CXX_MAVX512DQ_SUPPORTED
[INFO] [stderr]   -- Performing Test CXX_MAVX512DQ_SUPPORTED - Success
[INFO] [stderr]   -- Performing Test CXX_MAVX512CD_SUPPORTED
[INFO] [stderr]   -- Performing Test CXX_MAVX512CD_SUPPORTED - Success
[INFO] [stderr]   -- Performing Test CXX_MAVX512BW_SUPPORTED
[INFO] [stderr]   -- Performing Test CXX_MAVX512BW_SUPPORTED - Success
[INFO] [stderr]   -- Performing Test CXX_MAVX512VL_SUPPORTED
[INFO] [stderr]   -- Performing Test CXX_MAVX512VL_SUPPORTED - Success
[INFO] [stderr]   -- Performing Test CXX_SVE_SUPPORTED
[INFO] [stderr]   -- Performing Test CXX_SVE_SUPPORTED - Failed
[INFO] [stderr]   -- Found PkgConfig: /usr/bin/pkg-config (found version "2.5.1")
[INFO] [stderr]   -- tcmalloc version  -- tcmalloc 2.8.0 disabled due to https://github.com/gperftools/gperftools/issues/1204
[INFO] [stderr]   -- Performing Test JXL_HWY_DISABLED_TARGETS_FORCED
[INFO] [stderr]   -- Performing Test JXL_HWY_DISABLED_TARGETS_FORCED - Failed
[INFO] [stderr]   -- HWY AVX2 enabled: true
[INFO] [stderr]   -- HWY AVX3 enabled: false
[INFO] [stderr]   -- HWY AVX3_DL enabled: true
[INFO] [stderr]   -- HWY AVX3_SPR enabled: false
[INFO] [stderr]   -- HWY AVX3_ZEN4 enabled: false
[INFO] [stderr]   -- HWY EMU128 enabled: true
[INFO] [stderr]   -- HWY NEON enabled: true
[INFO] [stderr]   -- HWY NEON_BF16 enabled: true
[INFO] [stderr]   -- HWY NEON_WITHOUT_AES enabled: true
[INFO] [stderr]   -- HWY PPC10 enabled: true
[INFO] [stderr]   -- HWY PPC8 enabled: true
[INFO] [stderr]   -- HWY PPC9 enabled: true
[INFO] [stderr]   -- HWY RVV enabled: false
[INFO] [stderr]   -- HWY SCALAR enabled: true
[INFO] [stderr]   -- HWY SSE2 enabled: true
[INFO] [stderr]   -- HWY SSE4 enabled: true
[INFO] [stderr]   -- HWY SSSE3 enabled: false
[INFO] [stderr]   -- HWY SVE enabled: false
[INFO] [stderr]   -- HWY SVE_256 enabled: false
[INFO] [stderr]   -- HWY SVE2 enabled: false
[INFO] [stderr]   -- HWY SVE2_128 enabled: false
[INFO] [stderr]   -- HWY WASM enabled: true
[INFO] [stderr]   -- HWY WASM_EMU256 enabled: true
[INFO] [stderr]   -- HWY Z14 enabled: true
[INFO] [stderr]   -- HWY Z15 enabled: true
[INFO] [stderr]   -- Performing Test CMAKE_HAVE_LIBC_PTHREAD
[INFO] [stderr]   -- Performing Test CMAKE_HAVE_LIBC_PTHREAD - Success
[INFO] [stderr]   -- Found Threads: TRUE
[INFO] [stderr]   -- CXX_STANDARD is 17
[INFO] [stderr]   -- Performing Test ATOMICS_LOCK_FREE_INSTRUCTIONS
[INFO] [stderr]   -- Performing Test ATOMICS_LOCK_FREE_INSTRUCTIONS - Success
[INFO] [stderr]   -- Performing Test HWY_EMSCRIPTEN
[INFO] [stderr]   -- Performing Test HWY_EMSCRIPTEN - Failed
[INFO] [stderr]   -- Performing Test HWY_RISCV
[INFO] [stderr]   -- Performing Test HWY_RISCV - Failed
[INFO] [stderr]   -- Looking for sys/auxv.h
[INFO] [stderr]   -- Looking for sys/auxv.h - found
[INFO] [stderr]   -- Looking for asm/hwcap.h
[INFO] [stderr]   -- Looking for asm/hwcap.h - not found
[INFO] [stderr]   -- Build type is 'Release'
[INFO] [stderr]   -- Performing Test BROTLI_EMSCRIPTEN
[INFO] [stderr]   -- Performing Test BROTLI_EMSCRIPTEN - Failed
[INFO] [stderr]   -- Looking for log2 in m
[INFO] [stderr]   -- Looking for log2 in m - found
[INFO] [stderr]   -- Found ZLIB: /usr/lib/x86_64-linux-gnu/libz.so (found version "1.3.1")
[INFO] [stderr]   -- Found PNG: /usr/lib/x86_64-linux-gnu/libpng.so (found version "1.6.57")
[INFO] [stderr]   -- Looking for __GLIBCXX__
[INFO] [stderr]   -- Looking for __GLIBCXX__ - found
[INFO] [stderr]   -- Looking for _LIBCPP_VERSION
[INFO] [stderr]   -- Looking for _LIBCPP_VERSION - not found
[INFO] [stderr]   -- Performing Test COMPILER_HAS_HIDDEN_VISIBILITY
[INFO] [stderr]   -- Performing Test COMPILER_HAS_HIDDEN_VISIBILITY - Success
[INFO] [stderr]   -- Performing Test COMPILER_HAS_HIDDEN_INLINE_VISIBILITY
[INFO] [stderr]   -- Performing Test COMPILER_HAS_HIDDEN_INLINE_VISIBILITY - Success
[INFO] [stderr]   -- Performing Test COMPILER_HAS_DEPRECATED_ATTR
[INFO] [stderr]   -- Performing Test COMPILER_HAS_DEPRECATED_ATTR - Success
[INFO] [stderr]   -- Performing Test CXX_WPSABI_SUPPORTED
[INFO] [stderr]   -- Performing Test CXX_WPSABI_SUPPORTED - Success
[INFO] [stderr]   -- Performing Test LINKER_SUPPORT_EXCLUDE_LIBS
[INFO] [stderr]   -- Performing Test LINKER_SUPPORT_EXCLUDE_LIBS - Success
[INFO] [stderr]   -- Building with JPEGXL_VERSION=(unknown)
[INFO] [stderr]   -- Building tools: 
[INFO] [stderr]   -- Configuring done (40.6s)
[INFO] [stderr]   -- Generating done (1.7s)
[INFO] [stderr]   -- Build files have been written to: /opt/rustwide/target/release/build/gamut-jxl-sys/01a3a5314a1d9587/out/build
[INFO] [stderr]   [  1%] Building CXX object lib/CMakeFiles/jxl_threads.dir/threads/thread_parallel_runner_internal.cc.o
[INFO] [stderr]   [  1%] Building CXX object lib/CMakeFiles/jxl_threads.dir/threads/thread_parallel_runner.cc.o
[INFO] [stderr]   [  1%] Building CXX object third_party/highway/CMakeFiles/hwy.dir/hwy/abort.cc.o
[INFO] [stderr]   [  1%] Building CXX object lib/CMakeFiles/jxl_export.dir/nothing.cc.o
[INFO] [stderr]   [  1%] Building C object third_party/brotli/CMakeFiles/brotlicommon.dir/c/common/constants.c.o
[INFO] [stderr]   [  2%] Building CXX object lib/CMakeFiles/jxl_threads.dir/threads/resizable_parallel_runner.cc.o
[INFO] [stderr]   [  2%] Building CXX object tools/CMakeFiles/enc_fast_lossless.dir/__/lib/jxl/enc_fast_lossless.cc.o
[INFO] [stderr]   [  2%] Building C object third_party/brotli/CMakeFiles/brotlicommon.dir/c/common/context.c.o
[INFO] [stderr]   [  2%] Built target jxl_export
[INFO] [stderr]   [  3%] Building C object third_party/brotli/CMakeFiles/brotlicommon.dir/c/common/dictionary.c.o
[INFO] [stderr]   [  3%] Building C object third_party/brotli/CMakeFiles/brotlicommon.dir/c/common/platform.c.o
[INFO] [stderr]   [  4%] Building CXX object lib/CMakeFiles/jxl_dec-obj.dir/jxl/ac_strategy.cc.o
[INFO] [stderr]   [  5%] Building C object third_party/brotli/CMakeFiles/brotlicommon.dir/c/common/shared_dictionary.c.o
[INFO] [stderr]   [  6%] Building CXX object third_party/highway/CMakeFiles/hwy.dir/hwy/aligned_allocator.cc.o
[INFO] [stderr]   [  6%] Building C object third_party/brotli/CMakeFiles/brotlicommon.dir/c/common/transform.c.o
[INFO] [stderr]   [  7%] Linking C static library libbrotlicommon.a
[INFO] [stderr]   [  7%] Building CXX object lib/CMakeFiles/jxl_dec-obj.dir/jxl/alpha.cc.o
[INFO] [stderr]   [  7%] Built target brotlicommon
[INFO] [stderr]   [  8%] Building CXX object lib/CMakeFiles/jxl_dec-obj.dir/jxl/ans_common.cc.o
[INFO] [stderr]   [  9%] Building CXX object lib/CMakeFiles/jxl_enc-obj.dir/jxl/butteraugli/butteraugli.cc.o
[INFO] [stderr]   [  9%] Building C object third_party/brotli/CMakeFiles/brotlidec.dir/c/dec/bit_reader.c.o
[INFO] [stderr]   [ 10%] Building C object third_party/brotli/CMakeFiles/brotlidec.dir/c/dec/decode.c.o
[INFO] [stderr]   [ 10%] Building CXX object third_party/highway/CMakeFiles/hwy.dir/hwy/nanobenchmark.cc.o
[INFO] [stderr]   [ 10%] Linking CXX static library libjxl_threads.a
[INFO] [stderr]   [ 10%] Built target jxl_threads
[INFO] [stderr]   [ 11%] Building C object third_party/brotli/CMakeFiles/brotlienc.dir/c/enc/backward_references.c.o
[INFO] [stderr]   [ 11%] Building CXX object lib/CMakeFiles/jxl_dec-obj.dir/jxl/blending.cc.o
[INFO] [stderr]   [ 11%] Building CXX object lib/CMakeFiles/jxl_enc-obj.dir/jxl/enc_ac_strategy.cc.o
[INFO] [stderr]   [ 11%] Building C object third_party/brotli/CMakeFiles/brotlidec.dir/c/dec/huffman.c.o
[INFO] [stderr]   [ 12%] Building CXX object third_party/highway/CMakeFiles/hwy.dir/hwy/per_target.cc.o
[INFO] [stderr]   [ 12%] Building CXX object third_party/highway/CMakeFiles/hwy.dir/hwy/print.cc.o
[INFO] [stderr]   [ 13%] Building CXX object third_party/highway/CMakeFiles/hwy.dir/hwy/targets.cc.o
[INFO] [stderr]   [ 13%] Building C object third_party/brotli/CMakeFiles/brotlienc.dir/c/enc/backward_references_hq.c.o
[INFO] [stderr]   [ 14%] Building C object third_party/brotli/CMakeFiles/brotlienc.dir/c/enc/bit_cost.c.o
[INFO] [stderr]   [ 15%] Building CXX object lib/CMakeFiles/jxl_dec-obj.dir/jxl/chroma_from_luma.cc.o
[INFO] [stderr]   [ 16%] Building C object third_party/brotli/CMakeFiles/brotlidec.dir/c/dec/prefix.c.o
[INFO] [stderr]   [ 16%] Building CXX object third_party/highway/CMakeFiles/hwy.dir/hwy/timer.cc.o
[INFO] [stderr]   [ 16%] Building C object third_party/brotli/CMakeFiles/brotlidec.dir/c/dec/state.c.o
[INFO] [stderr]   [ 16%] Building CXX object lib/CMakeFiles/jxl_dec-obj.dir/jxl/coeff_order.cc.o
[INFO] [stderr]   [ 17%] Building C object third_party/brotli/CMakeFiles/brotlidec.dir/c/dec/static_init.c.o
[INFO] [stderr]   [ 17%] Linking C static library libbrotlidec.a
[INFO] [stderr]   [ 17%] Built target brotlidec
[INFO] [stderr]   [ 17%] Building C object third_party/brotli/CMakeFiles/brotlienc.dir/c/enc/block_splitter.c.o
[INFO] [stderr]   [ 18%] Building C object third_party/brotli/CMakeFiles/brotlienc.dir/c/enc/brotli_bit_stream.c.o
[INFO] [stderr]   [ 18%] Building C object third_party/brotli/CMakeFiles/brotlienc.dir/c/enc/cluster.c.o
[INFO] [stderr]   [ 20%] Building CXX object lib/CMakeFiles/jxl_dec-obj.dir/jxl/color_encoding_internal.cc.o
[INFO] [stderr]   [ 20%] Building CXX object lib/CMakeFiles/jxl_dec-obj.dir/jxl/compressed_dc.cc.o
[INFO] [stderr]   [ 21%] Building CXX object lib/CMakeFiles/jxl_dec-obj.dir/jxl/convolve_slow.cc.o
[INFO] [stderr]   [ 22%] Linking CXX static library libhwy.a
[INFO] [stderr]   [ 22%] Building C object third_party/brotli/CMakeFiles/brotlienc.dir/c/enc/command.c.o
[INFO] [stderr]   [ 22%] Built target hwy
[INFO] [stderr]   [ 23%] Building C object third_party/brotli/CMakeFiles/brotlienc.dir/c/enc/compound_dictionary.c.o
[INFO] [stderr]   [ 23%] Building CXX object lib/CMakeFiles/jxl_dec-obj.dir/jxl/convolve_symmetric5.cc.o
[INFO] [stderr]   [ 23%] Building C object third_party/brotli/CMakeFiles/brotlienc.dir/c/enc/compress_fragment.c.o
[INFO] [stderr]   [ 24%] Building C object third_party/brotli/CMakeFiles/brotlienc.dir/c/enc/compress_fragment_two_pass.c.o
[INFO] [stderr]   [ 24%] Building C object third_party/brotli/CMakeFiles/brotlienc.dir/c/enc/dictionary_hash.c.o
[INFO] [stderr]   [ 25%] Building CXX object lib/CMakeFiles/jxl_dec-obj.dir/jxl/dct_scales.cc.o
[INFO] [stderr]   [ 25%] Building CXX object lib/CMakeFiles/jxl_dec-obj.dir/jxl/dec_ans.cc.o
[INFO] [stderr]   [ 26%] Building CXX object lib/CMakeFiles/jxl_dec-obj.dir/jxl/dec_bit_reader.cc.o
[INFO] [stderr]   [ 26%] Building CXX object lib/CMakeFiles/jxl_dec-obj.dir/jxl/dec_cache.cc.o
[INFO] [stderr]   [ 26%] Building CXX object lib/CMakeFiles/jxl_dec-obj.dir/jxl/dec_context_map.cc.o
[INFO] [stderr]   [ 27%] Building C object third_party/brotli/CMakeFiles/brotlienc.dir/c/enc/encode.c.o
[INFO] [stderr]   [ 28%] Building CXX object lib/CMakeFiles/jxl_dec-obj.dir/jxl/dec_external_image.cc.o
[INFO] [stderr]   [ 28%] Building C object third_party/brotli/CMakeFiles/brotlienc.dir/c/enc/encoder_dict.c.o
[INFO] [stderr]   [ 28%] Building CXX object lib/CMakeFiles/jxl_dec-obj.dir/jxl/dec_frame.cc.o
[INFO] [stderr]   [ 29%] Building C object third_party/brotli/CMakeFiles/brotlienc.dir/c/enc/entropy_encode.c.o
[INFO] [stderr]   [ 30%] Building CXX object lib/CMakeFiles/jxl_dec-obj.dir/jxl/dec_group.cc.o
[INFO] [stderr]   [ 30%] Building C object third_party/brotli/CMakeFiles/brotlienc.dir/c/enc/fast_log.c.o
[INFO] [stderr]   [ 30%] Building CXX object lib/CMakeFiles/jxl_dec-obj.dir/jxl/dec_group_border.cc.o
[INFO] [stderr]   [ 31%] Building CXX object lib/CMakeFiles/jxl_dec-obj.dir/jxl/dec_huffman.cc.o
[INFO] [stderr]   [ 31%] Building CXX object lib/CMakeFiles/jxl_dec-obj.dir/jxl/dec_modular.cc.o
[INFO] [stderr]   [ 32%] Building CXX object lib/CMakeFiles/jxl_dec-obj.dir/jxl/dec_noise.cc.o
[INFO] [stderr]   [ 33%] Building C object third_party/brotli/CMakeFiles/brotlienc.dir/c/enc/histogram.c.o
[INFO] [stderr]   [ 33%] Building CXX object lib/CMakeFiles/jxl_dec-obj.dir/jxl/dec_patch_dictionary.cc.o
[INFO] [stderr]   [ 33%] Building C object third_party/brotli/CMakeFiles/brotlienc.dir/c/enc/literal_cost.c.o
[INFO] [stderr]   [ 34%] Building C object third_party/brotli/CMakeFiles/brotlienc.dir/c/enc/memory.c.o
[INFO] [stderr]   [ 34%] Building C object third_party/brotli/CMakeFiles/brotlienc.dir/c/enc/metablock.c.o
[INFO] [stderr]   [ 35%] Building C object third_party/brotli/CMakeFiles/brotlienc.dir/c/enc/static_dict.c.o
[INFO] [stderr]   [ 35%] Building C object third_party/brotli/CMakeFiles/brotlienc.dir/c/enc/static_dict_lut.c.o
[INFO] [stderr]   [ 36%] Building C object third_party/brotli/CMakeFiles/brotlienc.dir/c/enc/static_init.c.o
[INFO] [stderr]   [ 36%] Building C object third_party/brotli/CMakeFiles/brotlienc.dir/c/enc/utf8_util.c.o
[INFO] [stderr]   [ 37%] Linking C static library libbrotlienc.a
[INFO] [stderr]   [ 37%] Built target brotlienc
[INFO] [stderr] 
[INFO] [stderr]   --- stderr
[INFO] [stderr]   running: cd "/opt/rustwide/target/release/build/gamut-jxl-sys/01a3a5314a1d9587/out/build" && CMAKE_BUILD_PARALLEL_LEVEL="8" CMAKE_PREFIX_PATH="" LC_ALL="C" "cmake" "/opt/rustwide/cargo-home/registry/src/index.crates.io-1949cf8c6b5b557f/jpegxl-src-0.12.0/libjxl" "-B" "/opt/rustwide/target/release/build/gamut-jxl-sys/01a3a5314a1d9587/out/build" "-DBUILD_TESTING=OFF" "-DBUILD_SHARED_LIBS=OFF" "-DJPEGXL_ENABLE_TOOLS=OFF" "-DJPEGXL_ENABLE_DOXYGEN=OFF" "-DJPEGXL_ENABLE_MANPAGES=OFF" "-DJPEGXL_ENABLE_BENCHMARK=OFF" "-DJPEGXL_ENABLE_EXAMPLES=OFF" "-DJPEGXL_ENABLE_JNI=OFF" "-DJPEGXL_ENABLE_SJPEG=OFF" "-DJPEGXL_ENABLE_OPENEXR=OFF" "-DJPEGXL_BUNDLE_LIBPNG=OFF" "-DCMAKE_INSTALL_PREFIX=/opt/rustwide/target/release/build/gamut-jxl-sys/01a3a5314a1d9587/out" "-DCMAKE_C_FLAGS= -ffunction-sections -fdata-sections -fPIC -m64 -w" "-DCMAKE_C_COMPILER=/usr/bin/cc" "-DCMAKE_CXX_FLAGS= -ffunction-sections -fdata-sections -fPIC -m64 -w" "-DCMAKE_CXX_COMPILER=/usr/bin/c++" "-DCMAKE_ASM_FLAGS= -ffunction-sections -fdata-sections -fPIC -m64 -w" "-DCMAKE_ASM_COMPILER=/usr/bin/cc" "-DCMAKE_BUILD_TYPE=Release"
[INFO] [stderr]   CMake Deprecation Warning at third_party/highway/CMakeLists.txt:28 (cmake_policy):
[INFO] [stderr]     The OLD behavior for policy CMP0111 will be removed from a future version
[INFO] [stderr]     of CMake.
[INFO] [stderr] 
[INFO] [stderr]     The cmake-policies(7) manual explains that the OLD behaviors of all
[INFO] [stderr]     policies are deprecated and that a policy should be set to OLD only under
[INFO] [stderr]     specific short-term circumstances.  Projects should be ported to the NEW
[INFO] [stderr]     behavior and not rely on setting a policy to OLD.
[INFO] [stderr] 
[INFO] [stderr] 
[INFO] [stderr]   -- Compiler is not EMSCRIPTEN
[INFO] [stderr]   CMake Warning:
[INFO] [stderr]     Manually-specified variables were not used by the project:
[INFO] [stderr] 
[INFO] [stderr]       CMAKE_ASM_COMPILER
[INFO] [stderr]       CMAKE_ASM_FLAGS
[INFO] [stderr] 
[INFO] [stderr] 
[INFO] [stderr]   running: cd "/opt/rustwide/target/release/build/gamut-jxl-sys/01a3a5314a1d9587/out/build" && CMAKE_BUILD_PARALLEL_LEVEL="8" LC_ALL="C" MAKEFLAGS="-j --jobserver-fds=4,5 --jobserver-auth=4,5" "cmake" "--build" "/opt/rustwide/target/release/build/gamut-jxl-sys/01a3a5314a1d9587/out/build" "--target" "install" "--config" "Release"
[INFO] [stderr]   gmake: warning: -j8 forced in submake: resetting jobserver mode.
[INFO] [stderr]   c++: fatal error: Killed signal terminated program cc1plus
[INFO] [stderr]   compilation terminated.
[INFO] [stderr]   gmake[2]: *** [lib/CMakeFiles/jxl_enc-obj.dir/build.make:79: lib/CMakeFiles/jxl_enc-obj.dir/jxl/butteraugli/butteraugli.cc.o] Error 1
[INFO] [stderr]   gmake[2]: *** Waiting for unfinished jobs....
[INFO] [stderr]   c++: fatal error: Killed signal terminated program cc1plus
[INFO] [stderr]   compilation terminated.
[INFO] [stderr]   gmake[2]: *** [lib/CMakeFiles/jxl_enc-obj.dir/build.make:93: lib/CMakeFiles/jxl_enc-obj.dir/jxl/enc_ac_strategy.cc.o] Error 1
[INFO] [stderr]   gmake[1]: *** [CMakeFiles/Makefile2:635: lib/CMakeFiles/jxl_enc-obj.dir/all] Error 2
[INFO] [stderr]   gmake[1]: *** Waiting for unfinished jobs....
[INFO] [stderr]   c++: fatal error: Killed signal terminated program cc1plus
[INFO] [stderr]   compilation terminated.
[INFO] [stderr]   gmake[2]: *** [tools/CMakeFiles/enc_fast_lossless.dir/build.make:79: tools/CMakeFiles/enc_fast_lossless.dir/__/lib/jxl/enc_fast_lossless.cc.o] Error 1
[INFO] [stderr]   gmake[1]: *** [CMakeFiles/Makefile2:958: tools/CMakeFiles/enc_fast_lossless.dir/all] Error 2
[INFO] [stderr]   c++: fatal error: Killed signal terminated program cc1plus
[INFO] [stderr]   compilation terminated.
[INFO] [stderr]   gmake[2]: *** [lib/CMakeFiles/jxl_dec-obj.dir/build.make:289: lib/CMakeFiles/jxl_dec-obj.dir/jxl/dec_external_image.cc.o] Error 1
[INFO] [stderr]   gmake[2]: *** Waiting for unfinished jobs....
[INFO] [stderr]   c++: fatal error: Killed signal terminated program cc1plus
[INFO] [stderr]   compilation terminated.
[INFO] [stderr]   gmake[2]: *** [lib/CMakeFiles/jxl_dec-obj.dir/build.make:317: lib/CMakeFiles/jxl_dec-obj.dir/jxl/dec_group.cc.o] Error 1
[INFO] [stderr]   gmake[1]: *** [CMakeFiles/Makefile2:603: lib/CMakeFiles/jxl_dec-obj.dir/all] Error 2
[INFO] [stderr]   gmake: *** [Makefile:146: all] Error 2
[INFO] [stderr] 
[INFO] [stderr]   thread 'main' (253) panicked at /opt/rustwide/cargo-home/registry/src/index.crates.io-1949cf8c6b5b557f/cmake-0.1.58/src/lib.rs:1132:5:
[INFO] [stderr] 
[INFO] [stderr]   command did not execute successfully, got: exit status: 2
[INFO] [stderr] 
[INFO] [stderr]   build script failed, must exit now
[INFO] [stderr]   stack backtrace:
[INFO] [stderr]      0:     0x5bee0a2e4481 - <<std[617be2ca0a6fd877]::sys::backtrace::BacktraceLock>::print::DisplayBacktrace as core[a373ad73a504971]::fmt::Display>::fmt
[INFO] [stderr]      1:     0x5bee0a2f84ea - core[a373ad73a504971]::fmt::write
[INFO] [stderr]      2:     0x5bee0a2e9d3c - <std[617be2ca0a6fd877]::sys::stdio::unix::Stderr as core[a373ad73a504971]::io::write::Write>::write_fmt
[INFO] [stderr]      3:     0x5bee0a2c08d6 - std[617be2ca0a6fd877]::panicking::default_hook::{closure#0}
[INFO] [stderr]      4:     0x5bee0a2dcb71 - std[617be2ca0a6fd877]::panicking::default_hook
[INFO] [stderr]      5:     0x5bee0a2dcd2b - std[617be2ca0a6fd877]::panicking::panic_with_hook
[INFO] [stderr]      6:     0x5bee0a2c0982 - std[617be2ca0a6fd877]::panicking::panic_handler::{closure#0}
[INFO] [stderr]      7:     0x5bee0a2b9559 - std[617be2ca0a6fd877]::sys::backtrace::__rust_end_short_backtrace::<std[617be2ca0a6fd877]::panicking::panic_handler::{closure#0}, !>
[INFO] [stderr]      8:     0x5bee0a2c152d - __rustc[ea4f61d10b84890b]::rust_begin_unwind
[INFO] [stderr]      9:     0x5bee0a2f8c5c - core[a373ad73a504971]::panicking::panic_fmt
[INFO] [stderr]     10:     0x5bee0a24dad7 - cmake[eddb3b7680884963]::fail
[INFO] [stderr]     11:     0x5bee0a24d763 - cmake[eddb3b7680884963]::run
[INFO] [stderr]     12:     0x5bee0a253735 - <cmake[eddb3b7680884963]::Config>::build
[INFO] [stderr]     13:     0x5bee0a24036f - jpegxl_src[b5a9a6474df11276]::build
[INFO] [stderr]     14:     0x5bee0a23d801 - build_script_build[6df5eb7ff16fc1bf]::main
[INFO] [stderr]     15:     0x5bee0a23e873 - <fn() as core[a373ad73a504971]::ops::function::FnOnce<()>>::call_once
[INFO] [stderr]     16:     0x5bee0a23b8be - std[617be2ca0a6fd877]::sys::backtrace::__rust_begin_short_backtrace::<fn(), ()>
[INFO] [stderr]     17:     0x5bee0a23bb79 - std[617be2ca0a6fd877]::rt::lang_start::<()>::{closure#0}
[INFO] [stderr]     18:     0x5bee0a2dbc48 - std[617be2ca0a6fd877]::rt::lang_start_internal
[INFO] [stderr]     19:     0x5bee0a23b671 - std[617be2ca0a6fd877]::rt::lang_start::<()>
[INFO] [stderr]     20:     0x5bee0a23e9a5 - main
[INFO] [stderr]     21:     0x7ce9e5578601 - <unknown>
[INFO] [stderr]     22:     0x7ce9e5578718 - __libc_start_main
[INFO] [stderr]     23:     0x5bee0a23a985 - _start
[INFO] [stderr]     24:                0x0 - <unknown>
[INFO] running `Command { std: "docker" "inspect" "ee91cb6322667d03b75e21149daf3bb8e05a8861f44828633b09e7dc8c76dfec", kill_on_drop: false }`
[INFO] running `Command { std: "docker" "rm" "-f" "ee91cb6322667d03b75e21149daf3bb8e05a8861f44828633b09e7dc8c76dfec", kill_on_drop: false }`
[INFO] [stdout] ee91cb6322667d03b75e21149daf3bb8e05a8861f44828633b09e7dc8c76dfec
