[INFO] fetching crate gamut-jpeg 0.1.0...
[INFO] testing gamut-jpeg-0.1.0 against 1.100.0-beta.1+cargoflags=--release for beta-release-1.100-2
[INFO] extracting crate gamut-jpeg 0.1.0 into /workspace/builds/worker-0-tc2/source
[INFO] started tweaking crates.io crate gamut-jpeg 0.1.0
[INFO] removed 0 missing tests
[INFO] finished tweaking crates.io crate gamut-jpeg 0.1.0
[INFO] tweaked toml for crates.io crate gamut-jpeg 0.1.0 written to /workspace/builds/worker-0-tc2/source/Cargo.toml
[INFO] validating manifest of crates.io crate gamut-jpeg 0.1.0 on toolchain 1.100.0-beta.1
[INFO] running `Command { std: CARGO_HOME="/workspace/cargo-home" RUSTUP_HOME="/workspace/rustup-home" "/workspace/cargo-home/bin/cargo" "+1.100.0-beta.1" "metadata" "--manifest-path" "Cargo.toml" "--no-deps", kill_on_drop: false }`
[INFO] crate crates.io crate gamut-jpeg 0.1.0 already has a lockfile, it will not be regenerated
[INFO] running `Command { std: CARGO_HOME="/workspace/cargo-home" RUSTUP_HOME="/workspace/rustup-home" "/workspace/cargo-home/bin/cargo" "+1.100.0-beta.1" "fetch" "--manifest-path" "Cargo.toml", kill_on_drop: false }`
[INFO] [stderr] warning: `package.homepage` is redundant with `package.repository`
[INFO] [stderr]   --> Cargo.toml:33:12
[INFO] [stderr]    |
[INFO] [stderr] 33 | homepage = "https://github.com/justin13888/gamut"
[INFO] [stderr]    |            ^^^^^^^^^^^^^^^^^^^^^^^^^^^^^^^^^^^^^^
[INFO] [stderr] ...
[INFO] [stderr] 38 | repository = "https://github.com/justin13888/gamut"
[INFO] [stderr]    |              --------------------------------------
[INFO] [stderr]    |
[INFO] [stderr]    = note: `cargo::redundant_homepage` is set to `warn` by default
[INFO] [stderr] help: consider removing `package.homepage`
[INFO] [stderr] warning: `gamut-jpeg` (manifest) generated 1 warning
[INFO] running `Command { std: "docker" "create" "-v" "/var/lib/crater-agent-workspace/builds/worker-0-tc2/source:/opt/rustwide/workdir:ro,Z" "-v" "/var/lib/crater-agent-workspace/builds/worker-0-tc2/target:/opt/rustwide/target:rw,Z" "-v" "/var/lib/crater-agent-workspace/cargo-home:/opt/rustwide/cargo-home:ro,Z" "-v" "/var/lib/crater-agent-workspace/rustup-home:/opt/rustwide/rustup-home:ro,Z" "-m" "1610612736" "--network" "none" "ghcr.io/rust-lang/crates-build-env/linux@sha256:77db811e55d90add9212f6832c23229e3de5f1c1f9905e8cb07319ea15df73ac" "sleep" "infinity", kill_on_drop: false }`
[INFO] [stdout] 0e4131c386b1beb9fe50ddf94478261137ff32a10d133f09402458ba2e19f33f
[INFO] running `Command { std: "docker" "start" "0e4131c386b1beb9fe50ddf94478261137ff32a10d133f09402458ba2e19f33f", kill_on_drop: false }`
[INFO] running `Command { std: "docker" "inspect" "0e4131c386b1beb9fe50ddf94478261137ff32a10d133f09402458ba2e19f33f", kill_on_drop: false }`
[INFO] running `Command { std: "docker" "exec" "-e" "SOURCE_DIR=/opt/rustwide/workdir" "-e" "CARGO_HOME=/opt/rustwide/cargo-home" "-e" "RUSTUP_HOME=/opt/rustwide/rustup-home" "-e" "CARGO_TARGET_DIR=/opt/rustwide/target" "-w" "/opt/rustwide/workdir" "--user" "0:0" "0e4131c386b1beb9fe50ddf94478261137ff32a10d133f09402458ba2e19f33f" "/opt/rustwide/cargo-home/bin/cargo" "+1.100.0-beta.1" "metadata" "--no-deps" "--format-version=1", kill_on_drop: false }`
[INFO] running `Command { std: "docker" "inspect" "0e4131c386b1beb9fe50ddf94478261137ff32a10d133f09402458ba2e19f33f", kill_on_drop: false }`
[INFO] running `Command { std: "docker" "exec" "-e" "SOURCE_DIR=/opt/rustwide/workdir" "-e" "CARGO_HOME=/opt/rustwide/cargo-home" "-e" "RUSTUP_HOME=/opt/rustwide/rustup-home" "-e" "CARGO_TARGET_DIR=/opt/rustwide/target" "-e" "CARGO_INCREMENTAL=0" "-e" "RUST_BACKTRACE=full" "-e" "RUSTFLAGS=--cap-lints=warn" "-e" "RUSTDOCFLAGS=--cap-lints=warn" "-w" "/opt/rustwide/workdir" "--user" "0:0" "0e4131c386b1beb9fe50ddf94478261137ff32a10d133f09402458ba2e19f33f" "/opt/rustwide/cargo-home/bin/cargo" "+1.100.0-beta.1" "build" "--frozen" "--message-format=json" "--release", kill_on_drop: false }`
[INFO] [stderr] warning: `package.homepage` is redundant with `package.repository`
[INFO] [stderr]   --> Cargo.toml:33:12
[INFO] [stderr]    |
[INFO] [stderr] 33 | homepage = "https://github.com/justin13888/gamut"
[INFO] [stderr]    |            ^^^^^^^^^^^^^^^^^^^^^^^^^^^^^^^^^^^^^^
[INFO] [stderr] ...
[INFO] [stderr] 38 | repository = "https://github.com/justin13888/gamut"
[INFO] [stderr]    |              --------------------------------------
[INFO] [stderr]    |
[INFO] [stderr]    = note: `cargo::redundant_homepage` is set to `warn` by default
[INFO] [stderr] help: consider removing `package.homepage`
[INFO] [stderr] warning: `gamut-jpeg` (manifest) generated 1 warning
[INFO] [stderr]    Compiling thiserror v2.0.19
[INFO] [stderr]    Compiling gamut-codec-abi v0.1.1
[INFO] [stderr]    Compiling gamut-dsp v2.0.0
[INFO] [stderr]    Compiling syn v3.0.2
[INFO] [stderr]    Compiling thiserror-impl v2.0.19
[INFO] [stderr]    Compiling gamut-core v2.0.1
[INFO] [stderr]    Compiling gamut-color v2.0.0
[INFO] [stderr]    Compiling gamut-jpeg v0.1.0 (/opt/rustwide/workdir)
[INFO] [stderr]     Finished `release` profile [optimized] target(s) in 6.55s
[INFO] running `Command { std: "docker" "inspect" "0e4131c386b1beb9fe50ddf94478261137ff32a10d133f09402458ba2e19f33f", kill_on_drop: false }`
[INFO] running `Command { std: "docker" "exec" "-e" "SOURCE_DIR=/opt/rustwide/workdir" "-e" "CARGO_HOME=/opt/rustwide/cargo-home" "-e" "RUSTUP_HOME=/opt/rustwide/rustup-home" "-e" "CARGO_TARGET_DIR=/opt/rustwide/target" "-e" "CARGO_INCREMENTAL=0" "-e" "RUST_BACKTRACE=full" "-e" "RUSTFLAGS=--cap-lints=warn" "-e" "RUSTDOCFLAGS=--cap-lints=warn" "-w" "/opt/rustwide/workdir" "--user" "0:0" "0e4131c386b1beb9fe50ddf94478261137ff32a10d133f09402458ba2e19f33f" "/opt/rustwide/cargo-home/bin/cargo" "+1.100.0-beta.1" "test" "--frozen" "--no-run" "--message-format=json" "--release", kill_on_drop: false }`
[INFO] [stderr] warning: `package.homepage` is redundant with `package.repository`
[INFO] [stderr]   --> Cargo.toml:33:12
[INFO] [stderr]    |
[INFO] [stderr] 33 | homepage = "https://github.com/justin13888/gamut"
[INFO] [stderr]    |            ^^^^^^^^^^^^^^^^^^^^^^^^^^^^^^^^^^^^^^
[INFO] [stderr] ...
[INFO] [stderr] 38 | repository = "https://github.com/justin13888/gamut"
[INFO] [stderr]    |              --------------------------------------
[INFO] [stderr]    |
[INFO] [stderr]    = note: `cargo::redundant_homepage` is set to `warn` by default
[INFO] [stderr] help: consider removing `package.homepage`
[INFO] [stderr] warning: `gamut-jpeg` (manifest) generated 1 warning
[INFO] [stderr]    Compiling gamut-jpeg v0.1.0 (/opt/rustwide/workdir)
[INFO] [stdout] error[E0432]: unresolved import `libjpeg_oracle`
[INFO] [stdout]   --> tests/oracle.rs:18:5
[INFO] [stdout]    |
[INFO] [stdout] 18 | use libjpeg_oracle::{EncodeParams, Subsampling};
[INFO] [stdout]    |     ^^^^^^^^^^^^^^ use of unresolved module or unlinked crate `libjpeg_oracle`
[INFO] [stdout]    |
[INFO] [stdout]    = help: if you wanted to use a crate named `libjpeg_oracle`, use `cargo add libjpeg_oracle` to add it to your `Cargo.toml`
[INFO] [stdout] 
[INFO] [stdout] 
[INFO] [stdout] error[E0433]: cannot find module or crate `libjpeg_oracle` in this scope
[INFO] [stdout]    --> tests/metadata.rs:413:14
[INFO] [stdout]     |
[INFO] [stdout] 413 |             &libjpeg_oracle::EncodeParams::default(),
[INFO] [stdout]     |              ^^^^^^^^^^^^^^ use of unresolved module or unlinked crate `libjpeg_oracle`
[INFO] [stdout]     |
[INFO] [stdout]     = help: if you wanted to use a crate named `libjpeg_oracle`, use `cargo add libjpeg_oracle` to add it to your `Cargo.toml`
[INFO] [stdout] 
[INFO] [stdout] 
[INFO] [stdout] error[E0433]: cannot find module or crate `libjpeg_oracle` in this scope
[INFO] [stdout]    --> tests/metadata.rs:449:10
[INFO] [stdout]     |
[INFO] [stdout] 449 |         &libjpeg_oracle::EncodeParams::default(),
[INFO] [stdout]     |          ^^^^^^^^^^^^^^ use of unresolved module or unlinked crate `libjpeg_oracle`
[INFO] [stdout]     |
[INFO] [stdout]     = help: if you wanted to use a crate named `libjpeg_oracle`, use `cargo add libjpeg_oracle` to add it to your `Cargo.toml`
[INFO] [stdout] 
[INFO] [stdout] 
[INFO] [stdout] error[E0433]: cannot find module or crate `libjpeg_oracle` in this scope
[INFO] [stdout]    --> tests/metadata.rs:395:20
[INFO] [stdout]     |
[INFO] [stdout] 395 |         let read = libjpeg_oracle::read_icc_profile(&jpeg)
[INFO] [stdout]     |                    ^^^^^^^^^^^^^^ use of unresolved module or unlinked crate `libjpeg_oracle`
[INFO] [stdout]     |
[INFO] [stdout]     = help: if you wanted to use a crate named `libjpeg_oracle`, use `cargo add libjpeg_oracle` to add it to your `Cargo.toml`
[INFO] [stdout] 
[INFO] [stdout] 
[INFO] [stdout] error[E0433]: cannot find module or crate `libjpeg_oracle` in this scope
[INFO] [stdout]    --> tests/metadata.rs:409:20
[INFO] [stdout]     |
[INFO] [stdout] 409 |         let jpeg = libjpeg_oracle::encode_with_metadata(
[INFO] [stdout]     |                    ^^^^^^^^^^^^^^ use of unresolved module or unlinked crate `libjpeg_oracle`
[INFO] [stdout]     |
[INFO] [stdout]     = help: if you wanted to use a crate named `libjpeg_oracle`, use `cargo add libjpeg_oracle` to add it to your `Cargo.toml`
[INFO] [stdout] 
[INFO] [stdout] 
[INFO] [stdout] error[E0433]: cannot find module or crate `libjpeg_oracle` in this scope
[INFO] [stdout]    --> tests/metadata.rs:439:9
[INFO] [stdout]     |
[INFO] [stdout] 439 |         libjpeg_oracle::read_first_app1(&jpeg).unwrap(),
[INFO] [stdout]     |         ^^^^^^^^^^^^^^ use of unresolved module or unlinked crate `libjpeg_oracle`
[INFO] [stdout]     |
[INFO] [stdout]     = help: if you wanted to use a crate named `libjpeg_oracle`, use `cargo add libjpeg_oracle` to add it to your `Cargo.toml`
[INFO] [stdout] 
[INFO] [stdout] 
[INFO] [stdout] error[E0433]: cannot find module or crate `libjpeg_oracle` in this scope
[INFO] [stdout]    --> tests/metadata.rs:445:16
[INFO] [stdout]     |
[INFO] [stdout] 445 |     let jpeg = libjpeg_oracle::encode_with_metadata(
[INFO] [stdout]     |                ^^^^^^^^^^^^^^ use of unresolved module or unlinked crate `libjpeg_oracle`
[INFO] [stdout]     |
[INFO] [stdout]     = help: if you wanted to use a crate named `libjpeg_oracle`, use `cargo add libjpeg_oracle` to add it to your `Cargo.toml`
[INFO] [stdout] 
[INFO] [stdout] 
[INFO] [stdout] For more information about this error, try `rustc --explain E0433`.
[INFO] [stdout] 
[INFO] [stderr] error: could not compile `gamut-jpeg` (test "metadata") due to 6 previous errors
[INFO] [stderr] warning: build failed, waiting for other jobs to finish...
[INFO] [stdout] error[E0433]: cannot find module or crate `libjpeg_oracle` in this scope
[INFO] [stdout]    --> tests/oracle.rs:207:5
[INFO] [stdout]     |
[INFO] [stdout] 207 |     libjpeg_oracle::encode(pixels, w, h, &params).expect("oracle encode")
[INFO] [stdout]     |     ^^^^^^^^^^^^^^ use of unresolved module or unlinked crate `libjpeg_oracle`
[INFO] [stdout]     |
[INFO] [stdout]     = help: if you wanted to use a crate named `libjpeg_oracle`, use `cargo add libjpeg_oracle` to add it to your `Cargo.toml`
[INFO] [stdout] 
[INFO] [stdout] 
[INFO] [stdout] error[E0433]: cannot find module or crate `libjpeg_oracle` in this scope
[INFO] [stdout]    --> tests/oracle.rs:230:31
[INFO] [stdout]     |
[INFO] [stdout] 230 |                     let img = libjpeg_oracle::decode(&jpeg).expect("libjpeg-turbo decode");
[INFO] [stdout]     |                               ^^^^^^^^^^^^^^ use of unresolved module or unlinked crate `libjpeg_oracle`
[INFO] [stdout]     |
[INFO] [stdout]     = help: if you wanted to use a crate named `libjpeg_oracle`, use `cargo add libjpeg_oracle` to add it to your `Cargo.toml`
[INFO] [stdout] 
[INFO] [stdout] 
[INFO] [stdout] error[E0433]: cannot find module or crate `libjpeg_oracle` in this scope
[INFO] [stdout]    --> tests/oracle.rs:270:23
[INFO] [stdout]     |
[INFO] [stdout] 270 |             let img = libjpeg_oracle::decode(&jpeg).expect("decode");
[INFO] [stdout]     |                       ^^^^^^^^^^^^^^ use of unresolved module or unlinked crate `libjpeg_oracle`
[INFO] [stdout]     |
[INFO] [stdout]     = help: if you wanted to use a crate named `libjpeg_oracle`, use `cargo add libjpeg_oracle` to add it to your `Cargo.toml`
[INFO] [stdout] 
[INFO] [stdout] 
[INFO] [stdout] error[E0433]: cannot find module or crate `libjpeg_oracle` in this scope
[INFO] [stdout]    --> tests/oracle.rs:304:26
[INFO] [stdout]     |
[INFO] [stdout] 304 |             let oracle = libjpeg_oracle::decode(&jpeg).expect("oracle decode");
[INFO] [stdout]     |                          ^^^^^^^^^^^^^^ use of unresolved module or unlinked crate `libjpeg_oracle`
[INFO] [stdout]     |
[INFO] [stdout]     = help: if you wanted to use a crate named `libjpeg_oracle`, use `cargo add libjpeg_oracle` to add it to your `Cargo.toml`
[INFO] [stdout] 
[INFO] [stdout] 
[INFO] [stdout] error[E0433]: cannot find module or crate `libjpeg_oracle` in this scope
[INFO] [stdout]    --> tests/oracle.rs:346:25
[INFO] [stdout]     |
[INFO] [stdout] 346 |                         libjpeg_oracle::decode(&baseline).expect("oracle decode baseline");
[INFO] [stdout]     |                         ^^^^^^^^^^^^^^ use of unresolved module or unlinked crate `libjpeg_oracle`
[INFO] [stdout]     |
[INFO] [stdout]     = help: if you wanted to use a crate named `libjpeg_oracle`, use `cargo add libjpeg_oracle` to add it to your `Cargo.toml`
[INFO] [stdout] 
[INFO] [stdout] 
[INFO] [stdout] error[E0433]: cannot find module or crate `libjpeg_oracle` in this scope
[INFO] [stdout]    --> tests/oracle.rs:348:25
[INFO] [stdout]     |
[INFO] [stdout] 348 |                         libjpeg_oracle::decode(&progressive).expect("oracle decode progressive");
[INFO] [stdout]     |                         ^^^^^^^^^^^^^^ use of unresolved module or unlinked crate `libjpeg_oracle`
[INFO] [stdout]     |
[INFO] [stdout]     = help: if you wanted to use a crate named `libjpeg_oracle`, use `cargo add libjpeg_oracle` to add it to your `Cargo.toml`
[INFO] [stdout] 
[INFO] [stdout] 
[INFO] [stdout] error[E0433]: cannot find module or crate `libjpeg_oracle` in this scope
[INFO] [stdout]    --> tests/oracle.rs:381:34
[INFO] [stdout]     |
[INFO] [stdout] 381 |                     let oracle = libjpeg_oracle::decode(&jpeg).expect("oracle decode");
[INFO] [stdout]     |                                  ^^^^^^^^^^^^^^ use of unresolved module or unlinked crate `libjpeg_oracle`
[INFO] [stdout]     |
[INFO] [stdout]     = help: if you wanted to use a crate named `libjpeg_oracle`, use `cargo add libjpeg_oracle` to add it to your `Cargo.toml`
[INFO] [stdout] 
[INFO] [stdout] 
[INFO] [stdout] error[E0433]: cannot find module or crate `libjpeg_oracle` in this scope
[INFO] [stdout]    --> tests/oracle.rs:438:34
[INFO] [stdout]     |
[INFO] [stdout] 438 |                     let oracle = libjpeg_oracle::decode(&jpeg).expect("oracle decode");
[INFO] [stdout]     |                                  ^^^^^^^^^^^^^^ use of unresolved module or unlinked crate `libjpeg_oracle`
[INFO] [stdout]     |
[INFO] [stdout]     = help: if you wanted to use a crate named `libjpeg_oracle`, use `cargo add libjpeg_oracle` to add it to your `Cargo.toml`
[INFO] [stdout] 
[INFO] [stdout] 
[INFO] [stdout] error[E0433]: cannot find module or crate `libjpeg_oracle` in this scope
[INFO] [stdout]    --> tests/oracle.rs:501:13
[INFO] [stdout]     |
[INFO] [stdout] 501 |     let v = libjpeg_oracle::version();
[INFO] [stdout]     |             ^^^^^^^^^^^^^^ use of unresolved module or unlinked crate `libjpeg_oracle`
[INFO] [stdout]     |
[INFO] [stdout]     = help: if you wanted to use a crate named `libjpeg_oracle`, use `cargo add libjpeg_oracle` to add it to your `Cargo.toml`
[INFO] [stdout] 
[INFO] [stdout] 
[INFO] [stdout] Some errors have detailed explanations: E0432, E0433.
[INFO] [stdout] 
[INFO] [stdout] For more information about an error, try `rustc --explain E0432`.
[INFO] [stdout] 
[INFO] [stderr] error: could not compile `gamut-jpeg` (test "oracle") due to 10 previous errors
[INFO] running `Command { std: "docker" "inspect" "0e4131c386b1beb9fe50ddf94478261137ff32a10d133f09402458ba2e19f33f", kill_on_drop: false }`
[INFO] running `Command { std: "docker" "rm" "-f" "0e4131c386b1beb9fe50ddf94478261137ff32a10d133f09402458ba2e19f33f", kill_on_drop: false }`
[INFO] [stdout] 0e4131c386b1beb9fe50ddf94478261137ff32a10d133f09402458ba2e19f33f
