[INFO] fetching crate gamut-cli 0.3.1...
[INFO] testing gamut-cli-0.3.1 against 1.99.0-beta.8+cargoflags=--release for beta-release-1.100-2
[INFO] extracting crate gamut-cli 0.3.1 into /workspace/builds/worker-6-tc1/source
[INFO] started tweaking crates.io crate gamut-cli 0.3.1
[INFO] removed 0 missing tests
[INFO] finished tweaking crates.io crate gamut-cli 0.3.1
[INFO] tweaked toml for crates.io crate gamut-cli 0.3.1 written to /workspace/builds/worker-6-tc1/source/Cargo.toml
[INFO] validating manifest of crates.io crate gamut-cli 0.3.1 on toolchain 1.99.0-beta.8
[INFO] running `Command { std: CARGO_HOME="/workspace/cargo-home" RUSTUP_HOME="/workspace/rustup-home" "/workspace/cargo-home/bin/cargo" "+1.99.0-beta.8" "metadata" "--manifest-path" "Cargo.toml" "--no-deps", kill_on_drop: false }`
[INFO] crate crates.io crate gamut-cli 0.3.1 already has a lockfile, it will not be regenerated
[INFO] running `Command { std: CARGO_HOME="/workspace/cargo-home" RUSTUP_HOME="/workspace/rustup-home" "/workspace/cargo-home/bin/cargo" "+1.99.0-beta.8" "fetch" "--manifest-path" "Cargo.toml", kill_on_drop: false }`
[INFO] [stderr]     Updating crates.io index
[INFO] [stderr]  Downloading crates ...
[INFO] [stderr]   Downloaded gamut v0.3.2
[INFO] [stderr]   Downloaded gamut-core v2.0.1
[INFO] [stderr]   Downloaded gamut-xmp v1.0.0
[INFO] [stderr]   Downloaded gamut-riff v0.1.3
[INFO] [stderr]   Downloaded gamut-metadata v1.0.0
[INFO] [stderr]   Downloaded gamut-av2 v0.1.3
[INFO] [stderr]   Downloaded gamut-codec-abi v0.1.1
[INFO] [stderr]   Downloaded gamut-vvc v0.2.1
[INFO] [stderr]   Downloaded jxl_macros v0.4.3
[INFO] [stderr]   Downloaded gamut-jxl-sys v0.1.0
[INFO] [stderr]   Downloaded gamut-dsp v2.0.0
[INFO] [stderr]   Downloaded gamut-bitstream v0.2.3
[INFO] [stderr]   Downloaded gamut-exif v1.0.0
[INFO] [stderr]   Downloaded gamut-tonemap v1.0.0
[INFO] [stderr]   Downloaded gamut-deflate v0.1.0
[INFO] [stderr]   Downloaded jxl_simd v0.4.3
[INFO] [stderr]   Downloaded gamut-color v2.0.0
[INFO] [stderr]   Downloaded gamut-isobmff v2.0.1
[INFO] [stderr]   Downloaded gamut-iptc v1.0.0
[INFO] [stderr]   Downloaded jxl_transforms v0.4.3
[INFO] [stderr]   Downloaded gamut-jxl v0.3.0
[INFO] [stderr]   Downloaded gamut-webp v0.3.1
[INFO] [stderr]   Downloaded gamut-tiff v1.0.0
[INFO] [stderr]   Downloaded gamut-icc v1.0.0
[INFO] [stderr]   Downloaded gamut-png v0.1.0
[INFO] [stderr]   Downloaded gamut-ifd v2.0.1
[INFO] [stderr]   Downloaded gamut-heic v0.2.2
[INFO] [stderr]   Downloaded gamut-jxl v0.4.0
[INFO] [stderr]   Downloaded gamut-avif v1.1.0
[INFO] [stderr]   Downloaded gamut-jpeg v0.1.0
[INFO] [stderr]   Downloaded gamut-av1 v0.4.1
[INFO] [stderr]   Downloaded quick-xml v0.40.1
[INFO] [stderr]   Downloaded gamut-dng v1.0.0
[INFO] [stderr]   Downloaded jxl v0.4.3
[INFO] [stderr]   Downloaded jpegxl-src v0.12.0
[INFO] running `Command { std: "docker" "create" "-v" "/var/lib/crater-agent-workspace/builds/worker-6-tc1/source:/opt/rustwide/workdir:ro,Z" "-v" "/var/lib/crater-agent-workspace/builds/worker-6-tc1/target:/opt/rustwide/target:rw,Z" "-v" "/var/lib/crater-agent-workspace/cargo-home:/opt/rustwide/cargo-home:ro,Z" "-v" "/var/lib/crater-agent-workspace/rustup-home:/opt/rustwide/rustup-home:ro,Z" "-m" "1610612736" "--network" "none" "ghcr.io/rust-lang/crates-build-env/linux@sha256:77db811e55d90add9212f6832c23229e3de5f1c1f9905e8cb07319ea15df73ac" "sleep" "infinity", kill_on_drop: false }`
[INFO] [stdout] b0179e9887b51fbb2c7c45ff89aa5aec2b2b6dd8edc8659450cadaa8d1a57c18
[INFO] running `Command { std: "docker" "start" "b0179e9887b51fbb2c7c45ff89aa5aec2b2b6dd8edc8659450cadaa8d1a57c18", kill_on_drop: false }`
[INFO] running `Command { std: "docker" "inspect" "b0179e9887b51fbb2c7c45ff89aa5aec2b2b6dd8edc8659450cadaa8d1a57c18", kill_on_drop: false }`
[INFO] running `Command { std: "docker" "exec" "-e" "SOURCE_DIR=/opt/rustwide/workdir" "-e" "CARGO_HOME=/opt/rustwide/cargo-home" "-e" "RUSTUP_HOME=/opt/rustwide/rustup-home" "-e" "CARGO_TARGET_DIR=/opt/rustwide/target" "-w" "/opt/rustwide/workdir" "--user" "0:0" "b0179e9887b51fbb2c7c45ff89aa5aec2b2b6dd8edc8659450cadaa8d1a57c18" "/opt/rustwide/cargo-home/bin/cargo" "+1.99.0-beta.8" "metadata" "--no-deps" "--format-version=1", kill_on_drop: false }`
[INFO] running `Command { std: "docker" "inspect" "b0179e9887b51fbb2c7c45ff89aa5aec2b2b6dd8edc8659450cadaa8d1a57c18", kill_on_drop: false }`
[INFO] running `Command { std: "docker" "exec" "-e" "SOURCE_DIR=/opt/rustwide/workdir" "-e" "CARGO_HOME=/opt/rustwide/cargo-home" "-e" "RUSTUP_HOME=/opt/rustwide/rustup-home" "-e" "CARGO_TARGET_DIR=/opt/rustwide/target" "-e" "CARGO_INCREMENTAL=0" "-e" "RUST_BACKTRACE=full" "-e" "RUSTFLAGS=--cap-lints=warn" "-e" "RUSTDOCFLAGS=--cap-lints=warn" "-w" "/opt/rustwide/workdir" "--user" "0:0" "b0179e9887b51fbb2c7c45ff89aa5aec2b2b6dd8edc8659450cadaa8d1a57c18" "/opt/rustwide/cargo-home/bin/cargo" "+1.99.0-beta.8" "build" "--frozen" "--message-format=json" "--release", kill_on_drop: false }`
[INFO] [stderr]    Compiling simd-adler32 v0.3.10
[INFO] [stderr]    Compiling gamut-codec-abi v0.1.1
[INFO] [stderr]    Compiling gamut-dsp v2.0.0
[INFO] [stderr]    Compiling jxl_simd v0.4.3
[INFO] [stderr]    Compiling syn v3.0.3
[INFO] [stderr]    Compiling proc-macro-error-attr2 v2.0.0
[INFO] [stderr]    Compiling cc v1.4.0
[INFO] [stderr]    Compiling array-init v2.1.0
[INFO] [stderr]    Compiling num-derive v0.4.2
[INFO] [stderr]    Compiling quick-xml v0.40.1
[INFO] [stderr]    Compiling crypto-common v0.1.7
[INFO] [stderr]    Compiling regex-automata v0.4.16
[INFO] [stderr]    Compiling gamut-deflate v0.1.0
[INFO] [stderr]    Compiling clap_lex v1.1.0
[INFO] [stderr]    Compiling zune-core v0.5.1
[INFO] [stderr]    Compiling pxfm v0.1.30
[INFO] [stderr]    Compiling bitflags v2.13.1
[INFO] [stderr]    Compiling digest v0.10.7
[INFO] [stderr]    Compiling sharded-slab v0.1.7
[INFO] [stderr]    Compiling miniz_oxide v0.8.9
[INFO] [stderr]    Compiling md-5 v0.10.6
[INFO] [stderr]    Compiling fdeflate v0.3.7
[INFO] [stderr]    Compiling proc-macro-error2 v2.0.1
[INFO] [stderr]    Compiling zune-jpeg v0.5.15
[INFO] [stderr]    Compiling jxl_transforms v0.4.3
[INFO] [stderr]    Compiling clap_builder v4.6.2
[INFO] [stderr]    Compiling jxl_macros v0.4.3
[INFO] [stderr]    Compiling thread_local v1.1.10
[INFO] [stderr]    Compiling bytemuck v1.25.2
[INFO] [stderr]    Compiling flate2 v1.1.9
[INFO] [stderr]    Compiling gamut-cli v0.3.1 (/opt/rustwide/workdir)
[INFO] [stderr]    Compiling byteorder-lite v0.1.0
[INFO] [stderr]    Compiling cmake v0.1.58
[INFO] [stderr]    Compiling jpegxl-src v0.12.0
[INFO] [stderr]    Compiling png v0.18.1
[INFO] [stderr]    Compiling gamut-jxl-sys v0.1.0
[INFO] [stderr]    Compiling matchers v0.2.0
[INFO] [stderr]    Compiling thiserror-impl v2.0.19
[INFO] [stderr]    Compiling clap_derive v4.6.4
[INFO] [stderr]    Compiling tracing-subscriber v0.3.23
[INFO] [stderr]    Compiling moxcms v0.8.1
[INFO] [stderr]    Compiling thiserror v2.0.19
[INFO] [stderr]    Compiling gamut-core v2.0.1
[INFO] [stderr]    Compiling jxl v0.4.3
[INFO] [stderr]    Compiling gamut-bitstream v0.2.3
[INFO] [stderr]    Compiling gamut-color v2.0.0
[INFO] [stderr]    Compiling gamut-ifd v2.0.1
[INFO] [stderr]    Compiling gamut-xmp v1.0.0
[INFO] [stderr]    Compiling gamut-isobmff v2.0.1
[INFO] [stderr]    Compiling gamut-av1 v0.4.1
[INFO] [stderr]    Compiling gamut-iptc v1.0.0
[INFO] [stderr]    Compiling gamut-riff v0.1.3
[INFO] [stderr]    Compiling gamut-exif v1.0.0
[INFO] [stderr]    Compiling gamut-icc v1.0.0
[INFO] [stderr] error: could not compile `jxl` (lib)
[INFO] [stderr] 
[INFO] [stderr] Caused by:
[INFO] [stderr]   process didn't exit successfully: `/opt/rustwide/rustup-home/toolchains/1.99.0-beta.8-x86_64-unknown-linux-gnu/bin/rustc --crate-name jxl --edition=2024 /opt/rustwide/cargo-home/registry/src/index.crates.io-1949cf8c6b5b557f/jxl-0.4.3/src/lib.rs --error-format=json --json=diagnostic-rendered-ansi,artifacts,future-incompat --crate-type lib --emit=dep-info,metadata,link -C opt-level=3 -C embed-bitcode=no --cfg 'feature="avx"' --cfg 'feature="neon"' --cfg 'feature="sse42"' --check-cfg 'cfg(docsrs,test)' --check-cfg 'cfg(feature, values("all-simd", "avx", "avx512", "default", "neon", "sse42", "tracing"))' -C metadata=44c7c6d13c3c31c8 -C extra-filename=-f1441ff66ef54aee --out-dir /opt/rustwide/target/release/deps -C strip=debuginfo -L dependency=/opt/rustwide/target/release/deps --extern array_init=/opt/rustwide/target/release/deps/libarray_init-6d52239dc6880758.rmeta --extern byteorder=/opt/rustwide/target/release/deps/libbyteorder-612182941aaee0f7.rmeta --extern jxl_macros=/opt/rustwide/target/release/deps/libjxl_macros-28c2cd89a3ac0b59.so --extern jxl_simd=/opt/rustwide/target/release/deps/libjxl_simd-8208581f2910ee9f.rmeta --extern jxl_transforms=/opt/rustwide/target/release/deps/libjxl_transforms-7028ddd0c810e712.rmeta --extern num_derive=/opt/rustwide/target/release/deps/libnum_derive-cfbc8688d181c5b6.so --extern num_traits=/opt/rustwide/target/release/deps/libnum_traits-889aba9987c3ffcc.rmeta --extern thiserror=/opt/rustwide/target/release/deps/libthiserror-9dc0d6853913dede.rmeta --cap-lints allow --cap-lints=warn` (signal: 9, SIGKILL: kill)
[INFO] [stderr] warning: build failed, waiting for other jobs to finish...
[INFO] [stderr] error: could not compile `moxcms` (lib)
[INFO] [stderr] 
[INFO] [stderr] Caused by:
[INFO] [stderr]   process didn't exit successfully: `/opt/rustwide/rustup-home/toolchains/1.99.0-beta.8-x86_64-unknown-linux-gnu/bin/rustc --crate-name moxcms --edition=2024 /opt/rustwide/cargo-home/registry/src/index.crates.io-1949cf8c6b5b557f/moxcms-0.8.1/src/lib.rs --error-format=json --json=diagnostic-rendered-ansi,artifacts,future-incompat --crate-type lib --emit=dep-info,metadata,link -C opt-level=3 -C embed-bitcode=no --cfg 'feature="avx"' --cfg 'feature="avx_luts"' --cfg 'feature="avx_shaper_fixed_point_paths"' --cfg 'feature="avx_shaper_paths"' --cfg 'feature="default"' --cfg 'feature="lut"' --cfg 'feature="neon"' --cfg 'feature="neon_luts"' --cfg 'feature="neon_shaper_fixed_point_paths"' --cfg 'feature="neon_shaper_paths"' --cfg 'feature="sse"' --cfg 'feature="sse_luts"' --cfg 'feature="sse_shaper_fixed_point_paths"' --cfg 'feature="sse_shaper_paths"' --check-cfg 'cfg(docsrs,test)' --check-cfg 'cfg(feature, values("any_to_any", "avx", "avx512", "avx512_shaper_fixed_point_paths", "avx512_shaper_optimized_paths", "avx_luts", "avx_shaper_fixed_point_paths", "avx_shaper_optimized_paths", "avx_shaper_paths", "default", "extended_range", "in_place", "lut", "neon", "neon_luts", "neon_shaper_fixed_point_paths", "neon_shaper_optimized_paths", "neon_shaper_paths", "options", "sse", "sse_luts", "sse_shaper_fixed_point_paths", "sse_shaper_optimized_paths", "sse_shaper_paths"))' -C metadata=2c5ab66a78bccc8e -C extra-filename=-cd53e22e612c7ccc --out-dir /opt/rustwide/target/release/deps -C strip=debuginfo -L dependency=/opt/rustwide/target/release/deps --extern num_traits=/opt/rustwide/target/release/deps/libnum_traits-889aba9987c3ffcc.rmeta --extern pxfm=/opt/rustwide/target/release/deps/libpxfm-42fc424f22fc4899.rmeta --cap-lints allow --cap-lints=warn` (signal: 9, SIGKILL: kill)
[INFO] [stderr] error: could not compile `tracing-subscriber` (lib)
[INFO] [stderr] 
[INFO] [stderr] Caused by:
[INFO] [stderr]   process didn't exit successfully: `/opt/rustwide/rustup-home/toolchains/1.99.0-beta.8-x86_64-unknown-linux-gnu/bin/rustc --crate-name tracing_subscriber --edition=2018 /opt/rustwide/cargo-home/registry/src/index.crates.io-1949cf8c6b5b557f/tracing-subscriber-0.3.23/src/lib.rs --error-format=json --json=diagnostic-rendered-ansi,artifacts,future-incompat --crate-type lib --emit=dep-info,metadata,link -C opt-level=3 -C embed-bitcode=no --cfg 'feature="alloc"' --cfg 'feature="env-filter"' --cfg 'feature="fmt"' --cfg 'feature="matchers"' --cfg 'feature="once_cell"' --cfg 'feature="registry"' --cfg 'feature="sharded-slab"' --cfg 'feature="std"' --cfg 'feature="thread_local"' --cfg 'feature="tracing"' --check-cfg 'cfg(docsrs,test)' --check-cfg 'cfg(feature, values("alloc", "ansi", "chrono", "default", "env-filter", "fmt", "json", "local-time", "matchers", "nu-ansi-term", "once_cell", "parking_lot", "regex", "registry", "serde", "serde_json", "sharded-slab", "smallvec", "std", "thread_local", "time", "tracing", "tracing-log", "tracing-serde", "valuable", "valuable-serde", "valuable_crate"))' -C metadata=fea080c1cfb34881 -C extra-filename=-cc501ee1319a246f --out-dir /opt/rustwide/target/release/deps -C strip=debuginfo -L dependency=/opt/rustwide/target/release/deps --extern matchers=/opt/rustwide/target/release/deps/libmatchers-262034e6819db080.rmeta --extern once_cell=/opt/rustwide/target/release/deps/libonce_cell-a92ce0590bdd2571.rmeta --extern regex_automata=/opt/rustwide/target/release/deps/libregex_automata-deebedacc6c4d571.rmeta --extern sharded_slab=/opt/rustwide/target/release/deps/libsharded_slab-18946f9d15d4fb19.rmeta --extern thread_local=/opt/rustwide/target/release/deps/libthread_local-79e71813f18c78f2.rmeta --extern tracing=/opt/rustwide/target/release/deps/libtracing-a5e297f9f9248e69.rmeta --extern tracing_core=/opt/rustwide/target/release/deps/libtracing_core-3e7f99a7051d5219.rmeta --cap-lints allow --cap-lints=warn` (signal: 9, SIGKILL: kill)
[INFO] [stderr] error: could not compile `pxfm` (lib)
[INFO] [stderr] 
[INFO] [stderr] Caused by:
[INFO] [stderr]   process didn't exit successfully: `/opt/rustwide/rustup-home/toolchains/1.99.0-beta.8-x86_64-unknown-linux-gnu/bin/rustc --crate-name pxfm --edition=2024 /opt/rustwide/cargo-home/registry/src/index.crates.io-1949cf8c6b5b557f/pxfm-0.1.30/src/lib.rs --error-format=json --json=diagnostic-rendered-ansi,artifacts,future-incompat --crate-type lib --emit=dep-info,metadata,link -C opt-level=3 -C embed-bitcode=no --check-cfg 'cfg(docsrs,test)' --check-cfg 'cfg(feature, values())' -C metadata=619985e3d79b4ce8 -C extra-filename=-42fc424f22fc4899 --out-dir /opt/rustwide/target/release/deps -C strip=debuginfo -L dependency=/opt/rustwide/target/release/deps --cap-lints allow --cap-lints=warn` (signal: 9, SIGKILL: kill)
[INFO] [stderr] error: could not compile `regex-automata` (lib)
[INFO] [stderr] 
[INFO] [stderr] Caused by:
[INFO] [stderr]   process didn't exit successfully: `/opt/rustwide/rustup-home/toolchains/1.99.0-beta.8-x86_64-unknown-linux-gnu/bin/rustc --crate-name regex_automata --edition=2021 /opt/rustwide/cargo-home/registry/src/index.crates.io-1949cf8c6b5b557f/regex-automata-0.4.16/src/lib.rs --error-format=json --json=diagnostic-rendered-ansi,artifacts,future-incompat --crate-type lib --emit=dep-info,metadata,link -C opt-level=3 -C embed-bitcode=no --cfg 'feature="alloc"' --cfg 'feature="dfa-build"' --cfg 'feature="dfa-search"' --cfg 'feature="nfa-thompson"' --cfg 'feature="std"' --cfg 'feature="syntax"' --check-cfg 'cfg(docsrs,test)' --check-cfg 'cfg(feature, values("alloc", "default", "dfa", "dfa-build", "dfa-onepass", "dfa-search", "hybrid", "internal-instrument", "internal-instrument-pikevm", "logging", "meta", "nfa", "nfa-backtrack", "nfa-pikevm", "nfa-thompson", "perf", "perf-inline", "perf-literal", "perf-literal-multisubstring", "perf-literal-substring", "std", "syntax", "unicode", "unicode-age", "unicode-bool", "unicode-case", "unicode-gencat", "unicode-perl", "unicode-script", "unicode-segment", "unicode-word-boundary"))' -C metadata=14e3140c799b6fb9 -C extra-filename=-deebedacc6c4d571 --out-dir /opt/rustwide/target/release/deps -C strip=debuginfo -L dependency=/opt/rustwide/target/release/deps --extern regex_syntax=/opt/rustwide/target/release/deps/libregex_syntax-5510b2d5eacb7225.rmeta --cap-lints allow --cap-lints=warn` (signal: 9, SIGKILL: kill)
[INFO] [stderr] error: could not compile `gamut-icc` (lib)
[INFO] [stderr] 
[INFO] [stderr] Caused by:
[INFO] [stderr]   process didn't exit successfully: `/opt/rustwide/rustup-home/toolchains/1.99.0-beta.8-x86_64-unknown-linux-gnu/bin/rustc --crate-name gamut_icc --edition=2024 /opt/rustwide/cargo-home/registry/src/index.crates.io-1949cf8c6b5b557f/gamut-icc-1.0.0/src/lib.rs --error-format=json --json=diagnostic-rendered-ansi,artifacts,future-incompat --crate-type lib --emit=dep-info,metadata,link -C opt-level=3 -C embed-bitcode=no --check-cfg 'cfg(docsrs,test)' --check-cfg 'cfg(feature, values())' -C metadata=10c6ea8a991ff5cb -C extra-filename=-ec259a080b75e18d --out-dir /opt/rustwide/target/release/deps -C strip=debuginfo -L dependency=/opt/rustwide/target/release/deps --extern gamut_core=/opt/rustwide/target/release/deps/libgamut_core-3c1e3c19355be11a.rmeta --extern md5=/opt/rustwide/target/release/deps/libmd5-bb376bc3dd903763.rmeta --extern thiserror=/opt/rustwide/target/release/deps/libthiserror-9dc0d6853913dede.rmeta --cap-lints allow --cap-lints=warn` (signal: 9, SIGKILL: kill)
[INFO] [stderr] error: could not compile `gamut-av1` (lib)
[INFO] [stderr] 
[INFO] [stderr] Caused by:
[INFO] [stderr]   process didn't exit successfully: `/opt/rustwide/rustup-home/toolchains/1.99.0-beta.8-x86_64-unknown-linux-gnu/bin/rustc --crate-name gamut_av1 --edition=2024 /opt/rustwide/cargo-home/registry/src/index.crates.io-1949cf8c6b5b557f/gamut-av1-0.4.1/src/lib.rs --error-format=json --json=diagnostic-rendered-ansi,artifacts,future-incompat --crate-type lib --emit=dep-info,metadata,link -C opt-level=3 -C embed-bitcode=no --check-cfg 'cfg(docsrs,test)' --check-cfg 'cfg(feature, values())' -C metadata=5ca0dd294968975c -C extra-filename=-a72627b653761af0 --out-dir /opt/rustwide/target/release/deps -C strip=debuginfo -L dependency=/opt/rustwide/target/release/deps --extern gamut_bitstream=/opt/rustwide/target/release/deps/libgamut_bitstream-6b0b228e3f4b6eff.rmeta --extern gamut_color=/opt/rustwide/target/release/deps/libgamut_color-9a9f206303f09d9d.rmeta --extern gamut_core=/opt/rustwide/target/release/deps/libgamut_core-3c1e3c19355be11a.rmeta --extern gamut_dsp=/opt/rustwide/target/release/deps/libgamut_dsp-60c2df274e87e158.rmeta --cap-lints allow --cap-lints=warn` (signal: 9, SIGKILL: kill)
[INFO] [stderr] error: failed to run custom build command for `gamut-jxl-sys v0.1.0`
[INFO] [stderr] note: To improve backtraces for build dependencies, set the CARGO_PROFILE_RELEASE_BUILD_OVERRIDE_DEBUG=true environment variable to enable debug information generation.
[INFO] [stderr] 
[INFO] [stderr] Caused by:
[INFO] [stderr]   process didn't exit successfully: `/opt/rustwide/target/release/build/gamut-jxl-sys-8d133f6c8e56d5a6/build-script-build` (exit status: 101)
[INFO] [stderr]   --- stdout
[INFO] [stderr]   cargo:rerun-if-env-changed=GAMUT_JXL_SYS_SKIP_NATIVE
[INFO] [stderr]   cargo:rerun-if-env-changed=GAMUT_JXL_SYS_LIBJXL_DIR
[INFO] [stderr]   CMAKE_TOOLCHAIN_FILE_x86_64-unknown-linux-gnu = None
[INFO] [stderr]   CMAKE_TOOLCHAIN_FILE_x86_64_unknown_linux_gnu = None
[INFO] [stderr]   HOST_CMAKE_TOOLCHAIN_FILE = None
[INFO] [stderr]   CMAKE_TOOLCHAIN_FILE = None
[INFO] [stderr]   CMAKE_GENERATOR_x86_64-unknown-linux-gnu = None
[INFO] [stderr]   CMAKE_GENERATOR_x86_64_unknown_linux_gnu = None
[INFO] [stderr]   HOST_CMAKE_GENERATOR = None
[INFO] [stderr]   CMAKE_GENERATOR = None
[INFO] [stderr]   CMAKE_PREFIX_PATH_x86_64-unknown-linux-gnu = None
[INFO] [stderr]   CMAKE_PREFIX_PATH_x86_64_unknown_linux_gnu = None
[INFO] [stderr]   HOST_CMAKE_PREFIX_PATH = None
[INFO] [stderr]   CMAKE_PREFIX_PATH = None
[INFO] [stderr]   CMAKE_x86_64-unknown-linux-gnu = None
[INFO] [stderr]   CMAKE_x86_64_unknown_linux_gnu = None
[INFO] [stderr]   HOST_CMAKE = None
[INFO] [stderr]   CMAKE = None
[INFO] [stderr]   -- The C compiler identification is GNU 15.2.0
[INFO] [stderr]   -- The CXX compiler identification is GNU 15.2.0
[INFO] [stderr]   -- Detecting C compiler ABI info
[INFO] [stderr]   -- Detecting C compiler ABI info - done
[INFO] [stderr]   -- Check for working C compiler: /usr/bin/cc - skipped
[INFO] [stderr]   -- Detecting C compile features
[INFO] [stderr]   -- Detecting C compile features - done
[INFO] [stderr]   -- Detecting CXX compiler ABI info
[INFO] [stderr]   -- Detecting CXX compiler ABI info - done
[INFO] [stderr]   -- Check for working CXX compiler: /usr/bin/c++ - skipped
[INFO] [stderr]   -- Detecting CXX compile features
[INFO] [stderr]   -- Detecting CXX compile features - done
[INFO] [stderr]   -- CMake version: 4.2.3
[INFO] [stderr]   -- Compiler IDs C:GNU 15.2.0, C++:GNU 15.2.0
[INFO] [stderr]   -- Linker IDs C:GNU 2.46, C++:GNU 2.46
[INFO] [stderr]   -- CMAKE_SYSTEM_PROCESSOR is x86_64
[INFO] [stderr]   -- Performing Test CXX_FUZZERS_SUPPORTED
[INFO] [stderr]   -- Performing Test CXX_FUZZERS_SUPPORTED - Failed
[INFO] [stderr]   -- Performing Test CXX_MACRO_PREFIX_MAP
[INFO] [stderr]   -- Performing Test CXX_MACRO_PREFIX_MAP - Success
[INFO] [stderr]   -- Performing Test CXX_NO_RTTI_SUPPORTED
[INFO] [stderr]   -- Performing Test CXX_NO_RTTI_SUPPORTED - Success
[INFO] [stderr]   -- Performing Test CXX_MAVX2_SUPPORTED
[INFO] [stderr]   -- Performing Test CXX_MAVX2_SUPPORTED - Success
[INFO] [stderr]   -- Performing Test CXX_MF16C_SUPPORTED
[INFO] [stderr]   -- Performing Test CXX_MF16C_SUPPORTED - Success
[INFO] [stderr]   -- Performing Test CXX_MAVX512F_SUPPORTED
[INFO] [stderr]   -- Performing Test CXX_MAVX512F_SUPPORTED - Success
[INFO] [stderr]   -- Performing Test CXX_MAVX512DQ_SUPPORTED
[INFO] [stderr]   -- Performing Test CXX_MAVX512DQ_SUPPORTED - Success
[INFO] [stderr]   -- Performing Test CXX_MAVX512CD_SUPPORTED
[INFO] [stderr]   -- Performing Test CXX_MAVX512CD_SUPPORTED - Success
[INFO] [stderr]   -- Performing Test CXX_MAVX512BW_SUPPORTED
[INFO] [stderr]   -- Performing Test CXX_MAVX512BW_SUPPORTED - Success
[INFO] [stderr]   -- Performing Test CXX_MAVX512VL_SUPPORTED
[INFO] [stderr]   -- Performing Test CXX_MAVX512VL_SUPPORTED - Success
[INFO] [stderr]   -- Performing Test CXX_SVE_SUPPORTED
[INFO] [stderr]   -- Performing Test CXX_SVE_SUPPORTED - Failed
[INFO] [stderr]   -- Found PkgConfig: /usr/bin/pkg-config (found version "2.5.1")
[INFO] [stderr]   -- tcmalloc version  -- tcmalloc 2.8.0 disabled due to https://github.com/gperftools/gperftools/issues/1204
[INFO] [stderr]   -- Performing Test JXL_HWY_DISABLED_TARGETS_FORCED
[INFO] [stderr]   -- Performing Test JXL_HWY_DISABLED_TARGETS_FORCED - Failed
[INFO] [stderr]   -- HWY AVX2 enabled: true
[INFO] [stderr]   -- HWY AVX3 enabled: false
[INFO] [stderr]   -- HWY AVX3_DL enabled: true
[INFO] [stderr]   -- HWY AVX3_SPR enabled: false
[INFO] [stderr]   -- HWY AVX3_ZEN4 enabled: false
[INFO] [stderr]   -- HWY EMU128 enabled: true
[INFO] [stderr]   -- HWY NEON enabled: true
[INFO] [stderr]   -- HWY NEON_BF16 enabled: true
[INFO] [stderr]   -- HWY NEON_WITHOUT_AES enabled: true
[INFO] [stderr]   -- HWY PPC10 enabled: true
[INFO] [stderr]   -- HWY PPC8 enabled: true
[INFO] [stderr]   -- HWY PPC9 enabled: true
[INFO] [stderr]   -- HWY RVV enabled: false
[INFO] [stderr]   -- HWY SCALAR enabled: true
[INFO] [stderr]   -- HWY SSE2 enabled: true
[INFO] [stderr]   -- HWY SSE4 enabled: true
[INFO] [stderr]   -- HWY SSSE3 enabled: false
[INFO] [stderr]   -- HWY SVE enabled: false
[INFO] [stderr]   -- HWY SVE_256 enabled: false
[INFO] [stderr]   -- HWY SVE2 enabled: false
[INFO] [stderr]   -- HWY SVE2_128 enabled: false
[INFO] [stderr]   -- HWY WASM enabled: true
[INFO] [stderr]   -- HWY WASM_EMU256 enabled: true
[INFO] [stderr]   -- HWY Z14 enabled: true
[INFO] [stderr]   -- HWY Z15 enabled: true
[INFO] [stderr]   -- Performing Test CMAKE_HAVE_LIBC_PTHREAD
[INFO] [stderr]   -- Performing Test CMAKE_HAVE_LIBC_PTHREAD - Success
[INFO] [stderr]   -- Found Threads: TRUE
[INFO] [stderr]   -- CXX_STANDARD is 17
[INFO] [stderr]   -- Performing Test ATOMICS_LOCK_FREE_INSTRUCTIONS
[INFO] [stderr]   -- Performing Test ATOMICS_LOCK_FREE_INSTRUCTIONS - Success
[INFO] [stderr]   -- Performing Test HWY_EMSCRIPTEN
[INFO] [stderr]   -- Performing Test HWY_EMSCRIPTEN - Failed
[INFO] [stderr]   -- Performing Test HWY_RISCV
[INFO] [stderr]   -- Performing Test HWY_RISCV - Failed
[INFO] [stderr]   -- Looking for sys/auxv.h
[INFO] [stderr]   -- Looking for sys/auxv.h - found
[INFO] [stderr]   -- Looking for asm/hwcap.h
[INFO] [stderr]   -- Looking for asm/hwcap.h - not found
[INFO] [stderr]   -- Build type is 'Release'
[INFO] [stderr]   -- Performing Test BROTLI_EMSCRIPTEN
[INFO] [stderr]   -- Performing Test BROTLI_EMSCRIPTEN - Failed
[INFO] [stderr]   -- Looking for log2 in m
[INFO] [stderr]   -- Looking for log2 in m - found
[INFO] [stderr]   -- Found ZLIB: /usr/lib/x86_64-linux-gnu/libz.so (found version "1.3.1")
[INFO] [stderr]   -- Found PNG: /usr/lib/x86_64-linux-gnu/libpng.so (found version "1.6.57")
[INFO] [stderr]   -- Looking for __GLIBCXX__
[INFO] [stderr]   -- Looking for __GLIBCXX__ - found
[INFO] [stderr]   -- Looking for _LIBCPP_VERSION
[INFO] [stderr]   -- Looking for _LIBCPP_VERSION - not found
[INFO] [stderr]   -- Performing Test COMPILER_HAS_HIDDEN_VISIBILITY
[INFO] [stderr]   -- Performing Test COMPILER_HAS_HIDDEN_VISIBILITY - Success
[INFO] [stderr]   -- Performing Test COMPILER_HAS_HIDDEN_INLINE_VISIBILITY
[INFO] [stderr]   -- Performing Test COMPILER_HAS_HIDDEN_INLINE_VISIBILITY - Success
[INFO] [stderr]   -- Performing Test COMPILER_HAS_DEPRECATED_ATTR
[INFO] [stderr]   -- Performing Test COMPILER_HAS_DEPRECATED_ATTR - Success
[INFO] [stderr]   -- Performing Test CXX_WPSABI_SUPPORTED
[INFO] [stderr]   -- Performing Test CXX_WPSABI_SUPPORTED - Success
[INFO] [stderr]   -- Performing Test LINKER_SUPPORT_EXCLUDE_LIBS
[INFO] [stderr]   -- Performing Test LINKER_SUPPORT_EXCLUDE_LIBS - Success
[INFO] [stderr]   -- Building with JPEGXL_VERSION=(unknown)
[INFO] [stderr]   -- Building tools: 
[INFO] [stderr]   -- Configuring done (25.6s)
[INFO] [stderr]   -- Generating done (1.7s)
[INFO] [stderr]   -- Build files have been written to: /opt/rustwide/target/release/build/gamut-jxl-sys-01a3a5314a1d9587/out/build
[INFO] [stderr]   [  1%] Building CXX object third_party/highway/CMakeFiles/hwy.dir/hwy/aligned_allocator.cc.o
[INFO] [stderr]   [  1%] Building CXX object third_party/highway/CMakeFiles/hwy.dir/hwy/abort.cc.o
[INFO] [stderr]   [  1%] Building CXX object third_party/highway/CMakeFiles/hwy.dir/hwy/nanobenchmark.cc.o
[INFO] [stderr]   [  2%] Building CXX object lib/CMakeFiles/jxl_threads.dir/threads/resizable_parallel_runner.cc.o
[INFO] [stderr]   [  2%] Building CXX object lib/CMakeFiles/jxl_threads.dir/threads/thread_parallel_runner.cc.o
[INFO] [stderr]   [  3%] Building CXX object third_party/highway/CMakeFiles/hwy.dir/hwy/targets.cc.o
[INFO] [stderr]   [  4%] Building CXX object lib/CMakeFiles/jxl_threads.dir/threads/thread_parallel_runner_internal.cc.o
[INFO] [stderr]   [  4%] Building CXX object third_party/highway/CMakeFiles/hwy.dir/hwy/timer.cc.o
[INFO] [stderr]   [  5%] Building CXX object third_party/highway/CMakeFiles/hwy.dir/hwy/per_target.cc.o
[INFO] [stderr]   [  5%] Building CXX object third_party/highway/CMakeFiles/hwy.dir/hwy/print.cc.o
[INFO] [stderr]   [  5%] Building C object third_party/brotli/CMakeFiles/brotlicommon.dir/c/common/context.c.o
[INFO] [stderr]   [  6%] Building C object third_party/brotli/CMakeFiles/brotlicommon.dir/c/common/dictionary.c.o
[INFO] [stderr]   [  6%] Building CXX object lib/CMakeFiles/jxl_export.dir/nothing.cc.o
[INFO] [stderr]   [  6%] Building C object third_party/brotli/CMakeFiles/brotlicommon.dir/c/common/constants.c.o
[INFO] [stderr]   [  6%] Building C object third_party/brotli/CMakeFiles/brotlicommon.dir/c/common/platform.c.o
[INFO] [stderr]   [  6%] Building CXX object tools/CMakeFiles/enc_fast_lossless.dir/__/lib/jxl/enc_fast_lossless.cc.o
[INFO] [stderr]   [  6%] Built target jxl_export
[INFO] [stderr]   [  7%] Building CXX object lib/CMakeFiles/jxl_enc-obj.dir/jxl/butteraugli/butteraugli.cc.o
[INFO] [stderr]   [  7%] Building CXX object lib/CMakeFiles/jxl_enc-obj.dir/jxl/enc_ac_strategy.cc.o
[INFO] [stderr]   [  8%] Building CXX object lib/CMakeFiles/jxl_dec-obj.dir/jxl/ac_strategy.cc.o
[INFO] [stderr]   [  9%] Building C object third_party/brotli/CMakeFiles/brotlicommon.dir/c/common/shared_dictionary.c.o
[INFO] [stderr]   [  9%] Building CXX object lib/CMakeFiles/jxl_dec-obj.dir/jxl/alpha.cc.o
[INFO] [stderr]   [  9%] Building C object third_party/brotli/CMakeFiles/brotlicommon.dir/c/common/transform.c.o
[INFO] [stderr]   [ 10%] Linking C static library libbrotlicommon.a
[INFO] [stderr]   [ 11%] Building CXX object lib/CMakeFiles/jxl_enc-obj.dir/jxl/enc_adaptive_quantization.cc.o
[INFO] [stderr]   [ 11%] Built target brotlicommon
[INFO] [stderr]   [ 12%] Building CXX object lib/CMakeFiles/jxl_dec-obj.dir/jxl/ans_common.cc.o
[INFO] [stderr]   [ 12%] Building CXX object lib/CMakeFiles/jxl_enc-obj.dir/jxl/enc_ans.cc.o
[INFO] [stderr]   [ 12%] Building C object third_party/brotli/CMakeFiles/brotlidec.dir/c/dec/bit_reader.c.o
[INFO] [stderr]   [ 12%] Building CXX object lib/CMakeFiles/jxl_dec-obj.dir/jxl/blending.cc.o
[INFO] [stderr]   [ 13%] Building C object third_party/brotli/CMakeFiles/brotlidec.dir/c/dec/decode.c.o
[INFO] [stderr]   [ 14%] Building CXX object lib/CMakeFiles/jxl_enc-obj.dir/jxl/enc_ans_simd.cc.o
[INFO] [stderr]   [ 15%] Building CXX object lib/CMakeFiles/jxl_dec-obj.dir/jxl/chroma_from_luma.cc.o
[INFO] [stderr]   [ 15%] Linking CXX static library libjxl_threads.a
[INFO] [stderr]   [ 15%] Built target jxl_threads
[INFO] [stderr]   [ 15%] Building CXX object lib/CMakeFiles/jxl_dec-obj.dir/jxl/coeff_order.cc.o
[INFO] [stderr]   [ 15%] Building C object third_party/brotli/CMakeFiles/brotlidec.dir/c/dec/huffman.c.o
[INFO] [stderr]   [ 16%] Building C object third_party/brotli/CMakeFiles/brotlidec.dir/c/dec/prefix.c.o
[INFO] [stderr]   [ 17%] Building CXX object lib/CMakeFiles/jxl_dec-obj.dir/jxl/color_encoding_internal.cc.o
[INFO] [stderr]   [ 18%] Building C object third_party/brotli/CMakeFiles/brotlienc.dir/c/enc/backward_references.c.o
[INFO] [stderr]   [ 18%] Building CXX object lib/CMakeFiles/jxl_dec-obj.dir/jxl/compressed_dc.cc.o
[INFO] [stderr]   [ 18%] Building C object third_party/brotli/CMakeFiles/brotlienc.dir/c/enc/backward_references_hq.c.o
[INFO] [stderr]   [ 20%] Building C object third_party/brotli/CMakeFiles/brotlienc.dir/c/enc/bit_cost.c.o
[INFO] [stderr]   [ 20%] Building C object third_party/brotli/CMakeFiles/brotlidec.dir/c/dec/state.c.o
[INFO] [stderr]   [ 21%] Building C object third_party/brotli/CMakeFiles/brotlidec.dir/c/dec/static_init.c.o
[INFO] [stderr]   [ 22%] Building CXX object lib/CMakeFiles/jxl_dec-obj.dir/jxl/convolve_slow.cc.o
[INFO] [stderr]   [ 22%] Linking C static library libbrotlidec.a
[INFO] [stderr]   [ 22%] Building C object third_party/brotli/CMakeFiles/brotlienc.dir/c/enc/block_splitter.c.o
[INFO] [stderr]   [ 22%] Building CXX object lib/CMakeFiles/jxl_dec-obj.dir/jxl/convolve_symmetric5.cc.o
[INFO] [stderr]   [ 23%] Built target brotlidec
[INFO] [stderr]   [ 23%] Building C object third_party/brotli/CMakeFiles/brotlienc.dir/c/enc/brotli_bit_stream.c.o
[INFO] [stderr]   [ 24%] Building CXX object lib/CMakeFiles/jxl_dec-obj.dir/jxl/dct_scales.cc.o
[INFO] [stderr]   [ 24%] Building CXX object lib/CMakeFiles/jxl_dec-obj.dir/jxl/dec_ans.cc.o
[INFO] [stderr]   [ 25%] Building CXX object lib/CMakeFiles/jxl_dec-obj.dir/jxl/dec_bit_reader.cc.o
[INFO] [stderr]   [ 25%] Building CXX object lib/CMakeFiles/jxl_dec-obj.dir/jxl/dec_cache.cc.o
[INFO] [stderr]   [ 25%] Building C object third_party/brotli/CMakeFiles/brotlienc.dir/c/enc/cluster.c.o
[INFO] [stderr]   [ 25%] Building C object third_party/brotli/CMakeFiles/brotlienc.dir/c/enc/command.c.o
[INFO] [stderr]   [ 26%] Building CXX object lib/CMakeFiles/jxl_dec-obj.dir/jxl/dec_context_map.cc.o
[INFO] [stderr]   [ 26%] Building C object third_party/brotli/CMakeFiles/brotlienc.dir/c/enc/compound_dictionary.c.o
[INFO] [stderr]   [ 27%] Building CXX object lib/CMakeFiles/jxl_dec-obj.dir/jxl/dec_external_image.cc.o
[INFO] [stderr]   [ 28%] Building C object third_party/brotli/CMakeFiles/brotlienc.dir/c/enc/compress_fragment.c.o
[INFO] [stderr]   [ 28%] Building C object third_party/brotli/CMakeFiles/brotlienc.dir/c/enc/compress_fragment_two_pass.c.o
[INFO] [stderr]   [ 28%] Building C object third_party/brotli/CMakeFiles/brotlienc.dir/c/enc/dictionary_hash.c.o
[INFO] [stderr]   [ 29%] Building C object third_party/brotli/CMakeFiles/brotlienc.dir/c/enc/encode.c.o
[INFO] [stderr]   [ 29%] Building C object third_party/brotli/CMakeFiles/brotlienc.dir/c/enc/encoder_dict.c.o
[INFO] [stderr]   [ 30%] Building C object third_party/brotli/CMakeFiles/brotlienc.dir/c/enc/entropy_encode.c.o
[INFO] [stderr]   [ 30%] Building C object third_party/brotli/CMakeFiles/brotlienc.dir/c/enc/fast_log.c.o
[INFO] [stderr]   [ 31%] Building C object third_party/brotli/CMakeFiles/brotlienc.dir/c/enc/histogram.c.o
[INFO] [stderr]   [ 31%] Building C object third_party/brotli/CMakeFiles/brotlienc.dir/c/enc/literal_cost.c.o
[INFO] [stderr]   [ 31%] Building C object third_party/brotli/CMakeFiles/brotlienc.dir/c/enc/metablock.c.o
[INFO] [stderr]   [ 32%] Building C object third_party/brotli/CMakeFiles/brotlienc.dir/c/enc/memory.c.o
[INFO] [stderr]   [ 33%] Building C object third_party/brotli/CMakeFiles/brotlienc.dir/c/enc/static_dict.c.o
[INFO] [stderr]   [ 33%] Building C object third_party/brotli/CMakeFiles/brotlienc.dir/c/enc/static_dict_lut.c.o
[INFO] [stderr]   [ 34%] Building C object third_party/brotli/CMakeFiles/brotlienc.dir/c/enc/static_init.c.o
[INFO] [stderr]   [ 34%] Building C object third_party/brotli/CMakeFiles/brotlienc.dir/c/enc/utf8_util.c.o
[INFO] [stderr]   [ 35%] Linking C static library libbrotlienc.a
[INFO] [stderr]   [ 35%] Built target brotlienc
[INFO] [stderr] 
[INFO] [stderr]   --- stderr
[INFO] [stderr]   running: cd "/opt/rustwide/target/release/build/gamut-jxl-sys-01a3a5314a1d9587/out/build" && CMAKE_BUILD_PARALLEL_LEVEL="16" CMAKE_PREFIX_PATH="" LC_ALL="C" "cmake" "/opt/rustwide/cargo-home/registry/src/index.crates.io-1949cf8c6b5b557f/jpegxl-src-0.12.0/libjxl" "-B" "/opt/rustwide/target/release/build/gamut-jxl-sys-01a3a5314a1d9587/out/build" "-DBUILD_TESTING=OFF" "-DBUILD_SHARED_LIBS=OFF" "-DJPEGXL_ENABLE_TOOLS=OFF" "-DJPEGXL_ENABLE_DOXYGEN=OFF" "-DJPEGXL_ENABLE_MANPAGES=OFF" "-DJPEGXL_ENABLE_BENCHMARK=OFF" "-DJPEGXL_ENABLE_EXAMPLES=OFF" "-DJPEGXL_ENABLE_JNI=OFF" "-DJPEGXL_ENABLE_SJPEG=OFF" "-DJPEGXL_ENABLE_OPENEXR=OFF" "-DJPEGXL_BUNDLE_LIBPNG=OFF" "-DCMAKE_INSTALL_PREFIX=/opt/rustwide/target/release/build/gamut-jxl-sys-01a3a5314a1d9587/out" "-DCMAKE_C_FLAGS= -ffunction-sections -fdata-sections -fPIC -m64 -w" "-DCMAKE_C_COMPILER=/usr/bin/cc" "-DCMAKE_CXX_FLAGS= -ffunction-sections -fdata-sections -fPIC -m64 -w" "-DCMAKE_CXX_COMPILER=/usr/bin/c++" "-DCMAKE_ASM_FLAGS= -ffunction-sections -fdata-sections -fPIC -m64 -w" "-DCMAKE_ASM_COMPILER=/usr/bin/cc" "-DCMAKE_BUILD_TYPE=Release"
[INFO] [stderr]   CMake Deprecation Warning at third_party/highway/CMakeLists.txt:28 (cmake_policy):
[INFO] [stderr]     The OLD behavior for policy CMP0111 will be removed from a future version
[INFO] [stderr]     of CMake.
[INFO] [stderr] 
[INFO] [stderr]     The cmake-policies(7) manual explains that the OLD behaviors of all
[INFO] [stderr]     policies are deprecated and that a policy should be set to OLD only under
[INFO] [stderr]     specific short-term circumstances.  Projects should be ported to the NEW
[INFO] [stderr]     behavior and not rely on setting a policy to OLD.
[INFO] [stderr] 
[INFO] [stderr] 
[INFO] [stderr]   -- Compiler is not EMSCRIPTEN
[INFO] [stderr]   CMake Warning:
[INFO] [stderr]     Manually-specified variables were not used by the project:
[INFO] [stderr] 
[INFO] [stderr]       CMAKE_ASM_COMPILER
[INFO] [stderr]       CMAKE_ASM_FLAGS
[INFO] [stderr] 
[INFO] [stderr] 
[INFO] [stderr]   running: cd "/opt/rustwide/target/release/build/gamut-jxl-sys-01a3a5314a1d9587/out/build" && CMAKE_BUILD_PARALLEL_LEVEL="16" LC_ALL="C" MAKEFLAGS="-j --jobserver-fds=4,5 --jobserver-auth=4,5" "cmake" "--build" "/opt/rustwide/target/release/build/gamut-jxl-sys-01a3a5314a1d9587/out/build" "--target" "install" "--config" "Release"
[INFO] [stderr]   gmake: warning: -j16 forced in submake: resetting jobserver mode.
[INFO] [stderr]   c++: fatal error: Killed signal terminated program cc1plus
[INFO] [stderr]   compilation terminated.
[INFO] [stderr]   gmake[2]: *** [lib/CMakeFiles/jxl_enc-obj.dir/build.make:93: lib/CMakeFiles/jxl_enc-obj.dir/jxl/enc_ac_strategy.cc.o] Error 1
[INFO] [stderr]   gmake[2]: *** Waiting for unfinished jobs....
[INFO] [stderr]   c++: fatal error: Killed signal terminated program cc1plus
[INFO] [stderr]   compilation terminated.
[INFO] [stderr]   gmake[2]: *** [lib/CMakeFiles/jxl_enc-obj.dir/build.make:79: lib/CMakeFiles/jxl_enc-obj.dir/jxl/butteraugli/butteraugli.cc.o] Error 1
[INFO] [stderr]   c++: fatal error: Killed signal terminated program cc1plus
[INFO] [stderr]   compilation terminated.
[INFO] [stderr]   gmake[2]: *** [lib/CMakeFiles/jxl_enc-obj.dir/build.make:107: lib/CMakeFiles/jxl_enc-obj.dir/jxl/enc_adaptive_quantization.cc.o] Error 1
[INFO] [stderr]   c++: fatal error: Killed signal terminated program cc1plus
[INFO] [stderr]   compilation terminated.
[INFO] [stderr]   gmake[2]: *** [third_party/highway/CMakeFiles/hwy.dir/build.make:121: third_party/highway/CMakeFiles/hwy.dir/hwy/per_target.cc.o] Error 1
[INFO] [stderr]   gmake[2]: *** Waiting for unfinished jobs....
[INFO] [stderr]   c++: fatal error: Killed signal terminated program cc1plus
[INFO] [stderr]   compilation terminated.
[INFO] [stderr]   gmake[2]: *** [lib/CMakeFiles/jxl_enc-obj.dir/build.make:135: lib/CMakeFiles/jxl_enc-obj.dir/jxl/enc_ans_simd.cc.o] Error 1
[INFO] [stderr]   c++: fatal error: Killed signal terminated program cc1plus
[INFO] [stderr]   compilation terminated.
[INFO] [stderr]   gmake[2]: *** [tools/CMakeFiles/enc_fast_lossless.dir/build.make:79: tools/CMakeFiles/enc_fast_lossless.dir/__/lib/jxl/enc_fast_lossless.cc.o] Error 1
[INFO] [stderr]   gmake[1]: *** [CMakeFiles/Makefile2:958: tools/CMakeFiles/enc_fast_lossless.dir/all] Error 2
[INFO] [stderr]   gmake[1]: *** Waiting for unfinished jobs....
[INFO] [stderr]   c++: fatal error: Killed signal terminated program cc1plus
[INFO] [stderr]   compilation terminated.
[INFO] [stderr]   c++: fatal error: Killed signal terminated program cc1plus
[INFO] [stderr]   compilation terminated.
[INFO] [stderr]   gmake[2]: *** [lib/CMakeFiles/jxl_dec-obj.dir/build.make:177: lib/CMakeFiles/jxl_dec-obj.dir/jxl/compressed_dc.cc.o] Error 1
[INFO] [stderr]   gmake[2]: *** Waiting for unfinished jobs....
[INFO] [stderr]   gmake[2]: *** [lib/CMakeFiles/jxl_dec-obj.dir/build.make:205: lib/CMakeFiles/jxl_dec-obj.dir/jxl/convolve_symmetric5.cc.o] Error 1
[INFO] [stderr]   gmake[1]: *** [CMakeFiles/Makefile2:346: third_party/highway/CMakeFiles/hwy.dir/all] Error 2
[INFO] [stderr]   gmake[1]: *** [CMakeFiles/Makefile2:635: lib/CMakeFiles/jxl_enc-obj.dir/all] Error 2
[INFO] [stderr]   gmake[1]: *** [CMakeFiles/Makefile2:603: lib/CMakeFiles/jxl_dec-obj.dir/all] Error 2
[INFO] [stderr]   gmake: *** [Makefile:146: all] Error 2
[INFO] [stderr] 
[INFO] [stderr]   thread 'main' (485) panicked at /opt/rustwide/cargo-home/registry/src/index.crates.io-1949cf8c6b5b557f/cmake-0.1.58/src/lib.rs:1132:5:
[INFO] [stderr] 
[INFO] [stderr]   command did not execute successfully, got: exit status: 2
[INFO] [stderr] 
[INFO] [stderr]   build script failed, must exit now
[INFO] [stderr]   stack backtrace:
[INFO] [stderr]      0:     0x643fe0af63d1 - <<std[70759c8f55707aa4]::sys::backtrace::BacktraceLock>::print::DisplayBacktrace as core[df12db4294e9bfd3]::fmt::Display>::fmt
[INFO] [stderr]      1:     0x643fe0b0a6ea - core[df12db4294e9bfd3]::fmt::write
[INFO] [stderr]      2:     0x643fe0afc00c - <std[70759c8f55707aa4]::sys::stdio::unix::Stderr as core[df12db4294e9bfd3]::io::write::Write>::write_fmt
[INFO] [stderr]      3:     0x643fe0ad2806 - std[70759c8f55707aa4]::panicking::default_hook::{closure#0}
[INFO] [stderr]      4:     0x643fe0aeeb71 - std[70759c8f55707aa4]::panicking::default_hook
[INFO] [stderr]      5:     0x643fe0aeed2b - std[70759c8f55707aa4]::panicking::panic_with_hook
[INFO] [stderr]      6:     0x643fe0ad28b2 - std[70759c8f55707aa4]::panicking::panic_handler::{closure#0}
[INFO] [stderr]      7:     0x643fe0acb4a9 - std[70759c8f55707aa4]::sys::backtrace::__rust_end_short_backtrace::<std[70759c8f55707aa4]::panicking::panic_handler::{closure#0}, !>
[INFO] [stderr]      8:     0x643fe0ad349d - __rustc[8fa7c3cbc660c2b3]::rust_begin_unwind
[INFO] [stderr]      9:     0x643fe0b0ae5c - core[df12db4294e9bfd3]::panicking::panic_fmt
[INFO] [stderr]     10:     0x643fe0a5fb87 - cmake[754d50a974507250]::fail
[INFO] [stderr]     11:     0x643fe0a5f813 - cmake[754d50a974507250]::run
[INFO] [stderr]     12:     0x643fe0a657e5 - <cmake[754d50a974507250]::Config>::build
[INFO] [stderr]     13:     0x643fe0a51f9f - jpegxl_src[f414e06cf476ac3]::build
[INFO] [stderr]     14:     0x643fe0a4f3f1 - build_script_build[c2f7064f2b39d51e]::main
[INFO] [stderr]     15:     0x643fe0a50483 - <fn() as core[df12db4294e9bfd3]::ops::function::FnOnce<()>>::call_once
[INFO] [stderr]     16:     0x643fe0a4d4ae - std[70759c8f55707aa4]::sys::backtrace::__rust_begin_short_backtrace::<fn(), ()>
[INFO] [stderr]     17:     0x643fe0a4d769 - std[70759c8f55707aa4]::rt::lang_start::<()>::{closure#0}
[INFO] [stderr]     18:     0x643fe0aedc09 - std[70759c8f55707aa4]::rt::lang_start_internal
[INFO] [stderr]     19:     0x643fe0a4d261 - std[70759c8f55707aa4]::rt::lang_start::<()>
[INFO] [stderr]     20:     0x643fe0a505b5 - main
[INFO] [stderr]     21:     0x7dd8deace601 - <unknown>
[INFO] [stderr]     22:     0x7dd8deace718 - __libc_start_main
[INFO] [stderr]     23:     0x643fe0a4c575 - _start
[INFO] [stderr]     24:                0x0 - <unknown>
[INFO] running `Command { std: "docker" "inspect" "b0179e9887b51fbb2c7c45ff89aa5aec2b2b6dd8edc8659450cadaa8d1a57c18", kill_on_drop: false }`
[INFO] running `Command { std: "docker" "rm" "-f" "b0179e9887b51fbb2c7c45ff89aa5aec2b2b6dd8edc8659450cadaa8d1a57c18", kill_on_drop: false }`
[INFO] [stdout] b0179e9887b51fbb2c7c45ff89aa5aec2b2b6dd8edc8659450cadaa8d1a57c18
