[INFO] fetching crate game-networking-sockets-sys 0.3.0...
[INFO] testing game-networking-sockets-sys-0.3.0 against 1.100.0-beta.1+cargoflags=--release for beta-release-1.100-2
[INFO] extracting crate game-networking-sockets-sys 0.3.0 into /workspace/builds/worker-4-tc2/source
[INFO] started tweaking crates.io crate game-networking-sockets-sys 0.3.0
[INFO] finished tweaking crates.io crate game-networking-sockets-sys 0.3.0
[INFO] tweaked toml for crates.io crate game-networking-sockets-sys 0.3.0 written to /workspace/builds/worker-4-tc2/source/Cargo.toml
[INFO] validating manifest of crates.io crate game-networking-sockets-sys 0.3.0 on toolchain 1.100.0-beta.1
[INFO] running `Command { std: CARGO_HOME="/workspace/cargo-home" RUSTUP_HOME="/workspace/rustup-home" "/workspace/cargo-home/bin/cargo" "+1.100.0-beta.1" "metadata" "--manifest-path" "Cargo.toml" "--no-deps", kill_on_drop: false }`
[INFO] crate crates.io crate game-networking-sockets-sys 0.3.0 already has a lockfile, it will not be regenerated
[INFO] running `Command { std: CARGO_HOME="/workspace/cargo-home" RUSTUP_HOME="/workspace/rustup-home" "/workspace/cargo-home/bin/cargo" "+1.100.0-beta.1" "fetch" "--manifest-path" "Cargo.toml", kill_on_drop: false }`
[INFO] running `Command { std: "docker" "create" "-v" "/var/lib/crater-agent-workspace/builds/worker-4-tc2/source:/opt/rustwide/workdir:ro,Z" "-v" "/var/lib/crater-agent-workspace/builds/worker-4-tc2/target:/opt/rustwide/target:rw,Z" "-v" "/var/lib/crater-agent-workspace/cargo-home:/opt/rustwide/cargo-home:ro,Z" "-v" "/var/lib/crater-agent-workspace/rustup-home:/opt/rustwide/rustup-home:ro,Z" "-m" "1610612736" "--network" "none" "ghcr.io/rust-lang/crates-build-env/linux@sha256:77db811e55d90add9212f6832c23229e3de5f1c1f9905e8cb07319ea15df73ac" "sleep" "infinity", kill_on_drop: false }`
[INFO] [stdout] 5d8c5db97b2239d6f4395ad95e2984b176b50674f53aa5666020d7f831ddc7bf
[INFO] running `Command { std: "docker" "start" "5d8c5db97b2239d6f4395ad95e2984b176b50674f53aa5666020d7f831ddc7bf", kill_on_drop: false }`
[INFO] running `Command { std: "docker" "inspect" "5d8c5db97b2239d6f4395ad95e2984b176b50674f53aa5666020d7f831ddc7bf", kill_on_drop: false }`
[INFO] running `Command { std: "docker" "exec" "-e" "SOURCE_DIR=/opt/rustwide/workdir" "-e" "CARGO_HOME=/opt/rustwide/cargo-home" "-e" "RUSTUP_HOME=/opt/rustwide/rustup-home" "-e" "CARGO_TARGET_DIR=/opt/rustwide/target" "-w" "/opt/rustwide/workdir" "--user" "0:0" "5d8c5db97b2239d6f4395ad95e2984b176b50674f53aa5666020d7f831ddc7bf" "/opt/rustwide/cargo-home/bin/cargo" "+1.100.0-beta.1" "metadata" "--no-deps" "--format-version=1", kill_on_drop: false }`
[INFO] running `Command { std: "docker" "inspect" "5d8c5db97b2239d6f4395ad95e2984b176b50674f53aa5666020d7f831ddc7bf", kill_on_drop: false }`
[INFO] running `Command { std: "docker" "exec" "-e" "SOURCE_DIR=/opt/rustwide/workdir" "-e" "CARGO_HOME=/opt/rustwide/cargo-home" "-e" "RUSTUP_HOME=/opt/rustwide/rustup-home" "-e" "CARGO_TARGET_DIR=/opt/rustwide/target" "-e" "CARGO_INCREMENTAL=0" "-e" "RUST_BACKTRACE=full" "-e" "RUSTFLAGS=--cap-lints=warn" "-e" "RUSTDOCFLAGS=--cap-lints=warn" "-w" "/opt/rustwide/workdir" "--user" "0:0" "5d8c5db97b2239d6f4395ad95e2984b176b50674f53aa5666020d7f831ddc7bf" "/opt/rustwide/cargo-home/bin/cargo" "+1.100.0-beta.1" "build" "--frozen" "--message-format=json" "--release", kill_on_drop: false }`
[INFO] [stderr]    Compiling crossbeam-utils v0.8.22
[INFO] [stderr]    Compiling proc-macro2 v1.0.107
[INFO] [stderr]    Compiling quote v1.0.47
[INFO] [stderr]    Compiling either v1.18.0
[INFO] [stderr]    Compiling glob v0.3.4
[INFO] [stderr]    Compiling libc v0.2.189
[INFO] [stderr]    Compiling minimal-lexical v0.2.1
[INFO] [stderr]    Compiling regex-syntax v0.8.11
[INFO] [stderr]    Compiling crossbeam-epoch v0.9.20
[INFO] [stderr]    Compiling crossbeam-deque v0.8.7
[INFO] [stderr]    Compiling rayon-core v1.13.0
[INFO] [stderr]    Compiling libloading v0.8.9
[INFO] [stderr]    Compiling bindgen v0.70.1
[INFO] [stderr]    Compiling same-file v1.0.6
[INFO] [stderr]    Compiling rustc-hash v1.1.0
[INFO] [stderr]    Compiling bitflags v2.13.1
[INFO] [stderr]    Compiling cmake v0.1.58
[INFO] [stderr]    Compiling pkg-config v0.3.34
[INFO] [stderr]    Compiling vcpkg_rs_mf v0.3.1
[INFO] [stderr]    Compiling walkdir v2.5.0
[INFO] [stderr]    Compiling nom v7.1.3
[INFO] [stderr]    Compiling itertools v0.13.0
[INFO] [stderr]    Compiling clang-sys v1.9.1
[INFO] [stderr]    Compiling crossbeam-queue v0.3.13
[INFO] [stderr]    Compiling crossbeam-channel v0.5.16
[INFO] [stderr]    Compiling syn v2.0.119
[INFO] [stderr]    Compiling crossbeam v0.8.4
[INFO] [stderr]    Compiling rayon v1.12.0
[INFO] [stderr]    Compiling regex-automata v0.4.18
[INFO] [stderr]    Compiling cexpr v0.6.0
[INFO] [stderr]    Compiling regex v1.13.1
[INFO] [stderr]    Compiling jwalk v0.8.1
[INFO] [stderr]    Compiling dircpy v0.3.20
[INFO] [stderr]    Compiling prettyplease v0.2.37
[INFO] [stderr]    Compiling game-networking-sockets-sys v0.3.0 (/opt/rustwide/workdir)
[INFO] [stderr] error: failed to run custom build command for `game-networking-sockets-sys v0.3.0 (/opt/rustwide/workdir)`
[INFO] [stderr] note: To improve backtraces for build dependencies, set the CARGO_PROFILE_RELEASE_BUILD_OVERRIDE_DEBUG=true environment variable to enable debug information generation.
[INFO] [stderr] 
[INFO] [stderr] Caused by:
[INFO] [stderr]   process didn't exit successfully: `/opt/rustwide/target/release/build/game-networking-sockets-sys/1633ffb73f76d3fb/out/build_script_build` (exit status: 101)
[INFO] [stderr]   --- stdout
[INFO] [stderr]   cargo::rerun-if-changed=/opt/rustwide/workdir/src
[INFO] [stderr]   cargo::rerun-if-changed=/opt/rustwide/workdir/thirdparty/GameNetworkingSockets/src
[INFO] [stderr]   cargo::rerun-if-changed=/opt/rustwide/workdir/thirdparty/GameNetworkingSockets/include
[INFO] [stderr]   cargo::rerun-if-changed=/opt/rustwide/workdir/thirdparty/GameNetworkingSockets/cmake
[INFO] [stderr]   cargo::rerun-if-changed=/opt/rustwide/workdir/thirdparty/GameNetworkingSockets/CMakeLists.txt
[INFO] [stderr]   cargo:rerun-if-env-changed=TARGET
[INFO] [stderr]   cargo:rerun-if-env-changed=BINDGEN_EXTRA_CLANG_ARGS_x86_64-unknown-linux-gnu
[INFO] [stderr]   cargo:rerun-if-env-changed=BINDGEN_EXTRA_CLANG_ARGS_x86_64_unknown_linux_gnu
[INFO] [stderr]   cargo:rerun-if-env-changed=BINDGEN_EXTRA_CLANG_ARGS
[INFO] [stderr]   cargo:rerun-if-changed=/opt/rustwide/workdir/thirdparty/GameNetworkingSockets/include/steam/steamnetworkingsockets_flat.h
[INFO] [stderr]   cargo:rerun-if-changed=/opt/rustwide/workdir/thirdparty/GameNetworkingSockets/include/steam/steamnetworkingsockets.h
[INFO] [stderr]   cargo:rerun-if-changed=/opt/rustwide/workdir/thirdparty/GameNetworkingSockets/include/steam/steamnetworkingtypes.h
[INFO] [stderr]   cargo:rerun-if-changed=/usr/include/string.h
[INFO] [stderr]   cargo:rerun-if-changed=/usr/include/x86_64-linux-gnu/bits/libc-header-start.h
[INFO] [stderr]   cargo:rerun-if-changed=/usr/include/features.h
[INFO] [stderr]   cargo:rerun-if-changed=/usr/include/features-time64.h
[INFO] [stderr]   cargo:rerun-if-changed=/usr/include/x86_64-linux-gnu/bits/wordsize.h
[INFO] [stderr]   cargo:rerun-if-changed=/usr/include/x86_64-linux-gnu/bits/timesize.h
[INFO] [stderr]   cargo:rerun-if-changed=/usr/include/x86_64-linux-gnu/bits/wordsize.h
[INFO] [stderr]   cargo:rerun-if-changed=/usr/include/stdc-predef.h
[INFO] [stderr]   cargo:rerun-if-changed=/usr/include/x86_64-linux-gnu/sys/cdefs.h
[INFO] [stderr]   cargo:rerun-if-changed=/usr/include/x86_64-linux-gnu/bits/wordsize.h
[INFO] [stderr]   cargo:rerun-if-changed=/usr/include/x86_64-linux-gnu/bits/long-double.h
[INFO] [stderr]   cargo:rerun-if-changed=/usr/include/x86_64-linux-gnu/gnu/stubs.h
[INFO] [stderr]   cargo:rerun-if-changed=/usr/include/x86_64-linux-gnu/gnu/stubs-64.h
[INFO] [stderr]   cargo:rerun-if-changed=/usr/lib/llvm-21/lib/clang/21/include/stddef.h
[INFO] [stderr]   cargo:rerun-if-changed=/usr/lib/llvm-21/lib/clang/21/include/__stddef_size_t.h
[INFO] [stderr]   cargo:rerun-if-changed=/usr/lib/llvm-21/lib/clang/21/include/__stddef_null.h
[INFO] [stderr]   cargo:rerun-if-changed=/usr/include/x86_64-linux-gnu/bits/types/locale_t.h
[INFO] [stderr]   cargo:rerun-if-changed=/usr/include/x86_64-linux-gnu/bits/types/__locale_t.h
[INFO] [stderr]   cargo:rerun-if-changed=/usr/include/strings.h
[INFO] [stderr]   cargo:rerun-if-changed=/usr/include/features.h
[INFO] [stderr]   cargo:rerun-if-changed=/usr/lib/llvm-21/lib/clang/21/include/stddef.h
[INFO] [stderr]   cargo:rerun-if-changed=/usr/lib/llvm-21/lib/clang/21/include/__stddef_size_t.h
[INFO] [stderr]   cargo:rerun-if-changed=/usr/include/x86_64-linux-gnu/bits/types/locale_t.h
[INFO] [stderr]   cargo:rerun-if-changed=/usr/lib/llvm-21/lib/clang/21/include/stdint.h
[INFO] [stderr]   cargo:rerun-if-changed=/usr/include/stdint.h
[INFO] [stderr]   cargo:rerun-if-changed=/usr/include/x86_64-linux-gnu/bits/libc-header-start.h
[INFO] [stderr]   cargo:rerun-if-changed=/usr/include/features.h
[INFO] [stderr]   cargo:rerun-if-changed=/usr/include/x86_64-linux-gnu/bits/types.h
[INFO] [stderr]   cargo:rerun-if-changed=/usr/include/features.h
[INFO] [stderr]   cargo:rerun-if-changed=/usr/include/x86_64-linux-gnu/bits/wordsize.h
[INFO] [stderr]   cargo:rerun-if-changed=/usr/include/x86_64-linux-gnu/bits/timesize.h
[INFO] [stderr]   cargo:rerun-if-changed=/usr/include/x86_64-linux-gnu/bits/wordsize.h
[INFO] [stderr]   cargo:rerun-if-changed=/usr/include/x86_64-linux-gnu/bits/typesizes.h
[INFO] [stderr]   cargo:rerun-if-changed=/usr/include/x86_64-linux-gnu/bits/time64.h
[INFO] [stderr]   cargo:rerun-if-changed=/usr/include/x86_64-linux-gnu/bits/wchar.h
[INFO] [stderr]   cargo:rerun-if-changed=/usr/include/x86_64-linux-gnu/bits/wordsize.h
[INFO] [stderr]   cargo:rerun-if-changed=/usr/include/x86_64-linux-gnu/bits/stdint-intn.h
[INFO] [stderr]   cargo:rerun-if-changed=/usr/include/x86_64-linux-gnu/bits/types.h
[INFO] [stderr]   cargo:rerun-if-changed=/usr/include/x86_64-linux-gnu/bits/stdint-uintn.h
[INFO] [stderr]   cargo:rerun-if-changed=/usr/include/x86_64-linux-gnu/bits/types.h
[INFO] [stderr]   cargo:rerun-if-changed=/usr/include/x86_64-linux-gnu/bits/stdint-least.h
[INFO] [stderr]   cargo:rerun-if-changed=/usr/include/x86_64-linux-gnu/bits/types.h
[INFO] [stderr]   cargo:rerun-if-changed=/opt/rustwide/workdir/thirdparty/GameNetworkingSockets/include/steam/steamtypes.h
[INFO] [stderr]   cargo:rerun-if-changed=/opt/rustwide/workdir/thirdparty/GameNetworkingSockets/include/steam/steamclientpublic.h
[INFO] [stderr]   cargo:rerun-if-changed=/opt/rustwide/workdir/thirdparty/GameNetworkingSockets/include/steam/steamtypes.h
[INFO] [stderr]   cargo:rerun-if-changed=/opt/rustwide/workdir/thirdparty/GameNetworkingSockets/include/steam/steamuniverse.h
[INFO] [stderr]   cargo:rerun-if-changed=/opt/rustwide/workdir/thirdparty/GameNetworkingSockets/include/steam/isteamnetworkingsockets.h
[INFO] [stderr]   cargo:rerun-if-changed=/opt/rustwide/workdir/thirdparty/GameNetworkingSockets/include/steam/steamnetworkingtypes.h
[INFO] [stderr]   cargo:rerun-if-changed=/opt/rustwide/workdir/thirdparty/GameNetworkingSockets/include/steam/steam_api_common.h
[INFO] [stderr]   cargo:rerun-if-changed=/opt/rustwide/workdir/thirdparty/GameNetworkingSockets/include/steam/steamtypes.h
[INFO] [stderr]   cargo:rerun-if-changed=/opt/rustwide/workdir/thirdparty/GameNetworkingSockets/include/steam/steamclientpublic.h
[INFO] [stderr]   cargo:rerun-if-changed=/opt/rustwide/workdir/thirdparty/GameNetworkingSockets/include/steam/isteamnetworkingutils.h
[INFO] [stderr]   cargo:rerun-if-changed=/opt/rustwide/workdir/thirdparty/GameNetworkingSockets/include/steam/steamnetworkingtypes.h
[INFO] [stderr]   cargo:rerun-if-changed=/opt/rustwide/workdir/thirdparty/GameNetworkingSockets/include/steam/steam_api_common.h
[INFO] [stderr]   cargo:rerun-if-changed=/opt/rustwide/workdir/thirdparty/GameNetworkingSockets/include/steam/isteamnetworkingmessages.h
[INFO] [stderr]   cargo:rerun-if-changed=/opt/rustwide/workdir/thirdparty/GameNetworkingSockets/include/steam/steamnetworkingtypes.h
[INFO] [stderr]   cargo:rerun-if-changed=/opt/rustwide/workdir/thirdparty/GameNetworkingSockets/include/steam/steam_api_common.h
[INFO] [stderr]   cargo:rerun-if-changed=/opt/rustwide/workdir/thirdparty/GameNetworkingSockets/include/steam/isteamnetworkingsockets.h
[INFO] [stderr]   cargo:rustc-link-search=/opt/rustwide/target/release/build/game-networking-sockets-sys/499a4893fca5c6bd/out/build/src
[INFO] [stderr]   cargo:rustc-link-lib=GameNetworkingSockets_s
[INFO] [stderr]   cargo:rerun-if-env-changed=PROTOBUF_NO_PKG_CONFIG
[INFO] [stderr]   cargo:rerun-if-env-changed=PKG_CONFIG_x86_64-unknown-linux-gnu
[INFO] [stderr]   cargo:rerun-if-env-changed=PKG_CONFIG_x86_64_unknown_linux_gnu
[INFO] [stderr]   cargo:rerun-if-env-changed=HOST_PKG_CONFIG
[INFO] [stderr]   cargo:rerun-if-env-changed=PKG_CONFIG
[INFO] [stderr]   cargo:rerun-if-env-changed=PKG_CONFIG_PATH_x86_64-unknown-linux-gnu
[INFO] [stderr]   cargo:rerun-if-env-changed=PKG_CONFIG_PATH_x86_64_unknown_linux_gnu
[INFO] [stderr]   cargo:rerun-if-env-changed=HOST_PKG_CONFIG_PATH
[INFO] [stderr]   cargo:rerun-if-env-changed=PKG_CONFIG_PATH
[INFO] [stderr]   cargo:rerun-if-env-changed=PKG_CONFIG_LIBDIR_x86_64-unknown-linux-gnu
[INFO] [stderr]   cargo:rerun-if-env-changed=PKG_CONFIG_LIBDIR_x86_64_unknown_linux_gnu
[INFO] [stderr]   cargo:rerun-if-env-changed=HOST_PKG_CONFIG_LIBDIR
[INFO] [stderr]   cargo:rerun-if-env-changed=PKG_CONFIG_LIBDIR
[INFO] [stderr]   cargo:rerun-if-env-changed=PKG_CONFIG_SYSROOT_DIR_x86_64-unknown-linux-gnu
[INFO] [stderr]   cargo:rerun-if-env-changed=PKG_CONFIG_SYSROOT_DIR_x86_64_unknown_linux_gnu
[INFO] [stderr]   cargo:rerun-if-env-changed=HOST_PKG_CONFIG_SYSROOT_DIR
[INFO] [stderr]   cargo:rerun-if-env-changed=PKG_CONFIG_SYSROOT_DIR
[INFO] [stderr]   cargo:rerun-if-env-changed=PKG_CONFIG_SYSROOT_DIR
[INFO] [stderr]   cargo:rerun-if-env-changed=SYSROOT
[INFO] [stderr]   cargo:rustc-link-search=native=/usr/lib/x86_64-linux-gnu
[INFO] [stderr]   cargo:rustc-link-lib=protobuf
[INFO] [stderr]   cargo:rustc-link-lib=z
[INFO] [stderr]   cargo:rerun-if-env-changed=PKG_CONFIG_x86_64-unknown-linux-gnu
[INFO] [stderr]   cargo:rerun-if-env-changed=PKG_CONFIG_x86_64_unknown_linux_gnu
[INFO] [stderr]   cargo:rerun-if-env-changed=HOST_PKG_CONFIG
[INFO] [stderr]   cargo:rerun-if-env-changed=PKG_CONFIG
[INFO] [stderr]   cargo:rerun-if-env-changed=PKG_CONFIG_PATH_x86_64-unknown-linux-gnu
[INFO] [stderr]   cargo:rerun-if-env-changed=PKG_CONFIG_PATH_x86_64_unknown_linux_gnu
[INFO] [stderr]   cargo:rerun-if-env-changed=HOST_PKG_CONFIG_PATH
[INFO] [stderr]   cargo:rerun-if-env-changed=PKG_CONFIG_PATH
[INFO] [stderr]   cargo:rerun-if-env-changed=PKG_CONFIG_LIBDIR_x86_64-unknown-linux-gnu
[INFO] [stderr]   cargo:rerun-if-env-changed=PKG_CONFIG_LIBDIR_x86_64_unknown_linux_gnu
[INFO] [stderr]   cargo:rerun-if-env-changed=HOST_PKG_CONFIG_LIBDIR
[INFO] [stderr]   cargo:rerun-if-env-changed=PKG_CONFIG_LIBDIR
[INFO] [stderr]   cargo:rerun-if-env-changed=PKG_CONFIG_SYSROOT_DIR_x86_64-unknown-linux-gnu
[INFO] [stderr]   cargo:rerun-if-env-changed=PKG_CONFIG_SYSROOT_DIR_x86_64_unknown_linux_gnu
[INFO] [stderr]   cargo:rerun-if-env-changed=HOST_PKG_CONFIG_SYSROOT_DIR
[INFO] [stderr]   cargo:rerun-if-env-changed=PKG_CONFIG_SYSROOT_DIR
[INFO] [stderr]   cargo:rerun-if-env-changed=OPENSSL_NO_PKG_CONFIG
[INFO] [stderr]   cargo:rerun-if-env-changed=PKG_CONFIG_x86_64-unknown-linux-gnu
[INFO] [stderr]   cargo:rerun-if-env-changed=PKG_CONFIG_x86_64_unknown_linux_gnu
[INFO] [stderr]   cargo:rerun-if-env-changed=HOST_PKG_CONFIG
[INFO] [stderr]   cargo:rerun-if-env-changed=PKG_CONFIG
[INFO] [stderr]   cargo:rerun-if-env-changed=PKG_CONFIG_PATH_x86_64-unknown-linux-gnu
[INFO] [stderr]   cargo:rerun-if-env-changed=PKG_CONFIG_PATH_x86_64_unknown_linux_gnu
[INFO] [stderr]   cargo:rerun-if-env-changed=HOST_PKG_CONFIG_PATH
[INFO] [stderr]   cargo:rerun-if-env-changed=PKG_CONFIG_PATH
[INFO] [stderr]   cargo:rerun-if-env-changed=PKG_CONFIG_LIBDIR_x86_64-unknown-linux-gnu
[INFO] [stderr]   cargo:rerun-if-env-changed=PKG_CONFIG_LIBDIR_x86_64_unknown_linux_gnu
[INFO] [stderr]   cargo:rerun-if-env-changed=HOST_PKG_CONFIG_LIBDIR
[INFO] [stderr]   cargo:rerun-if-env-changed=PKG_CONFIG_LIBDIR
[INFO] [stderr]   cargo:rerun-if-env-changed=PKG_CONFIG_SYSROOT_DIR_x86_64-unknown-linux-gnu
[INFO] [stderr]   cargo:rerun-if-env-changed=PKG_CONFIG_SYSROOT_DIR_x86_64_unknown_linux_gnu
[INFO] [stderr]   cargo:rerun-if-env-changed=HOST_PKG_CONFIG_SYSROOT_DIR
[INFO] [stderr]   cargo:rerun-if-env-changed=PKG_CONFIG_SYSROOT_DIR
[INFO] [stderr]   cargo:rerun-if-env-changed=PKG_CONFIG_SYSROOT_DIR
[INFO] [stderr]   cargo:rerun-if-env-changed=SYSROOT
[INFO] [stderr]   cargo:rustc-link-search=native=/usr/lib/x86_64-linux-gnu
[INFO] [stderr]   cargo:rustc-link-lib=ssl
[INFO] [stderr]   cargo:rustc-link-lib=crypto
[INFO] [stderr]   cargo:rustc-link-arg=-l:libjitterentropy.a
[INFO] [stderr]   cargo:rustc-link-lib=z
[INFO] [stderr]   cargo:rustc-link-lib=zstd
[INFO] [stderr]   cargo:rustc-link-lib=dl
[INFO] [stderr]   cargo:rerun-if-env-changed=PKG_CONFIG_x86_64-unknown-linux-gnu
[INFO] [stderr]   cargo:rerun-if-env-changed=PKG_CONFIG_x86_64_unknown_linux_gnu
[INFO] [stderr]   cargo:rerun-if-env-changed=HOST_PKG_CONFIG
[INFO] [stderr]   cargo:rerun-if-env-changed=PKG_CONFIG
[INFO] [stderr]   cargo:rerun-if-env-changed=PKG_CONFIG_PATH_x86_64-unknown-linux-gnu
[INFO] [stderr]   cargo:rerun-if-env-changed=PKG_CONFIG_PATH_x86_64_unknown_linux_gnu
[INFO] [stderr]   cargo:rerun-if-env-changed=HOST_PKG_CONFIG_PATH
[INFO] [stderr]   cargo:rerun-if-env-changed=PKG_CONFIG_PATH
[INFO] [stderr]   cargo:rerun-if-env-changed=PKG_CONFIG_LIBDIR_x86_64-unknown-linux-gnu
[INFO] [stderr]   cargo:rerun-if-env-changed=PKG_CONFIG_LIBDIR_x86_64_unknown_linux_gnu
[INFO] [stderr]   cargo:rerun-if-env-changed=HOST_PKG_CONFIG_LIBDIR
[INFO] [stderr]   cargo:rerun-if-env-changed=PKG_CONFIG_LIBDIR
[INFO] [stderr]   cargo:rerun-if-env-changed=PKG_CONFIG_SYSROOT_DIR_x86_64-unknown-linux-gnu
[INFO] [stderr]   cargo:rerun-if-env-changed=PKG_CONFIG_SYSROOT_DIR_x86_64_unknown_linux_gnu
[INFO] [stderr]   cargo:rerun-if-env-changed=HOST_PKG_CONFIG_SYSROOT_DIR
[INFO] [stderr]   cargo:rerun-if-env-changed=PKG_CONFIG_SYSROOT_DIR
[INFO] [stderr]   cargo:rustc-link-lib=stdc++
[INFO] [stderr]   CMAKE_TOOLCHAIN_FILE_x86_64-unknown-linux-gnu = None
[INFO] [stderr]   CMAKE_TOOLCHAIN_FILE_x86_64_unknown_linux_gnu = None
[INFO] [stderr]   HOST_CMAKE_TOOLCHAIN_FILE = None
[INFO] [stderr]   CMAKE_TOOLCHAIN_FILE = None
[INFO] [stderr]   CMAKE_GENERATOR_x86_64-unknown-linux-gnu = None
[INFO] [stderr]   CMAKE_GENERATOR_x86_64_unknown_linux_gnu = None
[INFO] [stderr]   HOST_CMAKE_GENERATOR = None
[INFO] [stderr]   CMAKE_GENERATOR = None
[INFO] [stderr]   CMAKE_PREFIX_PATH_x86_64-unknown-linux-gnu = None
[INFO] [stderr]   CMAKE_PREFIX_PATH_x86_64_unknown_linux_gnu = None
[INFO] [stderr]   HOST_CMAKE_PREFIX_PATH = None
[INFO] [stderr]   CMAKE_PREFIX_PATH = None
[INFO] [stderr]   CMAKE_x86_64-unknown-linux-gnu = None
[INFO] [stderr]   CMAKE_x86_64_unknown_linux_gnu = None
[INFO] [stderr]   HOST_CMAKE = None
[INFO] [stderr]   CMAKE = None
[INFO] [stderr]   -- The C compiler identification is GNU 15.2.0
[INFO] [stderr]   -- The CXX compiler identification is GNU 15.2.0
[INFO] [stderr]   -- Detecting C compiler ABI info
[INFO] [stderr]   -- Detecting C compiler ABI info - done
[INFO] [stderr]   -- Check for working C compiler: /usr/bin/cc - skipped
[INFO] [stderr]   -- Detecting C compile features
[INFO] [stderr]   -- Detecting C compile features - done
[INFO] [stderr]   -- Detecting CXX compiler ABI info
[INFO] [stderr]   -- Detecting CXX compiler ABI info - done
[INFO] [stderr]   -- Check for working CXX compiler: /usr/bin/c++ - skipped
[INFO] [stderr]   -- Detecting CXX compile features
[INFO] [stderr]   -- Detecting CXX compile features - done
[INFO] [stderr]   -- CMAKE_BUILD_TYPE='Release'
[INFO] [stderr]   -- Found OpenSSL: /usr/lib/x86_64-linux-gnu/libcrypto.so (found version "3.5.5")
[INFO] [stderr]   -- OPENSSL_INCLUDE_DIR = /usr/include
[INFO] [stderr]   -- Looking for EVP_MD_CTX_free
[INFO] [stderr]   -- Looking for EVP_MD_CTX_free - found
[INFO] [stderr]   -- Found Protobuf: /usr/lib/x86_64-linux-gnu/libprotobuf.a (found version "3.21.12")
[INFO] [stderr]   -- Found Threads: TRUE
[INFO] [stderr]   -- Performing Test _fvisibility_hidden_TEST
[INFO] [stderr]   -- Performing Test _fvisibility_hidden_TEST - Success
[INFO] [stderr]   -- Performing Test _fno_strict_aliasing_TEST
[INFO] [stderr]   -- Performing Test _fno_strict_aliasing_TEST - Success
[INFO] [stderr]   -- Performing Test _Wall_TEST
[INFO] [stderr]   -- Performing Test _Wall_TEST - Success
[INFO] [stderr]   -- Performing Test _Wno_unknown_pragmas_TEST
[INFO] [stderr]   -- Performing Test _Wno_unknown_pragmas_TEST - Success
[INFO] [stderr]   -- Performing Test _Wno_sign_compare_TEST
[INFO] [stderr]   -- Performing Test _Wno_sign_compare_TEST - Success
[INFO] [stderr]   -- Performing Test _Wno_unused_local_typedef_TEST
[INFO] [stderr]   -- Performing Test _Wno_unused_local_typedef_TEST - Success
[INFO] [stderr]   -- Performing Test _Wno_unused_const_variable_TEST
[INFO] [stderr]   -- Performing Test _Wno_unused_const_variable_TEST - Success
[INFO] [stderr]   -- Performing Test _Wno_nested_anon_types_TEST
[INFO] [stderr]   -- Performing Test _Wno_nested_anon_types_TEST - Success
[INFO] [stderr]   -- Performing Test _Wno_format_truncation_TEST
[INFO] [stderr]   -- Performing Test _Wno_format_truncation_TEST - Success
[INFO] [stderr]   -- Performing Test _Wstrict_prototypes_TEST
[INFO] [stderr]   -- Performing Test _Wstrict_prototypes_TEST - Success
[INFO] [stderr]   -- Performing Test _fvisibility_inlines_hidden_TEST
[INFO] [stderr]   -- Performing Test _fvisibility_inlines_hidden_TEST - Success
[INFO] [stderr]   -- Performing Test _Wno_reorder_TEST
[INFO] [stderr]   -- Performing Test _Wno_reorder_TEST - Success
[INFO] [stderr]   -- Performing Test _Wno_non_virtual_dtor_TEST
[INFO] [stderr]   -- Performing Test _Wno_non_virtual_dtor_TEST - Success
[INFO] [stderr]   -- Performing Test _Wno_zero_as_null_pointer_constant_TEST
[INFO] [stderr]   -- Performing Test _Wno_zero_as_null_pointer_constant_TEST - Success
[INFO] [stderr]   -- Performing Test _fno_exceptions_TEST
[INFO] [stderr]   -- Performing Test _fno_exceptions_TEST - Success
[INFO] [stderr]   -- Performing Test _fno_rtti_TEST
[INFO] [stderr]   -- Performing Test _fno_rtti_TEST - Success
[INFO] [stderr]   -- Crypto library for AES/SHA256: OpenSSL
[INFO] [stderr]   -- Crypto library for ed25519/curve25519: 
[INFO] [stderr]   -- Link-time optimization: OFF
[INFO] [stderr]   -- Configuring done (5.3s)
[INFO] [stderr]   -- Generating done (0.0s)
[INFO] [stderr]   -- Build files have been written to: /opt/rustwide/target/release/build/game-networking-sockets-sys/499a4893fca5c6bd/out/build
[INFO] [stderr]   [  2%] Running cpp protocol buffer compiler on common/steamnetworkingsockets_messages.proto
[INFO] [stderr]   [  4%] Running cpp protocol buffer compiler on common/steamnetworkingsockets_messages_certs.proto
[INFO] [stderr]   [  6%] Running cpp protocol buffer compiler on common/steamnetworkingsockets_messages_udp.proto
[INFO] [stderr]   [  9%] Building CXX object src/CMakeFiles/GameNetworkingSockets_s.dir/common/steamid.cpp.o
[INFO] [stderr]   [ 11%] Building CXX object src/CMakeFiles/GameNetworkingSockets_s.dir/steamnetworkingsockets/steamnetworkingsockets_shared.cpp.o
[INFO] [stderr]   [ 16%] Building CXX object src/CMakeFiles/GameNetworkingSockets_s.dir/steamnetworkingsockets/steamnetworkingsockets_certs.cpp.o
[INFO] [stderr]   [ 18%] Building CXX object src/CMakeFiles/GameNetworkingSockets_s.dir/tier0/valve_tracelogging.cpp.o
[INFO] [stderr]   [ 13%] Building CXX object src/CMakeFiles/GameNetworkingSockets_s.dir/steamnetworkingsockets/steamnetworkingsockets_certstore.cpp.o
[INFO] [stderr]   [ 20%] Building CXX object src/CMakeFiles/GameNetworkingSockets_s.dir/tier0/dbg.cpp.o
[INFO] [stderr]   [ 23%] Building CXX object src/CMakeFiles/GameNetworkingSockets_s.dir/tier1/utlbuffer.cpp.o
[INFO] [stderr]   [ 25%] Building CXX object src/CMakeFiles/GameNetworkingSockets_s.dir/tier1/utlmemory.cpp.o
[INFO] [stderr]   [ 27%] Building CXX object src/CMakeFiles/GameNetworkingSockets_s.dir/steamnetworkingsockets/steamnetworkingsockets_stats.cpp.o
[INFO] [stderr]   [ 30%] Building C object src/CMakeFiles/GameNetworkingSockets_s.dir/tier1/ipv6text.c.o
[INFO] [stderr]   [ 32%] Building CXX object src/CMakeFiles/GameNetworkingSockets_s.dir/steamnetworkingsockets/clientlib/csteamnetworkingsockets.cpp.o
[INFO] [stderr]   [ 34%] Building CXX object src/CMakeFiles/GameNetworkingSockets_s.dir/steamnetworkingsockets/steamnetworkingsockets_thinker.cpp.o
[INFO] [stderr]   [ 37%] Building CXX object src/CMakeFiles/GameNetworkingSockets_s.dir/steamnetworkingsockets/clientlib/csteamnetworkingmessages.cpp.o
[INFO] [stderr]   [ 39%] Building CXX object src/CMakeFiles/GameNetworkingSockets_s.dir/tier0/platformtime.cpp.o
[INFO] [stderr]   [ 41%] Building CXX object src/CMakeFiles/GameNetworkingSockets_s.dir/vstdlib/strtools.cpp.o
[INFO] [stderr]   [ 44%] Building CXX object src/CMakeFiles/GameNetworkingSockets_s.dir/tier1/netadr.cpp.o
[INFO] [stderr]   [ 46%] Building CXX object src/CMakeFiles/GameNetworkingSockets_s.dir/steamnetworkingsockets/clientlib/steamnetworkingsockets_flat.cpp.o
[INFO] [stderr]   [ 48%] Building CXX object src/CMakeFiles/GameNetworkingSockets_s.dir/steamnetworkingsockets/clientlib/steamnetworkingsockets_connections.cpp.o
[INFO] [stderr]   [ 51%] Building CXX object src/CMakeFiles/GameNetworkingSockets_s.dir/steamnetworkingsockets/clientlib/steamnetworkingsockets_socketthread.cpp.o
[INFO] [stderr]   [ 53%] Building CXX object src/CMakeFiles/GameNetworkingSockets_s.dir/steamnetworkingsockets/clientlib/steamnetworkingsockets_lowlevel_misc.cpp.o
[INFO] [stderr]   [ 55%] Building CXX object src/CMakeFiles/GameNetworkingSockets_s.dir/steamnetworkingsockets/clientlib/steamnetworkingsockets_spew.cpp.o
[INFO] [stderr]   [ 58%] Building CXX object src/CMakeFiles/GameNetworkingSockets_s.dir/steamnetworkingsockets/clientlib/steamnetworkingsockets_taskqueue.cpp.o
[INFO] [stderr]   [ 60%] Building CXX object src/CMakeFiles/GameNetworkingSockets_s.dir/steamnetworkingsockets/clientlib/steamnetworkingsockets_ice_client.cpp.o
[INFO] [stderr]   [ 62%] Building CXX object src/CMakeFiles/GameNetworkingSockets_s.dir/steamnetworkingsockets/clientlib/steamnetworkingsockets_p2p.cpp.o
[INFO] [stderr] 
[INFO] [stderr]   --- stderr
[INFO] [stderr]   clang diag: /opt/rustwide/workdir/thirdparty/GameNetworkingSockets/include/steam/steamnetworkingtypes.h:23:9: warning: 'STEAMNETWORKINGSOCKETS_STANDALONELIB' macro redefined [-Wmacro-redefined]
[INFO] [stderr]   error: 'rustfmt' is not installed for the toolchain '1.100.0-beta.1-x86_64-unknown-linux-gnu'.
[INFO] [stderr]   help: run `rustup component add --toolchain 1.100.0-beta.1-x86_64-unknown-linux-gnu rustfmt` to install it
[INFO] [stderr]   Failed to run rustfmt: Internal rustfmt error (non-fatal, continuing)
[INFO] [stderr]   running: cd "/opt/rustwide/target/release/build/game-networking-sockets-sys/499a4893fca5c6bd/out/build" && CMAKE_PREFIX_PATH="" LC_ALL="C" "cmake" "/opt/rustwide/workdir/thirdparty/GameNetworkingSockets" "-B" "/opt/rustwide/target/release/build/game-networking-sockets-sys/499a4893fca5c6bd/out/build" "-DBUILD_STATIC_LIB=ON" "-DBUILD_SHARED_LIB=OFF" "-DOPENSSL_USE_STATIC_LIB=ON" "-DProtobuf_USE_STATIC_LIBS=ON" "-DCMAKE_INSTALL_PREFIX=/opt/rustwide/target/release/build/game-networking-sockets-sys/499a4893fca5c6bd/out" "-DCMAKE_C_FLAGS= -ffunction-sections -fdata-sections -fPIC -m64 -w" "-DCMAKE_C_COMPILER=/usr/bin/cc" "-DCMAKE_CXX_FLAGS= -ffunction-sections -fdata-sections -fPIC -m64 -w" "-DCMAKE_CXX_COMPILER=/usr/bin/c++" "-DCMAKE_ASM_FLAGS= -ffunction-sections -fdata-sections -fPIC -m64 -w" "-DCMAKE_ASM_COMPILER=/usr/bin/cc" "-DCMAKE_BUILD_TYPE=Release"
[INFO] [stderr]   CMake Warning:
[INFO] [stderr]     Manually-specified variables were not used by the project:
[INFO] [stderr] 
[INFO] [stderr]       CMAKE_ASM_COMPILER
[INFO] [stderr]       CMAKE_ASM_FLAGS
[INFO] [stderr]       OPENSSL_USE_STATIC_LIB
[INFO] [stderr] 
[INFO] [stderr] 
[INFO] [stderr]   running: cd "/opt/rustwide/target/release/build/game-networking-sockets-sys/499a4893fca5c6bd/out/build" && LC_ALL="C" MAKEFLAGS="-j --jobserver-fds=4,5 --jobserver-auth=4,5" "cmake" "--build" "/opt/rustwide/target/release/build/game-networking-sockets-sys/499a4893fca5c6bd/out/build" "--target" "install" "--config" "Release"
[INFO] [stderr]   c++: fatal error: Killed signal terminated program cc1plus
[INFO] [stderr]   compilation terminated.
[INFO] [stderr]   gmake[2]: *** [src/CMakeFiles/GameNetworkingSockets_s.dir/build.make:131: src/CMakeFiles/GameNetworkingSockets_s.dir/steamnetworkingsockets/steamnetworkingsockets_certstore.cpp.o] Error 1
[INFO] [stderr]   gmake[2]: *** Waiting for unfinished jobs....
[INFO] [stderr]   c++: fatal error: Killed signal terminated program cc1plus
[INFO] [stderr]   compilation terminated.
[INFO] [stderr]   gmake[2]: *** [src/CMakeFiles/GameNetworkingSockets_s.dir/build.make:299: src/CMakeFiles/GameNetworkingSockets_s.dir/steamnetworkingsockets/clientlib/csteamnetworkingsockets.cpp.o] Error 1
[INFO] [stderr]   c++: fatal error: Killed signal terminated program cc1plus
[INFO] [stderr]   compilation terminated.
[INFO] [stderr]   gmake[2]: *** [src/CMakeFiles/GameNetworkingSockets_s.dir/build.make:117: src/CMakeFiles/GameNetworkingSockets_s.dir/steamnetworkingsockets/steamnetworkingsockets_certs.cpp.o] Error 1
[INFO] [stderr]   c++: fatal error: Killed signal terminated program cc1plus
[INFO] [stderr]   compilation terminated.
[INFO] [stderr]   gmake[2]: *** [src/CMakeFiles/GameNetworkingSockets_s.dir/build.make:341: src/CMakeFiles/GameNetworkingSockets_s.dir/steamnetworkingsockets/clientlib/steamnetworkingsockets_connections.cpp.o] Error 1
[INFO] [stderr]   c++: fatal error: Killed signal terminated program cc1plus
[INFO] [stderr]   compilation terminated.
[INFO] [stderr]   gmake[2]: *** [src/CMakeFiles/GameNetworkingSockets_s.dir/build.make:313: src/CMakeFiles/GameNetworkingSockets_s.dir/steamnetworkingsockets/clientlib/csteamnetworkingmessages.cpp.o] Error 1
[INFO] [stderr]   c++: fatal error: Killed signal terminated program cc1plus
[INFO] [stderr]   compilation terminated.
[INFO] [stderr]   gmake[2]: *** [src/CMakeFiles/GameNetworkingSockets_s.dir/build.make:159: src/CMakeFiles/GameNetworkingSockets_s.dir/tier0/dbg.cpp.o] Error 1
[INFO] [stderr]   c++: fatal error: Killed signal terminated program cc1plus
[INFO] [stderr]   compilation terminated.
[INFO] [stderr]   gmake[2]: *** [src/CMakeFiles/GameNetworkingSockets_s.dir/build.make:271: src/CMakeFiles/GameNetworkingSockets_s.dir/steamnetworkingsockets/steamnetworkingsockets_stats.cpp.o] Error 1
[INFO] [stderr]   gmake[1]: *** [CMakeFiles/Makefile2:129: src/CMakeFiles/GameNetworkingSockets_s.dir/all] Error 2
[INFO] [stderr]   gmake: *** [Makefile:136: all] Error 2
[INFO] [stderr] 
[INFO] [stderr]   thread 'main' (604) panicked at /opt/rustwide/cargo-home/registry/src/index.crates.io-1949cf8c6b5b557f/cmake-0.1.58/src/lib.rs:1132:5:
[INFO] [stderr] 
[INFO] [stderr]   command did not execute successfully, got: exit status: 2
[INFO] [stderr] 
[INFO] [stderr]   build script failed, must exit now
[INFO] [stderr]   stack backtrace:
[INFO] [stderr]      0:     0x60b95c074d11 - <<std[617be2ca0a6fd877]::sys::backtrace::BacktraceLock>::print::DisplayBacktrace as core[a373ad73a504971]::fmt::Display>::fmt
[INFO] [stderr]      1:     0x60b95c08cc4a - core[a373ad73a504971]::fmt::write
[INFO] [stderr]      2:     0x60b95c07afec - <std[617be2ca0a6fd877]::sys::stdio::unix::Stderr as core[a373ad73a504971]::io::write::Write>::write_fmt
[INFO] [stderr]      3:     0x60b95c04d296 - std[617be2ca0a6fd877]::panicking::default_hook::{closure#0}
[INFO] [stderr]      4:     0x60b95c06b721 - std[617be2ca0a6fd877]::panicking::default_hook
[INFO] [stderr]      5:     0x60b95c06ba4b - std[617be2ca0a6fd877]::panicking::panic_with_hook
[INFO] [stderr]      6:     0x60b95c04d342 - std[617be2ca0a6fd877]::panicking::panic_handler::{closure#0}
[INFO] [stderr]      7:     0x60b95c045e09 - std[617be2ca0a6fd877]::sys::backtrace::__rust_end_short_backtrace::<std[617be2ca0a6fd877]::panicking::panic_handler::{closure#0}, !>
[INFO] [stderr]      8:     0x60b95c04e02d - __rustc[ea4f61d10b84890b]::rust_begin_unwind
[INFO] [stderr]      9:     0x60b95c08d46c - core[a373ad73a504971]::panicking::panic_fmt
[INFO] [stderr]     10:     0x60b95bacefe7 - cmake[a03b7680f0a27b6b]::fail
[INFO] [stderr]     11:     0x60b95bacec73 - cmake[a03b7680f0a27b6b]::run
[INFO] [stderr]     12:     0x60b95bad4c55 - <cmake[a03b7680f0a27b6b]::Config>::build
[INFO] [stderr]     13:     0x60b95ba88568 - build_script_build[67068adbb2a982e7]::main
[INFO] [stderr]     14:     0x60b95ba8a913 - <fn() as core[a373ad73a504971]::ops::function::FnOnce<()>>::call_once
[INFO] [stderr]     15:     0x60b95ba82a3e - std[617be2ca0a6fd877]::sys::backtrace::__rust_begin_short_backtrace::<fn(), ()>
[INFO] [stderr]     16:     0x60b95ba82a49 - std[617be2ca0a6fd877]::rt::lang_start::<()>::{closure#0}
[INFO] [stderr]     17:     0x60b95c06a688 - std[617be2ca0a6fd877]::rt::lang_start_internal
[INFO] [stderr]     18:     0x60b95ba823e1 - std[617be2ca0a6fd877]::rt::lang_start::<()>
[INFO] [stderr]     19:     0x60b95ba8ab35 - main
[INFO] [stderr]     20:     0x7f2f339ce601 - <unknown>
[INFO] [stderr]     21:     0x7f2f339ce718 - __libc_start_main
[INFO] [stderr]     22:     0x60b95ba802b5 - _start
[INFO] [stderr]     23:                0x0 - <unknown>
[INFO] running `Command { std: "docker" "inspect" "5d8c5db97b2239d6f4395ad95e2984b176b50674f53aa5666020d7f831ddc7bf", kill_on_drop: false }`
[INFO] running `Command { std: "docker" "rm" "-f" "5d8c5db97b2239d6f4395ad95e2984b176b50674f53aa5666020d7f831ddc7bf", kill_on_drop: false }`
[INFO] [stdout] 5d8c5db97b2239d6f4395ad95e2984b176b50674f53aa5666020d7f831ddc7bf
