[INFO] fetching crate gam-row-macros 0.3.157...
[INFO] testing gam-row-macros-0.3.157 against 1.100.0-beta.1+cargoflags=--release for beta-release-1.100-2
[INFO] extracting crate gam-row-macros 0.3.157 into /workspace/builds/worker-5-tc2/source
[INFO] started tweaking crates.io crate gam-row-macros 0.3.157
[INFO] removed 0 missing tests
[INFO] finished tweaking crates.io crate gam-row-macros 0.3.157
[INFO] tweaked toml for crates.io crate gam-row-macros 0.3.157 written to /workspace/builds/worker-5-tc2/source/Cargo.toml
[INFO] validating manifest of crates.io crate gam-row-macros 0.3.157 on toolchain 1.100.0-beta.1
[INFO] running `Command { std: CARGO_HOME="/workspace/cargo-home" RUSTUP_HOME="/workspace/rustup-home" "/workspace/cargo-home/bin/cargo" "+1.100.0-beta.1" "metadata" "--manifest-path" "Cargo.toml" "--no-deps", kill_on_drop: false }`
[INFO] crate crates.io crate gam-row-macros 0.3.157 already has a lockfile, it will not be regenerated
[INFO] running `Command { std: CARGO_HOME="/workspace/cargo-home" RUSTUP_HOME="/workspace/rustup-home" "/workspace/cargo-home/bin/cargo" "+1.100.0-beta.1" "fetch" "--manifest-path" "Cargo.toml", kill_on_drop: false }`
[INFO] running `Command { std: "docker" "create" "-v" "/var/lib/crater-agent-workspace/builds/worker-5-tc2/source:/opt/rustwide/workdir:ro,Z" "-v" "/var/lib/crater-agent-workspace/builds/worker-5-tc2/target:/opt/rustwide/target:rw,Z" "-v" "/var/lib/crater-agent-workspace/cargo-home:/opt/rustwide/cargo-home:ro,Z" "-v" "/var/lib/crater-agent-workspace/rustup-home:/opt/rustwide/rustup-home:ro,Z" "-m" "1610612736" "--network" "none" "ghcr.io/rust-lang/crates-build-env/linux@sha256:77db811e55d90add9212f6832c23229e3de5f1c1f9905e8cb07319ea15df73ac" "sleep" "infinity", kill_on_drop: false }`
[INFO] [stdout] cdb87f76660142f38cdf6e63b01316f923190bf90a59d0c53ab12ca92a891672
[INFO] running `Command { std: "docker" "start" "cdb87f76660142f38cdf6e63b01316f923190bf90a59d0c53ab12ca92a891672", kill_on_drop: false }`
[INFO] running `Command { std: "docker" "inspect" "cdb87f76660142f38cdf6e63b01316f923190bf90a59d0c53ab12ca92a891672", kill_on_drop: false }`
[INFO] running `Command { std: "docker" "exec" "-e" "SOURCE_DIR=/opt/rustwide/workdir" "-e" "CARGO_HOME=/opt/rustwide/cargo-home" "-e" "RUSTUP_HOME=/opt/rustwide/rustup-home" "-e" "CARGO_TARGET_DIR=/opt/rustwide/target" "-w" "/opt/rustwide/workdir" "--user" "0:0" "cdb87f76660142f38cdf6e63b01316f923190bf90a59d0c53ab12ca92a891672" "/opt/rustwide/cargo-home/bin/cargo" "+1.100.0-beta.1" "metadata" "--no-deps" "--format-version=1", kill_on_drop: false }`
[INFO] running `Command { std: "docker" "inspect" "cdb87f76660142f38cdf6e63b01316f923190bf90a59d0c53ab12ca92a891672", kill_on_drop: false }`
[INFO] running `Command { std: "docker" "exec" "-e" "SOURCE_DIR=/opt/rustwide/workdir" "-e" "CARGO_HOME=/opt/rustwide/cargo-home" "-e" "RUSTUP_HOME=/opt/rustwide/rustup-home" "-e" "CARGO_TARGET_DIR=/opt/rustwide/target" "-e" "CARGO_INCREMENTAL=0" "-e" "RUST_BACKTRACE=full" "-e" "RUSTFLAGS=--cap-lints=warn" "-e" "RUSTDOCFLAGS=--cap-lints=warn" "-w" "/opt/rustwide/workdir" "--user" "0:0" "cdb87f76660142f38cdf6e63b01316f923190bf90a59d0c53ab12ca92a891672" "/opt/rustwide/cargo-home/bin/cargo" "+1.100.0-beta.1" "build" "--frozen" "--message-format=json" "--release", kill_on_drop: false }`
[INFO] [stderr]    Compiling gam-row-macros v0.3.157 (/opt/rustwide/workdir)
[INFO] [stderr]     Finished `release` profile [optimized] target(s) in 10.39s
[INFO] running `Command { std: "docker" "inspect" "cdb87f76660142f38cdf6e63b01316f923190bf90a59d0c53ab12ca92a891672", kill_on_drop: false }`
[INFO] running `Command { std: "docker" "exec" "-e" "SOURCE_DIR=/opt/rustwide/workdir" "-e" "CARGO_HOME=/opt/rustwide/cargo-home" "-e" "RUSTUP_HOME=/opt/rustwide/rustup-home" "-e" "CARGO_TARGET_DIR=/opt/rustwide/target" "-e" "CARGO_INCREMENTAL=0" "-e" "RUST_BACKTRACE=full" "-e" "RUSTFLAGS=--cap-lints=warn" "-e" "RUSTDOCFLAGS=--cap-lints=warn" "-w" "/opt/rustwide/workdir" "--user" "0:0" "cdb87f76660142f38cdf6e63b01316f923190bf90a59d0c53ab12ca92a891672" "/opt/rustwide/cargo-home/bin/cargo" "+1.100.0-beta.1" "test" "--frozen" "--no-run" "--message-format=json" "--release", kill_on_drop: false }`
[INFO] [stderr]    Compiling proc-macro2 v1.0.107
[INFO] [stderr]    Compiling unicode-ident v1.0.24
[INFO] [stderr]    Compiling quote v1.0.47
[INFO] [stderr]    Compiling gam-row-macros v0.3.157 (/opt/rustwide/workdir)
[INFO] [stderr]    Compiling syn v3.0.3
[INFO] [stdout] error[E0433]: cannot find module or crate `gam_math` in this scope
[INFO] [stdout]  --> tests/suite/cause_specific_codegen_perf.rs:1:5
[INFO] [stdout]   |
[INFO] [stdout] 1 | use gam_math::paired_timing::{SpeedGate, paired_interleaved};
[INFO] [stdout]   |     ^^^^^^^^ use of unresolved module or unlinked crate `gam_math`
[INFO] [stdout]   |
[INFO] [stdout]   = help: if you wanted to use a crate named `gam_math`, use `cargo add gam_math` to add it to your `Cargo.toml`
[INFO] [stdout] 
[INFO] [stdout] 
[INFO] [stdout] error[E0433]: cannot find module or crate `gam_math` in this scope
[INFO] [stdout]  --> tests/suite/gaussian_codegen_perf.rs:1:5
[INFO] [stdout]   |
[INFO] [stdout] 1 | use gam_math::paired_timing::{SpeedGate, paired_interleaved};
[INFO] [stdout]   |     ^^^^^^^^ use of unresolved module or unlinked crate `gam_math`
[INFO] [stdout]   |
[INFO] [stdout]   = help: if you wanted to use a crate named `gam_math`, use `cargo add gam_math` to add it to your `Cargo.toml`
[INFO] [stdout] 
[INFO] [stdout] 
[INFO] [stdout] error[E0433]: cannot find module or crate `gam_math` in this scope
[INFO] [stdout]  --> tests/suite/rigid_bms_codegen_perf.rs:1:5
[INFO] [stdout]   |
[INFO] [stdout] 1 | use gam_math::paired_timing::{SpeedGate, paired_interleaved};
[INFO] [stdout]   |     ^^^^^^^^ use of unresolved module or unlinked crate `gam_math`
[INFO] [stdout]   |
[INFO] [stdout]   = help: if you wanted to use a crate named `gam_math`, use `cargo add gam_math` to add it to your `Cargo.toml`
[INFO] [stdout] 
[INFO] [stdout] 
[INFO] [stdout] error[E0433]: cannot find module or crate `gam_math` in this scope
[INFO] [stdout]  --> tests/suite/rigid_bms_codegen_perf.rs:2:5
[INFO] [stdout]   |
[INFO] [stdout] 2 | use gam_math::probability::normal_logcdf_derivatives;
[INFO] [stdout]   |     ^^^^^^^^ use of unresolved module or unlinked crate `gam_math`
[INFO] [stdout]   |
[INFO] [stdout]   = help: if you wanted to use a crate named `gam_math`, use `cargo add gam_math` to add it to your `Cargo.toml`
[INFO] [stdout] 
[INFO] [stdout] 
[INFO] [stdout] error[E0433]: cannot find module or crate `gam_math` in this scope
[INFO] [stdout]  --> tests/suite/sls_codegen_perf.rs:1:5
[INFO] [stdout]   |
[INFO] [stdout] 1 | use gam_math::paired_timing::{SpeedGate, batched, paired_interleaved};
[INFO] [stdout]   |     ^^^^^^^^ use of unresolved module or unlinked crate `gam_math`
[INFO] [stdout]   |
[INFO] [stdout]   = help: if you wanted to use a crate named `gam_math`, use `cargo add gam_math` to add it to your `Cargo.toml`
[INFO] [stdout] 
[INFO] [stdout] 
[INFO] [stdout] error[E0433]: cannot find module or crate `gam_math` in this scope
[INFO] [stdout]    --> tests/suite/sls_codegen_perf.rs:284:9
[INFO] [stdout]     |
[INFO] [stdout] 284 |     use gam_math::jet_scalar::OneSeed;
[INFO] [stdout]     |         ^^^^^^^^ use of unresolved module or unlinked crate `gam_math`
[INFO] [stdout]     |
[INFO] [stdout]     = help: if you wanted to use a crate named `gam_math`, use `cargo add gam_math` to add it to your `Cargo.toml`
[INFO] [stdout] 
[INFO] [stdout] 
[INFO] [stdout] error[E0433]: cannot find module or crate `gam_math` in this scope
[INFO] [stdout]    --> tests/suite/sls_codegen_perf.rs:306:9
[INFO] [stdout]     |
[INFO] [stdout] 306 |     use gam_math::jet_scalar::TwoSeed;
[INFO] [stdout]     |         ^^^^^^^^ use of unresolved module or unlinked crate `gam_math`
[INFO] [stdout]     |
[INFO] [stdout]     = help: if you wanted to use a crate named `gam_math`, use `cargo add gam_math` to add it to your `Cargo.toml`
[INFO] [stdout] 
[INFO] [stdout] 
[INFO] [stdout] error[E0433]: cannot find `gam_math` in the list of imported crates
[INFO] [stdout]   --> tests/suite/cause_specific_codegen_perf.rs:4:1
[INFO] [stdout]    |
[INFO] [stdout]  4 | / row_atom! {
[INFO] [stdout]  5 | |     fn generated_cause_specific [order2, third, fourth](
[INFO] [stdout]  6 | |         eta_exit,
[INFO] [stdout]  7 | |         eta_entry,
[INFO] [stdout] ...  |
[INFO] [stdout] 18 | | }
[INFO] [stdout]    | |_^ could not find `gam_math` in the list of imported crates
[INFO] [stdout]    |
[INFO] [stdout]    = note: this error originates in the macro `row_atom` (in Nightly builds, run with -Z macro-backtrace for more info)
[INFO] [stdout] 
[INFO] [stdout] 
[INFO] [stdout] error[E0433]: cannot find `gam_math` in the list of imported crates
[INFO] [stdout]   --> tests/suite/gaussian_codegen_perf.rs:4:1
[INFO] [stdout]    |
[INFO] [stdout]  4 | / row_atom! {
[INFO] [stdout]  5 | |     fn generated_gaussian [order2_at_zero, third_at_zero, fourth_at_zero](
[INFO] [stdout]  6 | |         delta_mu,
[INFO] [stdout]  7 | |         delta_eta;
[INFO] [stdout] ...  |
[INFO] [stdout] 21 | | }
[INFO] [stdout]    | |_^ could not find `gam_math` in the list of imported crates
[INFO] [stdout]    |
[INFO] [stdout]    = note: this error originates in the macro `row_atom` (in Nightly builds, run with -Z macro-backtrace for more info)
[INFO] [stdout] 
[INFO] [stdout] 
[INFO] [stdout] error[E0433]: cannot find `gam_math` in the list of imported crates
[INFO] [stdout]   --> tests/suite/rigid_bms_codegen_perf.rs:32:1
[INFO] [stdout]    |
[INFO] [stdout] 32 | / row_program! {
[INFO] [stdout] 33 | |     fn generated_rigid_bms(
[INFO] [stdout] 34 | |         marginal_eta,
[INFO] [stdout] 35 | |         slope;
[INFO] [stdout] ...  |
[INFO] [stdout] 74 | | }
[INFO] [stdout]    | |_^ could not find `gam_math` in the list of imported crates
[INFO] [stdout]    |
[INFO] [stdout]    = note: this error originates in the macro `row_program` (in Nightly builds, run with -Z macro-backtrace for more info)
[INFO] [stdout] 
[INFO] [stdout] 
[INFO] [stdout] error[E0433]: cannot find `gam_math` in the list of imported crates
[INFO] [stdout]    --> tests/suite/sls_codegen_perf.rs:113:1
[INFO] [stdout]     |
[INFO] [stdout] 113 | / row_program! {
[INFO] [stdout] 114 | |     fn generated_sls(
[INFO] [stdout] 115 | |         h0,
[INFO] [stdout] 116 | |         h1,
[INFO] [stdout] ...   |
[INFO] [stdout] 203 | | }
[INFO] [stdout]     | |_^ could not find `gam_math` in the list of imported crates
[INFO] [stdout]     |
[INFO] [stdout]     = note: this error originates in the macro `row_program` (in Nightly builds, run with -Z macro-backtrace for more info)
[INFO] [stdout] 
[INFO] [stdout] 
[INFO] [stdout] For more information about this error, try `rustc --explain E0433`.
[INFO] [stdout] 
[INFO] [stderr] error: could not compile `gam-row-macros` (test "suite") due to 11 previous errors
[INFO] running `Command { std: "docker" "inspect" "cdb87f76660142f38cdf6e63b01316f923190bf90a59d0c53ab12ca92a891672", kill_on_drop: false }`
[INFO] running `Command { std: "docker" "rm" "-f" "cdb87f76660142f38cdf6e63b01316f923190bf90a59d0c53ab12ca92a891672", kill_on_drop: false }`
[INFO] [stdout] cdb87f76660142f38cdf6e63b01316f923190bf90a59d0c53ab12ca92a891672
