[INFO] fetching crate galvyn-core 0.7.0...
[INFO] testing galvyn-core-0.7.0 against 1.99.0-beta.8+cargoflags=--release for beta-release-1.100-2
[INFO] extracting crate galvyn-core 0.7.0 into /workspace/builds/worker-4-tc1/source
[INFO] started tweaking crates.io crate galvyn-core 0.7.0
[INFO] finished tweaking crates.io crate galvyn-core 0.7.0
[INFO] tweaked toml for crates.io crate galvyn-core 0.7.0 written to /workspace/builds/worker-4-tc1/source/Cargo.toml
[INFO] validating manifest of crates.io crate galvyn-core 0.7.0 on toolchain 1.99.0-beta.8
[INFO] running `Command { std: CARGO_HOME="/workspace/cargo-home" RUSTUP_HOME="/workspace/rustup-home" "/workspace/cargo-home/bin/cargo" "+1.99.0-beta.8" "metadata" "--manifest-path" "Cargo.toml" "--no-deps", kill_on_drop: false }`
[INFO] crate crates.io crate galvyn-core 0.7.0 already has a lockfile, it will not be regenerated
[INFO] running `Command { std: CARGO_HOME="/workspace/cargo-home" RUSTUP_HOME="/workspace/rustup-home" "/workspace/cargo-home/bin/cargo" "+1.99.0-beta.8" "fetch" "--manifest-path" "Cargo.toml", kill_on_drop: false }`
[INFO] [stderr]     Updating crates.io index
[INFO] [stderr]  Downloading crates ...
[INFO] [stderr]   Downloaded tower-sessions-core v0.15.0
[INFO] [stderr]   Downloaded tower-cookies v0.11.0
[INFO] [stderr]   Downloaded tower-sessions-memory-store v0.15.0
[INFO] [stderr]   Downloaded rorm-declaration v0.6.0
[INFO] [stderr]   Downloaded rorm v0.12.0
[INFO] [stderr]   Downloaded rorm-macro v0.12.0
[INFO] [stderr]   Downloaded rorm-macro-impl v0.12.0
[INFO] [stderr]   Downloaded ordered-float v3.9.2
[INFO] [stderr]   Downloaded tower-sessions v0.15.0
[INFO] [stderr]   Downloaded rorm-db v0.13.0
[INFO] [stderr]   Downloaded rorm-sql v0.12.0
[INFO] running `Command { std: "docker" "create" "-v" "/var/lib/crater-agent-workspace/builds/worker-4-tc1/source:/opt/rustwide/workdir:ro,Z" "-v" "/var/lib/crater-agent-workspace/builds/worker-4-tc1/target:/opt/rustwide/target:rw,Z" "-v" "/var/lib/crater-agent-workspace/cargo-home:/opt/rustwide/cargo-home:ro,Z" "-v" "/var/lib/crater-agent-workspace/rustup-home:/opt/rustwide/rustup-home:ro,Z" "-m" "1610612736" "--network" "none" "ghcr.io/rust-lang/crates-build-env/linux@sha256:77db811e55d90add9212f6832c23229e3de5f1c1f9905e8cb07319ea15df73ac" "sleep" "infinity", kill_on_drop: false }`
[INFO] [stdout] ea5c13458167f4d706c9bb251bbaf293e2423bc197fcddc8241fa9ad4890a6bb
[INFO] running `Command { std: "docker" "start" "ea5c13458167f4d706c9bb251bbaf293e2423bc197fcddc8241fa9ad4890a6bb", kill_on_drop: false }`
[INFO] running `Command { std: "docker" "inspect" "ea5c13458167f4d706c9bb251bbaf293e2423bc197fcddc8241fa9ad4890a6bb", kill_on_drop: false }`
[INFO] running `Command { std: "docker" "exec" "-e" "SOURCE_DIR=/opt/rustwide/workdir" "-e" "CARGO_HOME=/opt/rustwide/cargo-home" "-e" "RUSTUP_HOME=/opt/rustwide/rustup-home" "-e" "CARGO_TARGET_DIR=/opt/rustwide/target" "-w" "/opt/rustwide/workdir" "--user" "0:0" "ea5c13458167f4d706c9bb251bbaf293e2423bc197fcddc8241fa9ad4890a6bb" "/opt/rustwide/cargo-home/bin/cargo" "+1.99.0-beta.8" "metadata" "--no-deps" "--format-version=1", kill_on_drop: false }`
[INFO] running `Command { std: "docker" "inspect" "ea5c13458167f4d706c9bb251bbaf293e2423bc197fcddc8241fa9ad4890a6bb", kill_on_drop: false }`
[INFO] running `Command { std: "docker" "exec" "-e" "SOURCE_DIR=/opt/rustwide/workdir" "-e" "CARGO_HOME=/opt/rustwide/cargo-home" "-e" "RUSTUP_HOME=/opt/rustwide/rustup-home" "-e" "CARGO_TARGET_DIR=/opt/rustwide/target" "-e" "CARGO_INCREMENTAL=0" "-e" "RUST_BACKTRACE=full" "-e" "RUSTFLAGS=--cap-lints=warn" "-e" "RUSTDOCFLAGS=--cap-lints=warn" "-w" "/opt/rustwide/workdir" "--user" "0:0" "ea5c13458167f4d706c9bb251bbaf293e2423bc197fcddc8241fa9ad4890a6bb" "/opt/rustwide/cargo-home/bin/cargo" "+1.99.0-beta.8" "build" "--frozen" "--message-format=json" "--release", kill_on_drop: false }`
[INFO] [stderr]    Compiling syn v2.0.119
[INFO] [stderr]    Compiling syn v3.0.5
[INFO] [stderr]    Compiling smallvec v1.16.0
[INFO] [stderr]    Compiling serde_core v1.0.229
[INFO] [stderr]    Compiling futures-io v0.3.34
[INFO] [stderr]    Compiling tokio v1.53.1
[INFO] [stderr]    Compiling writeable v0.6.4
[INFO] [stderr]    Compiling litemap v0.8.3
[INFO] [stderr]    Compiling thiserror v2.0.20
[INFO] [stderr]    Compiling sync_wrapper v1.0.2
[INFO] [stderr]    Compiling icu_properties_data v2.3.0
[INFO] [stderr]    Compiling icu_normalizer_data v2.3.0
[INFO] [stderr]    Compiling serde_json v1.0.151
[INFO] [stderr]    Compiling time-core v0.1.9
[INFO] [stderr]    Compiling num-conv v0.2.2
[INFO] [stderr]    Compiling zerocopy v0.8.56
[INFO] [stderr]    Compiling time-macros v0.2.32
[INFO] [stderr]    Compiling num-traits v0.2.19
[INFO] [stderr]    Compiling parking_lot_core v0.9.12
[INFO] [stderr]    Compiling generic-array v0.14.9
[INFO] [stderr]    Compiling getrandom v0.3.4
[INFO] [stderr]    Compiling parking_lot v0.12.5
[INFO] [stderr]    Compiling rand_core v0.9.5
[INFO] [stderr]    Compiling ipnet v2.12.2
[INFO] [stderr]    Compiling crypto-common v0.1.6
[INFO] [stderr]    Compiling block-buffer v0.10.4
[INFO] [stderr]    Compiling axum-core v0.5.6
[INFO] [stderr]    Compiling chrono v0.4.45
[INFO] [stderr]    Compiling deranged v0.5.8
[INFO] [stderr]    Compiling synstructure v0.13.2
[INFO] [stderr]    Compiling tokio-util v0.7.19
[INFO] [stderr]    Compiling time v0.3.55
[INFO] [stderr]    Compiling futures-macro v0.3.34
[INFO] [stderr]    Compiling zerovec-derive v0.11.6
[INFO] [stderr]    Compiling tracing-attributes v0.1.31
[INFO] [stderr]    Compiling futures-util v0.3.34
[INFO] [stderr]    Compiling zerofrom-derive v0.1.7
[INFO] [stderr]    Compiling yoke-derive v0.8.2
[INFO] [stderr]    Compiling displaydoc v0.2.7
[INFO] [stderr]    Compiling zerofrom v0.1.8
[INFO] [stderr]    Compiling serde_derive v1.0.229
[INFO] [stderr]    Compiling thiserror-impl v2.0.20
[INFO] [stderr]    Compiling tracing v0.1.44
[INFO] [stderr]    Compiling tokio-stream v0.1.19
[INFO] [stderr]    Compiling h2 v0.4.19
[INFO] [stderr]    Compiling yoke v0.8.3
[INFO] [stderr]    Compiling pin-project-internal v1.1.13
[INFO] [stderr]    Compiling zerovec v0.11.8
[INFO] [stderr]    Compiling zerotrie v0.2.5
[INFO] [stderr]    Compiling tinystr v0.8.4
[INFO] [stderr]    Compiling potential_utf v0.1.6
[INFO] [stderr]    Compiling icu_collections v2.3.0
[INFO] [stderr]    Compiling icu_locale_core v2.3.0
[INFO] [stderr]    Compiling ppv-lite86 v0.2.21
[INFO] [stderr]    Compiling async-trait v0.1.92
[INFO] [stderr]    Compiling rand_chacha v0.9.0
[INFO] [stderr]    Compiling tower v0.5.3
[INFO] [stderr]    Compiling pin-project v1.1.13
[INFO] [stderr]    Compiling rand v0.9.5
[INFO] [stderr]    Compiling uuid v1.26.0
[INFO] [stderr]    Compiling serde v1.0.229
[INFO] [stderr]    Compiling icu_provider v2.3.1
[INFO] [stderr]    Compiling icu_normalizer v2.3.0
[INFO] [stderr]    Compiling icu_properties v2.3.0
[INFO] [stderr]    Compiling opentelemetry v0.31.0
[INFO] [stderr]    Compiling darling_core v0.20.11
[INFO] [stderr]    Compiling digest v0.10.7
[INFO] [stderr]    Compiling crc-catalog v2.5.0
[INFO] [stderr]    Compiling event-listener v5.4.2
[INFO] [stderr]    Compiling crc v3.4.0
[INFO] [stderr]    Compiling serde_urlencoded v0.7.1
[INFO] [stderr]    Compiling sha2 v0.10.9
[INFO] [stderr]    Compiling idna_adapter v1.2.2
[INFO] [stderr]    Compiling idna v1.1.0
[INFO] [stderr]    Compiling crossbeam-queue v0.3.14
[INFO] [stderr]    Compiling prost-derive v0.14.4
[INFO] [stderr]    Compiling hashlink v0.11.1
[INFO] [stderr]    Compiling url v2.5.8
[INFO] [stderr]    Compiling ordered-float v3.9.2
[INFO] [stderr]    Compiling hyper v1.11.1
[INFO] [stderr]    Compiling futures-intrusive v0.5.0
[INFO] [stderr]    Compiling darling_macro v0.20.11
[INFO] [stderr]    Compiling cookie v0.18.2
[INFO] [stderr]    Compiling either v1.18.0
[INFO] [stderr]    Compiling tower-http v0.6.11
[INFO] [stderr]    Compiling darling v0.20.11
[INFO] [stderr]    Compiling sqlx-core v0.9.0
[INFO] [stderr]    Compiling prost v0.14.4
[INFO] [stderr]    Compiling rorm-declaration v0.6.0
[INFO] [stderr]    Compiling futures v0.3.34
[INFO] [stderr]    Compiling futures-executor v0.3.34
[INFO] [stderr]    Compiling hyper-util v0.1.20
[INFO] [stderr]    Compiling opentelemetry_sdk v0.31.0
[INFO] [stderr]    Compiling tower-sessions-core v0.15.0
[INFO] [stderr]    Compiling rorm-sql v0.12.0
[INFO] [stdout] error: One of the features sqlite, postgres, mysql must be activated
[INFO] [stdout]  --> /opt/rustwide/cargo-home/registry/src/index.crates.io-1949cf8c6b5b557f/rorm-sql-0.12.0/src/lib.rs:6:1
[INFO] [stdout]   |
[INFO] [stdout] 6 | compile_error!("One of the features sqlite, postgres, mysql must be activated");
[INFO] [stdout]   | ^^^^^^^^^^^^^^^^^^^^^^^^^^^^^^^^^^^^^^^^^^^^^^^^^^^^^^^^^^^^^^^^^^^^^^^^^^^^^^^
[INFO] [stdout] 
[INFO] [stdout] 
[INFO] [stdout] error[E0392]: lifetime parameter `'post_build` is never used
[INFO] [stdout]   --> /opt/rustwide/cargo-home/registry/src/index.crates.io-1949cf8c6b5b557f/rorm-sql-0.12.0/src/alter_table.rs:13:44
[INFO] [stdout]    |
[INFO] [stdout] 13 | pub enum AlterTableOperation<'until_build, 'post_build> {
[INFO] [stdout]    |                                            ^^^^^^^^^^^ unused lifetime parameter
[INFO] [stdout]    |
[INFO] [stdout]    = help: consider removing `'post_build`, referring to it in a field, or using a marker such as `PhantomData`
[INFO] [stdout] 
[INFO] [stdout] 
[INFO] [stdout] error[E0392]: lifetime parameter `'until_build` is never used
[INFO] [stdout]    --> /opt/rustwide/cargo-home/registry/src/index.crates.io-1949cf8c6b5b557f/rorm-sql-0.12.0/src/alter_table.rs:114:25
[INFO] [stdout]     |
[INFO] [stdout] 114 | pub enum AlterTableImpl<'until_build, 'post_build> {
[INFO] [stdout]     |                         ^^^^^^^^^^^^ unused lifetime parameter
[INFO] [stdout]     |
[INFO] [stdout]     = help: consider removing `'until_build`, referring to it in a field, or using a marker such as `PhantomData`
[INFO] [stdout] 
[INFO] [stdout] 
[INFO] [stdout] error[E0392]: lifetime parameter `'post_build` is never used
[INFO] [stdout]    --> /opt/rustwide/cargo-home/registry/src/index.crates.io-1949cf8c6b5b557f/rorm-sql-0.12.0/src/alter_table.rs:114:39
[INFO] [stdout]     |
[INFO] [stdout] 114 | pub enum AlterTableImpl<'until_build, 'post_build> {
[INFO] [stdout]     |                                       ^^^^^^^^^^^ unused lifetime parameter
[INFO] [stdout]     |
[INFO] [stdout]     = help: consider removing `'post_build`, referring to it in a field, or using a marker such as `PhantomData`
[INFO] [stdout] 
[INFO] [stdout] 
[INFO] [stdout] error[E0392]: lifetime parameter `'until_build` is never used
[INFO] [stdout]   --> /opt/rustwide/cargo-home/registry/src/index.crates.io-1949cf8c6b5b557f/rorm-sql-0.12.0/src/create_column.rs:72:27
[INFO] [stdout]    |
[INFO] [stdout] 72 | pub enum CreateColumnImpl<'until_build, 'post_build> {
[INFO] [stdout]    |                           ^^^^^^^^^^^^ unused lifetime parameter
[INFO] [stdout]    |
[INFO] [stdout]    = help: consider removing `'until_build`, referring to it in a field, or using a marker such as `PhantomData`
[INFO] [stdout] 
[INFO] [stdout] 
[INFO] [stdout] error[E0392]: lifetime parameter `'post_build` is never used
[INFO] [stdout]   --> /opt/rustwide/cargo-home/registry/src/index.crates.io-1949cf8c6b5b557f/rorm-sql-0.12.0/src/create_column.rs:72:41
[INFO] [stdout]    |
[INFO] [stdout] 72 | pub enum CreateColumnImpl<'until_build, 'post_build> {
[INFO] [stdout]    |                                         ^^^^^^^^^^^ unused lifetime parameter
[INFO] [stdout]    |
[INFO] [stdout]    = help: consider removing `'post_build`, referring to it in a field, or using a marker such as `PhantomData`
[INFO] [stdout] 
[INFO] [stdout] 
[INFO] [stdout] error[E0392]: lifetime parameter `'until_build` is never used
[INFO] [stdout]   --> /opt/rustwide/cargo-home/registry/src/index.crates.io-1949cf8c6b5b557f/rorm-sql-0.12.0/src/create_index.rs:58:26
[INFO] [stdout]    |
[INFO] [stdout] 58 | pub enum CreateIndexImpl<'until_build> {
[INFO] [stdout]    |                          ^^^^^^^^^^^^ unused lifetime parameter
[INFO] [stdout]    |
[INFO] [stdout]    = help: consider removing `'until_build`, referring to it in a field, or using a marker such as `PhantomData`
[INFO] [stdout] 
[INFO] [stdout] 
[INFO] [stdout] error[E0392]: lifetime parameter `'until_build` is never used
[INFO] [stdout]   --> /opt/rustwide/cargo-home/registry/src/index.crates.io-1949cf8c6b5b557f/rorm-sql-0.12.0/src/create_table.rs:47:26
[INFO] [stdout]    |
[INFO] [stdout] 47 | pub enum CreateTableImpl<'until_build, 'post_build> {
[INFO] [stdout]    |                          ^^^^^^^^^^^^ unused lifetime parameter
[INFO] [stdout]    |
[INFO] [stdout]    = help: consider removing `'until_build`, referring to it in a field, or using a marker such as `PhantomData`
[INFO] [stdout] 
[INFO] [stdout] 
[INFO] [stdout] error[E0392]: lifetime parameter `'post_build` is never used
[INFO] [stdout]   --> /opt/rustwide/cargo-home/registry/src/index.crates.io-1949cf8c6b5b557f/rorm-sql-0.12.0/src/create_table.rs:47:40
[INFO] [stdout]    |
[INFO] [stdout] 47 | pub enum CreateTableImpl<'until_build, 'post_build> {
[INFO] [stdout]    |                                        ^^^^^^^^^^^ unused lifetime parameter
[INFO] [stdout]    |
[INFO] [stdout]    = help: consider removing `'post_build`, referring to it in a field, or using a marker such as `PhantomData`
[INFO] [stdout] 
[INFO] [stdout] 
[INFO] [stdout] error[E0392]: lifetime parameter `'until_build` is never used
[INFO] [stdout]   --> /opt/rustwide/cargo-home/registry/src/index.crates.io-1949cf8c6b5b557f/rorm-sql-0.12.0/src/delete.rs:44:21
[INFO] [stdout]    |
[INFO] [stdout] 44 | pub enum DeleteImpl<'until_build, 'post_query> {
[INFO] [stdout]    |                     ^^^^^^^^^^^^ unused lifetime parameter
[INFO] [stdout]    |
[INFO] [stdout]    = help: consider removing `'until_build`, referring to it in a field, or using a marker such as `PhantomData`
[INFO] [stdout] 
[INFO] [stdout] 
[INFO] [stdout] error[E0392]: lifetime parameter `'post_query` is never used
[INFO] [stdout]   --> /opt/rustwide/cargo-home/registry/src/index.crates.io-1949cf8c6b5b557f/rorm-sql-0.12.0/src/delete.rs:44:35
[INFO] [stdout]    |
[INFO] [stdout] 44 | pub enum DeleteImpl<'until_build, 'post_query> {
[INFO] [stdout]    |                                   ^^^^^^^^^^^ unused lifetime parameter
[INFO] [stdout]    |
[INFO] [stdout]    = help: consider removing `'post_query`, referring to it in a field, or using a marker such as `PhantomData`
[INFO] [stdout] 
[INFO] [stdout] 
[INFO] [stdout] error[E0392]: lifetime parameter `'until_build` is never used
[INFO] [stdout]   --> /opt/rustwide/cargo-home/registry/src/index.crates.io-1949cf8c6b5b557f/rorm-sql-0.12.0/src/drop_index.rs:31:24
[INFO] [stdout]    |
[INFO] [stdout] 31 | pub enum DropIndexImpl<'until_build> {
[INFO] [stdout]    |                        ^^^^^^^^^^^^ unused lifetime parameter
[INFO] [stdout]    |
[INFO] [stdout]    = help: consider removing `'until_build`, referring to it in a field, or using a marker such as `PhantomData`
[INFO] [stdout] 
[INFO] [stdout] 
[INFO] [stdout] error[E0392]: lifetime parameter `'until_build` is never used
[INFO] [stdout]   --> /opt/rustwide/cargo-home/registry/src/index.crates.io-1949cf8c6b5b557f/rorm-sql-0.12.0/src/drop_table.rs:31:24
[INFO] [stdout]    |
[INFO] [stdout] 31 | pub enum DropTableImpl<'until_build> {
[INFO] [stdout]    |                        ^^^^^^^^^^^^ unused lifetime parameter
[INFO] [stdout]    |
[INFO] [stdout]    = help: consider removing `'until_build`, referring to it in a field, or using a marker such as `PhantomData`
[INFO] [stdout] 
[INFO] [stdout] 
[INFO] [stdout] error[E0392]: lifetime parameter `'until_build` is never used
[INFO] [stdout]   --> /opt/rustwide/cargo-home/registry/src/index.crates.io-1949cf8c6b5b557f/rorm-sql-0.12.0/src/insert.rs:52:21
[INFO] [stdout]    |
[INFO] [stdout] 52 | pub enum InsertImpl<'until_build, 'post_build> {
[INFO] [stdout]    |                     ^^^^^^^^^^^^ unused lifetime parameter
[INFO] [stdout]    |
[INFO] [stdout]    = help: consider removing `'until_build`, referring to it in a field, or using a marker such as `PhantomData`
[INFO] [stdout] 
[INFO] [stdout] 
[INFO] [stdout] error[E0392]: lifetime parameter `'post_build` is never used
[INFO] [stdout]   --> /opt/rustwide/cargo-home/registry/src/index.crates.io-1949cf8c6b5b557f/rorm-sql-0.12.0/src/insert.rs:52:35
[INFO] [stdout]    |
[INFO] [stdout] 52 | pub enum InsertImpl<'until_build, 'post_build> {
[INFO] [stdout]    |                                   ^^^^^^^^^^^ unused lifetime parameter
[INFO] [stdout]    |
[INFO] [stdout]    = help: consider removing `'post_build`, referring to it in a field, or using a marker such as `PhantomData`
[INFO] [stdout] 
[INFO] [stdout] 
[INFO] [stdout] error[E0392]: lifetime parameter `'until_build` is never used
[INFO] [stdout]   --> /opt/rustwide/cargo-home/registry/src/index.crates.io-1949cf8c6b5b557f/rorm-sql-0.12.0/src/join_table.rs:91:24
[INFO] [stdout]    |
[INFO] [stdout] 91 | pub enum JoinTableImpl<'until_build, 'post_query> {
[INFO] [stdout]    |                        ^^^^^^^^^^^^ unused lifetime parameter
[INFO] [stdout]    |
[INFO] [stdout]    = help: consider removing `'until_build`, referring to it in a field, or using a marker such as `PhantomData`
[INFO] [stdout] 
[INFO] [stdout] 
[INFO] [stdout] error[E0392]: lifetime parameter `'post_query` is never used
[INFO] [stdout]   --> /opt/rustwide/cargo-home/registry/src/index.crates.io-1949cf8c6b5b557f/rorm-sql-0.12.0/src/join_table.rs:91:38
[INFO] [stdout]    |
[INFO] [stdout] 91 | pub enum JoinTableImpl<'until_build, 'post_query> {
[INFO] [stdout]    |                                      ^^^^^^^^^^^ unused lifetime parameter
[INFO] [stdout]    |
[INFO] [stdout]    = help: consider removing `'post_query`, referring to it in a field, or using a marker such as `PhantomData`
[INFO] [stdout] 
[INFO] [stdout] 
[INFO] [stdout] error[E0392]: lifetime parameter `'until_build` is never used
[INFO] [stdout]   --> /opt/rustwide/cargo-home/registry/src/index.crates.io-1949cf8c6b5b557f/rorm-sql-0.12.0/src/select_column.rs:38:27
[INFO] [stdout]    |
[INFO] [stdout] 38 | pub enum SelectColumnImpl<'until_build> {
[INFO] [stdout]    |                           ^^^^^^^^^^^^ unused lifetime parameter
[INFO] [stdout]    |
[INFO] [stdout]    = help: consider removing `'until_build`, referring to it in a field, or using a marker such as `PhantomData`
[INFO] [stdout] 
[INFO] [stdout] 
[INFO] [stdout] error[E0392]: lifetime parameter `'until_build` is never used
[INFO] [stdout]   --> /opt/rustwide/cargo-home/registry/src/index.crates.io-1949cf8c6b5b557f/rorm-sql-0.12.0/src/update.rs:69:21
[INFO] [stdout]    |
[INFO] [stdout] 69 | pub enum UpdateImpl<'until_build, 'post_build> {
[INFO] [stdout]    |                     ^^^^^^^^^^^^ unused lifetime parameter
[INFO] [stdout]    |
[INFO] [stdout]    = help: consider removing `'until_build`, referring to it in a field, or using a marker such as `PhantomData`
[INFO] [stdout] 
[INFO] [stdout] 
[INFO] [stdout] error[E0392]: lifetime parameter `'post_build` is never used
[INFO] [stdout]   --> /opt/rustwide/cargo-home/registry/src/index.crates.io-1949cf8c6b5b557f/rorm-sql-0.12.0/src/update.rs:69:35
[INFO] [stdout]    |
[INFO] [stdout] 69 | pub enum UpdateImpl<'until_build, 'post_build> {
[INFO] [stdout]    |                                   ^^^^^^^^^^^ unused lifetime parameter
[INFO] [stdout]    |
[INFO] [stdout]    = help: consider removing `'post_build`, referring to it in a field, or using a marker such as `PhantomData`
[INFO] [stdout] 
[INFO] [stdout] 
[INFO] [stdout] error[E0277]: the trait bound `(): CreateTable<'until_build, 'post_build>` is not satisfied
[INFO] [stdout]    --> /opt/rustwide/cargo-home/registry/src/index.crates.io-1949cf8c6b5b557f/rorm-sql-0.12.0/src/lib.rs:103:10
[INFO] [stdout]     |
[INFO] [stdout] 103 |     ) -> impl CreateTable<'until_build, 'post_build>
[INFO] [stdout]     |          ^^^^^^^^^^^^^^^^^^^^^^^^^^^^^^^^^^^^^^^^^^^ the trait `CreateTable<'until_build, 'post_build>` is not implemented for `()`
[INFO] [stdout]     |
[INFO] [stdout] help: the trait `CreateTable<'until_build, 'post_build>` is implemented for `CreateTableImpl<'until_build, 'post_build>`
[INFO] [stdout]    --> /opt/rustwide/cargo-home/registry/src/index.crates.io-1949cf8c6b5b557f/rorm-sql-0.12.0/src/create_table.rs:60:1
[INFO] [stdout]     |
[INFO] [stdout]  60 | / impl<'until_build, 'post_build> CreateTable<'until_build, 'post_build>
[INFO] [stdout]  61 | |     for CreateTableImpl<'until_build, 'post_build>
[INFO] [stdout]     | |__________________________________________________^
[INFO] [stdout] 
[INFO] [stdout] 
[INFO] [stdout] error[E0277]: the trait bound `(): create_index::CreateIndex<'until_build>` is not satisfied
[INFO] [stdout]    --> /opt/rustwide/cargo-home/registry/src/index.crates.io-1949cf8c6b5b557f/rorm-sql-0.12.0/src/lib.rs:162:10
[INFO] [stdout]     |
[INFO] [stdout] 162 |     ) -> impl CreateIndex<'until_build> {
[INFO] [stdout]     |          ^^^^^^^^^^^^^^^^^^^^^^^^^^^^^^ the trait `create_index::CreateIndex<'until_build>` is not implemented for `()`
[INFO] [stdout]     |
[INFO] [stdout] help: the trait `create_index::CreateIndex<'until_build>` is implemented for `CreateIndexImpl<'until_build>`
[INFO] [stdout]    --> /opt/rustwide/cargo-home/registry/src/index.crates.io-1949cf8c6b5b557f/rorm-sql-0.12.0/src/create_index.rs:71:1
[INFO] [stdout]     |
[INFO] [stdout]  71 | impl<'until_build> CreateIndex<'until_build> for CreateIndexImpl<'until_build> {
[INFO] [stdout]     | ^^^^^^^^^^^^^^^^^^^^^^^^^^^^^^^^^^^^^^^^^^^^^^^^^^^^^^^^^^^^^^^^^^^^^^^^^^^^^^
[INFO] [stdout] 
[INFO] [stdout] 
[INFO] [stdout] error[E0277]: the trait bound `(): DropIndex` is not satisfied
[INFO] [stdout]    --> /opt/rustwide/cargo-home/registry/src/index.crates.io-1949cf8c6b5b557f/rorm-sql-0.12.0/src/lib.rs:189:10
[INFO] [stdout]     |
[INFO] [stdout] 189 |     ) -> impl DropIndex + 'until_build {
[INFO] [stdout]     |          ^^^^^^^^^^^^^^^^^^^^^^^^^^^^^ the trait `DropIndex` is not implemented for `()`
[INFO] [stdout]     |
[INFO] [stdout] help: the trait `DropIndex` is implemented for `DropIndexImpl<'_>`
[INFO] [stdout]    --> /opt/rustwide/cargo-home/registry/src/index.crates.io-1949cf8c6b5b557f/rorm-sql-0.12.0/src/drop_index.rs:44:1
[INFO] [stdout]     |
[INFO] [stdout]  44 | impl DropIndex for DropIndexImpl<'_> {
[INFO] [stdout]     | ^^^^^^^^^^^^^^^^^^^^^^^^^^^^^^^^^^^^
[INFO] [stdout] 
[INFO] [stdout] 
[INFO] [stdout] error[E0277]: the trait bound `(): DropTable` is not satisfied
[INFO] [stdout]    --> /opt/rustwide/cargo-home/registry/src/index.crates.io-1949cf8c6b5b557f/rorm-sql-0.12.0/src/lib.rs:211:10
[INFO] [stdout]     |
[INFO] [stdout] 211 |     ) -> impl DropTable + 'until_build {
[INFO] [stdout]     |          ^^^^^^^^^^^^^^^^^^^^^^^^^^^^^ the trait `DropTable` is not implemented for `()`
[INFO] [stdout]     |
[INFO] [stdout] help: the trait `DropTable` is implemented for `DropTableImpl<'_>`
[INFO] [stdout]    --> /opt/rustwide/cargo-home/registry/src/index.crates.io-1949cf8c6b5b557f/rorm-sql-0.12.0/src/drop_table.rs:44:1
[INFO] [stdout]     |
[INFO] [stdout]  44 | impl DropTable for DropTableImpl<'_> {
[INFO] [stdout]     | ^^^^^^^^^^^^^^^^^^^^^^^^^^^^^^^^^^^^
[INFO] [stdout] 
[INFO] [stdout] 
[INFO] [stdout] error[E0277]: the trait bound `(): AlterTable<'post_build>` is not satisfied
[INFO] [stdout]    --> /opt/rustwide/cargo-home/registry/src/index.crates.io-1949cf8c6b5b557f/rorm-sql-0.12.0/src/lib.rs:235:10
[INFO] [stdout]     |
[INFO] [stdout] 235 |     ) -> impl AlterTable<'post_build> + 'until_build
[INFO] [stdout]     |          ^^^^^^^^^^^^^^^^^^^^^^^^^^^^^^^^^^^^^^^^^^^ the trait `AlterTable<'post_build>` is not implemented for `()`
[INFO] [stdout]     |
[INFO] [stdout] help: the trait `AlterTable<'post_build>` is implemented for `AlterTableImpl<'_, 'post_build>`
[INFO] [stdout]    --> /opt/rustwide/cargo-home/registry/src/index.crates.io-1949cf8c6b5b557f/rorm-sql-0.12.0/src/alter_table.rs:127:1
[INFO] [stdout]     |
[INFO] [stdout] 127 | impl<'post_build> AlterTable<'post_build> for AlterTableImpl<'_, 'post_build> {
[INFO] [stdout]     | ^^^^^^^^^^^^^^^^^^^^^^^^^^^^^^^^^^^^^^^^^^^^^^^^^^^^^^^^^^^^^^^^^^^^^^^^^^^^^
[INFO] [stdout] 
[INFO] [stdout] 
[INFO] [stdout] error[E0277]: the trait bound `(): Insert<'post_build>` is not satisfied
[INFO] [stdout]    --> /opt/rustwide/cargo-home/registry/src/index.crates.io-1949cf8c6b5b557f/rorm-sql-0.12.0/src/lib.rs:356:10
[INFO] [stdout]     |
[INFO] [stdout] 356 |     ) -> impl Insert<'post_build> + 'until_build
[INFO] [stdout]     |          ^^^^^^^^^^^^^^^^^^^^^^^^^^^^^^^^^^^^^^^ the trait `Insert<'post_build>` is not implemented for `()`
[INFO] [stdout]     |
[INFO] [stdout] help: the trait `Insert<'post_build>` is implemented for `InsertImpl<'_, 'post_build>`
[INFO] [stdout]    --> /opt/rustwide/cargo-home/registry/src/index.crates.io-1949cf8c6b5b557f/rorm-sql-0.12.0/src/insert.rs:65:1
[INFO] [stdout]     |
[INFO] [stdout]  65 | impl<'post_build> Insert<'post_build> for InsertImpl<'_, 'post_build> {
[INFO] [stdout]     | ^^^^^^^^^^^^^^^^^^^^^^^^^^^^^^^^^^^^^^^^^^^^^^^^^^^^^^^^^^^^^^^^^^^^^
[INFO] [stdout] 
[INFO] [stdout] 
[INFO] [stdout] error[E0277]: the trait bound `(): delete::Delete<'until_build, 'post_query>` is not satisfied
[INFO] [stdout]    --> /opt/rustwide/cargo-home/registry/src/index.crates.io-1949cf8c6b5b557f/rorm-sql-0.12.0/src/lib.rs:385:10
[INFO] [stdout]     |
[INFO] [stdout] 385 |     ) -> impl Delete<'until_build, 'post_query>
[INFO] [stdout]     |          ^^^^^^^^^^^^^^^^^^^^^^^^^^^^^^^^^^^^^^ the trait `delete::Delete<'until_build, 'post_query>` is not implemented for `()`
[INFO] [stdout]     |
[INFO] [stdout] help: the trait `delete::Delete<'until_build, 'post_query>` is implemented for `DeleteImpl<'until_build, 'post_query>`
[INFO] [stdout]    --> /opt/rustwide/cargo-home/registry/src/index.crates.io-1949cf8c6b5b557f/rorm-sql-0.12.0/src/delete.rs:57:1
[INFO] [stdout]     |
[INFO] [stdout]  57 | / impl<'until_build, 'post_query> Delete<'until_build, 'post_query>
[INFO] [stdout]  58 | |     for DeleteImpl<'until_build, 'post_query>
[INFO] [stdout]     | |_____________________________________________^
[INFO] [stdout] 
[INFO] [stdout] 
[INFO] [stdout] error[E0277]: the trait bound `(): Update<'until_build, 'post_query>` is not satisfied
[INFO] [stdout]    --> /opt/rustwide/cargo-home/registry/src/index.crates.io-1949cf8c6b5b557f/rorm-sql-0.12.0/src/lib.rs:412:10
[INFO] [stdout]     |
[INFO] [stdout] 412 |     ) -> impl Update<'until_build, 'post_query>
[INFO] [stdout]     |          ^^^^^^^^^^^^^^^^^^^^^^^^^^^^^^^^^^^^^^ the trait `Update<'until_build, 'post_query>` is not implemented for `()`
[INFO] [stdout]     |
[INFO] [stdout] help: the trait `Update<'until_build, 'post_build>` is implemented for `UpdateImpl<'until_build, 'post_build>`
[INFO] [stdout]    --> /opt/rustwide/cargo-home/registry/src/index.crates.io-1949cf8c6b5b557f/rorm-sql-0.12.0/src/update.rs:82:1
[INFO] [stdout]     |
[INFO] [stdout]  82 | / impl<'until_build, 'post_build> Update<'until_build, 'post_build>
[INFO] [stdout]  83 | |     for UpdateImpl<'until_build, 'post_build>
[INFO] [stdout]     | |_____________________________________________^
[INFO] [stdout] 
[INFO] [stdout] 
[INFO] [stdout] error[E0004]: non-exhaustive patterns: type `&JoinTableImpl<'_, '_>` is non-empty
[INFO] [stdout]    --> /opt/rustwide/cargo-home/registry/src/index.crates.io-1949cf8c6b5b557f/rorm-sql-0.12.0/src/join_table.rs:106:15
[INFO] [stdout]     |
[INFO] [stdout] 106 |         match self {
[INFO] [stdout]     |               ^^^^
[INFO] [stdout]     |
[INFO] [stdout] note: `JoinTableImpl<'_, '_>` defined here
[INFO] [stdout]    --> /opt/rustwide/cargo-home/registry/src/index.crates.io-1949cf8c6b5b557f/rorm-sql-0.12.0/src/join_table.rs:91:10
[INFO] [stdout]     |
[INFO] [stdout]  91 | pub enum JoinTableImpl<'until_build, 'post_query> {
[INFO] [stdout]     |          ^^^^^^^^^^^^^
[INFO] [stdout]     = note: the matched value is of type `&JoinTableImpl<'_, '_>`
[INFO] [stdout]     = note: references are always considered inhabited
[INFO] [stdout] help: ensure that all possible cases are being handled by adding a match arm with a wildcard pattern as shown
[INFO] [stdout]     |
[INFO] [stdout] 106 ~         match self {
[INFO] [stdout] 107 +             _ => todo!(),
[INFO] [stdout] 108 +         }
[INFO] [stdout]     |
[INFO] [stdout] 
[INFO] [stdout] 
[INFO] [stdout] error[E0004]: non-exhaustive patterns: type `&SelectColumnImpl<'_>` is non-empty
[INFO] [stdout]   --> /opt/rustwide/cargo-home/registry/src/index.crates.io-1949cf8c6b5b557f/rorm-sql-0.12.0/src/select_column.rs:49:15
[INFO] [stdout]    |
[INFO] [stdout] 49 |         match self {
[INFO] [stdout]    |               ^^^^
[INFO] [stdout]    |
[INFO] [stdout] note: `SelectColumnImpl<'_>` defined here
[INFO] [stdout]   --> /opt/rustwide/cargo-home/registry/src/index.crates.io-1949cf8c6b5b557f/rorm-sql-0.12.0/src/select_column.rs:38:10
[INFO] [stdout]    |
[INFO] [stdout] 38 | pub enum SelectColumnImpl<'until_build> {
[INFO] [stdout]    |          ^^^^^^^^^^^^^^^^
[INFO] [stdout]    = note: the matched value is of type `&SelectColumnImpl<'_>`
[INFO] [stdout]    = note: references are always considered inhabited
[INFO] [stdout] help: ensure that all possible cases are being handled by adding a match arm with a wildcard pattern as shown
[INFO] [stdout]    |
[INFO] [stdout] 49 ~         match self {
[INFO] [stdout] 50 +             _ => todo!(),
[INFO] [stdout] 51 +         }
[INFO] [stdout]    |
[INFO] [stdout] 
[INFO] [stdout] 
[INFO] [stdout] error[E0004]: non-exhaustive patterns: type `&DBImpl` is non-empty
[INFO] [stdout]    --> /opt/rustwide/cargo-home/registry/src/index.crates.io-1949cf8c6b5b557f/rorm-sql-0.12.0/src/lib.rs:288:15
[INFO] [stdout]     |
[INFO] [stdout] 288 |         match self {
[INFO] [stdout]     |               ^^^^
[INFO] [stdout]     |
[INFO] [stdout] note: `DBImpl` defined here
[INFO] [stdout]    --> /opt/rustwide/cargo-home/registry/src/index.crates.io-1949cf8c6b5b557f/rorm-sql-0.12.0/src/lib.rs:84:10
[INFO] [stdout]     |
[INFO] [stdout]  84 | pub enum DBImpl {
[INFO] [stdout]     |          ^^^^^^
[INFO] [stdout]     = note: the matched value is of type `&DBImpl`
[INFO] [stdout]     = note: references are always considered inhabited
[INFO] [stdout] help: ensure that all possible cases are being handled by adding a match arm with a wildcard pattern as shown
[INFO] [stdout]     |
[INFO] [stdout] 288 ~         match self {
[INFO] [stdout] 289 +             _ => todo!(),
[INFO] [stdout] 290 +         }
[INFO] [stdout]     |
[INFO] [stdout] 
[INFO] [stdout] 
[INFO] [stdout] error[E0004]: non-exhaustive patterns: type `&DBImpl` is non-empty
[INFO] [stdout]    --> /opt/rustwide/cargo-home/registry/src/index.crates.io-1949cf8c6b5b557f/rorm-sql-0.12.0/src/lib.rs:454:15
[INFO] [stdout]     |
[INFO] [stdout] 454 |         match self {
[INFO] [stdout]     |               ^^^^
[INFO] [stdout]     |
[INFO] [stdout] note: `DBImpl` defined here
[INFO] [stdout]    --> /opt/rustwide/cargo-home/registry/src/index.crates.io-1949cf8c6b5b557f/rorm-sql-0.12.0/src/lib.rs:84:10
[INFO] [stdout]     |
[INFO] [stdout]  84 | pub enum DBImpl {
[INFO] [stdout]     |          ^^^^^^
[INFO] [stdout]     = note: the matched value is of type `&DBImpl`
[INFO] [stdout]     = note: references are always considered inhabited
[INFO] [stdout] help: ensure that all possible cases are being handled by adding a match arm with a wildcard pattern as shown
[INFO] [stdout]     |
[INFO] [stdout] 454 ~         match self {
[INFO] [stdout] 455 +             _ => todo!(),
[INFO] [stdout] 456 +         }
[INFO] [stdout]     |
[INFO] [stdout] 
[INFO] [stdout] 
[INFO] [stdout] error[E0004]: non-exhaustive patterns: type `&DBImpl` is non-empty
[INFO] [stdout]    --> /opt/rustwide/cargo-home/registry/src/index.crates.io-1949cf8c6b5b557f/rorm-sql-0.12.0/src/lib.rs:485:15
[INFO] [stdout]     |
[INFO] [stdout] 485 |         match self {
[INFO] [stdout]     |               ^^^^
[INFO] [stdout]     |
[INFO] [stdout] note: `DBImpl` defined here
[INFO] [stdout]    --> /opt/rustwide/cargo-home/registry/src/index.crates.io-1949cf8c6b5b557f/rorm-sql-0.12.0/src/lib.rs:84:10
[INFO] [stdout]     |
[INFO] [stdout]  84 | pub enum DBImpl {
[INFO] [stdout]     |          ^^^^^^
[INFO] [stdout]     = note: the matched value is of type `&DBImpl`
[INFO] [stdout]     = note: references are always considered inhabited
[INFO] [stdout] help: ensure that all possible cases are being handled by adding a match arm with a wildcard pattern as shown
[INFO] [stdout]     |
[INFO] [stdout] 485 ~         match self {
[INFO] [stdout] 486 +             _ => todo!(),
[INFO] [stdout] 487 +         }
[INFO] [stdout]     |
[INFO] [stdout] 
[INFO] [stdout] 
[INFO] [stdout] Some errors have detailed explanations: E0004, E0277, E0392.
[INFO] [stdout] 
[INFO] [stdout] For more information about an error, try `rustc --explain E0004`.
[INFO] [stdout] 
[INFO] [stderr] error: could not compile `rorm-sql` (lib) due to 33 previous errors
[INFO] [stderr] warning: build failed, waiting for other jobs to finish...
[INFO] running `Command { std: "docker" "inspect" "ea5c13458167f4d706c9bb251bbaf293e2423bc197fcddc8241fa9ad4890a6bb", kill_on_drop: false }`
[INFO] running `Command { std: "docker" "rm" "-f" "ea5c13458167f4d706c9bb251bbaf293e2423bc197fcddc8241fa9ad4890a6bb", kill_on_drop: false }`
[INFO] [stdout] ea5c13458167f4d706c9bb251bbaf293e2423bc197fcddc8241fa9ad4890a6bb
