[INFO] fetching crate gTickCheckerRust 0.1.2...
[INFO] testing gTickCheckerRust-0.1.2 against 1.99.0-beta.8+cargoflags=--release for beta-release-1.100-2
[INFO] extracting crate gTickCheckerRust 0.1.2 into /workspace/builds/worker-2-tc1/source
[INFO] started tweaking crates.io crate gTickCheckerRust 0.1.2
[INFO] finished tweaking crates.io crate gTickCheckerRust 0.1.2
[INFO] tweaked toml for crates.io crate gTickCheckerRust 0.1.2 written to /workspace/builds/worker-2-tc1/source/Cargo.toml
[INFO] validating manifest of crates.io crate gTickCheckerRust 0.1.2 on toolchain 1.99.0-beta.8
[INFO] running `Command { std: CARGO_HOME="/workspace/cargo-home" RUSTUP_HOME="/workspace/rustup-home" "/workspace/cargo-home/bin/cargo" "+1.99.0-beta.8" "metadata" "--manifest-path" "Cargo.toml" "--no-deps", kill_on_drop: false }`
[INFO] crate crates.io crate gTickCheckerRust 0.1.2 already has a lockfile, it will not be regenerated
[INFO] running `Command { std: CARGO_HOME="/workspace/cargo-home" RUSTUP_HOME="/workspace/rustup-home" "/workspace/cargo-home/bin/cargo" "+1.99.0-beta.8" "fetch" "--manifest-path" "Cargo.toml", kill_on_drop: false }`
[INFO] [stderr]     Updating crates.io index
[INFO] [stderr]  Downloading crates ...
[INFO] [stderr]   Downloaded url v2.2.1
[INFO] [stderr]   Downloaded unicode-normalization v0.1.17
[INFO] [stderr]   Downloaded security-framework-sys v2.1.1
[INFO] [stderr]   Downloaded dtoa v0.4.7
[INFO] [stderr]   Downloaded input_buffer v0.4.0
[INFO] [stderr]   Downloaded sha-1 v0.9.4
[INFO] [stderr]   Downloaded cpuid-bool v0.1.2
[INFO] [stderr]   Downloaded vcpkg v0.2.11
[INFO] [stderr]   Downloaded typemap v0.3.3
[INFO] [stderr]   Downloaded futures-sink v0.3.13
[INFO] [stderr]   Downloaded simple-log v1.0.1
[INFO] [stderr]   Downloaded unsafe-any v0.4.2
[INFO] [stderr]   Downloaded traitobject v0.1.0
[INFO] [stderr]   Downloaded simple-error v0.2.3
[INFO] [stderr]   Downloaded sluice v0.5.4
[INFO] [stderr]   Downloaded futures-io v0.3.13
[INFO] [stderr]   Downloaded utf-8 v0.7.5
[INFO] [stderr]   Downloaded log-mdc v0.1.0
[INFO] [stderr]   Downloaded thread-id v3.3.0
[INFO] [stderr]   Downloaded fastrand v1.4.0
[INFO] [stderr]   Downloaded futures-channel v0.3.13
[INFO] [stderr]   Downloaded futures-core v0.3.13
[INFO] [stderr]   Downloaded crossbeam-queue v0.3.1
[INFO] [stderr]   Downloaded crossterm_winapi v0.6.2
[INFO] [stderr]   Downloaded crossbeam v0.8.0
[INFO] [stderr]   Downloaded pin-project-lite v0.2.4
[INFO] [stderr]   Downloaded once_cell v1.5.2
[INFO] [stderr]   Downloaded pin-project-internal v1.0.5
[INFO] [stderr]   Downloaded quote v1.0.8
[INFO] [stderr]   Downloaded native-tls v0.2.7
[INFO] [stderr]   Downloaded serde-value v0.6.0
[INFO] [stderr]   Downloaded parking_lot_core v0.8.2
[INFO] [stderr]   Downloaded tinyvec v1.1.1
[INFO] [stderr]   Downloaded tungstenite v0.13.0
[INFO] [stderr]   Downloaded typenum v1.12.0
[INFO] [stderr]   Downloaded openssl-sys v0.9.60
[INFO] [stderr]   Downloaded futures-lite v1.11.3
[INFO] [stderr]   Downloaded generator v0.6.23
[INFO] [stderr]   Downloaded colour v0.5.0
[INFO] [stderr]   Downloaded signal-hook-registry v1.3.0
[INFO] [stderr]   Downloaded serde_yaml v0.8.17
[INFO] [stderr]   Downloaded arc-swap v0.4.8
[INFO] [stderr]   Downloaded tracing-attributes v0.1.13
[INFO] [stderr]   Downloaded cc v1.0.66
[INFO] [stderr]   Downloaded spinning_top v0.2.2
[INFO] [stderr]   Downloaded crossbeam-utils v0.8.2
[INFO] [stderr]   Downloaded crossbeam-epoch v0.9.2
[INFO] [stderr]   Downloaded crossbeam-deque v0.8.0
[INFO] [stderr]   Downloaded signal-hook v0.1.17
[INFO] [stderr]   Downloaded pin-project v1.0.5
[INFO] [stderr]   Downloaded security-framework v2.1.1
[INFO] [stderr]   Downloaded tracing v0.1.25
[INFO] [stderr]   Downloaded loom v0.4.0
[INFO] [stderr]   Downloaded log4rs v0.13.0
[INFO] [stderr]   Downloaded flume v0.10.2
[INFO] [stderr]   Downloaded crossbeam-channel v0.5.0
[INFO] [stderr]   Downloaded crossterm v0.16.0
[INFO] [stderr]   Downloaded curl v0.4.34
[INFO] [stderr]   Downloaded http v0.2.3
[INFO] [stderr]   Downloaded serde_json v1.0.61
[INFO] [stderr]   Downloaded openssl v0.10.32
[INFO] [stderr]   Downloaded isahc v1.1.0
[INFO] [stderr]   Downloaded idna v0.2.2
[INFO] [stderr]   Downloaded tokio v1.2.0
[INFO] [stderr]   Downloaded libc v0.2.87
[INFO] [stderr]   Downloaded libz-sys v1.1.2
[INFO] [stderr]   Downloaded curl-sys v0.4.40+curl-7.75.0
[INFO] [stderr]   Downloaded libnghttp2-sys v0.1.6+1.43.0
[INFO] [stderr]   Downloaded openssl-src v111.14.0+1.1.1j
[INFO] [stderr]   Downloaded grapeTimerR v0.1.6
[INFO] running `Command { std: "docker" "create" "-v" "/var/lib/crater-agent-workspace/builds/worker-2-tc1/source:/opt/rustwide/workdir:ro,Z" "-v" "/var/lib/crater-agent-workspace/builds/worker-2-tc1/target:/opt/rustwide/target:rw,Z" "-v" "/var/lib/crater-agent-workspace/cargo-home:/opt/rustwide/cargo-home:ro,Z" "-v" "/var/lib/crater-agent-workspace/rustup-home:/opt/rustwide/rustup-home:ro,Z" "-m" "1610612736" "--network" "none" "ghcr.io/rust-lang/crates-build-env/linux@sha256:77db811e55d90add9212f6832c23229e3de5f1c1f9905e8cb07319ea15df73ac" "sleep" "infinity", kill_on_drop: false }`
[INFO] [stdout] 9b5471f1501bea893a9106b7e356926e0af4ea19a6375e01141318772e0db1ca
[INFO] running `Command { std: "docker" "start" "9b5471f1501bea893a9106b7e356926e0af4ea19a6375e01141318772e0db1ca", kill_on_drop: false }`
[INFO] running `Command { std: "docker" "inspect" "9b5471f1501bea893a9106b7e356926e0af4ea19a6375e01141318772e0db1ca", kill_on_drop: false }`
[INFO] running `Command { std: "docker" "exec" "-e" "SOURCE_DIR=/opt/rustwide/workdir" "-e" "CARGO_HOME=/opt/rustwide/cargo-home" "-e" "RUSTUP_HOME=/opt/rustwide/rustup-home" "-e" "CARGO_TARGET_DIR=/opt/rustwide/target" "-w" "/opt/rustwide/workdir" "--user" "0:0" "9b5471f1501bea893a9106b7e356926e0af4ea19a6375e01141318772e0db1ca" "/opt/rustwide/cargo-home/bin/cargo" "+1.99.0-beta.8" "metadata" "--no-deps" "--format-version=1", kill_on_drop: false }`
[INFO] running `Command { std: "docker" "inspect" "9b5471f1501bea893a9106b7e356926e0af4ea19a6375e01141318772e0db1ca", kill_on_drop: false }`
[INFO] running `Command { std: "docker" "exec" "-e" "SOURCE_DIR=/opt/rustwide/workdir" "-e" "CARGO_HOME=/opt/rustwide/cargo-home" "-e" "RUSTUP_HOME=/opt/rustwide/rustup-home" "-e" "CARGO_TARGET_DIR=/opt/rustwide/target" "-e" "CARGO_INCREMENTAL=0" "-e" "RUST_BACKTRACE=full" "-e" "RUSTFLAGS=--cap-lints=warn" "-e" "RUSTDOCFLAGS=--cap-lints=warn" "-w" "/opt/rustwide/workdir" "--user" "0:0" "9b5471f1501bea893a9106b7e356926e0af4ea19a6375e01141318772e0db1ca" "/opt/rustwide/cargo-home/bin/cargo" "+1.99.0-beta.8" "build" "--frozen" "--message-format=json" "--release", kill_on_drop: false }`
[INFO] [stderr]    Compiling autocfg v1.0.1
[INFO] [stderr]    Compiling libc v0.2.87
[INFO] [stderr]    Compiling cc v1.0.66
[INFO] [stderr]    Compiling serde v1.0.123
[INFO] [stderr]    Compiling proc-macro2 v1.0.24
[INFO] [stderr]    Compiling pkg-config v0.3.19
[INFO] [stderr]    Compiling unicode-xid v0.2.1
[INFO] [stderr]    Compiling syn v1.0.60
[INFO] [stderr]    Compiling log v0.4.14
[INFO] [stderr]    Compiling typenum v1.12.0
[INFO] [stderr]    Compiling version_check v0.9.2
[INFO] [stderr]    Compiling lock_api v0.4.2
[INFO] [stderr]    Compiling itoa v0.4.7
[INFO] [stderr]    Compiling ryu v1.0.5
[INFO] [stderr]    Compiling crc32fast v1.2.1
[INFO] [stderr]    Compiling getrandom v0.2.2
[INFO] [stderr]    Compiling pin-project-lite v0.2.4
[INFO] [stderr]    Compiling matches v0.1.8
[INFO] [stderr]    Compiling tinyvec v1.1.1
[INFO] [stderr]    Compiling instant v0.1.9
[INFO] [stderr]    Compiling adler32 v1.2.0
[INFO] [stderr]    Compiling slab v0.4.2
[INFO] [stderr]    Compiling futures-core v0.3.13
[INFO] [stderr]    Compiling serde_json v1.0.61
[INFO] [stderr]    Compiling generic-array v0.14.4
[INFO] [stderr]    Compiling linked-hash-map v0.5.4
[INFO] [stderr]    Compiling serde_derive v1.0.123
[INFO] [stderr]    Compiling traitobject v0.1.0
[INFO] [stderr]    Compiling miniz_oxide v0.3.7
[INFO] [stdout] error[E0119]: conflicting implementations of trait `Trait` for type `(dyn Send + Sync + 'static)`
[INFO] [stdout]   --> /opt/rustwide/cargo-home/registry/src/index.crates.io-1949cf8c6b5b557f/traitobject-0.1.0/src/impls.rs:72:1
[INFO] [stdout]    |
[INFO] [stdout] 71 | unsafe impl Trait for ::std::marker::Send + Sync { }
[INFO] [stdout]    | ------------------------------------------------ first implementation here
[INFO] [stdout] 72 | unsafe impl Trait for ::std::marker::Send + Send + Sync { }
[INFO] [stdout]    | ^^^^^^^^^^^^^^^^^^^^^^^^^^^^^^^^^^^^^^^^^^^^^^^^^^^^^^^ conflicting implementation for `(dyn Send + Sync + 'static)`
[INFO] [stdout] 
[INFO] [stdout] 
[INFO] [stdout] error[E0119]: conflicting implementations of trait `Trait` for type `(dyn Send + Sync + 'static)`
[INFO] [stdout]   --> /opt/rustwide/cargo-home/registry/src/index.crates.io-1949cf8c6b5b557f/traitobject-0.1.0/src/impls.rs:73:1
[INFO] [stdout]    |
[INFO] [stdout] 71 | unsafe impl Trait for ::std::marker::Send + Sync { }
[INFO] [stdout]    | ------------------------------------------------ first implementation here
[INFO] [stdout] 72 | unsafe impl Trait for ::std::marker::Send + Send + Sync { }
[INFO] [stdout] 73 | unsafe impl Trait for ::std::marker::Sync + Send { }
[INFO] [stdout]    | ^^^^^^^^^^^^^^^^^^^^^^^^^^^^^^^^^^^^^^^^^^^^^^^^ conflicting implementation for `(dyn Send + Sync + 'static)`
[INFO] [stdout] 
[INFO] [stdout] 
[INFO] [stdout] error[E0119]: conflicting implementations of trait `Trait` for type `(dyn Send + Sync + 'static)`
[INFO] [stdout]   --> /opt/rustwide/cargo-home/registry/src/index.crates.io-1949cf8c6b5b557f/traitobject-0.1.0/src/impls.rs:75:1
[INFO] [stdout]    |
[INFO] [stdout] 71 | unsafe impl Trait for ::std::marker::Send + Sync { }
[INFO] [stdout]    | ------------------------------------------------ first implementation here
[INFO] [stdout] ...
[INFO] [stdout] 75 | unsafe impl Trait for ::std::marker::Sync + Send + Sync { }
[INFO] [stdout]    | ^^^^^^^^^^^^^^^^^^^^^^^^^^^^^^^^^^^^^^^^^^^^^^^^^^^^^^^ conflicting implementation for `(dyn Send + Sync + 'static)`
[INFO] [stdout] 
[INFO] [stdout] 
[INFO] [stderr]    Compiling num-traits v0.2.14
[INFO] [stdout] For more information about this error, try `rustc --explain E0119`.
[INFO] [stdout] 
[INFO] [stderr]    Compiling crossbeam-utils v0.8.2
[INFO] [stderr] error: could not compile `traitobject` (lib) due to 3 previous errors
[INFO] [stderr] warning: build failed, waiting for other jobs to finish...
[INFO] running `Command { std: "docker" "inspect" "9b5471f1501bea893a9106b7e356926e0af4ea19a6375e01141318772e0db1ca", kill_on_drop: false }`
[INFO] running `Command { std: "docker" "rm" "-f" "9b5471f1501bea893a9106b7e356926e0af4ea19a6375e01141318772e0db1ca", kill_on_drop: false }`
[INFO] [stdout] 9b5471f1501bea893a9106b7e356926e0af4ea19a6375e01141318772e0db1ca
