[INFO] fetching crate g3 0.1.4...
[INFO] testing g3-0.1.4 against 1.100.0-beta.1+cargoflags=--release for beta-release-1.100-2
[INFO] extracting crate g3 0.1.4 into /workspace/builds/worker-2-tc2/source
[INFO] started tweaking crates.io crate g3 0.1.4
[INFO] removed 0 missing examples
[INFO] finished tweaking crates.io crate g3 0.1.4
[INFO] tweaked toml for crates.io crate g3 0.1.4 written to /workspace/builds/worker-2-tc2/source/Cargo.toml
[INFO] validating manifest of crates.io crate g3 0.1.4 on toolchain 1.100.0-beta.1
[INFO] running `Command { std: CARGO_HOME="/workspace/cargo-home" RUSTUP_HOME="/workspace/rustup-home" "/workspace/cargo-home/bin/cargo" "+1.100.0-beta.1" "metadata" "--manifest-path" "Cargo.toml" "--no-deps", kill_on_drop: false }`
[INFO] crate crates.io crate g3 0.1.4 already has a lockfile, it will not be regenerated
[INFO] running `Command { std: CARGO_HOME="/workspace/cargo-home" RUSTUP_HOME="/workspace/rustup-home" "/workspace/cargo-home/bin/cargo" "+1.100.0-beta.1" "fetch" "--manifest-path" "Cargo.toml", kill_on_drop: false }`
[INFO] [stderr] warning: `package.homepage` is redundant with `package.repository`
[INFO] [stderr]   --> Cargo.toml:50:12
[INFO] [stderr]    |
[INFO] [stderr] 50 | homepage = "https://github.com/wrnrlr/g3"
[INFO] [stderr]    |            ^^^^^^^^^^^^^^^^^^^^^^^^^^^^^^
[INFO] [stderr] ...
[INFO] [stderr] 55 | repository = "https://github.com/wrnrlr/g3"
[INFO] [stderr]    |              ------------------------------
[INFO] [stderr]    |
[INFO] [stderr]    = note: `cargo::redundant_homepage` is set to `warn` by default
[INFO] [stderr] help: consider removing `package.homepage`
[INFO] [stderr] warning: `g3` (manifest) generated 1 warning
[INFO] running `Command { std: "docker" "create" "-v" "/var/lib/crater-agent-workspace/builds/worker-2-tc2/source:/opt/rustwide/workdir:ro,Z" "-v" "/var/lib/crater-agent-workspace/builds/worker-2-tc2/target:/opt/rustwide/target:rw,Z" "-v" "/var/lib/crater-agent-workspace/cargo-home:/opt/rustwide/cargo-home:ro,Z" "-v" "/var/lib/crater-agent-workspace/rustup-home:/opt/rustwide/rustup-home:ro,Z" "-m" "1610612736" "--network" "none" "ghcr.io/rust-lang/crates-build-env/linux@sha256:77db811e55d90add9212f6832c23229e3de5f1c1f9905e8cb07319ea15df73ac" "sleep" "infinity", kill_on_drop: false }`
[INFO] [stdout] 8fd539f5164e236a2de623eed8b95f181a05917f10d52af5a8eabf95e62e2310
[INFO] running `Command { std: "docker" "start" "8fd539f5164e236a2de623eed8b95f181a05917f10d52af5a8eabf95e62e2310", kill_on_drop: false }`
[INFO] running `Command { std: "docker" "inspect" "8fd539f5164e236a2de623eed8b95f181a05917f10d52af5a8eabf95e62e2310", kill_on_drop: false }`
[INFO] running `Command { std: "docker" "exec" "-e" "SOURCE_DIR=/opt/rustwide/workdir" "-e" "CARGO_HOME=/opt/rustwide/cargo-home" "-e" "RUSTUP_HOME=/opt/rustwide/rustup-home" "-e" "CARGO_TARGET_DIR=/opt/rustwide/target" "-w" "/opt/rustwide/workdir" "--user" "0:0" "8fd539f5164e236a2de623eed8b95f181a05917f10d52af5a8eabf95e62e2310" "/opt/rustwide/cargo-home/bin/cargo" "+1.100.0-beta.1" "metadata" "--no-deps" "--format-version=1", kill_on_drop: false }`
[INFO] running `Command { std: "docker" "inspect" "8fd539f5164e236a2de623eed8b95f181a05917f10d52af5a8eabf95e62e2310", kill_on_drop: false }`
[INFO] running `Command { std: "docker" "exec" "-e" "SOURCE_DIR=/opt/rustwide/workdir" "-e" "CARGO_HOME=/opt/rustwide/cargo-home" "-e" "RUSTUP_HOME=/opt/rustwide/rustup-home" "-e" "CARGO_TARGET_DIR=/opt/rustwide/target" "-e" "CARGO_INCREMENTAL=0" "-e" "RUST_BACKTRACE=full" "-e" "RUSTFLAGS=--cap-lints=warn" "-e" "RUSTDOCFLAGS=--cap-lints=warn" "-w" "/opt/rustwide/workdir" "--user" "0:0" "8fd539f5164e236a2de623eed8b95f181a05917f10d52af5a8eabf95e62e2310" "/opt/rustwide/cargo-home/bin/cargo" "+1.100.0-beta.1" "build" "--frozen" "--message-format=json" "--release", kill_on_drop: false }`
[INFO] [stderr] warning: `package.homepage` is redundant with `package.repository`
[INFO] [stderr]   --> Cargo.toml:50:12
[INFO] [stderr]    |
[INFO] [stderr] 50 | homepage = "https://github.com/wrnrlr/g3"
[INFO] [stderr]    |            ^^^^^^^^^^^^^^^^^^^^^^^^^^^^^^
[INFO] [stderr] ...
[INFO] [stderr] 55 | repository = "https://github.com/wrnrlr/g3"
[INFO] [stderr]    |              ------------------------------
[INFO] [stderr]    |
[INFO] [stderr]    = note: `cargo::redundant_homepage` is set to `warn` by default
[INFO] [stderr] help: consider removing `package.homepage`
[INFO] [stderr] warning: `g3` (manifest) generated 1 warning
[INFO] [stderr]    Compiling g3 v0.1.4 (/opt/rustwide/workdir)
[INFO] [stdout] error[E0432]: unresolved import `std::simd::SimdFloat`
[INFO] [stdout]  --> src/point.rs:1:80
[INFO] [stdout]   |
[INFO] [stdout] 1 | use std::{fmt::{Display, Formatter, Result},simd::{f32x4,mask32x4,simd_swizzle,SimdFloat},mem::transmute,ops::{Add,AddAssign,Sub,SubA...
[INFO] [stdout]   |                                                                                ^^^^^^^^^ no `SimdFloat` in `simd`
[INFO] [stdout]   |
[INFO] [stdout]   = help: consider importing this trait instead:
[INFO] [stdout]           std::simd::num::SimdFloat
[INFO] [stdout] help: a similar name exists in the module
[INFO] [stdout]   |
[INFO] [stdout] 1 - use std::{fmt::{Display, Formatter, Result},simd::{f32x4,mask32x4,simd_swizzle,SimdFloat},mem::transmute,ops::{Add,AddAssign,Sub,SubAssign,Mul,MulAssign,Div,DivAssign,BitAnd,BitOr,BitXor,Not,Neg}};
[INFO] [stdout] 1 + use std::{fmt::{Display, Formatter, Result},simd::{f32x4,mask32x4,simd_swizzle,StdFloat},mem::transmute,ops::{Add,AddAssign,Sub,SubAssign,Mul,MulAssign,Div,DivAssign,BitAnd,BitOr,BitXor,Not,Neg}};
[INFO] [stdout]   |
[INFO] [stdout] 
[INFO] [stdout] 
[INFO] [stdout] error[E0432]: unresolved import `std::simd::SimdFloat`
[INFO] [stdout]  --> src/line.rs:1:33
[INFO] [stdout]   |
[INFO] [stdout] 1 | use std::{simd::{f32x4,mask32x4,SimdFloat},ops::{Add, AddAssign, Sub, SubAssign, Mul, MulAssign, Div, DivAssign, Not, Neg, BitXor, Bi...
[INFO] [stdout]   |                                 ^^^^^^^^^ no `SimdFloat` in `simd`
[INFO] [stdout]   |
[INFO] [stdout]   = help: consider importing this trait instead:
[INFO] [stdout]           std::simd::num::SimdFloat
[INFO] [stdout] help: a similar name exists in the module
[INFO] [stdout]   |
[INFO] [stdout] 1 - use std::{simd::{f32x4,mask32x4,SimdFloat},ops::{Add, AddAssign, Sub, SubAssign, Mul, MulAssign, Div, DivAssign, Not, Neg, BitXor, BitAnd, BitOr}};
[INFO] [stdout] 1 + use std::{simd::{f32x4,mask32x4,StdFloat},ops::{Add, AddAssign, Sub, SubAssign, Mul, MulAssign, Div, DivAssign, Not, Neg, BitXor, BitAnd, BitOr}};
[INFO] [stdout]   |
[INFO] [stdout] 
[INFO] [stdout] 
[INFO] [stdout] error[E0432]: unresolved import `std::simd::SimdFloat`
[INFO] [stdout]  --> src/horizon.rs:1:33
[INFO] [stdout]   |
[INFO] [stdout] 1 | use std::{simd::{f32x4,mask32x4,SimdFloat},ops::{Add, AddAssign, Sub, SubAssign, Mul, MulAssign, Div, DivAssign, Not, Neg, BitXor, Bi...
[INFO] [stdout]   |                                 ^^^^^^^^^ no `SimdFloat` in `simd`
[INFO] [stdout]   |
[INFO] [stdout]   = help: consider importing this trait instead:
[INFO] [stdout]           std::simd::num::SimdFloat
[INFO] [stdout] help: a similar name exists in the module
[INFO] [stdout]   |
[INFO] [stdout] 1 - use std::{simd::{f32x4,mask32x4,SimdFloat},ops::{Add, AddAssign, Sub, SubAssign, Mul, MulAssign, Div, DivAssign, Not, Neg, BitXor, BitAnd, BitOr}};
[INFO] [stdout] 1 + use std::{simd::{f32x4,mask32x4,StdFloat},ops::{Add, AddAssign, Sub, SubAssign, Mul, MulAssign, Div, DivAssign, Not, Neg, BitXor, BitAnd, BitOr}};
[INFO] [stdout]   |
[INFO] [stdout] 
[INFO] [stdout] 
[INFO] [stdout] error[E0432]: unresolved import `std::simd::SimdFloat`
[INFO] [stdout]  --> src/plane.rs:1:68
[INFO] [stdout]   |
[INFO] [stdout] 1 | use std::{fmt::{Display, Formatter, Result},simd::{f32x4,mask32x4, SimdFloat},ops::*};
[INFO] [stdout]   |                                                                    ^^^^^^^^^ no `SimdFloat` in `simd`
[INFO] [stdout]   |
[INFO] [stdout]   = help: consider importing this trait instead:
[INFO] [stdout]           std::simd::num::SimdFloat
[INFO] [stdout] help: a similar name exists in the module
[INFO] [stdout]   |
[INFO] [stdout] 1 - use std::{fmt::{Display, Formatter, Result},simd::{f32x4,mask32x4, SimdFloat},ops::*};
[INFO] [stdout] 1 + use std::{fmt::{Display, Formatter, Result},simd::{f32x4,mask32x4, StdFloat},ops::*};
[INFO] [stdout]   |
[INFO] [stdout] 
[INFO] [stdout] 
[INFO] [stdout] error[E0432]: unresolved import `std::simd::SimdFloat`
[INFO] [stdout]  --> src/motor.rs:1:79
[INFO] [stdout]   |
[INFO] [stdout] 1 | use std::{convert::From,fmt::{Display,Formatter,Result},simd::{f32x4,mask32x4,SimdFloat},ops::{Add, AddAssign, Sub, SubAssign, Mul, M...
[INFO] [stdout]   |                                                                               ^^^^^^^^^ no `SimdFloat` in `simd`
[INFO] [stdout]   |
[INFO] [stdout]   = help: consider importing this trait instead:
[INFO] [stdout]           std::simd::num::SimdFloat
[INFO] [stdout] help: a similar name exists in the module
[INFO] [stdout]   |
[INFO] [stdout] 1 - use std::{convert::From,fmt::{Display,Formatter,Result},simd::{f32x4,mask32x4,SimdFloat},ops::{Add, AddAssign, Sub, SubAssign, Mul, MulAssign, Div, DivAssign, Neg, Fn}};
[INFO] [stdout] 1 + use std::{convert::From,fmt::{Display,Formatter,Result},simd::{f32x4,mask32x4,StdFloat},ops::{Add, AddAssign, Sub, SubAssign, Mul, MulAssign, Div, DivAssign, Neg, Fn}};
[INFO] [stdout]   |
[INFO] [stdout] 
[INFO] [stdout] 
[INFO] [stdout] error[E0432]: unresolved import `std::simd::SimdFloat`
[INFO] [stdout]  --> src/rotor.rs:1:33
[INFO] [stdout]   |
[INFO] [stdout] 1 | use std::{simd::{mask32x4,f32x4,SimdFloat,simd_swizzle as swizzle},ops::{Add, AddAssign, Sub, SubAssign, Mul, MulAssign, Div, DivAssi...
[INFO] [stdout]   |                                 ^^^^^^^^^ no `SimdFloat` in `simd`
[INFO] [stdout]   |
[INFO] [stdout]   = help: consider importing this trait instead:
[INFO] [stdout]           std::simd::num::SimdFloat
[INFO] [stdout] help: a similar name exists in the module
[INFO] [stdout]   |
[INFO] [stdout] 1 - use std::{simd::{mask32x4,f32x4,SimdFloat,simd_swizzle as swizzle},ops::{Add, AddAssign, Sub, SubAssign, Mul, MulAssign, Div, DivAssign, Neg, Fn}};
[INFO] [stdout] 1 + use std::{simd::{mask32x4,f32x4,StdFloat,simd_swizzle as swizzle},ops::{Add, AddAssign, Sub, SubAssign, Mul, MulAssign, Div, DivAssign, Neg, Fn}};
[INFO] [stdout]   |
[INFO] [stdout] 
[INFO] [stdout] 
[INFO] [stdout] error[E0432]: unresolved import `std::simd::SimdFloat`
[INFO] [stdout]  --> src/direction.rs:1:30
[INFO] [stdout]   |
[INFO] [stdout] 1 | use std::{simd::{f32x4,u32x4,SimdFloat},ops::{Add,AddAssign,Sub,SubAssign,Mul,MulAssign,Div,DivAssign,Neg}};
[INFO] [stdout]   |                              ^^^^^^^^^ no `SimdFloat` in `simd`
[INFO] [stdout]   |
[INFO] [stdout]   = help: consider importing this trait instead:
[INFO] [stdout]           std::simd::num::SimdFloat
[INFO] [stdout] help: a similar name exists in the module
[INFO] [stdout]   |
[INFO] [stdout] 1 - use std::{simd::{f32x4,u32x4,SimdFloat},ops::{Add,AddAssign,Sub,SubAssign,Mul,MulAssign,Div,DivAssign,Neg}};
[INFO] [stdout] 1 + use std::{simd::{f32x4,u32x4,StdFloat},ops::{Add,AddAssign,Sub,SubAssign,Mul,MulAssign,Div,DivAssign,Neg}};
[INFO] [stdout]   |
[INFO] [stdout] 
[INFO] [stdout] 
[INFO] [stdout] error[E0432]: unresolved imports `std::simd::SimdFloat`, `std::simd::Which`
[INFO] [stdout]  --> src/translator.rs:1:67
[INFO] [stdout]   |
[INFO] [stdout] 1 | ...esult},simd::{f32x4,mask32x4,SimdFloat,simd_swizzle as swizzle,Which::{First,Second}},ops::{Add, AddAssign, Sub, SubAssign, Mul, M...
[INFO] [stdout]   |                                 ^^^^^^^^^                         ^^^^^ could not find `Which` in `simd`
[INFO] [stdout]   |                                 |
[INFO] [stdout]   |                                 no `SimdFloat` in `simd`
[INFO] [stdout]   |
[INFO] [stdout]   = help: consider importing this trait instead:
[INFO] [stdout]           std::simd::num::SimdFloat
[INFO] [stdout] help: a similar name exists in the module
[INFO] [stdout]   |
[INFO] [stdout] 1 - use std::{fmt::{Display, Formatter, Result},simd::{f32x4,mask32x4,SimdFloat,simd_swizzle as swizzle,Which::{First,Second}},ops::{Add, AddAssign, Sub, SubAssign, Mul, MulAssign, Div, DivAssign, Not, Neg, Fn}};
[INFO] [stdout] 1 + use std::{fmt::{Display, Formatter, Result},simd::{f32x4,mask32x4,StdFloat,simd_swizzle as swizzle,Which::{First,Second}},ops::{Add, AddAssign, Sub, SubAssign, Mul, MulAssign, Div, DivAssign, Not, Neg, Fn}};
[INFO] [stdout]   |
[INFO] [stdout] 
[INFO] [stdout] 
[INFO] [stdout] error[E0432]: unresolved import `std::simd::Which`
[INFO] [stdout]    --> src/maths.rs:317:45
[INFO] [stdout]     |
[INFO] [stdout] 317 | use std::simd::{*, simd_swizzle as swizzle, Which::{First, Second}, StdFloat};
[INFO] [stdout]     |                                             ^^^^^ could not find `Which` in `simd`
[INFO] [stdout] 
[INFO] [stdout] 
[INFO] [stdout] error[E0554]: `#![feature]` may not be used on the beta release channel
[INFO] [stdout]  --> src/lib.rs:1:1
[INFO] [stdout]   |
[INFO] [stdout] 1 | #![feature(unboxed_closures)]
[INFO] [stdout]   | ^^^^^^^^^^^^^^^^^^^^^^^^^^^^^
[INFO] [stdout] 
[INFO] [stdout] 
[INFO] [stdout] error[E0599]: no method named `abs` found for struct `Simd<T, N>` in the current scope
[INFO] [stdout]   --> src/point.rs:36:80
[INFO] [stdout]    |
[INFO] [stdout] 36 |   pub fn approx_eq(&self, other:Point, epsilon:f32)->bool {(&self.0 - other.0).abs() < f32x4::splat(epsilon)}
[INFO] [stdout]    |                                                                                ^^^ method not found in `Simd<f32, 4>`
[INFO] [stdout]    |
[INFO] [stdout]   --> /rustc/e3feeb59cd1bdd011a2bfcc0747b55125d9b8527/library/core/src/../../portable-simd/crates/core_simd/src/simd/num/float.rs:77:7
[INFO] [stdout]    |
[INFO] [stdout]    = note: the method is available for `Simd<f32, 4>` here
[INFO] [stdout]    |
[INFO] [stdout]    = help: items from traits can only be used if the trait is in scope
[INFO] [stdout] help: trait `SimdFloat` which provides `abs` is implemented but not in scope; perhaps you want to import it
[INFO] [stdout]    |
[INFO] [stdout]  1 + use std::simd::prelude::SimdFloat;
[INFO] [stdout]    |
[INFO] [stdout] 
[INFO] [stdout] 
[INFO] [stdout] error[E0599]: no method named `abs` found for struct `Simd<T, N>` in the current scope
[INFO] [stdout]   --> src/line.rs:66:27
[INFO] [stdout]    |
[INFO] [stdout] 66 |     (&self.p1 - other.p1).abs() < eps && (&self.p2 - other.p2).abs() < eps
[INFO] [stdout]    |                           ^^^ method not found in `Simd<f32, 4>`
[INFO] [stdout]    |
[INFO] [stdout]   --> /rustc/e3feeb59cd1bdd011a2bfcc0747b55125d9b8527/library/core/src/../../portable-simd/crates/core_simd/src/simd/num/float.rs:77:7
[INFO] [stdout]    |
[INFO] [stdout]    = note: the method is available for `Simd<f32, 4>` here
[INFO] [stdout]    |
[INFO] [stdout]    = help: items from traits can only be used if the trait is in scope
[INFO] [stdout] help: trait `SimdFloat` which provides `abs` is implemented but not in scope; perhaps you want to import it
[INFO] [stdout]    |
[INFO] [stdout]  1 + use std::simd::prelude::SimdFloat;
[INFO] [stdout]    |
[INFO] [stdout] 
[INFO] [stdout] 
[INFO] [stdout] error[E0599]: no method named `abs` found for struct `Simd<T, N>` in the current scope
[INFO] [stdout]   --> src/line.rs:66:64
[INFO] [stdout]    |
[INFO] [stdout] 66 |     (&self.p1 - other.p1).abs() < eps && (&self.p2 - other.p2).abs() < eps
[INFO] [stdout]    |                                                                ^^^ method not found in `Simd<f32, 4>`
[INFO] [stdout]    |
[INFO] [stdout]   --> /rustc/e3feeb59cd1bdd011a2bfcc0747b55125d9b8527/library/core/src/../../portable-simd/crates/core_simd/src/simd/num/float.rs:77:7
[INFO] [stdout]    |
[INFO] [stdout]    = note: the method is available for `Simd<f32, 4>` here
[INFO] [stdout]    |
[INFO] [stdout]    = help: items from traits can only be used if the trait is in scope
[INFO] [stdout] help: trait `SimdFloat` which provides `abs` is implemented but not in scope; perhaps you want to import it
[INFO] [stdout]    |
[INFO] [stdout]  1 + use std::simd::prelude::SimdFloat;
[INFO] [stdout]    |
[INFO] [stdout] 
[INFO] [stdout] 
[INFO] [stdout] error[E0599]: no method named `abs` found for struct `Simd<T, N>` in the current scope
[INFO] [stdout]   --> src/horizon.rs:24:87
[INFO] [stdout]    |
[INFO] [stdout] 24 |   pub fn approx_eq(&self, other:Translator, epsilon:f32)->bool {(&self.p2 - other.p2).abs() < f32x4::splat(epsilon)}
[INFO] [stdout]    |                                                                                       ^^^ method not found in `Simd<f32, 4>`
[INFO] [stdout]    |
[INFO] [stdout]   --> /rustc/e3feeb59cd1bdd011a2bfcc0747b55125d9b8527/library/core/src/../../portable-simd/crates/core_simd/src/simd/num/float.rs:77:7
[INFO] [stdout]    |
[INFO] [stdout]    = note: the method is available for `Simd<f32, 4>` here
[INFO] [stdout]    |
[INFO] [stdout]    = help: items from traits can only be used if the trait is in scope
[INFO] [stdout] help: trait `SimdFloat` which provides `abs` is implemented but not in scope; perhaps you want to import it
[INFO] [stdout]    |
[INFO] [stdout]  1 + use std::simd::prelude::SimdFloat;
[INFO] [stdout]    |
[INFO] [stdout] 
[INFO] [stdout] 
[INFO] [stdout] error[E0599]: no method named `abs` found for struct `Simd<T, N>` in the current scope
[INFO] [stdout]   --> src/plane.rs:50:80
[INFO] [stdout]    |
[INFO] [stdout] 50 |   pub fn approx_eq(&self, other:Plane, epsilon:f32)->bool {(&self.0 - other.0).abs() < f32x4::splat(epsilon)}
[INFO] [stdout]    |                                                                                ^^^ method not found in `Simd<f32, 4>`
[INFO] [stdout]    |
[INFO] [stdout]   --> /rustc/e3feeb59cd1bdd011a2bfcc0747b55125d9b8527/library/core/src/../../portable-simd/crates/core_simd/src/simd/num/float.rs:77:7
[INFO] [stdout]    |
[INFO] [stdout]    = note: the method is available for `Simd<f32, 4>` here
[INFO] [stdout]    |
[INFO] [stdout]    = help: items from traits can only be used if the trait is in scope
[INFO] [stdout] help: trait `SimdFloat` which provides `abs` is implemented but not in scope; perhaps you want to import it
[INFO] [stdout]    |
[INFO] [stdout]  1 + use std::simd::prelude::SimdFloat;
[INFO] [stdout]    |
[INFO] [stdout] 
[INFO] [stdout] 
[INFO] [stdout] error[E0599]: no associated function or constant named `from_bits` found for struct `Simd<T, N>` in the current scope
[INFO] [stdout]   --> src/motor.rs:93:21
[INFO] [stdout]    |
[INFO] [stdout] 93 |     let p1 = f32x4::from_bits(&mask ^ self.p1.to_bits());
[INFO] [stdout]    |                     ^^^^^^^^^ associated function or constant not found in `Simd<f32, 4>`
[INFO] [stdout]    |
[INFO] [stdout] note: if you're trying to build a new `Simd<f32, 4>` consider using one of the following associated functions:
[INFO] [stdout]       Simd::<T, N>::splat
[INFO] [stdout]       Simd::<T, N>::from_array
[INFO] [stdout]       Simd::<T, N>::from_slice
[INFO] [stdout]       Simd::<T, N>::load_or_default
[INFO] [stdout]       and 11 others
[INFO] [stdout]   --> /rustc/e3feeb59cd1bdd011a2bfcc0747b55125d9b8527/library/core/src/../../portable-simd/crates/core_simd/src/vector.rs:151:4
[INFO] [stdout]    = help: items from traits can only be used if the trait is in scope
[INFO] [stdout] help: there is a method `to_bits` with a similar name, but with different arguments
[INFO] [stdout]   --> /rustc/e3feeb59cd1bdd011a2bfcc0747b55125d9b8527/library/core/src/../../portable-simd/crates/core_simd/src/simd/num/float.rs:67:4
[INFO] [stdout] help: trait `SimdFloat` which provides `from_bits` is implemented but not in scope; perhaps you want to import it
[INFO] [stdout]    |
[INFO] [stdout]  1 + use std::simd::prelude::SimdFloat;
[INFO] [stdout]    |
[INFO] [stdout] 
[INFO] [stdout] 
[INFO] [stdout] error[E0599]: no method named `to_bits` found for struct `Simd<T, N>` in the current scope
[INFO] [stdout]   --> src/motor.rs:93:47
[INFO] [stdout]    |
[INFO] [stdout] 93 |     let p1 = f32x4::from_bits(&mask ^ self.p1.to_bits());
[INFO] [stdout]    |                                               ^^^^^^^ method not found in `Simd<f32, 4>`
[INFO] [stdout]    |
[INFO] [stdout]   --> /rustc/e3feeb59cd1bdd011a2bfcc0747b55125d9b8527/library/core/src/../../portable-simd/crates/core_simd/src/simd/num/float.rs:67:7
[INFO] [stdout]    |
[INFO] [stdout]    = note: the method is available for `Simd<f32, 4>` here
[INFO] [stdout]    |
[INFO] [stdout]    = help: items from traits can only be used if the trait is in scope
[INFO] [stdout] help: trait `SimdFloat` which provides `to_bits` is implemented but not in scope; perhaps you want to import it
[INFO] [stdout]    |
[INFO] [stdout]  1 + use std::simd::prelude::SimdFloat;
[INFO] [stdout]    |
[INFO] [stdout] 
[INFO] [stdout] 
[INFO] [stdout] error[E0599]: no associated function or constant named `from_bits` found for struct `Simd<T, N>` in the current scope
[INFO] [stdout]   --> src/motor.rs:94:21
[INFO] [stdout]    |
[INFO] [stdout] 94 |     let p2 = f32x4::from_bits(&mask ^ self.p2.to_bits());
[INFO] [stdout]    |                     ^^^^^^^^^ associated function or constant not found in `Simd<f32, 4>`
[INFO] [stdout]    |
[INFO] [stdout] note: if you're trying to build a new `Simd<f32, 4>` consider using one of the following associated functions:
[INFO] [stdout]       Simd::<T, N>::splat
[INFO] [stdout]       Simd::<T, N>::from_array
[INFO] [stdout]       Simd::<T, N>::from_slice
[INFO] [stdout]       Simd::<T, N>::load_or_default
[INFO] [stdout]       and 11 others
[INFO] [stdout]   --> /rustc/e3feeb59cd1bdd011a2bfcc0747b55125d9b8527/library/core/src/../../portable-simd/crates/core_simd/src/vector.rs:151:4
[INFO] [stdout]    = help: items from traits can only be used if the trait is in scope
[INFO] [stdout] help: there is a method `to_bits` with a similar name, but with different arguments
[INFO] [stdout]   --> /rustc/e3feeb59cd1bdd011a2bfcc0747b55125d9b8527/library/core/src/../../portable-simd/crates/core_simd/src/simd/num/float.rs:67:4
[INFO] [stdout] help: trait `SimdFloat` which provides `from_bits` is implemented but not in scope; perhaps you want to import it
[INFO] [stdout]    |
[INFO] [stdout]  1 + use std::simd::prelude::SimdFloat;
[INFO] [stdout]    |
[INFO] [stdout] 
[INFO] [stdout] 
[INFO] [stdout] error[E0599]: no method named `to_bits` found for struct `Simd<T, N>` in the current scope
[INFO] [stdout]   --> src/motor.rs:94:47
[INFO] [stdout]    |
[INFO] [stdout] 94 |     let p2 = f32x4::from_bits(&mask ^ self.p2.to_bits());
[INFO] [stdout]    |                                               ^^^^^^^ method not found in `Simd<f32, 4>`
[INFO] [stdout]    |
[INFO] [stdout]   --> /rustc/e3feeb59cd1bdd011a2bfcc0747b55125d9b8527/library/core/src/../../portable-simd/crates/core_simd/src/simd/num/float.rs:67:7
[INFO] [stdout]    |
[INFO] [stdout]    = note: the method is available for `Simd<f32, 4>` here
[INFO] [stdout]    |
[INFO] [stdout]    = help: items from traits can only be used if the trait is in scope
[INFO] [stdout] help: trait `SimdFloat` which provides `to_bits` is implemented but not in scope; perhaps you want to import it
[INFO] [stdout]    |
[INFO] [stdout]  1 + use std::simd::prelude::SimdFloat;
[INFO] [stdout]    |
[INFO] [stdout] 
[INFO] [stdout] 
[INFO] [stdout] error[E0599]: no method named `abs` found for struct `Simd<T, N>` in the current scope
[INFO] [stdout]    --> src/motor.rs:123:27
[INFO] [stdout]     |
[INFO] [stdout] 123 |     (&self.p1 - other.p1).abs() < eps && (&self.p2 - other.p2).abs() < eps
[INFO] [stdout]     |                           ^^^ method not found in `Simd<f32, 4>`
[INFO] [stdout]     |
[INFO] [stdout]    --> /rustc/e3feeb59cd1bdd011a2bfcc0747b55125d9b8527/library/core/src/../../portable-simd/crates/core_simd/src/simd/num/float.rs:77:7
[INFO] [stdout]     |
[INFO] [stdout]     = note: the method is available for `Simd<f32, 4>` here
[INFO] [stdout]     |
[INFO] [stdout]     = help: items from traits can only be used if the trait is in scope
[INFO] [stdout] help: trait `SimdFloat` which provides `abs` is implemented but not in scope; perhaps you want to import it
[INFO] [stdout]     |
[INFO] [stdout]   1 + use std::simd::prelude::SimdFloat;
[INFO] [stdout]     |
[INFO] [stdout] 
[INFO] [stdout] 
[INFO] [stdout] error[E0599]: no method named `abs` found for struct `Simd<T, N>` in the current scope
[INFO] [stdout]    --> src/motor.rs:123:64
[INFO] [stdout]     |
[INFO] [stdout] 123 |     (&self.p1 - other.p1).abs() < eps && (&self.p2 - other.p2).abs() < eps
[INFO] [stdout]     |                                                                ^^^ method not found in `Simd<f32, 4>`
[INFO] [stdout]     |
[INFO] [stdout]    --> /rustc/e3feeb59cd1bdd011a2bfcc0747b55125d9b8527/library/core/src/../../portable-simd/crates/core_simd/src/simd/num/float.rs:77:7
[INFO] [stdout]     |
[INFO] [stdout]     = note: the method is available for `Simd<f32, 4>` here
[INFO] [stdout]     |
[INFO] [stdout]     = help: items from traits can only be used if the trait is in scope
[INFO] [stdout] help: trait `SimdFloat` which provides `abs` is implemented but not in scope; perhaps you want to import it
[INFO] [stdout]     |
[INFO] [stdout]   1 + use std::simd::prelude::SimdFloat;
[INFO] [stdout]     |
[INFO] [stdout] 
[INFO] [stdout] 
[INFO] [stdout] error[E0599]: no method named `abs` found for struct `Simd<T, N>` in the current scope
[INFO] [stdout]   --> src/rotor.rs:93:80
[INFO] [stdout]    |
[INFO] [stdout] 93 |   pub fn approx_eq(&self, other:Rotor, epsilon:f32)->bool {(&self.0 - other.0).abs() < f32x4::splat(epsilon)}
[INFO] [stdout]    |                                                                                ^^^ method not found in `Simd<f32, 4>`
[INFO] [stdout]    |
[INFO] [stdout]   --> /rustc/e3feeb59cd1bdd011a2bfcc0747b55125d9b8527/library/core/src/../../portable-simd/crates/core_simd/src/simd/num/float.rs:77:7
[INFO] [stdout]    |
[INFO] [stdout]    = note: the method is available for `Simd<f32, 4>` here
[INFO] [stdout]    |
[INFO] [stdout]    = help: items from traits can only be used if the trait is in scope
[INFO] [stdout] help: trait `SimdFloat` which provides `abs` is implemented but not in scope; perhaps you want to import it
[INFO] [stdout]    |
[INFO] [stdout]  1 + use std::simd::prelude::SimdFloat;
[INFO] [stdout]    |
[INFO] [stdout] 
[INFO] [stdout] 
[INFO] [stdout] error[E0599]: no associated function or constant named `from_bits` found for struct `Simd<T, N>` in the current scope
[INFO] [stdout]   --> src/direction.rs:15:22
[INFO] [stdout]    |
[INFO] [stdout] 15 |     Direction(f32x4::from_bits(bits))
[INFO] [stdout]    |                      ^^^^^^^^^ associated function or constant not found in `Simd<f32, 4>`
[INFO] [stdout]    |
[INFO] [stdout] note: if you're trying to build a new `Simd<f32, 4>` consider using one of the following associated functions:
[INFO] [stdout]       Simd::<T, N>::splat
[INFO] [stdout]       Simd::<T, N>::from_array
[INFO] [stdout]       Simd::<T, N>::from_slice
[INFO] [stdout]       Simd::<T, N>::load_or_default
[INFO] [stdout]       and 11 others
[INFO] [stdout]   --> /rustc/e3feeb59cd1bdd011a2bfcc0747b55125d9b8527/library/core/src/../../portable-simd/crates/core_simd/src/vector.rs:151:4
[INFO] [stdout]    = help: items from traits can only be used if the trait is in scope
[INFO] [stdout] help: there is a method `to_bits` with a similar name, but with different arguments
[INFO] [stdout]   --> /rustc/e3feeb59cd1bdd011a2bfcc0747b55125d9b8527/library/core/src/../../portable-simd/crates/core_simd/src/simd/num/float.rs:67:4
[INFO] [stdout] help: trait `SimdFloat` which provides `from_bits` is implemented but not in scope; perhaps you want to import it
[INFO] [stdout]    |
[INFO] [stdout]  1 + use std::simd::prelude::SimdFloat;
[INFO] [stdout]    |
[INFO] [stdout] 
[INFO] [stdout] 
[INFO] [stdout] error[E0599]: no method named `abs` found for struct `Simd<T, N>` in the current scope
[INFO] [stdout]   --> src/translator.rs:56:87
[INFO] [stdout]    |
[INFO] [stdout] 56 |   pub fn approx_eq(&self, other:Translator, epsilon:f32)->bool {(&self.p2 - other.p2).abs() < f32x4::splat(epsilon)}
[INFO] [stdout]    |                                                                                       ^^^ method not found in `Simd<f32, 4>`
[INFO] [stdout]    |
[INFO] [stdout]   --> /rustc/e3feeb59cd1bdd011a2bfcc0747b55125d9b8527/library/core/src/../../portable-simd/crates/core_simd/src/simd/num/float.rs:77:7
[INFO] [stdout]    |
[INFO] [stdout]    = note: the method is available for `Simd<f32, 4>` here
[INFO] [stdout]    |
[INFO] [stdout]    = help: items from traits can only be used if the trait is in scope
[INFO] [stdout] help: trait `SimdFloat` which provides `abs` is implemented but not in scope; perhaps you want to import it
[INFO] [stdout]    |
[INFO] [stdout]  1 + use std::simd::prelude::SimdFloat;
[INFO] [stdout]    |
[INFO] [stdout] 
[INFO] [stdout] 
[INFO] [stdout] error[E0599]: no associated function or constant named `from_bits` found for struct `Simd<T, N>` in the current scope
[INFO] [stdout]    --> src/maths.rs:324:10
[INFO] [stdout]     |
[INFO] [stdout] 324 |   f32x4::from_bits(to_bits(&a) ^ to_bits(&b))
[INFO] [stdout]     |          ^^^^^^^^^ associated function or constant not found in `Simd<f32, 4>`
[INFO] [stdout]     |
[INFO] [stdout] note: if you're trying to build a new `Simd<f32, 4>` consider using one of the following associated functions:
[INFO] [stdout]       Simd::<T, N>::splat
[INFO] [stdout]       Simd::<T, N>::from_array
[INFO] [stdout]       Simd::<T, N>::from_slice
[INFO] [stdout]       Simd::<T, N>::load_or_default
[INFO] [stdout]       and 11 others
[INFO] [stdout]    --> /rustc/e3feeb59cd1bdd011a2bfcc0747b55125d9b8527/library/core/src/../../portable-simd/crates/core_simd/src/vector.rs:151:4
[INFO] [stdout]     = help: items from traits can only be used if the trait is in scope
[INFO] [stdout] help: there is a method `to_bits` with a similar name, but with different arguments
[INFO] [stdout]    --> /rustc/e3feeb59cd1bdd011a2bfcc0747b55125d9b8527/library/core/src/../../portable-simd/crates/core_simd/src/simd/num/float.rs:67:4
[INFO] [stdout] help: trait `SimdFloat` which provides `from_bits` is implemented but not in scope; perhaps you want to import it
[INFO] [stdout]     |
[INFO] [stdout]   2 + use std::simd::prelude::SimdFloat;
[INFO] [stdout]     |
[INFO] [stdout] 
[INFO] [stdout] 
[INFO] [stdout] error[E0599]: no associated function or constant named `from_bits` found for struct `Simd<T, N>` in the current scope
[INFO] [stdout]    --> src/maths.rs:397:61
[INFO] [stdout]     |
[INFO] [stdout] 397 | #[inline] pub fn f32x4_and(a:f32x4,b:f32x4)->f32x4 { f32x4::from_bits(a.to_bits() & b.to_bits()) }
[INFO] [stdout]     |                                                             ^^^^^^^^^ associated function or constant not found in `Simd<f32, 4>`
[INFO] [stdout]     |
[INFO] [stdout] note: if you're trying to build a new `Simd<f32, 4>` consider using one of the following associated functions:
[INFO] [stdout]       Simd::<T, N>::splat
[INFO] [stdout]       Simd::<T, N>::from_array
[INFO] [stdout]       Simd::<T, N>::from_slice
[INFO] [stdout]       Simd::<T, N>::load_or_default
[INFO] [stdout]       and 11 others
[INFO] [stdout]    --> /rustc/e3feeb59cd1bdd011a2bfcc0747b55125d9b8527/library/core/src/../../portable-simd/crates/core_simd/src/vector.rs:151:4
[INFO] [stdout]     = help: items from traits can only be used if the trait is in scope
[INFO] [stdout] help: there is a method `to_bits` with a similar name, but with different arguments
[INFO] [stdout]    --> /rustc/e3feeb59cd1bdd011a2bfcc0747b55125d9b8527/library/core/src/../../portable-simd/crates/core_simd/src/simd/num/float.rs:67:4
[INFO] [stdout] help: trait `SimdFloat` which provides `from_bits` is implemented but not in scope; perhaps you want to import it
[INFO] [stdout]     |
[INFO] [stdout]   2 + use std::simd::prelude::SimdFloat;
[INFO] [stdout]     |
[INFO] [stdout] 
[INFO] [stdout] 
[INFO] [stdout] error[E0599]: no method named `to_bits` found for struct `Simd<T, N>` in the current scope
[INFO] [stdout]    --> src/maths.rs:397:73
[INFO] [stdout]     |
[INFO] [stdout] 397 | #[inline] pub fn f32x4_and(a:f32x4,b:f32x4)->f32x4 { f32x4::from_bits(a.to_bits() & b.to_bits()) }
[INFO] [stdout]     |                                                                         ^^^^^^^ method not found in `Simd<f32, 4>`
[INFO] [stdout]     |
[INFO] [stdout]    --> /rustc/e3feeb59cd1bdd011a2bfcc0747b55125d9b8527/library/core/src/../../portable-simd/crates/core_simd/src/simd/num/float.rs:67:7
[INFO] [stdout]     |
[INFO] [stdout]     = note: the method is available for `Simd<f32, 4>` here
[INFO] [stdout]     |
[INFO] [stdout]     = help: items from traits can only be used if the trait is in scope
[INFO] [stdout] help: trait `SimdFloat` which provides `to_bits` is implemented but not in scope; perhaps you want to import it
[INFO] [stdout]     |
[INFO] [stdout]   2 + use std::simd::prelude::SimdFloat;
[INFO] [stdout]     |
[INFO] [stdout] 
[INFO] [stdout] 
[INFO] [stdout] error[E0599]: no method named `to_bits` found for struct `Simd<T, N>` in the current scope
[INFO] [stdout]    --> src/maths.rs:397:87
[INFO] [stdout]     |
[INFO] [stdout] 397 | #[inline] pub fn f32x4_and(a:f32x4,b:f32x4)->f32x4 { f32x4::from_bits(a.to_bits() & b.to_bits()) }
[INFO] [stdout]     |                                                                                       ^^^^^^^ method not found in `Simd<f32, 4>`
[INFO] [stdout]     |
[INFO] [stdout]    --> /rustc/e3feeb59cd1bdd011a2bfcc0747b55125d9b8527/library/core/src/../../portable-simd/crates/core_simd/src/simd/num/float.rs:67:7
[INFO] [stdout]     |
[INFO] [stdout]     = note: the method is available for `Simd<f32, 4>` here
[INFO] [stdout]     |
[INFO] [stdout]     = help: items from traits can only be used if the trait is in scope
[INFO] [stdout] help: trait `SimdFloat` which provides `to_bits` is implemented but not in scope; perhaps you want to import it
[INFO] [stdout]     |
[INFO] [stdout]   2 + use std::simd::prelude::SimdFloat;
[INFO] [stdout]     |
[INFO] [stdout] 
[INFO] [stdout] 
[INFO] [stdout] Some errors have detailed explanations: E0432, E0554, E0599.
[INFO] [stdout] 
[INFO] [stdout] For more information about an error, try `rustc --explain E0432`.
[INFO] [stdout] 
[INFO] [stderr] error: could not compile `g3` (lib) due to 28 previous errors
[INFO] running `Command { std: "docker" "inspect" "8fd539f5164e236a2de623eed8b95f181a05917f10d52af5a8eabf95e62e2310", kill_on_drop: false }`
[INFO] running `Command { std: "docker" "rm" "-f" "8fd539f5164e236a2de623eed8b95f181a05917f10d52af5a8eabf95e62e2310", kill_on_drop: false }`
[INFO] [stdout] 8fd539f5164e236a2de623eed8b95f181a05917f10d52af5a8eabf95e62e2310
