[INFO] fetching crate g3-computer-control 0.2.2...
[INFO] testing g3-computer-control-0.2.2 against 1.99.0-beta.8+cargoflags=--release for beta-release-1.100-2
[INFO] extracting crate g3-computer-control 0.2.2 into /workspace/builds/worker-6-tc1/source
[INFO] started tweaking crates.io crate g3-computer-control 0.2.2
[INFO] removed 0 missing examples
[INFO] removed 0 missing tests
[INFO] finished tweaking crates.io crate g3-computer-control 0.2.2
[INFO] tweaked toml for crates.io crate g3-computer-control 0.2.2 written to /workspace/builds/worker-6-tc1/source/Cargo.toml
[INFO] validating manifest of crates.io crate g3-computer-control 0.2.2 on toolchain 1.99.0-beta.8
[INFO] running `Command { std: CARGO_HOME="/workspace/cargo-home" RUSTUP_HOME="/workspace/rustup-home" "/workspace/cargo-home/bin/cargo" "+1.99.0-beta.8" "metadata" "--manifest-path" "Cargo.toml" "--no-deps", kill_on_drop: false }`
[INFO] crate crates.io crate g3-computer-control 0.2.2 already has a lockfile, it will not be regenerated
[INFO] running `Command { std: CARGO_HOME="/workspace/cargo-home" RUSTUP_HOME="/workspace/rustup-home" "/workspace/cargo-home/bin/cargo" "+1.99.0-beta.8" "fetch" "--manifest-path" "Cargo.toml", kill_on_drop: false }`
[INFO] [stderr]     Updating crates.io index
[INFO] [stderr]  Downloading crates ...
[INFO] [stderr]   Downloaded fantoccini v0.21.5
[INFO] [stderr]   Downloaded accessibility v0.2.0
[INFO] [stderr]   Downloaded cocoa-foundation v0.2.1
[INFO] [stderr]   Downloaded accessibility-sys v0.2.0
[INFO] [stderr]   Downloaded webdriver v0.50.0
[INFO] [stderr]   Downloaded cocoa v0.26.1
[INFO] [stderr]   Downloaded exr v1.73.0
[INFO] running `Command { std: "docker" "create" "-v" "/var/lib/crater-agent-workspace/builds/worker-6-tc1/source:/opt/rustwide/workdir:ro,Z" "-v" "/var/lib/crater-agent-workspace/builds/worker-6-tc1/target:/opt/rustwide/target:rw,Z" "-v" "/var/lib/crater-agent-workspace/cargo-home:/opt/rustwide/cargo-home:ro,Z" "-v" "/var/lib/crater-agent-workspace/rustup-home:/opt/rustwide/rustup-home:ro,Z" "-m" "1610612736" "--network" "none" "ghcr.io/rust-lang/crates-build-env/linux@sha256:77db811e55d90add9212f6832c23229e3de5f1c1f9905e8cb07319ea15df73ac" "sleep" "infinity", kill_on_drop: false }`
[INFO] [stdout] a84ab8dfeb56f64e4cea8efb86dff91f978a269e572154ba102770c16d38aba8
[INFO] running `Command { std: "docker" "start" "a84ab8dfeb56f64e4cea8efb86dff91f978a269e572154ba102770c16d38aba8", kill_on_drop: false }`
[INFO] running `Command { std: "docker" "inspect" "a84ab8dfeb56f64e4cea8efb86dff91f978a269e572154ba102770c16d38aba8", kill_on_drop: false }`
[INFO] running `Command { std: "docker" "exec" "-e" "SOURCE_DIR=/opt/rustwide/workdir" "-e" "CARGO_HOME=/opt/rustwide/cargo-home" "-e" "RUSTUP_HOME=/opt/rustwide/rustup-home" "-e" "CARGO_TARGET_DIR=/opt/rustwide/target" "-w" "/opt/rustwide/workdir" "--user" "0:0" "a84ab8dfeb56f64e4cea8efb86dff91f978a269e572154ba102770c16d38aba8" "/opt/rustwide/cargo-home/bin/cargo" "+1.99.0-beta.8" "metadata" "--no-deps" "--format-version=1", kill_on_drop: false }`
[INFO] running `Command { std: "docker" "inspect" "a84ab8dfeb56f64e4cea8efb86dff91f978a269e572154ba102770c16d38aba8", kill_on_drop: false }`
[INFO] running `Command { std: "docker" "exec" "-e" "SOURCE_DIR=/opt/rustwide/workdir" "-e" "CARGO_HOME=/opt/rustwide/cargo-home" "-e" "RUSTUP_HOME=/opt/rustwide/rustup-home" "-e" "CARGO_TARGET_DIR=/opt/rustwide/target" "-e" "CARGO_INCREMENTAL=0" "-e" "RUST_BACKTRACE=full" "-e" "RUSTFLAGS=--cap-lints=warn" "-e" "RUSTDOCFLAGS=--cap-lints=warn" "-w" "/opt/rustwide/workdir" "--user" "0:0" "a84ab8dfeb56f64e4cea8efb86dff91f978a269e572154ba102770c16d38aba8" "/opt/rustwide/cargo-home/bin/cargo" "+1.99.0-beta.8" "build" "--frozen" "--message-format=json" "--release", kill_on_drop: false }`
[INFO] [stderr]    Compiling unicode-ident v1.0.20
[INFO] [stderr]    Compiling quote v1.0.41
[INFO] [stderr]    Compiling find-msvc-tools v0.1.4
[INFO] [stderr]    Compiling simd-adler32 v0.3.7
[INFO] [stderr]    Compiling openssl v0.10.74
[INFO] [stderr]    Compiling parking_lot_core v0.9.12
[INFO] [stderr]    Compiling signal-hook-registry v1.4.6
[INFO] [stderr]    Compiling mio v1.1.0
[INFO] [stderr]    Compiling socket2 v0.6.1
[INFO] [stderr]    Compiling libc v0.2.177
[INFO] [stderr]    Compiling zerocopy v0.8.27
[INFO] [stderr]    Compiling bitflags v2.10.0
[INFO] [stderr]    Compiling time v0.3.44
[INFO] [stderr]    Compiling tracing-core v0.1.34
[INFO] [stderr]    Compiling cookie v0.16.2
[INFO] [stderr]    Compiling futures-task v0.3.31
[INFO] [stderr]    Compiling proc-macro2 v1.0.103
[INFO] [stderr]    Compiling option-ext v0.2.0
[INFO] [stderr]    Compiling cc v1.2.44
[INFO] [stderr]    Compiling cookie v0.18.1
[INFO] [stderr]    Compiling miniz_oxide v0.8.9
[INFO] [stderr]    Compiling futures-util v0.3.31
[INFO] [stderr]    Compiling weezl v0.1.10
[INFO] [stderr]    Compiling parking_lot v0.12.5
[INFO] [stderr]    Compiling dirs-sys v0.5.0
[INFO] [stderr]    Compiling serde_json v1.0.145
[INFO] [stderr]    Compiling fdeflate v0.3.7
[INFO] [stderr]    Compiling zune-inflate v0.2.54
[INFO] [stderr]    Compiling syn v2.0.108
[INFO] [stderr]    Compiling jpeg-decoder v0.3.2
[INFO] [stderr]    Compiling http v0.2.12
[INFO] [stderr]    Compiling x11 v2.21.0
[INFO] [stderr]    Compiling flate2 v1.1.5
[INFO] [stderr]    Compiling unicode-segmentation v1.12.0
[INFO] [stderr]    Compiling qoi v0.4.1
[INFO] [stderr]    Compiling dirs-sys v0.4.1
[INFO] [stderr]    Compiling gif v0.13.3
[INFO] [stderr]    Compiling dirs v5.0.1
[INFO] [stderr]    Compiling getrandom v0.3.4
[INFO] [stderr]    Compiling g3-computer-control v0.2.2 (/opt/rustwide/workdir)
[INFO] [stderr]    Compiling dirs v6.0.0
[INFO] [stderr]    Compiling png v0.17.16
[INFO] [stderr]    Compiling uuid v1.18.1
[INFO] [stderr]    Compiling shellexpand v3.1.1
[INFO] [stderr]    Compiling openssl-sys v0.9.110
[INFO] [stderr]    Compiling tiff v0.9.1
[INFO] [stderr]    Compiling native-tls v0.2.14
[INFO] [stderr]    Compiling synstructure v0.13.2
[INFO] [stderr]    Compiling zerovec-derive v0.11.1
[INFO] [stderr]    Compiling displaydoc v0.2.5
[INFO] [stderr]    Compiling tokio-macros v2.6.0
[INFO] [stderr]    Compiling openssl-macros v0.1.1
[INFO] [stderr]    Compiling tracing-attributes v0.1.30
[INFO] [stderr]    Compiling serde_derive v1.0.228
[INFO] [stderr]    Compiling zerocopy-derive v0.8.27
[INFO] [stderr]    Compiling thiserror-impl v1.0.69
[INFO] [stderr]    Compiling async-trait v0.1.89
[INFO] [stderr]    Compiling zerofrom-derive v0.1.6
[INFO] [stderr]    Compiling yoke-derive v0.8.0
[INFO] [stderr]    Compiling tokio v1.48.0
[INFO] [stderr]    Compiling zerofrom v0.1.6
[INFO] [stderr]    Compiling thiserror v1.0.69
[INFO] [stderr]    Compiling yoke v0.8.0
[INFO] [stderr]    Compiling tracing v0.1.41
[INFO] [stderr]    Compiling zerovec v0.11.4
[INFO] [stderr]    Compiling zerotrie v0.2.2
[INFO] [stderr]    Compiling serde v1.0.228
[INFO] [stderr]    Compiling tinystr v0.8.1
[INFO] [stderr]    Compiling potential_utf v0.1.3
[INFO] [stderr]    Compiling icu_collections v2.0.0
[INFO] [stderr]    Compiling icu_locale_core v2.0.0
[INFO] [stderr]    Compiling icu_provider v2.0.0
[INFO] [stderr]    Compiling half v2.7.1
[INFO] [stderr]    Compiling icu_normalizer v2.0.0
[INFO] [stderr]    Compiling icu_properties v2.0.1
[INFO] [stderr]    Compiling exr v1.73.0
[INFO] [stderr]    Compiling idna_adapter v1.2.1
[INFO] [stderr]    Compiling idna v1.1.0
[INFO] [stderr]    Compiling url v2.5.7
[INFO] [stderr]    Compiling hyper v1.7.0
[INFO] [stderr]    Compiling tokio-native-tls v0.3.1
[INFO] [stderr]    Compiling webdriver v0.50.0
[INFO] [stderr]    Compiling hyper-util v0.1.17
[INFO] [stderr]    Compiling image v0.24.9
[INFO] [stderr]    Compiling hyper-tls v0.6.0
[INFO] [stderr]    Compiling fantoccini v0.21.5
[INFO] [stdout] error[E0432]: unresolved import `tesseract`
[INFO] [stdout]  --> src/platform/linux.rs:4:5
[INFO] [stdout]   |
[INFO] [stdout] 4 | use tesseract::Tesseract;
[INFO] [stdout]   |     ^^^^^^^^^ use of unresolved module or unlinked crate `tesseract`
[INFO] [stdout]   |
[INFO] [stdout]   = help: if you wanted to use a crate named `tesseract`, use `cargo add tesseract` to add it to your `Cargo.toml`
[INFO] [stdout] 
[INFO] [stdout] 
[INFO] [stdout] error[E0407]: method `click` is not a member of trait `ComputerController`
[INFO] [stdout]   --> src/platform/linux.rs:25:5
[INFO] [stdout]    |
[INFO] [stdout] 25 | /     async fn click(&self, _button: MouseButton) -> Result<()> {
[INFO] [stdout] 26 | |         anyhow::bail!("Linux implementation not yet available")
[INFO] [stdout] 27 | |     }
[INFO] [stdout]    | |_____^ not a member of trait `ComputerController`
[INFO] [stdout] 
[INFO] [stdout] 
[INFO] [stdout] error[E0407]: method `double_click` is not a member of trait `ComputerController`
[INFO] [stdout]   --> src/platform/linux.rs:29:5
[INFO] [stdout]    |
[INFO] [stdout] 29 | /     async fn double_click(&self, _button: MouseButton) -> Result<()> {
[INFO] [stdout] 30 | |         anyhow::bail!("Linux implementation not yet available")
[INFO] [stdout] 31 | |     }
[INFO] [stdout]    | |_____^ not a member of trait `ComputerController`
[INFO] [stdout] 
[INFO] [stdout] 
[INFO] [stdout] error[E0407]: method `type_text` is not a member of trait `ComputerController`
[INFO] [stdout]   --> src/platform/linux.rs:33:5
[INFO] [stdout]    |
[INFO] [stdout] 33 | /     async fn type_text(&self, _text: &str) -> Result<()> {
[INFO] [stdout] 34 | |         anyhow::bail!("Linux implementation not yet available")
[INFO] [stdout] 35 | |     }
[INFO] [stdout]    | |_____^ not a member of trait `ComputerController`
[INFO] [stdout] 
[INFO] [stdout] 
[INFO] [stdout] error[E0407]: method `press_key` is not a member of trait `ComputerController`
[INFO] [stdout]   --> src/platform/linux.rs:37:5
[INFO] [stdout]    |
[INFO] [stdout] 37 | /     async fn press_key(&self, _key: &str) -> Result<()> {
[INFO] [stdout] 38 | |         anyhow::bail!("Linux implementation not yet available")
[INFO] [stdout] 39 | |     }
[INFO] [stdout]    | |_____^ not a member of trait `ComputerController`
[INFO] [stdout] 
[INFO] [stdout] 
[INFO] [stdout] error[E0407]: method `list_windows` is not a member of trait `ComputerController`
[INFO] [stdout]   --> src/platform/linux.rs:41:5
[INFO] [stdout]    |
[INFO] [stdout] 41 | /     async fn list_windows(&self) -> Result<Vec<Window>> {
[INFO] [stdout] 42 | |         anyhow::bail!("Linux implementation not yet available")
[INFO] [stdout] 43 | |     }
[INFO] [stdout]    | |_____^ not a member of trait `ComputerController`
[INFO] [stdout] 
[INFO] [stdout] 
[INFO] [stdout] error[E0407]: method `focus_window` is not a member of trait `ComputerController`
[INFO] [stdout]   --> src/platform/linux.rs:45:5
[INFO] [stdout]    |
[INFO] [stdout] 45 | /     async fn focus_window(&self, _window_id: &str) -> Result<()> {
[INFO] [stdout] 46 | |         anyhow::bail!("Linux implementation not yet available")
[INFO] [stdout] 47 | |     }
[INFO] [stdout]    | |_____^ not a member of trait `ComputerController`
[INFO] [stdout] 
[INFO] [stdout] 
[INFO] [stdout] error[E0407]: method `get_window_bounds` is not a member of trait `ComputerController`
[INFO] [stdout]   --> src/platform/linux.rs:49:5
[INFO] [stdout]    |
[INFO] [stdout] 49 | /     async fn get_window_bounds(&self, _window_id: &str) -> Result<Rect> {
[INFO] [stdout] 50 | |         anyhow::bail!("Linux implementation not yet available")
[INFO] [stdout] 51 | |     }
[INFO] [stdout]    | |_____^ not a member of trait `ComputerController`
[INFO] [stdout] 
[INFO] [stdout] 
[INFO] [stdout] error[E0407]: method `find_element` is not a member of trait `ComputerController`
[INFO] [stdout]   --> src/platform/linux.rs:53:5
[INFO] [stdout]    |
[INFO] [stdout] 53 | /     async fn find_element(&self, _selector: &ElementSelector) -> Result<Option<UIElement>> {
[INFO] [stdout] 54 | |         anyhow::bail!("Linux implementation not yet available")
[INFO] [stdout] 55 | |     }
[INFO] [stdout]    | |_____^ not a member of trait `ComputerController`
[INFO] [stdout] 
[INFO] [stdout] 
[INFO] [stdout] error[E0407]: method `get_element_text` is not a member of trait `ComputerController`
[INFO] [stdout]   --> src/platform/linux.rs:57:5
[INFO] [stdout]    |
[INFO] [stdout] 57 | /     async fn get_element_text(&self, _element_id: &str) -> Result<String> {
[INFO] [stdout] 58 | |         anyhow::bail!("Linux implementation not yet available")
[INFO] [stdout] 59 | |     }
[INFO] [stdout]    | |_____^ not a member of trait `ComputerController`
[INFO] [stdout] 
[INFO] [stdout] 
[INFO] [stdout] error[E0407]: method `get_element_bounds` is not a member of trait `ComputerController`
[INFO] [stdout]   --> src/platform/linux.rs:61:5
[INFO] [stdout]    |
[INFO] [stdout] 61 | /     async fn get_element_bounds(&self, _element_id: &str) -> Result<Rect> {
[INFO] [stdout] 62 | |         anyhow::bail!("Linux implementation not yet available")
[INFO] [stdout] 63 | |     }
[INFO] [stdout]    | |_____^ not a member of trait `ComputerController`
[INFO] [stdout] 
[INFO] [stdout] 
[INFO] [stdout] error[E0407]: method `find_text_on_screen` is not a member of trait `ComputerController`
[INFO] [stdout]    --> src/platform/linux.rs:134:5
[INFO] [stdout]     |
[INFO] [stdout] 134 | /     async fn find_text_on_screen(&self, _text: &str) -> Result<Option<Point>> {
[INFO] [stdout] 135 | |         // Check if tesseract is available on the system
[INFO] [stdout] 136 | |         let tesseract_check = std::process::Command::new("which")
[INFO] [stdout] 137 | |             .arg("tesseract")
[INFO] [stdout] ...   |
[INFO] [stdout] 187 | |     }
[INFO] [stdout]     | |_____^ not a member of trait `ComputerController`
[INFO] [stdout] 
[INFO] [stdout] 
[INFO] [stdout] error[E0425]: cannot find type `AXUIElement` in this scope
[INFO] [stdout]   --> src/macax/controller.rs:19:49
[INFO] [stdout]    |
[INFO] [stdout] 19 |     app_cache: std::sync::Mutex<HashMap<String, AXUIElement>>,
[INFO] [stdout]    |                                                 ^^^^^^^^^^^
[INFO] [stdout]    |
[INFO] [stdout]   ::: src/macax/mod.rs:12:1
[INFO] [stdout]    |
[INFO] [stdout] 12 | pub struct AXElement {
[INFO] [stdout]    | -------------------- similarly named struct `AXElement` defined here
[INFO] [stdout]    |
[INFO] [stdout] help: a struct with a similar name exists
[INFO] [stdout]    |
[INFO] [stdout] 19 -     app_cache: std::sync::Mutex<HashMap<String, AXUIElement>>,
[INFO] [stdout] 19 +     app_cache: std::sync::Mutex<HashMap<String, AXElement>>,
[INFO] [stdout]    |
[INFO] [stdout] help: you might be missing a type parameter
[INFO] [stdout]    |
[INFO] [stdout] 17 | pub struct MacAxController<AXUIElement> {
[INFO] [stdout]    |                           +++++++++++++
[INFO] [stdout] 
[INFO] [stdout] 
[INFO] [stdout] error[E0425]: cannot find type `MouseButton` in this scope
[INFO] [stdout]   --> src/platform/linux.rs:25:36
[INFO] [stdout]    |
[INFO] [stdout] 25 |     async fn click(&self, _button: MouseButton) -> Result<()> {
[INFO] [stdout]    |                                    ^^^^^^^^^^^ not found in this scope
[INFO] [stdout] 
[INFO] [stdout] 
[INFO] [stdout] error[E0425]: cannot find type `MouseButton` in this scope
[INFO] [stdout]   --> src/platform/linux.rs:29:43
[INFO] [stdout]    |
[INFO] [stdout] 29 |     async fn double_click(&self, _button: MouseButton) -> Result<()> {
[INFO] [stdout]    |                                           ^^^^^^^^^^^ not found in this scope
[INFO] [stdout] 
[INFO] [stdout] 
[INFO] [stdout] error[E0425]: cannot find type `Window` in this scope
[INFO] [stdout]   --> src/platform/linux.rs:41:48
[INFO] [stdout]    |
[INFO] [stdout] 41 |     async fn list_windows(&self) -> Result<Vec<Window>> {
[INFO] [stdout]    |                                                ^^^^^^ not found in this scope
[INFO] [stdout]    |
[INFO] [stdout] help: you might be missing a type parameter
[INFO] [stdout]    |
[INFO] [stdout] 20 | impl<Window> ComputerController for LinuxController {
[INFO] [stdout]    |     ++++++++
[INFO] [stdout] 
[INFO] [stdout] 
[INFO] [stdout] error[E0425]: cannot find type `ElementSelector` in this scope
[INFO] [stdout]   --> src/platform/linux.rs:53:46
[INFO] [stdout]    |
[INFO] [stdout] 53 |     async fn find_element(&self, _selector: &ElementSelector) -> Result<Option<UIElement>> {
[INFO] [stdout]    |                                              ^^^^^^^^^^^^^^^ not found in this scope
[INFO] [stdout] 
[INFO] [stdout] 
[INFO] [stdout] error[E0425]: cannot find type `UIElement` in this scope
[INFO] [stdout]   --> src/platform/linux.rs:53:80
[INFO] [stdout]    |
[INFO] [stdout] 53 |     async fn find_element(&self, _selector: &ElementSelector) -> Result<Option<UIElement>> {
[INFO] [stdout]    |                                                                                ^^^^^^^^^ not found in this scope
[INFO] [stdout]    |
[INFO] [stdout] help: you might be missing a type parameter
[INFO] [stdout]    |
[INFO] [stdout] 20 | impl<UIElement> ComputerController for LinuxController {
[INFO] [stdout]    |     +++++++++++
[INFO] [stdout] 
[INFO] [stdout] 
[INFO] [stdout] error[E0425]: cannot find type `OCRResult` in this scope
[INFO] [stdout]    --> src/platform/linux.rs:83:68
[INFO] [stdout]     |
[INFO] [stdout]  83 |     async fn extract_text_from_image(&self, _path: &str) -> Result<OCRResult> {
[INFO] [stdout]     |                                                                    ^^^^^^^^^
[INFO] [stdout]     |
[INFO] [stdout]    ::: /opt/rustwide/cargo-home/registry/src/index.crates.io-1949cf8c6b5b557f/anyhow-1.0.100/src/lib.rs:472:1
[INFO] [stdout]     |
[INFO] [stdout] 472 | pub type Result<T, E = Error> = core::result::Result<T, E>;
[INFO] [stdout]     | ----------------------------- similarly named type alias `Result` defined here
[INFO] [stdout]     |
[INFO] [stdout] help: a type alias with a similar name exists
[INFO] [stdout]     |
[INFO] [stdout]  83 -     async fn extract_text_from_image(&self, _path: &str) -> Result<OCRResult> {
[INFO] [stdout]  83 +     async fn extract_text_from_image(&self, _path: &str) -> Result<Result> {
[INFO] [stdout]     |
[INFO] [stdout] help: you might be missing a type parameter
[INFO] [stdout]     |
[INFO] [stdout]  20 | impl<OCRResult> ComputerController for LinuxController {
[INFO] [stdout]     |     +++++++++++
[INFO] [stdout] 
[INFO] [stdout] 
[INFO] [stdout] error[E0422]: cannot find struct, variant or union type `OCRResult` in this scope
[INFO] [stdout]    --> src/platform/linux.rs:122:12
[INFO] [stdout]     |
[INFO] [stdout] 122 |         Ok(OCRResult {
[INFO] [stdout]     |            ^^^^^^^^^
[INFO] [stdout]     |
[INFO] [stdout]    ::: /opt/rustwide/cargo-home/registry/src/index.crates.io-1949cf8c6b5b557f/anyhow-1.0.100/src/lib.rs:472:1
[INFO] [stdout]     |
[INFO] [stdout] 472 | pub type Result<T, E = Error> = core::result::Result<T, E>;
[INFO] [stdout]     | ----------------------------- similarly named type alias `Result` defined here
[INFO] [stdout]     |
[INFO] [stdout] help: a type alias with a similar name exists
[INFO] [stdout]     |
[INFO] [stdout] 122 -         Ok(OCRResult {
[INFO] [stdout] 122 +         Ok(Result {
[INFO] [stdout]     |
[INFO] [stdout] 
[INFO] [stdout] 
[INFO] [stdout] error[E0425]: cannot find type `Point` in this scope
[INFO] [stdout]    --> src/platform/linux.rs:134:71
[INFO] [stdout]     |
[INFO] [stdout] 134 |     async fn find_text_on_screen(&self, _text: &str) -> Result<Option<Point>> {
[INFO] [stdout]     |                                                                       ^^^^^ not found in this scope
[INFO] [stdout]     |
[INFO] [stdout] help: you might be missing a type parameter
[INFO] [stdout]     |
[INFO] [stdout]  20 | impl<Point> ComputerController for LinuxController {
[INFO] [stdout]     |     +++++++
[INFO] [stdout] 
[INFO] [stdout] 
[INFO] [stdout] error[E0422]: cannot find struct, variant or union type `Point` in this scope
[INFO] [stdout]    --> src/platform/linux.rs:183:21
[INFO] [stdout]     |
[INFO] [stdout] 183 |             Ok(Some(Point { x: 0, y: 0 }))
[INFO] [stdout]     |                     ^^^^^ not found in this scope
[INFO] [stdout] 
[INFO] [stdout] 
[INFO] [stdout] warning: unused import: `Context`
[INFO] [stdout]  --> src/macax/controller.rs:2:14
[INFO] [stdout]   |
[INFO] [stdout] 2 | use anyhow::{Context, Result};
[INFO] [stdout]   |              ^^^^^^^
[INFO] [stdout]   |
[INFO] [stdout]   = note: `#[warn(unused_imports)]` (part of `#[warn(unused)]`) on by default
[INFO] [stdout] 
[INFO] [stdout] 
[INFO] [stdout] warning: unused import: `uuid::Uuid`
[INFO] [stdout]  --> src/platform/linux.rs:5:5
[INFO] [stdout]   |
[INFO] [stdout] 5 | use uuid::Uuid;
[INFO] [stdout]   |     ^^^^^^^^^^
[INFO] [stdout] 
[INFO] [stdout] 
[INFO] [stdout] error[E0195]: lifetime parameters or bounds on method `move_mouse` do not match the trait declaration
[INFO] [stdout]   --> src/platform/linux.rs:21:14
[INFO] [stdout]    |
[INFO] [stdout] 19 | #[async_trait]
[INFO] [stdout]    | -------------- this `where` clause might not match the one in the trait
[INFO] [stdout] 20 | impl ComputerController for LinuxController {
[INFO] [stdout] 21 |     async fn move_mouse(&self, _x: i32, _y: i32) -> Result<()> {
[INFO] [stdout]    |              ^^^^^^^^^^^^^^^^^^^^^^^^^^^^^^^^^^^ lifetimes do not match method in trait
[INFO] [stdout]    |
[INFO] [stdout]   ::: src/lib.rs:43:18
[INFO] [stdout]    |
[INFO] [stdout] 43 |     fn move_mouse(&self, x: i32, y: i32) -> Result<()>;
[INFO] [stdout]    |                  - lifetimes in impl do not match this method in trait
[INFO] [stdout] 
[INFO] [stdout] 
[INFO] [stdout] error[E0046]: not all trait items implemented, missing: `extract_text_with_locations`, `find_text_in_app`, `click_at`
[INFO] [stdout]   --> src/platform/linux.rs:20:1
[INFO] [stdout]    |
[INFO] [stdout] 20 |   impl ComputerController for LinuxController {
[INFO] [stdout]    |   ^^^^^^^^^^^^^^^^^^^^^^^^^^^^^^^^^^^^^^^^^^^ missing `extract_text_with_locations`, `find_text_in_app`, `click_at` in implementation
[INFO] [stdout]    |
[INFO] [stdout]   ::: src/lib.rs:35:5
[INFO] [stdout]    |
[INFO] [stdout] 35 |       async fn extract_text_with_locations(&self, path: &str) -> Result<Vec<TextLocation>>;
[INFO] [stdout]    |       ------------------------------------------------------------------------------------- `extract_text_with_locations` from trait
[INFO] [stdout] 36 | /     async fn find_text_in_app(
[INFO] [stdout] 37 | |         &self,
[INFO] [stdout] 38 | |         app_name: &str,
[INFO] [stdout] 39 | |         search_text: &str,
[INFO] [stdout] 40 | |     ) -> Result<Option<TextLocation>>;
[INFO] [stdout]    | |______________________________________- `find_text_in_app` from trait
[INFO] [stdout] ...
[INFO] [stdout] 44 |       fn click_at(&self, x: i32, y: i32, app_name: Option<&str>) -> Result<()>;
[INFO] [stdout]    |       ------------------------------------------------------------------------- `click_at` from trait
[INFO] [stdout] 
[INFO] [stdout] 
[INFO] [stdout] Some errors have detailed explanations: E0046, E0195, E0407, E0422, E0425, E0432.
[INFO] [stdout] 
[INFO] [stderr] error: could not compile `g3-computer-control` (lib) due to 24 previous errors; 2 warnings emitted
[INFO] [stdout] For more information about an error, try `rustc --explain E0046`.
[INFO] [stdout] 
[INFO] [stderr] warning: build failed, waiting for other jobs to finish...
[INFO] running `Command { std: "docker" "inspect" "a84ab8dfeb56f64e4cea8efb86dff91f978a269e572154ba102770c16d38aba8", kill_on_drop: false }`
[INFO] running `Command { std: "docker" "rm" "-f" "a84ab8dfeb56f64e4cea8efb86dff91f978a269e572154ba102770c16d38aba8", kill_on_drop: false }`
[INFO] [stdout] a84ab8dfeb56f64e4cea8efb86dff91f978a269e572154ba102770c16d38aba8
