[INFO] fetching crate g2g-mcu 0.8.0...
[INFO] testing g2g-mcu-0.8.0 against 1.99.0-beta.8+cargoflags=--release for beta-release-1.100-2
[INFO] extracting crate g2g-mcu 0.8.0 into /workspace/builds/worker-5-tc1/source
[INFO] started tweaking crates.io crate g2g-mcu 0.8.0
[INFO] removed 0 missing tests
[INFO] finished tweaking crates.io crate g2g-mcu 0.8.0
[INFO] tweaked toml for crates.io crate g2g-mcu 0.8.0 written to /workspace/builds/worker-5-tc1/source/Cargo.toml
[INFO] validating manifest of crates.io crate g2g-mcu 0.8.0 on toolchain 1.99.0-beta.8
[INFO] running `Command { std: CARGO_HOME="/workspace/cargo-home" RUSTUP_HOME="/workspace/rustup-home" "/workspace/cargo-home/bin/cargo" "+1.99.0-beta.8" "metadata" "--manifest-path" "Cargo.toml" "--no-deps", kill_on_drop: false }`
[INFO] crate crates.io crate g2g-mcu 0.8.0 already has a lockfile, it will not be regenerated
[INFO] running `Command { std: CARGO_HOME="/workspace/cargo-home" RUSTUP_HOME="/workspace/rustup-home" "/workspace/cargo-home/bin/cargo" "+1.99.0-beta.8" "fetch" "--manifest-path" "Cargo.toml", kill_on_drop: false }`
[INFO] [stderr]     Updating crates.io index
[INFO] [stderr]  Downloading crates ...
[INFO] [stderr]   Downloaded wasm-bindgen v0.2.123
[INFO] [stderr]   Downloaded wasm-bindgen-macro v0.2.123
[INFO] [stderr]   Downloaded wasm-bindgen-shared v0.2.123
[INFO] [stderr]   Downloaded wasm-bindgen-macro-support v0.2.123
[INFO] [stderr]   Downloaded generator v0.8.9
[INFO] [stderr]   Downloaded js-sys v0.3.100
[INFO] [stderr]   Downloaded g2g-core v0.8.0
[INFO] running `Command { std: "docker" "create" "-v" "/var/lib/crater-agent-workspace/builds/worker-5-tc1/source:/opt/rustwide/workdir:ro,Z" "-v" "/var/lib/crater-agent-workspace/builds/worker-5-tc1/target:/opt/rustwide/target:rw,Z" "-v" "/var/lib/crater-agent-workspace/cargo-home:/opt/rustwide/cargo-home:ro,Z" "-v" "/var/lib/crater-agent-workspace/rustup-home:/opt/rustwide/rustup-home:ro,Z" "-m" "1610612736" "--network" "none" "ghcr.io/rust-lang/crates-build-env/linux@sha256:77db811e55d90add9212f6832c23229e3de5f1c1f9905e8cb07319ea15df73ac" "sleep" "infinity", kill_on_drop: false }`
[INFO] [stdout] 0a604e575e7e628583bd91afb957c70397f6fb1a0724f4611e85a623efdfaccc
[INFO] running `Command { std: "docker" "start" "0a604e575e7e628583bd91afb957c70397f6fb1a0724f4611e85a623efdfaccc", kill_on_drop: false }`
[INFO] running `Command { std: "docker" "inspect" "0a604e575e7e628583bd91afb957c70397f6fb1a0724f4611e85a623efdfaccc", kill_on_drop: false }`
[INFO] running `Command { std: "docker" "exec" "-e" "SOURCE_DIR=/opt/rustwide/workdir" "-e" "CARGO_HOME=/opt/rustwide/cargo-home" "-e" "RUSTUP_HOME=/opt/rustwide/rustup-home" "-e" "CARGO_TARGET_DIR=/opt/rustwide/target" "-w" "/opt/rustwide/workdir" "--user" "0:0" "0a604e575e7e628583bd91afb957c70397f6fb1a0724f4611e85a623efdfaccc" "/opt/rustwide/cargo-home/bin/cargo" "+1.99.0-beta.8" "metadata" "--no-deps" "--format-version=1", kill_on_drop: false }`
[INFO] running `Command { std: "docker" "inspect" "0a604e575e7e628583bd91afb957c70397f6fb1a0724f4611e85a623efdfaccc", kill_on_drop: false }`
[INFO] running `Command { std: "docker" "exec" "-e" "SOURCE_DIR=/opt/rustwide/workdir" "-e" "CARGO_HOME=/opt/rustwide/cargo-home" "-e" "RUSTUP_HOME=/opt/rustwide/rustup-home" "-e" "CARGO_TARGET_DIR=/opt/rustwide/target" "-e" "CARGO_INCREMENTAL=0" "-e" "RUST_BACKTRACE=full" "-e" "RUSTFLAGS=--cap-lints=warn" "-e" "RUSTDOCFLAGS=--cap-lints=warn" "-w" "/opt/rustwide/workdir" "--user" "0:0" "0a604e575e7e628583bd91afb957c70397f6fb1a0724f4611e85a623efdfaccc" "/opt/rustwide/cargo-home/bin/cargo" "+1.99.0-beta.8" "build" "--frozen" "--message-format=json" "--release", kill_on_drop: false }`
[INFO] [stderr]    Compiling portable-atomic v1.13.1
[INFO] [stderr]    Compiling g2g-core v0.8.0
[INFO] [stderr]    Compiling embedded-hal v1.0.0
[INFO] [stderr]    Compiling g2g-mcu v0.8.0 (/opt/rustwide/workdir)
[INFO] [stderr]     Finished `release` profile [optimized] target(s) in 2.87s
[INFO] running `Command { std: "docker" "inspect" "0a604e575e7e628583bd91afb957c70397f6fb1a0724f4611e85a623efdfaccc", kill_on_drop: false }`
[INFO] running `Command { std: "docker" "exec" "-e" "SOURCE_DIR=/opt/rustwide/workdir" "-e" "CARGO_HOME=/opt/rustwide/cargo-home" "-e" "RUSTUP_HOME=/opt/rustwide/rustup-home" "-e" "CARGO_TARGET_DIR=/opt/rustwide/target" "-e" "CARGO_INCREMENTAL=0" "-e" "RUST_BACKTRACE=full" "-e" "RUSTFLAGS=--cap-lints=warn" "-e" "RUSTDOCFLAGS=--cap-lints=warn" "-w" "/opt/rustwide/workdir" "--user" "0:0" "0a604e575e7e628583bd91afb957c70397f6fb1a0724f4611e85a623efdfaccc" "/opt/rustwide/cargo-home/bin/cargo" "+1.99.0-beta.8" "test" "--frozen" "--no-run" "--message-format=json" "--release", kill_on_drop: false }`
[INFO] [stderr]    Compiling g2g-mcu v0.8.0 (/opt/rustwide/workdir)
[INFO] [stdout] error[E0432]: unresolved import `g2g_core::conformance`
[INFO] [stdout]    --> tests/m639_adpcm.rs:304:19
[INFO] [stdout]     |
[INFO] [stdout] 304 |     use g2g_core::conformance::{ConformanceDimension, Evidence};
[INFO] [stdout]     |                   ^^^^^^^^^^^ could not find `conformance` in `g2g_core`
[INFO] [stdout]     |
[INFO] [stdout] note: found an item that was configured out
[INFO] [stdout]    --> /opt/rustwide/cargo-home/registry/src/index.crates.io-1949cf8c6b5b557f/g2g-core-0.8.0/src/lib.rs:89:9
[INFO] [stdout]     |
[INFO] [stdout]  88 | #[cfg(feature = "alloc")]
[INFO] [stdout]     |       ----------------- the item is gated behind the `alloc` feature
[INFO] [stdout]  89 | pub mod conformance;
[INFO] [stdout]     |         ^^^^^^^^^^^
[INFO] [stdout] 
[INFO] [stdout] 
[INFO] [stdout] error[E0432]: unresolved import `g2g_core::conformance`
[INFO] [stdout]    --> tests/m643_rtp.rs:253:19
[INFO] [stdout]     |
[INFO] [stdout] 253 |     use g2g_core::conformance::{ConformanceDimension, Evidence};
[INFO] [stdout]     |                   ^^^^^^^^^^^ could not find `conformance` in `g2g_core`
[INFO] [stdout]     |
[INFO] [stdout] note: found an item that was configured out
[INFO] [stdout]    --> /opt/rustwide/cargo-home/registry/src/index.crates.io-1949cf8c6b5b557f/g2g-core-0.8.0/src/lib.rs:89:9
[INFO] [stdout]     |
[INFO] [stdout]  88 | #[cfg(feature = "alloc")]
[INFO] [stdout]     |       ----------------- the item is gated behind the `alloc` feature
[INFO] [stdout]  89 | pub mod conformance;
[INFO] [stdout]     |         ^^^^^^^^^^^
[INFO] [stdout] 
[INFO] [stdout] 
[INFO] [stdout] error[E0433]: cannot find module or crate `g2g_plugins` in this scope
[INFO] [stdout]    --> tests/m639_adpcm.rs:311:9
[INFO] [stdout]     |
[INFO] [stdout] 311 |         g2g_plugins::conformance::persist::record_evidence(
[INFO] [stdout]     |         ^^^^^^^^^^^ use of unresolved module or unlinked crate `g2g_plugins`
[INFO] [stdout]     |
[INFO] [stdout]     = help: if you wanted to use a crate named `g2g_plugins`, use `cargo add g2g_plugins` to add it to your `Cargo.toml`
[INFO] [stdout] 
[INFO] [stdout] 
[INFO] [stdout] error[E0433]: cannot find module or crate `g2g_plugins` in this scope
[INFO] [stdout]    --> tests/m643_rtp.rs:254:5
[INFO] [stdout]     |
[INFO] [stdout] 254 |     g2g_plugins::conformance::persist::record_evidence(
[INFO] [stdout]     |     ^^^^^^^^^^^ use of unresolved module or unlinked crate `g2g_plugins`
[INFO] [stdout]     |
[INFO] [stdout]     = help: if you wanted to use a crate named `g2g_plugins`, use `cargo add g2g_plugins` to add it to your `Cargo.toml`
[INFO] [stdout] 
[INFO] [stdout] 
[INFO] [stdout] Some errors have detailed explanations: E0432, E0433.
[INFO] [stdout] 
[INFO] [stdout] For more information about an error, try `rustc --explain E0432`.
[INFO] [stdout] 
[INFO] [stderr] error: could not compile `g2g-mcu` (test "m639_adpcm") due to 2 previous errors
[INFO] [stderr] warning: build failed, waiting for other jobs to finish...
[INFO] [stdout] Some errors have detailed explanations: E0432, E0433.
[INFO] [stdout] 
[INFO] [stdout] For more information about an error, try `rustc --explain E0432`.
[INFO] [stdout] 
[INFO] [stderr] error: could not compile `g2g-mcu` (test "m643_rtp") due to 2 previous errors
[INFO] running `Command { std: "docker" "inspect" "0a604e575e7e628583bd91afb957c70397f6fb1a0724f4611e85a623efdfaccc", kill_on_drop: false }`
[INFO] running `Command { std: "docker" "rm" "-f" "0a604e575e7e628583bd91afb957c70397f6fb1a0724f4611e85a623efdfaccc", kill_on_drop: false }`
[INFO] [stdout] 0a604e575e7e628583bd91afb957c70397f6fb1a0724f4611e85a623efdfaccc
