[INFO] fetching crate fxtranslate 0.5.0...
[INFO] testing fxtranslate-0.5.0 against 1.99.0-beta.8+cargoflags=--release for beta-release-1.100-2
[INFO] extracting crate fxtranslate 0.5.0 into /workspace/builds/worker-0-tc1/source
[INFO] started tweaking crates.io crate fxtranslate 0.5.0
[INFO] removed 0 missing examples
[INFO] removed 0 missing tests
[INFO] finished tweaking crates.io crate fxtranslate 0.5.0
[INFO] tweaked toml for crates.io crate fxtranslate 0.5.0 written to /workspace/builds/worker-0-tc1/source/Cargo.toml
[INFO] validating manifest of crates.io crate fxtranslate 0.5.0 on toolchain 1.99.0-beta.8
[INFO] running `Command { std: CARGO_HOME="/workspace/cargo-home" RUSTUP_HOME="/workspace/rustup-home" "/workspace/cargo-home/bin/cargo" "+1.99.0-beta.8" "metadata" "--manifest-path" "Cargo.toml" "--no-deps", kill_on_drop: false }`
[INFO] crate crates.io crate fxtranslate 0.5.0 already has a lockfile, it will not be regenerated
[INFO] running `Command { std: CARGO_HOME="/workspace/cargo-home" RUSTUP_HOME="/workspace/rustup-home" "/workspace/cargo-home/bin/cargo" "+1.99.0-beta.8" "fetch" "--manifest-path" "Cargo.toml", kill_on_drop: false }`
[INFO] [stderr]     Updating crates.io index
[INFO] [stderr]  Downloading crates ...
[INFO] [stderr]   Downloaded wasm-bindgen-test-shared v0.2.126
[INFO] [stderr]   Downloaded wasm-bindgen-test-macro v0.3.76
[INFO] [stderr]   Downloaded wasm-bindgen-test v0.3.76
[INFO] [stderr]   Downloaded cc v1.2.65
[INFO] [stderr]   Downloaded tinyjson v2.5.1
[INFO] [stderr]   Downloaded icu_locale v2.2.0
[INFO] [stderr]   Downloaded minicov v0.3.8
[INFO] [stderr]   Downloaded ruzstd v0.7.3
[INFO] [stderr]   Downloaded icu_locale_data v2.2.0
[INFO] [stderr]   Downloaded ureq v2.12.1
[INFO] [stderr]   Downloaded icu_segmenter v2.2.0
[INFO] [stderr]   Downloaded icu_segmenter_data v2.2.0
[INFO] running `Command { std: "docker" "create" "-v" "/var/lib/crater-agent-workspace/builds/worker-0-tc1/source:/opt/rustwide/workdir:ro,Z" "-v" "/var/lib/crater-agent-workspace/builds/worker-0-tc1/target:/opt/rustwide/target:rw,Z" "-v" "/var/lib/crater-agent-workspace/cargo-home:/opt/rustwide/cargo-home:ro,Z" "-v" "/var/lib/crater-agent-workspace/rustup-home:/opt/rustwide/rustup-home:ro,Z" "-m" "1610612736" "--network" "none" "ghcr.io/rust-lang/crates-build-env/linux@sha256:77db811e55d90add9212f6832c23229e3de5f1c1f9905e8cb07319ea15df73ac" "sleep" "infinity", kill_on_drop: false }`
[INFO] [stdout] 9348effbc036dc775fef245ce6ab265138a5bff9b3bc762f2eba5cc32fa86587
[INFO] running `Command { std: "docker" "start" "9348effbc036dc775fef245ce6ab265138a5bff9b3bc762f2eba5cc32fa86587", kill_on_drop: false }`
[INFO] running `Command { std: "docker" "inspect" "9348effbc036dc775fef245ce6ab265138a5bff9b3bc762f2eba5cc32fa86587", kill_on_drop: false }`
[INFO] running `Command { std: "docker" "exec" "-e" "SOURCE_DIR=/opt/rustwide/workdir" "-e" "CARGO_HOME=/opt/rustwide/cargo-home" "-e" "RUSTUP_HOME=/opt/rustwide/rustup-home" "-e" "CARGO_TARGET_DIR=/opt/rustwide/target" "-w" "/opt/rustwide/workdir" "--user" "0:0" "9348effbc036dc775fef245ce6ab265138a5bff9b3bc762f2eba5cc32fa86587" "/opt/rustwide/cargo-home/bin/cargo" "+1.99.0-beta.8" "metadata" "--no-deps" "--format-version=1", kill_on_drop: false }`
[INFO] running `Command { std: "docker" "inspect" "9348effbc036dc775fef245ce6ab265138a5bff9b3bc762f2eba5cc32fa86587", kill_on_drop: false }`
[INFO] running `Command { std: "docker" "exec" "-e" "SOURCE_DIR=/opt/rustwide/workdir" "-e" "CARGO_HOME=/opt/rustwide/cargo-home" "-e" "RUSTUP_HOME=/opt/rustwide/rustup-home" "-e" "CARGO_TARGET_DIR=/opt/rustwide/target" "-e" "CARGO_INCREMENTAL=0" "-e" "RUST_BACKTRACE=full" "-e" "RUSTFLAGS=--cap-lints=warn" "-e" "RUSTDOCFLAGS=--cap-lints=warn" "-w" "/opt/rustwide/workdir" "--user" "0:0" "9348effbc036dc775fef245ce6ab265138a5bff9b3bc762f2eba5cc32fa86587" "/opt/rustwide/cargo-home/bin/cargo" "+1.99.0-beta.8" "build" "--frozen" "--message-format=json" "--release", kill_on_drop: false }`
[INFO] [stderr]    Compiling libc v0.2.186
[INFO] [stderr]    Compiling cc v1.2.65
[INFO] [stderr]    Compiling fxtranslate v0.5.0 (/opt/rustwide/workdir)
[INFO] [stderr]    Compiling memmap2 v0.9.11
[INFO] [stderr]     Finished `release` profile [optimized] target(s) in 11.51s
[INFO] running `Command { std: "docker" "inspect" "9348effbc036dc775fef245ce6ab265138a5bff9b3bc762f2eba5cc32fa86587", kill_on_drop: false }`
[INFO] running `Command { std: "docker" "exec" "-e" "SOURCE_DIR=/opt/rustwide/workdir" "-e" "CARGO_HOME=/opt/rustwide/cargo-home" "-e" "RUSTUP_HOME=/opt/rustwide/rustup-home" "-e" "CARGO_TARGET_DIR=/opt/rustwide/target" "-e" "CARGO_INCREMENTAL=0" "-e" "RUST_BACKTRACE=full" "-e" "RUSTFLAGS=--cap-lints=warn" "-e" "RUSTDOCFLAGS=--cap-lints=warn" "-w" "/opt/rustwide/workdir" "--user" "0:0" "9348effbc036dc775fef245ce6ab265138a5bff9b3bc762f2eba5cc32fa86587" "/opt/rustwide/cargo-home/bin/cargo" "+1.99.0-beta.8" "test" "--frozen" "--no-run" "--message-format=json" "--release", kill_on_drop: false }`
[INFO] [stderr]    Compiling fxtranslate v0.5.0 (/opt/rustwide/workdir)
[INFO] [stdout] error[E0432]: unresolved import `fxtranslate::cache`
[INFO] [stdout]   --> tests/packaging.rs:10:18
[INFO] [stdout]    |
[INFO] [stdout] 10 | use fxtranslate::cache::{ensure_model, sha256_hex, zstd_decode, Cache};
[INFO] [stdout]    |                  ^^^^^ could not find `cache` in `fxtranslate`
[INFO] [stdout]    |
[INFO] [stdout] note: found an item that was configured out
[INFO] [stdout]   --> src/lib.rs:67:9
[INFO] [stdout]    |
[INFO] [stdout] 66 | #[cfg(feature = "discovery")]
[INFO] [stdout]    |       --------------------- the item is gated behind the `discovery` feature
[INFO] [stdout] 67 | pub mod cache;
[INFO] [stdout]    |         ^^^^^
[INFO] [stdout] 
[INFO] [stdout] 
[INFO] [stdout] error[E0432]: unresolved import `fxtranslate::fetch`
[INFO] [stdout]   --> tests/packaging.rs:11:18
[INFO] [stdout]    |
[INFO] [stdout] 11 | use fxtranslate::fetch::{status_is_retryable, Fetch, RetryPolicy};
[INFO] [stdout]    |                  ^^^^^ could not find `fetch` in `fxtranslate`
[INFO] [stdout]    |
[INFO] [stdout] note: found an item that was configured out
[INFO] [stdout]   --> src/lib.rs:77:9
[INFO] [stdout]    |
[INFO] [stdout] 76 | #[cfg(feature = "download")]
[INFO] [stdout]    |       -------------------- the item is gated behind the `download` feature
[INFO] [stdout] 77 | pub mod fetch;
[INFO] [stdout]    |         ^^^^^
[INFO] [stdout] 
[INFO] [stdout] 
[INFO] [stdout] error[E0432]: unresolved import `fxtranslate::remote`
[INFO] [stdout]   --> tests/packaging.rs:12:18
[INFO] [stdout]    |
[INFO] [stdout] 12 | use fxtranslate::remote::{
[INFO] [stdout]    |                  ^^^^^^ could not find `remote` in `fxtranslate`
[INFO] [stdout]    |
[INFO] [stdout] note: found an item that was configured out
[INFO] [stdout]   --> src/lib.rs:69:9
[INFO] [stdout]    |
[INFO] [stdout] 68 | #[cfg(feature = "discovery")]
[INFO] [stdout]    |       --------------------- the item is gated behind the `discovery` feature
[INFO] [stdout] 69 | pub mod remote;
[INFO] [stdout]    |         ^^^^^^
[INFO] [stdout] 
[INFO] [stdout] 
[INFO] [stdout] error[E0432]: unresolved import `fxtranslate::fetch`
[INFO] [stdout]   --> tests/common/mod.rs:11:18
[INFO] [stdout]    |
[INFO] [stdout] 11 | use fxtranslate::fetch::{DownloadOutcome, Fetch, FetchError, Sink};
[INFO] [stdout]    |                  ^^^^^ could not find `fetch` in `fxtranslate`
[INFO] [stdout]    |
[INFO] [stdout] note: found an item that was configured out
[INFO] [stdout]   --> src/lib.rs:77:9
[INFO] [stdout]    |
[INFO] [stdout] 76 | #[cfg(feature = "download")]
[INFO] [stdout]    |       -------------------- the item is gated behind the `download` feature
[INFO] [stdout] 77 | pub mod fetch;
[INFO] [stdout]    |         ^^^^^
[INFO] [stdout] 
[INFO] [stdout] 
[INFO] [stdout] error[E0432]: unresolved import `fxtranslate::route`
[INFO] [stdout]    --> tests/packaging.rs:486:22
[INFO] [stdout]     |
[INFO] [stdout] 486 |     use fxtranslate::route::{resolve_route, Route};
[INFO] [stdout]     |                      ^^^^^ could not find `route` in `fxtranslate`
[INFO] [stdout]     |
[INFO] [stdout] note: found an item that was configured out
[INFO] [stdout]    --> src/lib.rs:71:9
[INFO] [stdout]     |
[INFO] [stdout]  70 | #[cfg(feature = "discovery")]
[INFO] [stdout]     |       --------------------- the item is gated behind the `discovery` feature
[INFO] [stdout]  71 | pub mod route;
[INFO] [stdout]     |         ^^^^^
[INFO] [stdout] 
[INFO] [stdout] 
[INFO] [stdout] error[E0432]: unresolved import `fxtranslate::cache`
[INFO] [stdout]    --> tests/packaging.rs:526:22
[INFO] [stdout]     |
[INFO] [stdout] 526 |     use fxtranslate::cache::dir_size;
[INFO] [stdout]     |                      ^^^^^ could not find `cache` in `fxtranslate`
[INFO] [stdout]     |
[INFO] [stdout] note: found an item that was configured out
[INFO] [stdout]    --> src/lib.rs:67:9
[INFO] [stdout]     |
[INFO] [stdout]  66 | #[cfg(feature = "discovery")]
[INFO] [stdout]     |       --------------------- the item is gated behind the `discovery` feature
[INFO] [stdout]  67 | pub mod cache;
[INFO] [stdout]     |         ^^^^^
[INFO] [stdout] 
[INFO] [stdout] 
[INFO] [stdout] error[E0432]: unresolved import `fxtranslate::loader`
[INFO] [stdout]    --> tests/packaging.rs:668:22
[INFO] [stdout]     |
[INFO] [stdout] 668 |     use fxtranslate::loader::load_translation;
[INFO] [stdout]     |                      ^^^^^^ could not find `loader` in `fxtranslate`
[INFO] [stdout]     |
[INFO] [stdout] note: found an item that was configured out
[INFO] [stdout]    --> src/lib.rs:81:9
[INFO] [stdout]     |
[INFO] [stdout]  80 | #[cfg(feature = "download")]
[INFO] [stdout]     |       -------------------- the item is gated behind the `download` feature
[INFO] [stdout]  81 | pub mod loader;
[INFO] [stdout]     |         ^^^^^^
[INFO] [stdout] 
[INFO] [stdout] 
[INFO] [stdout] error[E0432]: unresolved import `fxtranslate::loader`
[INFO] [stdout]    --> tests/packaging.rs:694:22
[INFO] [stdout]     |
[INFO] [stdout] 694 |     use fxtranslate::loader::ensure_route_files;
[INFO] [stdout]     |                      ^^^^^^ could not find `loader` in `fxtranslate`
[INFO] [stdout]     |
[INFO] [stdout] note: found an item that was configured out
[INFO] [stdout]    --> src/lib.rs:81:9
[INFO] [stdout]     |
[INFO] [stdout]  80 | #[cfg(feature = "download")]
[INFO] [stdout]     |       -------------------- the item is gated behind the `download` feature
[INFO] [stdout]  81 | pub mod loader;
[INFO] [stdout]     |         ^^^^^^
[INFO] [stdout] 
[INFO] [stdout] 
[INFO] [stdout] error[E0432]: unresolved import `fxtranslate::route`
[INFO] [stdout]    --> tests/packaging.rs:695:22
[INFO] [stdout]     |
[INFO] [stdout] 695 |     use fxtranslate::route::Route;
[INFO] [stdout]     |                      ^^^^^ could not find `route` in `fxtranslate`
[INFO] [stdout]     |
[INFO] [stdout] note: found an item that was configured out
[INFO] [stdout]    --> src/lib.rs:71:9
[INFO] [stdout]     |
[INFO] [stdout]  70 | #[cfg(feature = "discovery")]
[INFO] [stdout]     |       --------------------- the item is gated behind the `discovery` feature
[INFO] [stdout]  71 | pub mod route;
[INFO] [stdout]     |         ^^^^^
[INFO] [stdout] 
[INFO] [stdout] 
[INFO] [stdout] error[E0433]: cannot find `remote` in `fxtranslate`
[INFO] [stdout]   --> tests/packaging.rs:71:30
[INFO] [stdout]    |
[INFO] [stdout] 71 |         assert!(fxtranslate::remote::pick(&recs, "model", "en", "es").is_some());
[INFO] [stdout]    |                              ^^^^^^ could not find `remote` in `fxtranslate`
[INFO] [stdout]    |
[INFO] [stdout] note: found an item that was configured out
[INFO] [stdout]   --> src/lib.rs:69:9
[INFO] [stdout]    |
[INFO] [stdout] 68 | #[cfg(feature = "discovery")]
[INFO] [stdout]    |       --------------------- the item is gated behind the `discovery` feature
[INFO] [stdout] 69 | pub mod remote;
[INFO] [stdout]    |         ^^^^^^
[INFO] [stdout] 
[INFO] [stdout] 
[INFO] [stdout] error[E0433]: cannot find `remote` in `fxtranslate`
[INFO] [stdout]   --> tests/packaging.rs:72:30
[INFO] [stdout]    |
[INFO] [stdout] 72 |         assert!(fxtranslate::remote::pick(&recs, "vocab", "en", "es").is_some());
[INFO] [stdout]    |                              ^^^^^^ could not find `remote` in `fxtranslate`
[INFO] [stdout]    |
[INFO] [stdout] note: found an item that was configured out
[INFO] [stdout]   --> src/lib.rs:69:9
[INFO] [stdout]    |
[INFO] [stdout] 68 | #[cfg(feature = "discovery")]
[INFO] [stdout]    |       --------------------- the item is gated behind the `discovery` feature
[INFO] [stdout] 69 | pub mod remote;
[INFO] [stdout]    |         ^^^^^^
[INFO] [stdout] 
[INFO] [stdout] 
[INFO] [stdout] error[E0433]: cannot find `remote` in `fxtranslate`
[INFO] [stdout]   --> tests/packaging.rs:73:30
[INFO] [stdout]    |
[INFO] [stdout] 73 |         assert!(fxtranslate::remote::pick(&recs, "srcvocab", "en", "es").is_none());
[INFO] [stdout]    |                              ^^^^^^ could not find `remote` in `fxtranslate`
[INFO] [stdout]    |
[INFO] [stdout] note: found an item that was configured out
[INFO] [stdout]   --> src/lib.rs:69:9
[INFO] [stdout]    |
[INFO] [stdout] 68 | #[cfg(feature = "discovery")]
[INFO] [stdout]    |       --------------------- the item is gated behind the `discovery` feature
[INFO] [stdout] 69 | pub mod remote;
[INFO] [stdout]    |         ^^^^^^
[INFO] [stdout] 
[INFO] [stdout] 
[INFO] [stdout] error[E0433]: cannot find `remote` in `fxtranslate`
[INFO] [stdout]   --> tests/packaging.rs:76:30
[INFO] [stdout]    |
[INFO] [stdout] 76 |         assert!(fxtranslate::remote::pick(&recs, "vocab", "en", "ja").is_none());
[INFO] [stdout]    |                              ^^^^^^ could not find `remote` in `fxtranslate`
[INFO] [stdout]    |
[INFO] [stdout] note: found an item that was configured out
[INFO] [stdout]   --> src/lib.rs:69:9
[INFO] [stdout]    |
[INFO] [stdout] 68 | #[cfg(feature = "discovery")]
[INFO] [stdout]    |       --------------------- the item is gated behind the `discovery` feature
[INFO] [stdout] 69 | pub mod remote;
[INFO] [stdout]    |         ^^^^^^
[INFO] [stdout] 
[INFO] [stdout] 
[INFO] [stdout] error[E0433]: cannot find `remote` in `fxtranslate`
[INFO] [stdout]   --> tests/packaging.rs:77:30
[INFO] [stdout]    |
[INFO] [stdout] 77 |         assert!(fxtranslate::remote::pick(&recs, "srcvocab", "en", "ja").is_some());
[INFO] [stdout]    |                              ^^^^^^ could not find `remote` in `fxtranslate`
[INFO] [stdout]    |
[INFO] [stdout] note: found an item that was configured out
[INFO] [stdout]   --> src/lib.rs:69:9
[INFO] [stdout]    |
[INFO] [stdout] 68 | #[cfg(feature = "discovery")]
[INFO] [stdout]    |       --------------------- the item is gated behind the `discovery` feature
[INFO] [stdout] 69 | pub mod remote;
[INFO] [stdout]    |         ^^^^^^
[INFO] [stdout] 
[INFO] [stdout] 
[INFO] [stdout] error[E0433]: cannot find `remote` in `fxtranslate`
[INFO] [stdout]   --> tests/packaging.rs:78:30
[INFO] [stdout]    |
[INFO] [stdout] 78 |         assert!(fxtranslate::remote::pick(&recs, "trgvocab", "en", "ja").is_some());
[INFO] [stdout]    |                              ^^^^^^ could not find `remote` in `fxtranslate`
[INFO] [stdout]    |
[INFO] [stdout] note: found an item that was configured out
[INFO] [stdout]   --> src/lib.rs:69:9
[INFO] [stdout]    |
[INFO] [stdout] 68 | #[cfg(feature = "discovery")]
[INFO] [stdout]    |       --------------------- the item is gated behind the `discovery` feature
[INFO] [stdout] 69 | pub mod remote;
[INFO] [stdout]    |         ^^^^^^
[INFO] [stdout] 
[INFO] [stdout] 
[INFO] [stdout] error[E0433]: cannot find `remote` in `fxtranslate`
[INFO] [stdout]    --> tests/packaging.rs:100:26
[INFO] [stdout]     |
[INFO] [stdout] 100 |             fxtranslate::remote::pick(&recs, "model", "en", "es")
[INFO] [stdout]     |                          ^^^^^^ could not find `remote` in `fxtranslate`
[INFO] [stdout]     |
[INFO] [stdout] note: found an item that was configured out
[INFO] [stdout]    --> src/lib.rs:69:9
[INFO] [stdout]     |
[INFO] [stdout]  68 | #[cfg(feature = "discovery")]
[INFO] [stdout]     |       --------------------- the item is gated behind the `discovery` feature
[INFO] [stdout]  69 | pub mod remote;
[INFO] [stdout]     |         ^^^^^^
[INFO] [stdout] 
[INFO] [stdout] 
[INFO] [stdout] error[E0433]: cannot find `remote` in `fxtranslate`
[INFO] [stdout]    --> tests/packaging.rs:117:26
[INFO] [stdout]     |
[INFO] [stdout] 117 |             fxtranslate::remote::pick(&[mk("3.0a1")], "model", "en", "es")
[INFO] [stdout]     |                          ^^^^^^ could not find `remote` in `fxtranslate`
[INFO] [stdout]     |
[INFO] [stdout] note: found an item that was configured out
[INFO] [stdout]    --> src/lib.rs:69:9
[INFO] [stdout]     |
[INFO] [stdout]  68 | #[cfg(feature = "discovery")]
[INFO] [stdout]     |       --------------------- the item is gated behind the `discovery` feature
[INFO] [stdout]  69 | pub mod remote;
[INFO] [stdout]     |         ^^^^^^
[INFO] [stdout] 
[INFO] [stdout] 
[INFO] [stdout] error[E0433]: cannot find `remote` in `fxtranslate`
[INFO] [stdout]    --> tests/packaging.rs:126:26
[INFO] [stdout]     |
[INFO] [stdout] 126 |             fxtranslate::remote::pick(&recs, "model", "en", "es")
[INFO] [stdout]     |                          ^^^^^^ could not find `remote` in `fxtranslate`
[INFO] [stdout]     |
[INFO] [stdout] note: found an item that was configured out
[INFO] [stdout]    --> src/lib.rs:69:9
[INFO] [stdout]     |
[INFO] [stdout]  68 | #[cfg(feature = "discovery")]
[INFO] [stdout]     |       --------------------- the item is gated behind the `discovery` feature
[INFO] [stdout]  69 | pub mod remote;
[INFO] [stdout]     |         ^^^^^^
[INFO] [stdout] 
[INFO] [stdout] 
[INFO] [stdout] error[E0433]: cannot find `remote` in `fxtranslate`
[INFO] [stdout]    --> tests/packaging.rs:132:30
[INFO] [stdout]     |
[INFO] [stdout] 132 |         assert!(fxtranslate::remote::pick(&[mk("4.0a1")], "model", "en", "es").is_none());
[INFO] [stdout]     |                              ^^^^^^ could not find `remote` in `fxtranslate`
[INFO] [stdout]     |
[INFO] [stdout] note: found an item that was configured out
[INFO] [stdout]    --> src/lib.rs:69:9
[INFO] [stdout]     |
[INFO] [stdout]  68 | #[cfg(feature = "discovery")]
[INFO] [stdout]     |       --------------------- the item is gated behind the `discovery` feature
[INFO] [stdout]  69 | pub mod remote;
[INFO] [stdout]     |         ^^^^^^
[INFO] [stdout] 
[INFO] [stdout] 
[INFO] [stdout] error[E0433]: cannot find `remote` in `fxtranslate`
[INFO] [stdout]    --> tests/packaging.rs:144:30
[INFO] [stdout]     |
[INFO] [stdout] 144 |         assert!(fxtranslate::remote::pick(&recs, "model", "en", "es").is_none());
[INFO] [stdout]     |                              ^^^^^^ could not find `remote` in `fxtranslate`
[INFO] [stdout]     |
[INFO] [stdout] note: found an item that was configured out
[INFO] [stdout]    --> src/lib.rs:69:9
[INFO] [stdout]     |
[INFO] [stdout]  68 | #[cfg(feature = "discovery")]
[INFO] [stdout]     |       --------------------- the item is gated behind the `discovery` feature
[INFO] [stdout]  69 | pub mod remote;
[INFO] [stdout]     |         ^^^^^^
[INFO] [stdout] 
[INFO] [stdout] 
[INFO] [stdout] Some errors have detailed explanations: E0432, E0433.
[INFO] [stdout] 
[INFO] [stdout] For more information about an error, try `rustc --explain E0432`.
[INFO] [stdout] 
[INFO] [stderr] error: could not compile `fxtranslate` (test "packaging") due to 20 previous errors
[INFO] [stderr] warning: build failed, waiting for other jobs to finish...
[INFO] running `Command { std: "docker" "inspect" "9348effbc036dc775fef245ce6ab265138a5bff9b3bc762f2eba5cc32fa86587", kill_on_drop: false }`
[INFO] running `Command { std: "docker" "rm" "-f" "9348effbc036dc775fef245ce6ab265138a5bff9b3bc762f2eba5cc32fa86587", kill_on_drop: false }`
[INFO] [stdout] 9348effbc036dc775fef245ce6ab265138a5bff9b3bc762f2eba5cc32fa86587
