[INFO] fetching crate fuzzcheck_serde_json_generator 0.1.1...
[INFO] testing fuzzcheck_serde_json_generator-0.1.1 against 1.100.0-beta.1+cargoflags=--release for beta-release-1.100-2
[INFO] extracting crate fuzzcheck_serde_json_generator 0.1.1 into /workspace/builds/worker-5-tc2/source
[INFO] started tweaking crates.io crate fuzzcheck_serde_json_generator 0.1.1
[INFO] finished tweaking crates.io crate fuzzcheck_serde_json_generator 0.1.1
[INFO] tweaked toml for crates.io crate fuzzcheck_serde_json_generator 0.1.1 written to /workspace/builds/worker-5-tc2/source/Cargo.toml
[INFO] validating manifest of crates.io crate fuzzcheck_serde_json_generator 0.1.1 on toolchain 1.100.0-beta.1
[INFO] running `Command { std: CARGO_HOME="/workspace/cargo-home" RUSTUP_HOME="/workspace/rustup-home" "/workspace/cargo-home/bin/cargo" "+1.100.0-beta.1" "metadata" "--manifest-path" "Cargo.toml" "--no-deps", kill_on_drop: false }`
[INFO] running `Command { std: CARGO_HOME="/workspace/cargo-home" RUSTUP_HOME="/workspace/rustup-home" "/workspace/cargo-home/bin/cargo" "+1.100.0-beta.1" "generate-lockfile" "--manifest-path" "Cargo.toml", kill_on_drop: false }`
[INFO] [stderr]     Updating crates.io index
[INFO] [stderr]      Locking 43 packages to highest compatible versions
[INFO] [stderr]       Adding fuzzcheck v0.12.1 (available: v0.13.0)
[INFO] running `Command { std: CARGO_HOME="/workspace/cargo-home" RUSTUP_HOME="/workspace/rustup-home" "/workspace/cargo-home/bin/cargo" "+1.100.0-beta.1" "fetch" "--manifest-path" "Cargo.toml", kill_on_drop: false }`
[INFO] running `Command { std: "docker" "create" "-v" "/var/lib/crater-agent-workspace/builds/worker-5-tc2/source:/opt/rustwide/workdir:ro,Z" "-v" "/var/lib/crater-agent-workspace/builds/worker-5-tc2/target:/opt/rustwide/target:rw,Z" "-v" "/var/lib/crater-agent-workspace/cargo-home:/opt/rustwide/cargo-home:ro,Z" "-v" "/var/lib/crater-agent-workspace/rustup-home:/opt/rustwide/rustup-home:ro,Z" "-m" "1610612736" "--network" "none" "ghcr.io/rust-lang/crates-build-env/linux@sha256:77db811e55d90add9212f6832c23229e3de5f1c1f9905e8cb07319ea15df73ac" "sleep" "infinity", kill_on_drop: false }`
[INFO] [stdout] facd4638879c43d89a8068e95e6cf25a0a3a82709454ef550f9423ed88e5c6db
[INFO] running `Command { std: "docker" "start" "facd4638879c43d89a8068e95e6cf25a0a3a82709454ef550f9423ed88e5c6db", kill_on_drop: false }`
[INFO] running `Command { std: "docker" "inspect" "facd4638879c43d89a8068e95e6cf25a0a3a82709454ef550f9423ed88e5c6db", kill_on_drop: false }`
[INFO] running `Command { std: "docker" "exec" "-e" "SOURCE_DIR=/opt/rustwide/workdir" "-e" "CARGO_HOME=/opt/rustwide/cargo-home" "-e" "RUSTUP_HOME=/opt/rustwide/rustup-home" "-e" "CARGO_TARGET_DIR=/opt/rustwide/target" "-w" "/opt/rustwide/workdir" "--user" "0:0" "facd4638879c43d89a8068e95e6cf25a0a3a82709454ef550f9423ed88e5c6db" "/opt/rustwide/cargo-home/bin/cargo" "+1.100.0-beta.1" "metadata" "--no-deps" "--format-version=1", kill_on_drop: false }`
[INFO] running `Command { std: "docker" "inspect" "facd4638879c43d89a8068e95e6cf25a0a3a82709454ef550f9423ed88e5c6db", kill_on_drop: false }`
[INFO] running `Command { std: "docker" "exec" "-e" "SOURCE_DIR=/opt/rustwide/workdir" "-e" "CARGO_HOME=/opt/rustwide/cargo-home" "-e" "RUSTUP_HOME=/opt/rustwide/rustup-home" "-e" "CARGO_TARGET_DIR=/opt/rustwide/target" "-e" "CARGO_INCREMENTAL=0" "-e" "RUST_BACKTRACE=full" "-e" "RUSTFLAGS=--cap-lints=warn" "-e" "RUSTDOCFLAGS=--cap-lints=warn" "-w" "/opt/rustwide/workdir" "--user" "0:0" "facd4638879c43d89a8068e95e6cf25a0a3a82709454ef550f9423ed88e5c6db" "/opt/rustwide/cargo-home/bin/cargo" "+1.100.0-beta.1" "build" "--frozen" "--message-format=json" "--release", kill_on_drop: false }`
[INFO] [stderr]    Compiling libz-sys v1.1.30
[INFO] [stderr]    Compiling crc32fast v1.5.2
[INFO] [stderr]    Compiling ahash v0.7.8
[INFO] [stderr]    Compiling syn v1.0.109
[INFO] [stderr]    Compiling getopts v0.2.24
[INFO] [stderr]    Compiling getrandom v0.2.17
[INFO] [stderr]    Compiling fuzzcheck v0.12.1
[INFO] [stderr]    Compiling nu-ansi-term v0.39.0
[INFO] [stderr]    Compiling serde_json v1.0.154
[INFO] [stderr]    Compiling fuzzcheck_common v0.12.0
[INFO] [stdout] error[E0557]: feature has been removed
[INFO] [stdout]  --> /opt/rustwide/cargo-home/registry/src/index.crates.io-1949cf8c6b5b557f/fuzzcheck_common-0.12.0/src/lib.rs:1:12
[INFO] [stdout]   |
[INFO] [stdout] 1 | #![feature(no_coverage)]
[INFO] [stdout]   |            ^^^^^^^^^^^ feature has been removed
[INFO] [stdout]   |
[INFO] [stdout]   = note: removed in 1.74.0; see <https://github.com/rust-lang/rust/pull/114656> for more information
[INFO] [stdout]   = note: renamed to `coverage_attribute`
[INFO] [stdout] 
[INFO] [stdout] 
[INFO] [stdout] error[E0658]: attributes on expressions are experimental
[INFO] [stdout]    --> /opt/rustwide/cargo-home/registry/src/index.crates.io-1949cf8c6b5b557f/fuzzcheck_common-0.12.0/src/arg.rs:193:13
[INFO] [stdout]     |
[INFO] [stdout] 193 |             #[no_coverage]
[INFO] [stdout]     |             ^^^^^^^^^^^^^^
[INFO] [stdout]     |
[INFO] [stdout]     = note: see issue #15701 <https://github.com/rust-lang/rust/issues/15701> for more information
[INFO] [stdout] 
[INFO] [stdout] 
[INFO] [stdout] error[E0658]: attributes on expressions are experimental
[INFO] [stdout]    --> /opt/rustwide/cargo-home/registry/src/index.crates.io-1949cf8c6b5b557f/fuzzcheck_common-0.12.0/src/arg.rs:211:17
[INFO] [stdout]     |
[INFO] [stdout] 211 |                 #[no_coverage]
[INFO] [stdout]     |                 ^^^^^^^^^^^^^^
[INFO] [stdout]     |
[INFO] [stdout]     = note: see issue #15701 <https://github.com/rust-lang/rust/issues/15701> for more information
[INFO] [stdout] 
[INFO] [stdout] 
[INFO] [stdout] error[E0658]: attributes on expressions are experimental
[INFO] [stdout]    --> /opt/rustwide/cargo-home/registry/src/index.crates.io-1949cf8c6b5b557f/fuzzcheck_common-0.12.0/src/arg.rs:215:17
[INFO] [stdout]     |
[INFO] [stdout] 215 |                 #[no_coverage]
[INFO] [stdout]     |                 ^^^^^^^^^^^^^^
[INFO] [stdout]     |
[INFO] [stdout]     = note: see issue #15701 <https://github.com/rust-lang/rust/issues/15701> for more information
[INFO] [stdout] 
[INFO] [stdout] 
[INFO] [stdout] error[E0658]: attributes on expressions are experimental
[INFO] [stdout]    --> /opt/rustwide/cargo-home/registry/src/index.crates.io-1949cf8c6b5b557f/fuzzcheck_common-0.12.0/src/arg.rs:222:13
[INFO] [stdout]     |
[INFO] [stdout] 222 |             #[no_coverage]
[INFO] [stdout]     |             ^^^^^^^^^^^^^^
[INFO] [stdout]     |
[INFO] [stdout]     = note: see issue #15701 <https://github.com/rust-lang/rust/issues/15701> for more information
[INFO] [stdout] 
[INFO] [stdout] 
[INFO] [stdout] error[E0658]: attributes on expressions are experimental
[INFO] [stdout]    --> /opt/rustwide/cargo-home/registry/src/index.crates.io-1949cf8c6b5b557f/fuzzcheck_common-0.12.0/src/arg.rs:233:13
[INFO] [stdout]     |
[INFO] [stdout] 233 |             #[no_coverage]
[INFO] [stdout]     |             ^^^^^^^^^^^^^^
[INFO] [stdout]     |
[INFO] [stdout]     = note: see issue #15701 <https://github.com/rust-lang/rust/issues/15701> for more information
[INFO] [stdout] 
[INFO] [stdout] 
[INFO] [stdout] error[E0658]: attributes on expressions are experimental
[INFO] [stdout]    --> /opt/rustwide/cargo-home/registry/src/index.crates.io-1949cf8c6b5b557f/fuzzcheck_common-0.12.0/src/arg.rs:244:13
[INFO] [stdout]     |
[INFO] [stdout] 244 |             #[no_coverage]
[INFO] [stdout]     |             ^^^^^^^^^^^^^^
[INFO] [stdout]     |
[INFO] [stdout]     = note: see issue #15701 <https://github.com/rust-lang/rust/issues/15701> for more information
[INFO] [stdout] 
[INFO] [stdout] 
[INFO] [stdout] error[E0658]: attributes on expressions are experimental
[INFO] [stdout]    --> /opt/rustwide/cargo-home/registry/src/index.crates.io-1949cf8c6b5b557f/fuzzcheck_common-0.12.0/src/arg.rs:255:13
[INFO] [stdout]     |
[INFO] [stdout] 255 |             #[no_coverage]
[INFO] [stdout]     |             ^^^^^^^^^^^^^^
[INFO] [stdout]     |
[INFO] [stdout]     = note: see issue #15701 <https://github.com/rust-lang/rust/issues/15701> for more information
[INFO] [stdout] 
[INFO] [stdout] 
[INFO] [stdout] error[E0658]: attributes on expressions are experimental
[INFO] [stdout]    --> /opt/rustwide/cargo-home/registry/src/index.crates.io-1949cf8c6b5b557f/fuzzcheck_common-0.12.0/src/arg.rs:266:13
[INFO] [stdout]     |
[INFO] [stdout] 266 |             #[no_coverage]
[INFO] [stdout]     |             ^^^^^^^^^^^^^^
[INFO] [stdout]     |
[INFO] [stdout]     = note: see issue #15701 <https://github.com/rust-lang/rust/issues/15701> for more information
[INFO] [stdout] 
[INFO] [stdout] 
[INFO] [stdout] error[E0658]: attributes on expressions are experimental
[INFO] [stdout]    --> /opt/rustwide/cargo-home/registry/src/index.crates.io-1949cf8c6b5b557f/fuzzcheck_common-0.12.0/src/arg.rs:276:21
[INFO] [stdout]     |
[INFO] [stdout] 276 |                     #[no_coverage]
[INFO] [stdout]     |                     ^^^^^^^^^^^^^^
[INFO] [stdout]     |
[INFO] [stdout]     = note: see issue #15701 <https://github.com/rust-lang/rust/issues/15701> for more information
[INFO] [stdout] 
[INFO] [stdout] 
[INFO] [stdout] error[E0658]: attributes on expressions are experimental
[INFO] [stdout]    --> /opt/rustwide/cargo-home/registry/src/index.crates.io-1949cf8c6b5b557f/fuzzcheck_common-0.12.0/src/arg.rs:288:21
[INFO] [stdout]     |
[INFO] [stdout] 288 |                     #[no_coverage]
[INFO] [stdout]     |                     ^^^^^^^^^^^^^^
[INFO] [stdout]     |
[INFO] [stdout]     = note: see issue #15701 <https://github.com/rust-lang/rust/issues/15701> for more information
[INFO] [stdout] 
[INFO] [stdout] 
[INFO] [stdout] error[E0658]: attributes on expressions are experimental
[INFO] [stdout]    --> /opt/rustwide/cargo-home/registry/src/index.crates.io-1949cf8c6b5b557f/fuzzcheck_common-0.12.0/src/arg.rs:305:21
[INFO] [stdout]     |
[INFO] [stdout] 305 |                     #[no_coverage]
[INFO] [stdout]     |                     ^^^^^^^^^^^^^^
[INFO] [stdout]     |
[INFO] [stdout]     = note: see issue #15701 <https://github.com/rust-lang/rust/issues/15701> for more information
[INFO] [stdout] 
[INFO] [stdout] 
[INFO] [stdout] error[E0658]: attributes on expressions are experimental
[INFO] [stdout]    --> /opt/rustwide/cargo-home/registry/src/index.crates.io-1949cf8c6b5b557f/fuzzcheck_common-0.12.0/src/arg.rs:314:17
[INFO] [stdout]     |
[INFO] [stdout] 314 |                 #[no_coverage]
[INFO] [stdout]     |                 ^^^^^^^^^^^^^^
[INFO] [stdout]     |
[INFO] [stdout]     = note: see issue #15701 <https://github.com/rust-lang/rust/issues/15701> for more information
[INFO] [stdout] 
[INFO] [stdout] 
[INFO] [stdout] error: cannot find attribute `no_coverage` in this scope
[INFO] [stdout]   --> /opt/rustwide/cargo-home/registry/src/index.crates.io-1949cf8c6b5b557f/fuzzcheck_common-0.12.0/src/arg.rs:35:7
[INFO] [stdout]    |
[INFO] [stdout] 35 |     #[no_coverage]
[INFO] [stdout]    |       ^^^^^^^^^^^
[INFO] [stdout]    |
[INFO] [stdout] help: a built-in attribute with a similar name exists
[INFO] [stdout]    |
[INFO] [stdout] 35 -     #[no_coverage]
[INFO] [stdout] 35 +     #[coverage]
[INFO] [stdout]    |
[INFO] [stdout] 
[INFO] [stdout] 
[INFO] [stdout] error: cannot find attribute `no_coverage` in this scope
[INFO] [stdout]   --> /opt/rustwide/cargo-home/registry/src/index.crates.io-1949cf8c6b5b557f/fuzzcheck_common-0.12.0/src/arg.rs:87:3
[INFO] [stdout]    |
[INFO] [stdout] 87 | #[no_coverage]
[INFO] [stdout]    |   ^^^^^^^^^^^
[INFO] [stdout]    |
[INFO] [stdout] help: a built-in attribute with a similar name exists
[INFO] [stdout]    |
[INFO] [stdout] 87 - #[no_coverage]
[INFO] [stdout] 87 + #[coverage]
[INFO] [stdout]    |
[INFO] [stdout] 
[INFO] [stdout] 
[INFO] [stdout] error: cannot find attribute `no_coverage` in this scope
[INFO] [stdout]    --> /opt/rustwide/cargo-home/registry/src/index.crates.io-1949cf8c6b5b557f/fuzzcheck_common-0.12.0/src/arg.rs:180:7
[INFO] [stdout]     |
[INFO] [stdout] 180 |     #[no_coverage]
[INFO] [stdout]     |       ^^^^^^^^^^^
[INFO] [stdout]     |
[INFO] [stdout] help: a built-in attribute with a similar name exists
[INFO] [stdout]     |
[INFO] [stdout] 180 -     #[no_coverage]
[INFO] [stdout] 180 +     #[coverage]
[INFO] [stdout]     |
[INFO] [stdout] 
[INFO] [stdout] 
[INFO] [stdout] error: cannot find attribute `no_coverage` in this scope
[INFO] [stdout]    --> /opt/rustwide/cargo-home/registry/src/index.crates.io-1949cf8c6b5b557f/fuzzcheck_common-0.12.0/src/arg.rs:193:15
[INFO] [stdout]     |
[INFO] [stdout] 193 |             #[no_coverage]
[INFO] [stdout]     |               ^^^^^^^^^^^
[INFO] [stdout]     |
[INFO] [stdout] help: a built-in attribute with a similar name exists
[INFO] [stdout]     |
[INFO] [stdout] 193 -             #[no_coverage]
[INFO] [stdout] 193 +             #[coverage]
[INFO] [stdout]     |
[INFO] [stdout] 
[INFO] [stdout] 
[INFO] [stdout] error: cannot find attribute `no_coverage` in this scope
[INFO] [stdout]    --> /opt/rustwide/cargo-home/registry/src/index.crates.io-1949cf8c6b5b557f/fuzzcheck_common-0.12.0/src/arg.rs:211:19
[INFO] [stdout]     |
[INFO] [stdout] 211 |                 #[no_coverage]
[INFO] [stdout]     |                   ^^^^^^^^^^^
[INFO] [stdout]     |
[INFO] [stdout] help: a built-in attribute with a similar name exists
[INFO] [stdout]     |
[INFO] [stdout] 211 -                 #[no_coverage]
[INFO] [stdout] 211 +                 #[coverage]
[INFO] [stdout]     |
[INFO] [stdout] 
[INFO] [stdout] 
[INFO] [stdout] error: cannot find attribute `no_coverage` in this scope
[INFO] [stdout]    --> /opt/rustwide/cargo-home/registry/src/index.crates.io-1949cf8c6b5b557f/fuzzcheck_common-0.12.0/src/arg.rs:215:19
[INFO] [stdout]     |
[INFO] [stdout] 215 |                 #[no_coverage]
[INFO] [stdout]     |                   ^^^^^^^^^^^
[INFO] [stdout]     |
[INFO] [stdout] help: a built-in attribute with a similar name exists
[INFO] [stdout]     |
[INFO] [stdout] 215 -                 #[no_coverage]
[INFO] [stdout] 215 +                 #[coverage]
[INFO] [stdout]     |
[INFO] [stdout] 
[INFO] [stdout] 
[INFO] [stdout] error: cannot find attribute `no_coverage` in this scope
[INFO] [stdout]    --> /opt/rustwide/cargo-home/registry/src/index.crates.io-1949cf8c6b5b557f/fuzzcheck_common-0.12.0/src/arg.rs:222:15
[INFO] [stdout]     |
[INFO] [stdout] 222 |             #[no_coverage]
[INFO] [stdout]     |               ^^^^^^^^^^^
[INFO] [stdout]     |
[INFO] [stdout] help: a built-in attribute with a similar name exists
[INFO] [stdout]     |
[INFO] [stdout] 222 -             #[no_coverage]
[INFO] [stdout] 222 +             #[coverage]
[INFO] [stdout]     |
[INFO] [stdout] 
[INFO] [stdout] 
[INFO] [stdout] error: cannot find attribute `no_coverage` in this scope
[INFO] [stdout]    --> /opt/rustwide/cargo-home/registry/src/index.crates.io-1949cf8c6b5b557f/fuzzcheck_common-0.12.0/src/arg.rs:233:15
[INFO] [stdout]     |
[INFO] [stdout] 233 |             #[no_coverage]
[INFO] [stdout]     |               ^^^^^^^^^^^
[INFO] [stdout]     |
[INFO] [stdout] help: a built-in attribute with a similar name exists
[INFO] [stdout]     |
[INFO] [stdout] 233 -             #[no_coverage]
[INFO] [stdout] 233 +             #[coverage]
[INFO] [stdout]     |
[INFO] [stdout] 
[INFO] [stdout] 
[INFO] [stdout] error: cannot find attribute `no_coverage` in this scope
[INFO] [stdout]    --> /opt/rustwide/cargo-home/registry/src/index.crates.io-1949cf8c6b5b557f/fuzzcheck_common-0.12.0/src/arg.rs:244:15
[INFO] [stdout]     |
[INFO] [stdout] 244 |             #[no_coverage]
[INFO] [stdout]     |               ^^^^^^^^^^^
[INFO] [stdout]     |
[INFO] [stdout] help: a built-in attribute with a similar name exists
[INFO] [stdout]     |
[INFO] [stdout] 244 -             #[no_coverage]
[INFO] [stdout] 244 +             #[coverage]
[INFO] [stdout]     |
[INFO] [stdout] 
[INFO] [stdout] 
[INFO] [stdout] error: cannot find attribute `no_coverage` in this scope
[INFO] [stdout]    --> /opt/rustwide/cargo-home/registry/src/index.crates.io-1949cf8c6b5b557f/fuzzcheck_common-0.12.0/src/arg.rs:255:15
[INFO] [stdout]     |
[INFO] [stdout] 255 |             #[no_coverage]
[INFO] [stdout]     |               ^^^^^^^^^^^
[INFO] [stdout]     |
[INFO] [stdout] help: a built-in attribute with a similar name exists
[INFO] [stdout]     |
[INFO] [stdout] 255 -             #[no_coverage]
[INFO] [stdout] 255 +             #[coverage]
[INFO] [stdout]     |
[INFO] [stdout] 
[INFO] [stdout] 
[INFO] [stdout] error: cannot find attribute `no_coverage` in this scope
[INFO] [stdout]    --> /opt/rustwide/cargo-home/registry/src/index.crates.io-1949cf8c6b5b557f/fuzzcheck_common-0.12.0/src/arg.rs:266:15
[INFO] [stdout]     |
[INFO] [stdout] 266 |             #[no_coverage]
[INFO] [stdout]     |               ^^^^^^^^^^^
[INFO] [stdout]     |
[INFO] [stdout] help: a built-in attribute with a similar name exists
[INFO] [stdout]     |
[INFO] [stdout] 266 -             #[no_coverage]
[INFO] [stdout] 266 +             #[coverage]
[INFO] [stdout]     |
[INFO] [stdout] 
[INFO] [stdout] 
[INFO] [stdout] error: cannot find attribute `no_coverage` in this scope
[INFO] [stdout]    --> /opt/rustwide/cargo-home/registry/src/index.crates.io-1949cf8c6b5b557f/fuzzcheck_common-0.12.0/src/arg.rs:276:23
[INFO] [stdout]     |
[INFO] [stdout] 276 |                     #[no_coverage]
[INFO] [stdout]     |                       ^^^^^^^^^^^
[INFO] [stdout]     |
[INFO] [stdout] help: a built-in attribute with a similar name exists
[INFO] [stdout]     |
[INFO] [stdout] 276 -                     #[no_coverage]
[INFO] [stdout] 276 +                     #[coverage]
[INFO] [stdout]     |
[INFO] [stdout] 
[INFO] [stdout] 
[INFO] [stdout] error: cannot find attribute `no_coverage` in this scope
[INFO] [stdout]    --> /opt/rustwide/cargo-home/registry/src/index.crates.io-1949cf8c6b5b557f/fuzzcheck_common-0.12.0/src/arg.rs:288:23
[INFO] [stdout]     |
[INFO] [stdout] 288 |                     #[no_coverage]
[INFO] [stdout]     |                       ^^^^^^^^^^^
[INFO] [stdout]     |
[INFO] [stdout] help: a built-in attribute with a similar name exists
[INFO] [stdout]     |
[INFO] [stdout] 288 -                     #[no_coverage]
[INFO] [stdout] 288 +                     #[coverage]
[INFO] [stdout]     |
[INFO] [stdout] 
[INFO] [stdout] 
[INFO] [stdout] error: cannot find attribute `no_coverage` in this scope
[INFO] [stdout]    --> /opt/rustwide/cargo-home/registry/src/index.crates.io-1949cf8c6b5b557f/fuzzcheck_common-0.12.0/src/arg.rs:305:23
[INFO] [stdout]     |
[INFO] [stdout] 305 |                     #[no_coverage]
[INFO] [stdout]     |                       ^^^^^^^^^^^
[INFO] [stdout]     |
[INFO] [stdout] help: a built-in attribute with a similar name exists
[INFO] [stdout]     |
[INFO] [stdout] 305 -                     #[no_coverage]
[INFO] [stdout] 305 +                     #[coverage]
[INFO] [stdout]     |
[INFO] [stdout] 
[INFO] [stdout] 
[INFO] [stdout] error: cannot find attribute `no_coverage` in this scope
[INFO] [stdout]    --> /opt/rustwide/cargo-home/registry/src/index.crates.io-1949cf8c6b5b557f/fuzzcheck_common-0.12.0/src/arg.rs:314:19
[INFO] [stdout]     |
[INFO] [stdout] 314 |                 #[no_coverage]
[INFO] [stdout]     |                   ^^^^^^^^^^^
[INFO] [stdout]     |
[INFO] [stdout] help: a built-in attribute with a similar name exists
[INFO] [stdout]     |
[INFO] [stdout] 314 -                 #[no_coverage]
[INFO] [stdout] 314 +                 #[coverage]
[INFO] [stdout]     |
[INFO] [stdout] 
[INFO] [stdout] 
[INFO] [stdout] error: cannot find attribute `no_coverage` in this scope
[INFO] [stdout]    --> /opt/rustwide/cargo-home/registry/src/index.crates.io-1949cf8c6b5b557f/fuzzcheck_common-0.12.0/src/arg.rs:344:3
[INFO] [stdout]     |
[INFO] [stdout] 344 | #[no_coverage]
[INFO] [stdout]     |   ^^^^^^^^^^^
[INFO] [stdout]     |
[INFO] [stdout] help: a built-in attribute with a similar name exists
[INFO] [stdout]     |
[INFO] [stdout] 344 - #[no_coverage]
[INFO] [stdout] 344 + #[coverage]
[INFO] [stdout]     |
[INFO] [stdout] 
[INFO] [stdout] 
[INFO] [stderr]    Compiling serde v1.0.229
[INFO] [stdout] error: cannot find attribute `no_coverage` in this scope
[INFO] [stdout]    --> /opt/rustwide/cargo-home/registry/src/index.crates.io-1949cf8c6b5b557f/fuzzcheck_common-0.12.0/src/arg.rs:411:7
[INFO] [stdout]     |
[INFO] [stdout] 411 |     #[no_coverage]
[INFO] [stdout]     |       ^^^^^^^^^^^
[INFO] [stdout]     |
[INFO] [stdout] help: a built-in attribute with a similar name exists
[INFO] [stdout]     |
[INFO] [stdout] 411 -     #[no_coverage]
[INFO] [stdout] 411 +     #[coverage]
[INFO] [stdout]     |
[INFO] [stdout] 
[INFO] [stdout] 
[INFO] [stdout] error: cannot find attribute `no_coverage` in this scope
[INFO] [stdout]    --> /opt/rustwide/cargo-home/registry/src/index.crates.io-1949cf8c6b5b557f/fuzzcheck_common-0.12.0/src/arg.rs:417:7
[INFO] [stdout]     |
[INFO] [stdout] 417 |     #[no_coverage]
[INFO] [stdout]     |       ^^^^^^^^^^^
[INFO] [stdout]     |
[INFO] [stdout] help: a built-in attribute with a similar name exists
[INFO] [stdout]     |
[INFO] [stdout] 417 -     #[no_coverage]
[INFO] [stdout] 417 +     #[coverage]
[INFO] [stdout]     |
[INFO] [stdout] 
[INFO] [stdout] 
[INFO] [stdout] error: cannot find attribute `no_coverage` in this scope
[INFO] [stdout]    --> /opt/rustwide/cargo-home/registry/src/index.crates.io-1949cf8c6b5b557f/fuzzcheck_common-0.12.0/src/arg.rs:450:7
[INFO] [stdout]     |
[INFO] [stdout] 450 |     #[no_coverage]
[INFO] [stdout]     |       ^^^^^^^^^^^
[INFO] [stdout]     |
[INFO] [stdout] help: a built-in attribute with a similar name exists
[INFO] [stdout]     |
[INFO] [stdout] 450 -     #[no_coverage]
[INFO] [stdout] 450 +     #[coverage]
[INFO] [stdout]     |
[INFO] [stdout] 
[INFO] [stdout] 
[INFO] [stderr]    Compiling object v0.27.1
[INFO] [stdout] Some errors have detailed explanations: E0557, E0658.
[INFO] [stdout] 
[INFO] [stdout] For more information about an error, try `rustc --explain E0557`.
[INFO] [stdout] 
[INFO] [stderr]    Compiling flate2 v1.1.10
[INFO] [stderr] error: could not compile `fuzzcheck_common` (lib) due to 32 previous errors
[INFO] [stderr] warning: build failed, waiting for other jobs to finish...
[INFO] running `Command { std: "docker" "inspect" "facd4638879c43d89a8068e95e6cf25a0a3a82709454ef550f9423ed88e5c6db", kill_on_drop: false }`
[INFO] running `Command { std: "docker" "rm" "-f" "facd4638879c43d89a8068e95e6cf25a0a3a82709454ef550f9423ed88e5c6db", kill_on_drop: false }`
[INFO] [stdout] facd4638879c43d89a8068e95e6cf25a0a3a82709454ef550f9423ed88e5c6db
