[INFO] fetching crate fusionauth_jwt_rs 0.2.4...
[INFO] testing fusionauth_jwt_rs-0.2.4 against 1.100.0-beta.1+cargoflags=--release for beta-release-1.100-2
[INFO] extracting crate fusionauth_jwt_rs 0.2.4 into /workspace/builds/worker-4-tc2/source
[INFO] started tweaking crates.io crate fusionauth_jwt_rs 0.2.4
[INFO] removed 0 missing tests
[INFO] finished tweaking crates.io crate fusionauth_jwt_rs 0.2.4
[INFO] tweaked toml for crates.io crate fusionauth_jwt_rs 0.2.4 written to /workspace/builds/worker-4-tc2/source/Cargo.toml
[INFO] validating manifest of crates.io crate fusionauth_jwt_rs 0.2.4 on toolchain 1.100.0-beta.1
[INFO] running `Command { std: CARGO_HOME="/workspace/cargo-home" RUSTUP_HOME="/workspace/rustup-home" "/workspace/cargo-home/bin/cargo" "+1.100.0-beta.1" "metadata" "--manifest-path" "Cargo.toml" "--no-deps", kill_on_drop: false }`
[INFO] crate crates.io crate fusionauth_jwt_rs 0.2.4 already has a lockfile, it will not be regenerated
[INFO] running `Command { std: CARGO_HOME="/workspace/cargo-home" RUSTUP_HOME="/workspace/rustup-home" "/workspace/cargo-home/bin/cargo" "+1.100.0-beta.1" "fetch" "--manifest-path" "Cargo.toml", kill_on_drop: false }`
[INFO] running `Command { std: "docker" "create" "-v" "/var/lib/crater-agent-workspace/builds/worker-4-tc2/source:/opt/rustwide/workdir:ro,Z" "-v" "/var/lib/crater-agent-workspace/builds/worker-4-tc2/target:/opt/rustwide/target:rw,Z" "-v" "/var/lib/crater-agent-workspace/cargo-home:/opt/rustwide/cargo-home:ro,Z" "-v" "/var/lib/crater-agent-workspace/rustup-home:/opt/rustwide/rustup-home:ro,Z" "-m" "1610612736" "--network" "none" "ghcr.io/rust-lang/crates-build-env/linux@sha256:77db811e55d90add9212f6832c23229e3de5f1c1f9905e8cb07319ea15df73ac" "sleep" "infinity", kill_on_drop: false }`
[INFO] [stdout] adb35406b06748190443b95695209c611212150837b4abdf292d4a89f75f8240
[INFO] running `Command { std: "docker" "start" "adb35406b06748190443b95695209c611212150837b4abdf292d4a89f75f8240", kill_on_drop: false }`
[INFO] running `Command { std: "docker" "inspect" "adb35406b06748190443b95695209c611212150837b4abdf292d4a89f75f8240", kill_on_drop: false }`
[INFO] running `Command { std: "docker" "exec" "-e" "SOURCE_DIR=/opt/rustwide/workdir" "-e" "CARGO_HOME=/opt/rustwide/cargo-home" "-e" "RUSTUP_HOME=/opt/rustwide/rustup-home" "-e" "CARGO_TARGET_DIR=/opt/rustwide/target" "-w" "/opt/rustwide/workdir" "--user" "0:0" "adb35406b06748190443b95695209c611212150837b4abdf292d4a89f75f8240" "/opt/rustwide/cargo-home/bin/cargo" "+1.100.0-beta.1" "metadata" "--no-deps" "--format-version=1", kill_on_drop: false }`
[INFO] running `Command { std: "docker" "inspect" "adb35406b06748190443b95695209c611212150837b4abdf292d4a89f75f8240", kill_on_drop: false }`
[INFO] running `Command { std: "docker" "exec" "-e" "SOURCE_DIR=/opt/rustwide/workdir" "-e" "CARGO_HOME=/opt/rustwide/cargo-home" "-e" "RUSTUP_HOME=/opt/rustwide/rustup-home" "-e" "CARGO_TARGET_DIR=/opt/rustwide/target" "-e" "CARGO_INCREMENTAL=0" "-e" "RUST_BACKTRACE=full" "-e" "RUSTFLAGS=--cap-lints=warn" "-e" "RUSTDOCFLAGS=--cap-lints=warn" "-w" "/opt/rustwide/workdir" "--user" "0:0" "adb35406b06748190443b95695209c611212150837b4abdf292d4a89f75f8240" "/opt/rustwide/cargo-home/bin/cargo" "+1.100.0-beta.1" "build" "--frozen" "--message-format=json" "--release", kill_on_drop: false }`
[INFO] [stderr]    Compiling zerocopy v0.8.52
[INFO] [stderr]    Compiling spin v0.9.8
[INFO] [stderr]    Compiling syn v2.0.118
[INFO] [stderr]    Compiling generic-array v0.14.7
[INFO] [stderr]    Compiling num-traits v0.2.19
[INFO] [stderr]    Compiling num-bigint-dig v0.8.6
[INFO] [stderr]    Compiling getrandom v0.2.17
[INFO] [stderr]    Compiling lazy_static v1.5.0
[INFO] [stderr]    Compiling rand_core v0.6.4
[INFO] [stderr]    Compiling ff v0.13.1
[INFO] [stderr]    Compiling group v0.13.0
[INFO] [stderr]    Compiling num-integer v0.1.46
[INFO] [stderr]    Compiling num-iter v0.1.45
[INFO] [stderr]    Compiling zeroize_derive v1.5.0
[INFO] [stderr]    Compiling curve25519-dalek-derive v0.1.1
[INFO] [stderr]    Compiling serde_derive v1.0.228
[INFO] [stderr]    Compiling zeroize v1.9.0
[INFO] [stderr]    Compiling der v0.7.10
[INFO] [stderr]    Compiling ppv-lite86 v0.2.21
[INFO] [stderr]    Compiling block-buffer v0.10.4
[INFO] [stderr]    Compiling crypto-common v0.1.7
[INFO] [stderr]    Compiling crypto-bigint v0.5.5
[INFO] [stderr]    Compiling digest v0.10.7
[INFO] [stderr]    Compiling rand_chacha v0.3.1
[INFO] [stderr]    Compiling rand v0.8.6
[INFO] [stderr]    Compiling hmac v0.12.1
[INFO] [stderr]    Compiling signature v2.2.0
[INFO] [stderr]    Compiling sha2 v0.10.9
[INFO] [stderr]    Compiling curve25519-dalek v4.1.3
[INFO] [stderr]    Compiling hkdf v0.12.4
[INFO] [stderr]    Compiling rfc6979 v0.4.0
[INFO] [stderr]    Compiling spki v0.7.3
[INFO] [stderr]    Compiling pkcs8 v0.10.2
[INFO] [stderr]    Compiling sec1 v0.7.3
[INFO] [stderr]    Compiling ed25519 v2.2.3
[INFO] [stderr]    Compiling pkcs1 v0.7.5
[INFO] [stderr]    Compiling serde v1.0.228
[INFO] [stderr]    Compiling ed25519-dalek v2.2.0
[INFO] [stderr]    Compiling elliptic-curve v0.13.8
[INFO] [stderr]    Compiling primeorder v0.13.6
[INFO] [stderr]    Compiling ecdsa v0.16.9
[INFO] [stderr]    Compiling p384 v0.13.1
[INFO] [stderr]    Compiling p256 v0.13.2
[INFO] [stderr]    Compiling rsa v0.9.10
[INFO] [stderr]    Compiling jsonwebtoken v10.4.0
[INFO] [stderr]    Compiling fusionauth_jwt_rs v0.2.4 (/opt/rustwide/workdir)
[INFO] [stderr]     Finished `release` profile [optimized] target(s) in 28.78s
[INFO] running `Command { std: "docker" "inspect" "adb35406b06748190443b95695209c611212150837b4abdf292d4a89f75f8240", kill_on_drop: false }`
[INFO] running `Command { std: "docker" "exec" "-e" "SOURCE_DIR=/opt/rustwide/workdir" "-e" "CARGO_HOME=/opt/rustwide/cargo-home" "-e" "RUSTUP_HOME=/opt/rustwide/rustup-home" "-e" "CARGO_TARGET_DIR=/opt/rustwide/target" "-e" "CARGO_INCREMENTAL=0" "-e" "RUST_BACKTRACE=full" "-e" "RUSTFLAGS=--cap-lints=warn" "-e" "RUSTDOCFLAGS=--cap-lints=warn" "-w" "/opt/rustwide/workdir" "--user" "0:0" "adb35406b06748190443b95695209c611212150837b4abdf292d4a89f75f8240" "/opt/rustwide/cargo-home/bin/cargo" "+1.100.0-beta.1" "test" "--frozen" "--no-run" "--message-format=json" "--release", kill_on_drop: false }`
[INFO] [stderr]    Compiling generic-array v0.14.7
[INFO] [stderr]    Compiling block-buffer v0.10.4
[INFO] [stderr]    Compiling crypto-common v0.1.7
[INFO] [stderr]    Compiling sec1 v0.7.3
[INFO] [stderr]    Compiling crypto-bigint v0.5.5
[INFO] [stderr]    Compiling digest v0.10.7
[INFO] [stderr]    Compiling hmac v0.12.1
[INFO] [stderr]    Compiling signature v2.2.0
[INFO] [stderr]    Compiling sha2 v0.10.9
[INFO] [stderr]    Compiling curve25519-dalek v4.1.3
[INFO] [stderr]    Compiling ed25519 v2.2.3
[INFO] [stderr]    Compiling rsa v0.9.10
[INFO] [stderr]    Compiling hkdf v0.12.4
[INFO] [stderr]    Compiling rfc6979 v0.4.0
[INFO] [stderr]    Compiling ed25519-dalek v2.2.0
[INFO] [stderr]    Compiling elliptic-curve v0.13.8
[INFO] [stderr]    Compiling ecdsa v0.16.9
[INFO] [stderr]    Compiling primeorder v0.13.6
[INFO] [stderr]    Compiling p384 v0.13.1
[INFO] [stderr]    Compiling p256 v0.13.2
[INFO] [stderr]    Compiling jsonwebtoken v10.4.0
[INFO] [stderr]    Compiling fusionauth_jwt_rs v0.2.4 (/opt/rustwide/workdir)
[INFO] [stdout] error[E0277]: the trait bound `Sha256: rsa::pkcs8::AssociatedOid` is not satisfied
[INFO] [stdout]   --> tests/verify.rs:53:35
[INFO] [stdout]    |
[INFO] [stdout] 53 |         .sign(Pkcs1v15Sign::new::<Sha256>(), &hashed)
[INFO] [stdout]    |                                   ^^^^^^ the trait `rsa::pkcs8::AssociatedOid` is not implemented for `Sha256`
[INFO] [stdout]    |
[INFO] [stdout] note: there are multiple different versions of crate `const_oid` in the dependency graph
[INFO] [stdout]   --> /opt/rustwide/cargo-home/registry/src/index.crates.io-1949cf8c6b5b557f/const-oid-0.9.6/src/lib.rs:44:1
[INFO] [stdout]    |
[INFO] [stdout] 44 | pub trait AssociatedOid {
[INFO] [stdout]    | ^^^^^^^^^^^^^^^^^^^^^^^ this is the expected trait
[INFO] [stdout]    |
[INFO] [stdout]   ::: /opt/rustwide/cargo-home/registry/src/index.crates.io-1949cf8c6b5b557f/const-oid-0.10.2/src/traits.rs:6:1
[INFO] [stdout]    |
[INFO] [stdout]  6 | pub trait AssociatedOid {
[INFO] [stdout]    | ----------------------- this is the found trait
[INFO] [stdout]    = help: you can use `cargo tree` to explore your dependency tree
[INFO] [stdout]    = help: the following other types implement trait `rsa::pkcs8::AssociatedOid`:
[INFO] [stdout]              CoreWrapper<T>
[INFO] [stdout]              CtVariableCoreWrapper<T, OutSize, O>
[INFO] [stdout]              ecdsa::Signature<C>
[INFO] [stdout]              p256::NistP256
[INFO] [stdout]              p384::NistP384
[INFO] [stdout]              sha2::OidSha224
[INFO] [stdout]              sha2::OidSha256
[INFO] [stdout]              sha2::OidSha384
[INFO] [stdout]            and 3 others
[INFO] [stdout]    = note: there are multiple different versions of crate `sha2` in the dependency graph
[INFO] [stdout]    = help: you can use `cargo tree` to explore your dependency tree
[INFO] [stdout] note: required by a bound in `Pkcs1v15Sign::new`
[INFO] [stdout]   --> /opt/rustwide/cargo-home/registry/src/index.crates.io-1949cf8c6b5b557f/rsa-0.9.10/src/pkcs1v15.rs:76:21
[INFO] [stdout]    |
[INFO] [stdout] 69 | impl Pkcs1v15Sign {
[INFO] [stdout] ...
[INFO] [stdout] 74 |     pub fn new<D>() -> Self
[INFO] [stdout] 75 |     where
[INFO] [stdout] 76 |         D: Digest + AssociatedOid,
[INFO] [stdout]    |                     ^^^^^^^^^^^^^ required by this bound in `Pkcs1v15Sign::new`
[INFO] [stdout] 
[INFO] [stdout] 
[INFO] [stdout] error[E0277]: the trait bound `Sha256: rsa::signature::digest::Digest` is not satisfied
[INFO] [stdout]    --> tests/verify.rs:53:35
[INFO] [stdout]     |
[INFO] [stdout]  53 |         .sign(Pkcs1v15Sign::new::<Sha256>(), &hashed)
[INFO] [stdout]     |                                   ^^^^^^ the trait `rsa::signature::digest::FixedOutput` is not implemented for `Sha256`
[INFO] [stdout]     |
[INFO] [stdout] note: there are multiple different versions of crate `digest` in the dependency graph
[INFO] [stdout]    --> /opt/rustwide/cargo-home/registry/src/index.crates.io-1949cf8c6b5b557f/digest-0.10.7/src/lib.rs:93:1
[INFO] [stdout]     |
[INFO] [stdout]  93 | pub trait FixedOutput: Update + OutputSizeUser + Sized {
[INFO] [stdout]     | ^^^^^^^^^^^^^^^^^^^^^^^^^^^^^^^^^^^^^^^^^^^^^^^^^^^^^^ this is the expected trait
[INFO] [stdout]     |
[INFO] [stdout]    ::: /opt/rustwide/cargo-home/registry/src/index.crates.io-1949cf8c6b5b557f/digest-0.11.3/src/lib.rs:96:1
[INFO] [stdout]     |
[INFO] [stdout]  96 | pub trait FixedOutput: Update + OutputSizeUser + Sized {
[INFO] [stdout]     | ------------------------------------------------------ this is the found trait
[INFO] [stdout]     = help: you can use `cargo tree` to explore your dependency tree
[INFO] [stdout] help: the following other types implement trait `rsa::signature::digest::FixedOutput`
[INFO] [stdout]    --> /opt/rustwide/cargo-home/registry/src/index.crates.io-1949cf8c6b5b557f/digest-0.10.7/src/core_api/wrapper.rs:163:1
[INFO] [stdout]     |
[INFO] [stdout] 163 | / impl<T> FixedOutput for CoreWrapper<T>
[INFO] [stdout] 164 | | where
[INFO] [stdout] 165 | |     T: FixedOutputCore,
[INFO] [stdout] 166 | |     T::BlockSize: IsLess<U256>,
[INFO] [stdout] 167 | |     Le<T::BlockSize, U256>: NonZero,
[INFO] [stdout]     | |____________________________________^ `CoreWrapper<T>`
[INFO] [stdout]     |
[INFO] [stdout]    ::: /opt/rustwide/cargo-home/registry/src/index.crates.io-1949cf8c6b5b557f/hmac-0.12.1/src/simple.rs:67:1
[INFO] [stdout]     |
[INFO] [stdout]  67 |   impl<D: Digest + BlockSizeUser> FixedOutput for SimpleHmac<D> {
[INFO] [stdout]     |   ^^^^^^^^^^^^^^^^^^^^^^^^^^^^^^^^^^^^^^^^^^^^^^^^^^^^^^^^^^^^^ `hmac::simple::SimpleHmac<D>`
[INFO] [stdout]     = note: there are multiple different versions of crate `sha2` in the dependency graph
[INFO] [stdout]     = help: you can use `cargo tree` to explore your dependency tree
[INFO] [stdout]     = note: required for `Sha256` to implement `rsa::signature::digest::Digest`
[INFO] [stdout] note: required by a bound in `Pkcs1v15Sign::new`
[INFO] [stdout]    --> /opt/rustwide/cargo-home/registry/src/index.crates.io-1949cf8c6b5b557f/rsa-0.9.10/src/pkcs1v15.rs:76:12
[INFO] [stdout]     |
[INFO] [stdout]  69 | impl Pkcs1v15Sign {
[INFO] [stdout] ...
[INFO] [stdout]  74 |     pub fn new<D>() -> Self
[INFO] [stdout]  75 |     where
[INFO] [stdout]  76 |         D: Digest + AssociatedOid,
[INFO] [stdout]     |            ^^^^^^ required by this bound in `Pkcs1v15Sign::new`
[INFO] [stdout] 
[INFO] [stdout] 
[INFO] [stdout] error[E0277]: the trait bound `Sha256: rsa::signature::digest::Digest` is not satisfied
[INFO] [stdout]   --> tests/verify.rs:53:35
[INFO] [stdout]    |
[INFO] [stdout] 53 |         .sign(Pkcs1v15Sign::new::<Sha256>(), &hashed)
[INFO] [stdout]    |                                   ^^^^^^ the trait `rsa::signature::digest::HashMarker` is not implemented for `Sha256`
[INFO] [stdout]    |
[INFO] [stdout] note: there are multiple different versions of crate `digest` in the dependency graph
[INFO] [stdout]   --> /opt/rustwide/cargo-home/registry/src/index.crates.io-1949cf8c6b5b557f/digest-0.10.7/src/digest.rs:8:1
[INFO] [stdout]    |
[INFO] [stdout]  8 | pub trait HashMarker {}
[INFO] [stdout]    | ^^^^^^^^^^^^^^^^^^^^ this is the expected trait
[INFO] [stdout]    |
[INFO] [stdout]   ::: /opt/rustwide/cargo-home/registry/src/index.crates.io-1949cf8c6b5b557f/digest-0.11.3/src/digest.rs:10:1
[INFO] [stdout]    |
[INFO] [stdout] 10 | pub trait HashMarker {}
[INFO] [stdout]    | -------------------- this is the found trait
[INFO] [stdout]    = help: you can use `cargo tree` to explore your dependency tree
[INFO] [stdout]    = help: the following other types implement trait `rsa::signature::digest::HashMarker`:
[INFO] [stdout]              CoreWrapper<T>
[INFO] [stdout]              CtVariableCoreWrapper<T, OutSize, O>
[INFO] [stdout]              RtVariableCoreWrapper<T>
[INFO] [stdout]              sha2::core_api::Sha256VarCore
[INFO] [stdout]              sha2::core_api::Sha512VarCore
[INFO] [stdout]    = note: there are multiple different versions of crate `sha2` in the dependency graph
[INFO] [stdout]    = help: you can use `cargo tree` to explore your dependency tree
[INFO] [stdout]    = note: required for `Sha256` to implement `rsa::signature::digest::Digest`
[INFO] [stdout] note: required by a bound in `Pkcs1v15Sign::new`
[INFO] [stdout]   --> /opt/rustwide/cargo-home/registry/src/index.crates.io-1949cf8c6b5b557f/rsa-0.9.10/src/pkcs1v15.rs:76:12
[INFO] [stdout]    |
[INFO] [stdout] 69 | impl Pkcs1v15Sign {
[INFO] [stdout] ...
[INFO] [stdout] 74 |     pub fn new<D>() -> Self
[INFO] [stdout] 75 |     where
[INFO] [stdout] 76 |         D: Digest + AssociatedOid,
[INFO] [stdout]    |            ^^^^^^ required by this bound in `Pkcs1v15Sign::new`
[INFO] [stdout] 
[INFO] [stdout] 
[INFO] [stdout] For more information about this error, try `rustc --explain E0277`.
[INFO] [stdout] 
[INFO] [stderr] error: could not compile `fusionauth_jwt_rs` (test "verify") due to 3 previous errors
[INFO] running `Command { std: "docker" "inspect" "adb35406b06748190443b95695209c611212150837b4abdf292d4a89f75f8240", kill_on_drop: false }`
[INFO] running `Command { std: "docker" "rm" "-f" "adb35406b06748190443b95695209c611212150837b4abdf292d4a89f75f8240", kill_on_drop: false }`
[INFO] [stdout] adb35406b06748190443b95695209c611212150837b4abdf292d4a89f75f8240
