[INFO] fetching crate fusion-pcu-mlx 0.0.9...
[INFO] testing fusion-pcu-mlx-0.0.9 against 1.99.0-beta.8+cargoflags=--release for beta-release-1.100-2
[INFO] extracting crate fusion-pcu-mlx 0.0.9 into /workspace/builds/worker-2-tc1/source
[INFO] started tweaking crates.io crate fusion-pcu-mlx 0.0.9
[INFO] removed 0 missing examples
[INFO] removed 0 missing tests
[INFO] finished tweaking crates.io crate fusion-pcu-mlx 0.0.9
[INFO] tweaked toml for crates.io crate fusion-pcu-mlx 0.0.9 written to /workspace/builds/worker-2-tc1/source/Cargo.toml
[INFO] validating manifest of crates.io crate fusion-pcu-mlx 0.0.9 on toolchain 1.99.0-beta.8
[INFO] running `Command { std: CARGO_HOME="/workspace/cargo-home" RUSTUP_HOME="/workspace/rustup-home" "/workspace/cargo-home/bin/cargo" "+1.99.0-beta.8" "metadata" "--manifest-path" "Cargo.toml" "--no-deps", kill_on_drop: false }`
[INFO] crate crates.io crate fusion-pcu-mlx 0.0.9 already has a lockfile, it will not be regenerated
[INFO] running `Command { std: CARGO_HOME="/workspace/cargo-home" RUSTUP_HOME="/workspace/rustup-home" "/workspace/cargo-home/bin/cargo" "+1.99.0-beta.8" "fetch" "--manifest-path" "Cargo.toml", kill_on_drop: false }`
[INFO] [stderr]     Updating crates.io index
[INFO] [stderr]  Downloading crates ...
[INFO] [stderr]   Downloaded criterion v0.7.0
[INFO] [stderr]   Downloaded criterion-plot v0.6.0
[INFO] [stderr]   Downloaded fusion-pcu-core v0.0.9
[INFO] running `Command { std: "docker" "create" "-v" "/var/lib/crater-agent-workspace/builds/worker-2-tc1/source:/opt/rustwide/workdir:ro,Z" "-v" "/var/lib/crater-agent-workspace/builds/worker-2-tc1/target:/opt/rustwide/target:rw,Z" "-v" "/var/lib/crater-agent-workspace/cargo-home:/opt/rustwide/cargo-home:ro,Z" "-v" "/var/lib/crater-agent-workspace/rustup-home:/opt/rustwide/rustup-home:ro,Z" "-m" "1610612736" "--network" "none" "ghcr.io/rust-lang/crates-build-env/linux@sha256:77db811e55d90add9212f6832c23229e3de5f1c1f9905e8cb07319ea15df73ac" "sleep" "infinity", kill_on_drop: false }`
[INFO] [stdout] c5aa59c3f80b224ac1587a5d4db64019197ed3508e8ac9ad439b11da0370aae2
[INFO] running `Command { std: "docker" "start" "c5aa59c3f80b224ac1587a5d4db64019197ed3508e8ac9ad439b11da0370aae2", kill_on_drop: false }`
[INFO] running `Command { std: "docker" "inspect" "c5aa59c3f80b224ac1587a5d4db64019197ed3508e8ac9ad439b11da0370aae2", kill_on_drop: false }`
[INFO] running `Command { std: "docker" "exec" "-e" "SOURCE_DIR=/opt/rustwide/workdir" "-e" "CARGO_HOME=/opt/rustwide/cargo-home" "-e" "RUSTUP_HOME=/opt/rustwide/rustup-home" "-e" "CARGO_TARGET_DIR=/opt/rustwide/target" "-w" "/opt/rustwide/workdir" "--user" "0:0" "c5aa59c3f80b224ac1587a5d4db64019197ed3508e8ac9ad439b11da0370aae2" "/opt/rustwide/cargo-home/bin/cargo" "+1.99.0-beta.8" "metadata" "--no-deps" "--format-version=1", kill_on_drop: false }`
[INFO] running `Command { std: "docker" "inspect" "c5aa59c3f80b224ac1587a5d4db64019197ed3508e8ac9ad439b11da0370aae2", kill_on_drop: false }`
[INFO] running `Command { std: "docker" "exec" "-e" "SOURCE_DIR=/opt/rustwide/workdir" "-e" "CARGO_HOME=/opt/rustwide/cargo-home" "-e" "RUSTUP_HOME=/opt/rustwide/rustup-home" "-e" "CARGO_TARGET_DIR=/opt/rustwide/target" "-e" "CARGO_INCREMENTAL=0" "-e" "RUST_BACKTRACE=full" "-e" "RUSTFLAGS=--cap-lints=warn" "-e" "RUSTDOCFLAGS=--cap-lints=warn" "-w" "/opt/rustwide/workdir" "--user" "0:0" "c5aa59c3f80b224ac1587a5d4db64019197ed3508e8ac9ad439b11da0370aae2" "/opt/rustwide/cargo-home/bin/cargo" "+1.99.0-beta.8" "build" "--frozen" "--message-format=json" "--release", kill_on_drop: false }`
[INFO] [stderr]    Compiling generic-array v0.14.7
[INFO] [stderr]    Compiling fusion-pcu-core v0.0.9
[INFO] [stderr]    Compiling libloading v0.8.9
[INFO] [stderr]    Compiling block-buffer v0.10.4
[INFO] [stderr]    Compiling crypto-common v0.1.7
[INFO] [stderr]    Compiling digest v0.10.7
[INFO] [stderr]    Compiling sha2 v0.10.9
[INFO] [stderr]    Compiling fusion-pcu-mlx v0.0.9 (/opt/rustwide/workdir)
[INFO] [stdout] warning: use of deprecated method `std::sync::atomic::Atomic::<u64>::fetch_update`: renamed to `try_update` for consistency
[INFO] [stdout]   --> discovery/discovery.rs:81:14
[INFO] [stdout]    |
[INFO] [stdout] 81 |             .fetch_update(Ordering::Relaxed, Ordering::Relaxed, |value| {
[INFO] [stdout]    |              ^^^^^^^^^^^^
[INFO] [stdout]    |
[INFO] [stdout]    = note: `#[warn(deprecated)]` on by default
[INFO] [stdout] help: replace the use of the deprecated method
[INFO] [stdout]    |
[INFO] [stdout] 81 -             .fetch_update(Ordering::Relaxed, Ordering::Relaxed, |value| {
[INFO] [stdout] 81 +             .try_update(Ordering::Relaxed, Ordering::Relaxed, |value| {
[INFO] [stdout]    |
[INFO] [stdout] 
[INFO] [stdout] 
[INFO] [stderr]     Finished `release` profile [optimized] target(s) in 13.94s
[INFO] running `Command { std: "docker" "inspect" "c5aa59c3f80b224ac1587a5d4db64019197ed3508e8ac9ad439b11da0370aae2", kill_on_drop: false }`
[INFO] running `Command { std: "docker" "exec" "-e" "SOURCE_DIR=/opt/rustwide/workdir" "-e" "CARGO_HOME=/opt/rustwide/cargo-home" "-e" "RUSTUP_HOME=/opt/rustwide/rustup-home" "-e" "CARGO_TARGET_DIR=/opt/rustwide/target" "-e" "CARGO_INCREMENTAL=0" "-e" "RUST_BACKTRACE=full" "-e" "RUSTFLAGS=--cap-lints=warn" "-e" "RUSTDOCFLAGS=--cap-lints=warn" "-w" "/opt/rustwide/workdir" "--user" "0:0" "c5aa59c3f80b224ac1587a5d4db64019197ed3508e8ac9ad439b11da0370aae2" "/opt/rustwide/cargo-home/bin/cargo" "+1.99.0-beta.8" "test" "--frozen" "--no-run" "--message-format=json" "--release", kill_on_drop: false }`
[INFO] [stderr]    Compiling crypto-common v0.1.7
[INFO] [stderr]    Compiling clap_builder v4.6.7
[INFO] [stderr]    Compiling itertools v0.13.0
[INFO] [stdout] warning: use of deprecated method `std::sync::atomic::Atomic::<u64>::fetch_update`: renamed to `try_update` for consistency
[INFO] [stdout]   --> discovery/discovery.rs:81:14
[INFO] [stdout]    |
[INFO] [stdout] 81 |             .fetch_update(Ordering::Relaxed, Ordering::Relaxed, |value| {
[INFO] [stdout]    |              ^^^^^^^^^^^^
[INFO] [stdout]    |
[INFO] [stdout]    = note: `#[warn(deprecated)]` on by default
[INFO] [stdout] help: replace the use of the deprecated method
[INFO] [stdout]    |
[INFO] [stdout] 81 -             .fetch_update(Ordering::Relaxed, Ordering::Relaxed, |value| {
[INFO] [stdout] 81 +             .try_update(Ordering::Relaxed, Ordering::Relaxed, |value| {
[INFO] [stdout]    |
[INFO] [stdout] 
[INFO] [stdout] 
[INFO] [stderr]    Compiling digest v0.10.7
[INFO] [stderr]    Compiling sha2 v0.10.9
[INFO] [stderr]    Compiling criterion-plot v0.6.0
[INFO] [stderr]    Compiling clap v4.6.7
[INFO] [stderr]    Compiling criterion v0.7.0
[INFO] [stderr]    Compiling fusion-pcu-mlx v0.0.9 (/opt/rustwide/workdir)
[INFO] [stdout] error[E0432]: unresolved import `pcu_facade`
[INFO] [stdout]  --> examples/carrier_map/carrier_map.rs:5:5
[INFO] [stdout]   |
[INFO] [stdout] 5 | use pcu_facade::{PcuScalar,PcuU512};
[INFO] [stdout]   |     ^^^^^^^^^^ use of unresolved module or unlinked crate `pcu_facade`
[INFO] [stdout]   |
[INFO] [stdout]   = help: if you wanted to use a crate named `pcu_facade`, use `cargo add pcu_facade` to add it to your `Cargo.toml`
[INFO] [stdout] 
[INFO] [stdout] 
[INFO] [stdout] error[E0432]: unresolved import `pcu_facade`
[INFO] [stdout]  --> examples/carrier_map/source/source.rs:3:5
[INFO] [stdout]   |
[INFO] [stdout] 3 | use pcu_facade::{pcu,PcuScalar};
[INFO] [stdout]   |     ^^^^^^^^^^ use of unresolved module or unlinked crate `pcu_facade`
[INFO] [stdout]   |
[INFO] [stdout]   = help: if you wanted to use a crate named `pcu_facade`, use `cargo add pcu_facade` to add it to your `Cargo.toml`
[INFO] [stdout] 
[INFO] [stdout] 
[INFO] [stdout] error[E0432]: unresolved import `pcu_facade`
[INFO] [stdout]  --> examples/transport/transport.rs:4:5
[INFO] [stdout]   |
[INFO] [stdout] 4 | use pcu_facade::{
[INFO] [stdout]   |     ^^^^^^^^^^ use of unresolved module or unlinked crate `pcu_facade`
[INFO] [stdout]   |
[INFO] [stdout]   = help: if you wanted to use a crate named `pcu_facade`, use `cargo add pcu_facade` to add it to your `Cargo.toml`
[INFO] [stdout] 
[INFO] [stdout] 
[INFO] [stdout] error[E0432]: unresolved import `pcu_facade`
[INFO] [stdout]  --> examples/checked_div_rem/checked_div_rem.rs:3:5
[INFO] [stdout]   |
[INFO] [stdout] 3 | use pcu_facade::{
[INFO] [stdout]   |     ^^^^^^^^^^ use of unresolved module or unlinked crate `pcu_facade`
[INFO] [stdout]   |
[INFO] [stdout]   = help: if you wanted to use a crate named `pcu_facade`, use `cargo add pcu_facade` to add it to your `Cargo.toml`
[INFO] [stdout] 
[INFO] [stdout] 
[INFO] [stdout] error[E0432]: unresolved import `pcu_facade`
[INFO] [stdout]  --> tests/checked_binary/offers/offers.rs:3:5
[INFO] [stdout]   |
[INFO] [stdout] 3 | use pcu_facade::{
[INFO] [stdout]   |     ^^^^^^^^^^ use of unresolved module or unlinked crate `pcu_facade`
[INFO] [stdout]   |
[INFO] [stdout]   = help: if you wanted to use a crate named `pcu_facade`, use `cargo add pcu_facade` to add it to your `Cargo.toml`
[INFO] [stdout] 
[INFO] [stdout] 
[INFO] [stdout] error[E0432]: unresolved import `pcu_facade`
[INFO] [stdout]   --> tests/checked_binary/prefix/prefix.rs:12:5
[INFO] [stdout]    |
[INFO] [stdout] 12 | use pcu_facade::{
[INFO] [stdout]    |     ^^^^^^^^^^ use of unresolved module or unlinked crate `pcu_facade`
[INFO] [stdout]    |
[INFO] [stdout]    = help: if you wanted to use a crate named `pcu_facade`, use `cargo add pcu_facade` to add it to your `Cargo.toml`
[INFO] [stdout] 
[INFO] [stdout] 
[INFO] [stdout] error[E0432]: unresolved import `pcu_facade`
[INFO] [stdout]  --> tests/checked_binary/prefix/oracle.rs:3:5
[INFO] [stdout]   |
[INFO] [stdout] 3 | use pcu_facade::{
[INFO] [stdout]   |     ^^^^^^^^^^ use of unresolved module or unlinked crate `pcu_facade`
[INFO] [stdout]   |
[INFO] [stdout]   = help: if you wanted to use a crate named `pcu_facade`, use `cargo add pcu_facade` to add it to your `Cargo.toml`
[INFO] [stdout] 
[INFO] [stdout] 
[INFO] [stdout] error[E0432]: unresolved import `pcu_facade`
[INFO] [stdout]   --> tests/checked_binary/checked_binary.rs:18:5
[INFO] [stdout]    |
[INFO] [stdout] 18 | use pcu_facade::{
[INFO] [stdout]    |     ^^^^^^^^^^ use of unresolved module or unlinked crate `pcu_facade`
[INFO] [stdout]    |
[INFO] [stdout]    = help: if you wanted to use a crate named `pcu_facade`, use `cargo add pcu_facade` to add it to your `Cargo.toml`
[INFO] [stdout] 
[INFO] [stdout] 
[INFO] [stdout] error[E0432]: unresolved import `pcu_facade`
[INFO] [stdout]  --> tests/checked_binary/ordinary/ordinary.rs:3:5
[INFO] [stdout]   |
[INFO] [stdout] 3 | use pcu_facade::{
[INFO] [stdout]   |     ^^^^^^^^^^ use of unresolved module or unlinked crate `pcu_facade`
[INFO] [stdout]   |
[INFO] [stdout]   = help: if you wanted to use a crate named `pcu_facade`, use `cargo add pcu_facade` to add it to your `Cargo.toml`
[INFO] [stdout] 
[INFO] [stdout] 
[INFO] [stdout] error[E0432]: unresolved import `pcu_facade`
[INFO] [stdout]  --> tests/checked_binary/source/source.rs:3:5
[INFO] [stdout]   |
[INFO] [stdout] 3 | use pcu_facade::{
[INFO] [stdout]   |     ^^^^^^^^^^ use of unresolved module or unlinked crate `pcu_facade`
[INFO] [stdout]   |
[INFO] [stdout]   = help: if you wanted to use a crate named `pcu_facade`, use `cargo add pcu_facade` to add it to your `Cargo.toml`
[INFO] [stdout] 
[INFO] [stdout] 
[INFO] [stdout] error[E0432]: unresolved import `pcu_facade`
[INFO] [stdout]  --> examples/checked_integer/checked_integer.rs:8:5
[INFO] [stdout]   |
[INFO] [stdout] 8 | use pcu_facade::{
[INFO] [stdout]   |     ^^^^^^^^^^ use of unresolved module or unlinked crate `pcu_facade`
[INFO] [stdout]   |
[INFO] [stdout]   = help: if you wanted to use a crate named `pcu_facade`, use `cargo add pcu_facade` to add it to your `Cargo.toml`
[INFO] [stdout] 
[INFO] [stdout] 
[INFO] [stdout] error[E0432]: unresolved import `pcu_facade`
[INFO] [stdout]  --> tests/transport/transport.rs:4:5
[INFO] [stdout]   |
[INFO] [stdout] 4 | use pcu_facade::{
[INFO] [stdout]   |     ^^^^^^^^^^ use of unresolved module or unlinked crate `pcu_facade`
[INFO] [stdout]   |
[INFO] [stdout]   = help: if you wanted to use a crate named `pcu_facade`, use `cargo add pcu_facade` to add it to your `Cargo.toml`
[INFO] [stdout] 
[INFO] [stdout] 
[INFO] [stdout] error[E0432]: unresolved import `pcu_facade`
[INFO] [stdout]    --> tests/carrier_map/carrier_map.rs:129:9
[INFO] [stdout]     |
[INFO] [stdout] 129 |     use pcu_facade::{
[INFO] [stdout]     |         ^^^^^^^^^^ use of unresolved module or unlinked crate `pcu_facade`
[INFO] [stdout]     |
[INFO] [stdout]     = help: if you wanted to use a crate named `pcu_facade`, use `cargo add pcu_facade` to add it to your `Cargo.toml`
[INFO] [stdout] 
[INFO] [stdout] 
[INFO] [stdout] error[E0432]: unresolved import `pcu_facade`
[INFO] [stdout]  --> tests/carrier_map/graph/graph.rs:3:5
[INFO] [stdout]   |
[INFO] [stdout] 3 | use pcu_facade::{PcuScalar,PcuBinding,PcuBindingAccess,PcuBindingStorageClass,
[INFO] [stdout]   |     ^^^^^^^^^^ use of unresolved module or unlinked crate `pcu_facade`
[INFO] [stdout]   |
[INFO] [stdout]   = help: if you wanted to use a crate named `pcu_facade`, use `cargo add pcu_facade` to add it to your `Cargo.toml`
[INFO] [stdout] 
[INFO] [stdout] 
[INFO] [stdout] error[E0432]: unresolved import `pcu_facade`
[INFO] [stdout]  --> tests/carrier_map/../encoded_carrier/support/support.rs:3:5
[INFO] [stdout]   |
[INFO] [stdout] 3 | use pcu_facade::{PcuScalar,PcuF16Bits,PcuBf16Bits,PcuF8E4M3FnBits,PcuF8E5M2Bits,
[INFO] [stdout]   |     ^^^^^^^^^^ use of unresolved module or unlinked crate `pcu_facade`
[INFO] [stdout]   |
[INFO] [stdout]   = help: if you wanted to use a crate named `pcu_facade`, use `cargo add pcu_facade` to add it to your `Cargo.toml`
[INFO] [stdout] 
[INFO] [stdout] 
[INFO] [stdout] error[E0432]: unresolved import `pcu_facade`
[INFO] [stdout]  --> tests/carrier_map/prefix/prefix.rs:9:5
[INFO] [stdout]   |
[INFO] [stdout] 9 | use pcu_facade::{
[INFO] [stdout]   |     ^^^^^^^^^^ use of unresolved module or unlinked crate `pcu_facade`
[INFO] [stdout]   |
[INFO] [stdout]   = help: if you wanted to use a crate named `pcu_facade`, use `cargo add pcu_facade` to add it to your `Cargo.toml`
[INFO] [stdout] 
[INFO] [stdout] 
[INFO] [stdout] error[E0432]: unresolved import `pcu_facade`
[INFO] [stdout]   --> tests/carrier_map/carrier_map.rs:11:5
[INFO] [stdout]    |
[INFO] [stdout] 11 | use pcu_facade::{PcuPreparedHostKernel,PcuHostArgument,PcuBindingRef,
[INFO] [stdout]    |     ^^^^^^^^^^ use of unresolved module or unlinked crate `pcu_facade`
[INFO] [stdout]    |
[INFO] [stdout]    = help: if you wanted to use a crate named `pcu_facade`, use `cargo add pcu_facade` to add it to your `Cargo.toml`
[INFO] [stdout] 
[INFO] [stdout] 
[INFO] [stdout] error[E0432]: unresolved import `pcu_facade`
[INFO] [stdout]  --> tests/carrier_map/source/source.rs:3:5
[INFO] [stdout]   |
[INFO] [stdout] 3 | use pcu_facade::{pcu,PcuScalar};
[INFO] [stdout]   |     ^^^^^^^^^^ use of unresolved module or unlinked crate `pcu_facade`
[INFO] [stdout]   |
[INFO] [stdout]   = help: if you wanted to use a crate named `pcu_facade`, use `cargo add pcu_facade` to add it to your `Cargo.toml`
[INFO] [stdout] 
[INFO] [stdout] 
[INFO] [stdout] error[E0432]: unresolved import `pcu_facade`
[INFO] [stdout]  --> tests/checked_integer/cold/cold.rs:3:5
[INFO] [stdout]   |
[INFO] [stdout] 3 | use pcu_facade::{
[INFO] [stdout]   |     ^^^^^^^^^^ use of unresolved module or unlinked crate `pcu_facade`
[INFO] [stdout]   |
[INFO] [stdout]   = help: if you wanted to use a crate named `pcu_facade`, use `cargo add pcu_facade` to add it to your `Cargo.toml`
[INFO] [stdout] 
[INFO] [stdout] 
[INFO] [stdout] error[E0432]: unresolved import `pcu_facade`
[INFO] [stdout]   --> tests/checked_integer/offers/offers.rs:15:5
[INFO] [stdout]    |
[INFO] [stdout] 15 | use pcu_facade::{
[INFO] [stdout]    |     ^^^^^^^^^^ use of unresolved module or unlinked crate `pcu_facade`
[INFO] [stdout]    |
[INFO] [stdout]    = help: if you wanted to use a crate named `pcu_facade`, use `cargo add pcu_facade` to add it to your `Cargo.toml`
[INFO] [stdout] 
[INFO] [stdout] 
[INFO] [stdout] error[E0432]: unresolved import `pcu_facade`
[INFO] [stdout]   --> tests/checked_integer/prefix/prefix.rs:12:5
[INFO] [stdout]    |
[INFO] [stdout] 12 | use pcu_facade::{
[INFO] [stdout]    |     ^^^^^^^^^^ use of unresolved module or unlinked crate `pcu_facade`
[INFO] [stdout]    |
[INFO] [stdout]    = help: if you wanted to use a crate named `pcu_facade`, use `cargo add pcu_facade` to add it to your `Cargo.toml`
[INFO] [stdout] 
[INFO] [stdout] 
[INFO] [stdout] error[E0432]: unresolved import `pcu_facade`
[INFO] [stdout]   --> tests/checked_integer/prepared/prepared.rs:14:5
[INFO] [stdout]    |
[INFO] [stdout] 14 | use pcu_facade::{
[INFO] [stdout]    |     ^^^^^^^^^^ use of unresolved module or unlinked crate `pcu_facade`
[INFO] [stdout]    |
[INFO] [stdout]    = help: if you wanted to use a crate named `pcu_facade`, use `cargo add pcu_facade` to add it to your `Cargo.toml`
[INFO] [stdout] 
[INFO] [stdout] 
[INFO] [stdout] error[E0432]: unresolved import `pcu_facade`
[INFO] [stdout]   --> tests/checked_integer/checked_integer.rs:21:5
[INFO] [stdout]    |
[INFO] [stdout] 21 | use pcu_facade::{
[INFO] [stdout]    |     ^^^^^^^^^^ use of unresolved module or unlinked crate `pcu_facade`
[INFO] [stdout]    |
[INFO] [stdout]    = help: if you wanted to use a crate named `pcu_facade`, use `cargo add pcu_facade` to add it to your `Cargo.toml`
[INFO] [stdout] 
[INFO] [stdout] 
[INFO] [stdout] error[E0432]: unresolved import `pcu_facade`
[INFO] [stdout]  --> tests/checked_integer/support/support.rs:3:5
[INFO] [stdout]   |
[INFO] [stdout] 3 | use pcu_facade::{
[INFO] [stdout]   |     ^^^^^^^^^^ use of unresolved module or unlinked crate `pcu_facade`
[INFO] [stdout]   |
[INFO] [stdout]   = help: if you wanted to use a crate named `pcu_facade`, use `cargo add pcu_facade` to add it to your `Cargo.toml`
[INFO] [stdout] 
[INFO] [stdout] 
[INFO] [stdout] error[E0432]: unresolved import `pcu_facade`
[INFO] [stdout]  --> tests/checked_integer/ordinary/ordinary.rs:3:5
[INFO] [stdout]   |
[INFO] [stdout] 3 | use pcu_facade::{
[INFO] [stdout]   |     ^^^^^^^^^^ use of unresolved module or unlinked crate `pcu_facade`
[INFO] [stdout]   |
[INFO] [stdout]   = help: if you wanted to use a crate named `pcu_facade`, use `cargo add pcu_facade` to add it to your `Cargo.toml`
[INFO] [stdout] 
[INFO] [stdout] 
[INFO] [stdout] error[E0432]: unresolved import `pcu_facade`
[INFO] [stdout]  --> tests/checked_integer/prepared/../source/source.rs:3:5
[INFO] [stdout]   |
[INFO] [stdout] 3 | use pcu_facade::{
[INFO] [stdout]   |     ^^^^^^^^^^ use of unresolved module or unlinked crate `pcu_facade`
[INFO] [stdout]   |
[INFO] [stdout]   = help: if you wanted to use a crate named `pcu_facade`, use `cargo add pcu_facade` to add it to your `Cargo.toml`
[INFO] [stdout] 
[INFO] [stdout] 
[INFO] [stdout] error[E0432]: unresolved import `pcu_facade`
[INFO] [stdout]  --> tests/encoded_prefix/encoded_prefix.rs:5:5
[INFO] [stdout]   |
[INFO] [stdout] 5 | use pcu_facade::{PcuScalar,PcuScalarType,PcuF16Bits,PcuBf16Bits,PcuF8E4M3FnBits,PcuF8E5M2Bits};
[INFO] [stdout]   |     ^^^^^^^^^^ use of unresolved module or unlinked crate `pcu_facade`
[INFO] [stdout]   |
[INFO] [stdout]   = help: if you wanted to use a crate named `pcu_facade`, use `cargo add pcu_facade` to add it to your `Cargo.toml`
[INFO] [stdout] 
[INFO] [stdout] 
[INFO] [stdout] error[E0425]: cannot find function `add_prepare` in this scope
[INFO] [stdout]   --> examples/checked_integer/checked_integer.rs:28:24
[INFO] [stdout]    |
[INFO] [stdout] 28 |     let mut prepared = add_prepare::<PcuU512, _>(&backend)
[INFO] [stdout]    |                        ^^^^^^^^^^^ not found in this scope
[INFO] [stdout] 
[INFO] [stdout] 
[INFO] [stdout] Some errors have detailed explanations: E0425, E0432.
[INFO] [stdout] 
[INFO] [stdout] For more information about an error, try `rustc --explain E0425`.
[INFO] [stdout] 
[INFO] [stderr] error: could not compile `fusion-pcu-mlx` (example "checked_integer") due to 2 previous errors
[INFO] [stderr] warning: build failed, waiting for other jobs to finish...
[INFO] [stdout] error[E0433]: cannot find module or crate `pcu_facade` in this scope
[INFO] [stdout]    --> tests/carrier_map/carrier_map.rs:120:32
[INFO] [stdout]     |
[INFO] [stdout] 120 |             .reproducibility = pcu_facade::PcuReproducibility::PortableV1;
[INFO] [stdout]     |                                ^^^^^^^^^^ use of unresolved module or unlinked crate `pcu_facade`
[INFO] [stdout]     |
[INFO] [stdout]     = help: if you wanted to use a crate named `pcu_facade`, use `cargo add pcu_facade` to add it to your `Cargo.toml`
[INFO] [stdout] 
[INFO] [stdout] 
[INFO] [stdout] error[E0425]: cannot find function `quotient_remainder_prepare` in this scope
[INFO] [stdout]   --> examples/checked_div_rem/checked_div_rem.rs:22:20
[INFO] [stdout]    |
[INFO] [stdout]  8 | / fn quotient_remainder<T: PcuCheckedIntegerDivision, const N: usize>(
[INFO] [stdout]  9 | |     left: &[T],
[INFO] [stdout] 10 | |     right: &[T],
[INFO] [stdout] 11 | |     quotient: &mut [T],
[INFO] [stdout] ...  |
[INFO] [stdout] 17 | |     remainder[id] = r;
[INFO] [stdout] 18 | | }
[INFO] [stdout]    | |_- similarly named function `quotient_remainder` defined here
[INFO] [stdout] ...
[INFO] [stdout] 22 |       let mut call = quotient_remainder_prepare::<i128, 3, _>(&session.checked_div_rem_backend())
[INFO] [stdout]    |                      ^^^^^^^^^^^^^^^^^^^^^^^^^^
[INFO] [stdout]    |
[INFO] [stdout] help: a function with a similar name exists
[INFO] [stdout]    |
[INFO] [stdout] 22 -     let mut call = quotient_remainder_prepare::<i128, 3, _>(&session.checked_div_rem_backend())
[INFO] [stdout] 22 +     let mut call = quotient_remainder::<i128, 3, _>(&session.checked_div_rem_backend())
[INFO] [stdout]    |
[INFO] [stdout] 
[INFO] [stdout] 
[INFO] [stdout] Some errors have detailed explanations: E0425, E0432.
[INFO] [stdout] 
[INFO] [stdout] For more information about an error, try `rustc --explain E0425`.
[INFO] [stdout] 
[INFO] [stdout] error[E0433]: cannot find module or crate `pcu_facade` in this scope
[INFO] [stdout]   --> examples/transport/transport.rs:20:5
[INFO] [stdout]    |
[INFO] [stdout] 20 |     pcu_facade::global::configure(pcu_facade::global::PcuExecutionPolicy {
[INFO] [stdout]    |     ^^^^^^^^^^ use of unresolved module or unlinked crate `pcu_facade`
[INFO] [stdout]    |
[INFO] [stdout]    = help: if you wanted to use a crate named `pcu_facade`, use `cargo add pcu_facade` to add it to your `Cargo.toml`
[INFO] [stdout] 
[INFO] [stdout] 
[INFO] [stdout] For more information about this error, try `rustc --explain E0432`.
[INFO] [stdout] 
[INFO] [stderr] error: could not compile `fusion-pcu-mlx` (example "checked_div_rem") due to 2 previous errors
[INFO] [stdout] error[E0425]: cannot find function `copy_prepare` in module `source`
[INFO] [stdout]  --> examples/carrier_map/carrier_map.rs:9:28
[INFO] [stdout]   |
[INFO] [stdout] 9 |     let mut copy = source::copy_prepare::<PcuU512, 3, _>(&session)
[INFO] [stdout]   |                            ^^^^^^^^^^^^ not found in `source`
[INFO] [stdout] 
[INFO] [stdout] 
[INFO] [stderr] error: could not compile `fusion-pcu-mlx` (test "encoded_prefix") due to 1 previous error
[INFO] [stdout] error[E0425]: cannot find function `broadcast_prepare` in module `source`
[INFO] [stdout]   --> examples/carrier_map/carrier_map.rs:11:33
[INFO] [stdout]    |
[INFO] [stdout] 11 |     let mut broadcast = source::broadcast_prepare::<PcuU512, 3, _>(&session)
[INFO] [stdout]    |                                 ^^^^^^^^^^^^^^^^^ not found in `source`
[INFO] [stdout] 
[INFO] [stdout] 
[INFO] [stdout] error[E0433]: cannot find module or crate `pcu_facade` in this scope
[INFO] [stdout]   --> examples/transport/transport.rs:20:35
[INFO] [stdout]    |
[INFO] [stdout] 20 |     pcu_facade::global::configure(pcu_facade::global::PcuExecutionPolicy {
[INFO] [stdout]    |                                   ^^^^^^^^^^ use of unresolved module or unlinked crate `pcu_facade`
[INFO] [stdout]    |
[INFO] [stdout]    = help: if you wanted to use a crate named `pcu_facade`, use `cargo add pcu_facade` to add it to your `Cargo.toml`
[INFO] [stdout] 
[INFO] [stdout] 
[INFO] [stdout] Some errors have detailed explanations: E0425, E0432.
[INFO] [stdout] 
[INFO] [stdout] For more information about an error, try `rustc --explain E0425`.
[INFO] [stdout] 
[INFO] [stdout] error[E0432]: unresolved import `pcu_facade`
[INFO] [stdout]  --> examples/transport_resident/transport_resident.rs:3:5
[INFO] [stdout]   |
[INFO] [stdout] 3 | use pcu_facade::{
[INFO] [stdout]   |     ^^^^^^^^^^ use of unresolved module or unlinked crate `pcu_facade`
[INFO] [stdout]   |
[INFO] [stdout]   = help: if you wanted to use a crate named `pcu_facade`, use `cargo add pcu_facade` to add it to your `Cargo.toml`
[INFO] [stdout] 
[INFO] [stdout] 
[INFO] [stdout] error[E0433]: cannot find module or crate `pcu_facade` in this scope
[INFO] [stdout]   --> examples/transport/transport.rs:21:18
[INFO] [stdout]    |
[INFO] [stdout] 21 |         backend: pcu_facade::global::PcuBackendChoice::Mlx,
[INFO] [stdout]    |                  ^^^^^^^^^^ use of unresolved module or unlinked crate `pcu_facade`
[INFO] [stdout]    |
[INFO] [stdout]    = help: if you wanted to use a crate named `pcu_facade`, use `cargo add pcu_facade` to add it to your `Cargo.toml`
[INFO] [stdout] 
[INFO] [stdout] 
[INFO] [stderr] error: could not compile `fusion-pcu-mlx` (example "carrier_map") due to 4 previous errors
[INFO] [stdout] error[E0432]: unresolved import `pcu_facade`
[INFO] [stdout]  --> tests/checked_encoded/checked_encoded.rs:5:5
[INFO] [stdout]   |
[INFO] [stdout] 5 | use pcu_facade::{PcuScalarType,PcuF16Bits,PcuBf16Bits,PcuF8E4M3FnBits,PcuF8E5M2Bits,PcuDispatchFloatUnaryOp as Op,PcuFloatUnderflowPo...
[INFO] [stdout]   |     ^^^^^^^^^^ use of unresolved module or unlinked crate `pcu_facade`
[INFO] [stdout]   |
[INFO] [stdout]   = help: if you wanted to use a crate named `pcu_facade`, use `cargo add pcu_facade` to add it to your `Cargo.toml`
[INFO] [stdout] 
[INFO] [stdout] 
[INFO] [stdout] error[E0432]: unresolved import `pcu_facade`
[INFO] [stdout]  --> tests/checked_encoded/../checked_unary/oracle/oracle.rs:3:5
[INFO] [stdout]   |
[INFO] [stdout] 3 | use pcu_facade::{PcuCheckedFloat,PcuF16Bits,PcuBf16Bits,PcuF8E4M3FnBits,PcuF8E5M2Bits,PcuDispatchFloatUnaryOp,PcuExecutionFault,PcuEx...
[INFO] [stdout]   |     ^^^^^^^^^^ use of unresolved module or unlinked crate `pcu_facade`
[INFO] [stdout]   |
[INFO] [stdout]   = help: if you wanted to use a crate named `pcu_facade`, use `cargo add pcu_facade` to add it to your `Cargo.toml`
[INFO] [stdout] 
[INFO] [stdout] 
[INFO] [stdout] error[E0433]: cannot find module or crate `pcu_facade` in this scope
[INFO] [stdout]    --> tests/carrier_map/carrier_map.rs:158:17
[INFO] [stdout]     |
[INFO] [stdout] 158 |                 pcu_facade::PcuImplementationCost::unknown(PcuCostBoundary::Host)
[INFO] [stdout]     |                 ^^^^^^^^^^ use of unresolved module or unlinked crate `pcu_facade`
[INFO] [stdout]     |
[INFO] [stdout]     = help: if you wanted to use a crate named `pcu_facade`, use `cargo add pcu_facade` to add it to your `Cargo.toml`
[INFO] [stdout] 
[INFO] [stdout] 
[INFO] [stdout] error[E0432]: unresolved import `pcu_facade`
[INFO] [stdout]  --> examples/checked_binary/checked_binary.rs:5:5
[INFO] [stdout]   |
[INFO] [stdout] 5 | use pcu_facade::PcuF16Bits;
[INFO] [stdout]   |     ^^^^^^^^^^ use of unresolved module or unlinked crate `pcu_facade`
[INFO] [stdout]   |
[INFO] [stdout]   = help: if you wanted to use a crate named `pcu_facade`, use `cargo add pcu_facade` to add it to your `Cargo.toml`
[INFO] [stdout] 
[INFO] [stdout] 
[INFO] [stdout] error[E0432]: unresolved import `pcu_facade`
[INFO] [stdout]  --> examples/checked_binary/source/source.rs:3:5
[INFO] [stdout]   |
[INFO] [stdout] 3 | use pcu_facade::{pcu,PcuCheckedFloat};
[INFO] [stdout]   |     ^^^^^^^^^^ use of unresolved module or unlinked crate `pcu_facade`
[INFO] [stdout]   |
[INFO] [stdout]   = help: if you wanted to use a crate named `pcu_facade`, use `cargo add pcu_facade` to add it to your `Cargo.toml`
[INFO] [stdout] 
[INFO] [stdout] 
[INFO] [stdout] error[E0433]: cannot find module or crate `pcu_facade` in this scope
[INFO] [stdout]   --> examples/transport/transport.rs:22:11
[INFO] [stdout]    |
[INFO] [stdout] 22 |         ..pcu_facade::global::PcuExecutionPolicy::default()
[INFO] [stdout]    |           ^^^^^^^^^^ use of unresolved module or unlinked crate `pcu_facade`
[INFO] [stdout]    |
[INFO] [stdout]    = help: if you wanted to use a crate named `pcu_facade`, use `cargo add pcu_facade` to add it to your `Cargo.toml`
[INFO] [stdout] 
[INFO] [stdout] 
[INFO] [stdout] For more information about this error, try `rustc --explain E0432`.
[INFO] [stdout] 
[INFO] [stdout] error[E0433]: cannot find module or crate `pcu_facade` in this scope
[INFO] [stdout]   --> examples/transport/transport.rs:46:5
[INFO] [stdout]    |
[INFO] [stdout] 46 |     pcu_facade::global::clear_thread_cache()?;
[INFO] [stdout]    |     ^^^^^^^^^^ use of unresolved module or unlinked crate `pcu_facade`
[INFO] [stdout]    |
[INFO] [stdout]    = help: if you wanted to use a crate named `pcu_facade`, use `cargo add pcu_facade` to add it to your `Cargo.toml`
[INFO] [stdout] 
[INFO] [stdout] 
[INFO] [stderr] error: could not compile `fusion-pcu-mlx` (example "transport_resident") due to 1 previous error
[INFO] [stdout] For more information about this error, try `rustc --explain E0432`.
[INFO] [stdout] 
[INFO] [stdout] error[E0425]: cannot find function `add_prepare` in module `source`
[INFO] [stdout]   --> examples/checked_binary/checked_binary.rs:17:27
[INFO] [stdout]    |
[INFO] [stdout] 17 |     let mut add = source::add_prepare::<PcuF16Bits, _>(&backend)
[INFO] [stdout]    |                           ^^^^^^^^^^^ not found in `source`
[INFO] [stdout] 
[INFO] [stdout] 
[INFO] [stdout] error[E0425]: cannot find function `add_prepare` in module `source`
[INFO] [stdout]   --> examples/checked_binary/checked_binary.rs:28:30
[INFO] [stdout]    |
[INFO] [stdout] 28 |     let mut double = source::add_prepare::<f64, _>(&backend)
[INFO] [stdout]    |                              ^^^^^^^^^^^ not found in `source`
[INFO] [stdout] 
[INFO] [stdout] 
[INFO] [stdout] error[E0433]: cannot find module or crate `pcu_facade` in this scope
[INFO] [stdout]    --> tests/transport/transport.rs:189:22
[INFO] [stdout]     |
[INFO] [stdout] 189 | fn requests() -> Vec<pcu_facade::global::PcuExecutionPolicy> {
[INFO] [stdout]     |                      ^^^^^^^^^^ use of unresolved module or unlinked crate `pcu_facade`
[INFO] [stdout]     |
[INFO] [stdout]     = help: if you wanted to use a crate named `pcu_facade`, use `cargo add pcu_facade` to add it to your `Cargo.toml`
[INFO] [stdout] 
[INFO] [stdout] 
[INFO] [stdout] error[E0433]: cannot find module or crate `pcu_facade` in this scope
[INFO] [stdout]   --> tests/checked_binary/offers/offers.rs:35:9
[INFO] [stdout]    |
[INFO] [stdout] 35 |         pcu_facade::PcuScalarType::F32 | pcu_facade::PcuScalarType::F64
[INFO] [stdout]    |         ^^^^^^^^^^ use of unresolved module or unlinked crate `pcu_facade`
[INFO] [stdout]    |
[INFO] [stdout]    = help: if you wanted to use a crate named `pcu_facade`, use `cargo add pcu_facade` to add it to your `Cargo.toml`
[INFO] [stdout] 
[INFO] [stdout] 
[INFO] [stdout] error[E0433]: cannot find module or crate `pcu_facade` in this scope
[INFO] [stdout]   --> tests/checked_binary/offers/offers.rs:35:42
[INFO] [stdout]    |
[INFO] [stdout] 35 |         pcu_facade::PcuScalarType::F32 | pcu_facade::PcuScalarType::F64
[INFO] [stdout]    |                                          ^^^^^^^^^^ use of unresolved module or unlinked crate `pcu_facade`
[INFO] [stdout]    |
[INFO] [stdout]    = help: if you wanted to use a crate named `pcu_facade`, use `cargo add pcu_facade` to add it to your `Cargo.toml`
[INFO] [stdout] 
[INFO] [stdout] 
[INFO] [stdout] Some errors have detailed explanations: E0432, E0433.
[INFO] [stdout] 
[INFO] [stderr] error: could not compile `fusion-pcu-mlx` (example "transport") due to 6 previous errors
[INFO] [stdout] For more information about an error, try `rustc --explain E0432`.
[INFO] [stdout] 
[INFO] [stderr] error: could not compile `fusion-pcu-mlx` (example "checked_binary") due to 4 previous errors
[INFO] [stdout] Some errors have detailed explanations: E0425, E0432.
[INFO] [stdout] 
[INFO] [stdout] error[E0433]: cannot find module or crate `pcu_facade` in this scope
[INFO] [stdout]    --> tests/carrier_map/carrier_map.rs:181:36
[INFO] [stdout]     |
[INFO] [stdout] 181 |                 .reproducibility = pcu_facade::PcuReproducibility::PortableV1;
[INFO] [stdout]     |                                    ^^^^^^^^^^ use of unresolved module or unlinked crate `pcu_facade`
[INFO] [stdout]     |
[INFO] [stdout]     = help: if you wanted to use a crate named `pcu_facade`, use `cargo add pcu_facade` to add it to your `Cargo.toml`
[INFO] [stdout] 
[INFO] [stdout] 
[INFO] [stdout] error[E0425]: cannot find function `copy_prepare` in module `source`
[INFO] [stdout]   --> tests/carrier_map/carrier_map.rs:22:29
[INFO] [stdout]    |
[INFO] [stdout] 22 |     let mut dense = source::copy_prepare::<T, 65, _>(&session).unwrap();
[INFO] [stdout]    |                             ^^^^^^^^^^^^ not found in `source`
[INFO] [stdout] 
[INFO] [stdout] 
[INFO] [stdout] error[E0425]: cannot find function `grid_prepare` in module `source`
[INFO] [stdout]   --> tests/carrier_map/carrier_map.rs:23:28
[INFO] [stdout]    |
[INFO] [stdout] 23 |     let mut grid = source::grid_prepare::<T, 65, _>(&session).unwrap();
[INFO] [stdout]    |                            ^^^^^^^^^^^^ not found in `source`
[INFO] [stdout] 
[INFO] [stdout] 
[INFO] [stdout] For more information about an error, try `rustc --explain E0425`.
[INFO] [stdout] 
[INFO] [stdout] error[E0425]: cannot find function `broadcast_prepare` in module `source`
[INFO] [stdout]   --> tests/carrier_map/carrier_map.rs:24:33
[INFO] [stdout]    |
[INFO] [stdout] 24 |     let mut broadcast = source::broadcast_prepare::<T, 65, _>(&session).unwrap();
[INFO] [stdout]    |                                 ^^^^^^^^^^^^^^^^^ not found in `source`
[INFO] [stdout] 
[INFO] [stdout] 
[INFO] [stderr] error: could not compile `fusion-pcu-mlx` (test "checked_encoded") due to 2 previous errors
[INFO] [stdout] error[E0432]: unresolved import `pcu_facade`
[INFO] [stdout]  --> examples/checked_div_rem_roles/checked_div_rem_roles.rs:3:5
[INFO] [stdout]   |
[INFO] [stdout] 3 | use pcu_facade::{
[INFO] [stdout]   |     ^^^^^^^^^^ use of unresolved module or unlinked crate `pcu_facade`
[INFO] [stdout]   |
[INFO] [stdout]   = help: if you wanted to use a crate named `pcu_facade`, use `cargo add pcu_facade` to add it to your `Cargo.toml`
[INFO] [stdout] 
[INFO] [stdout] 
[INFO] [stdout] error[E0433]: cannot find module or crate `pcu_facade` in this scope
[INFO] [stdout]    --> tests/transport/transport.rs:206:42
[INFO] [stdout]     |
[INFO] [stdout] 206 |                         let mut policy = pcu_facade::global::PcuExecutionPolicy {
[INFO] [stdout]     |                                          ^^^^^^^^^^ use of unresolved module or unlinked crate `pcu_facade`
[INFO] [stdout]     |
[INFO] [stdout]     = help: if you wanted to use a crate named `pcu_facade`, use `cargo add pcu_facade` to add it to your `Cargo.toml`
[INFO] [stdout] 
[INFO] [stdout] 
[INFO] [stdout] error[E0433]: cannot find module or crate `pcu_facade` in this scope
[INFO] [stdout]   --> tests/checked_binary/prefix/oracle.rs:18:16
[INFO] [stdout]    |
[INFO] [stdout] 18 |     let left = pcu_facade::PcuHostArgument::read(pcu_facade::PcuBindingRef::new(0, 0), left);
[INFO] [stdout]    |                ^^^^^^^^^^ use of unresolved module or unlinked crate `pcu_facade`
[INFO] [stdout]    |
[INFO] [stdout]    = help: if you wanted to use a crate named `pcu_facade`, use `cargo add pcu_facade` to add it to your `Cargo.toml`
[INFO] [stdout] 
[INFO] [stdout] 
[INFO] [stdout] error[E0425]: cannot find function `add_prepare` in module `source`
[INFO] [stdout]   --> tests/checked_integer/prepared/prepared.rs:53:11
[INFO] [stdout]    |
[INFO] [stdout] 31 |             let mut call = source::$prepare::<T, 5, _>(&backend).unwrap();
[INFO] [stdout]    |                                    -------- due to this macro variable
[INFO] [stdout] ...
[INFO] [stdout] 53 |     peer!(add_prepare, Op::Add, Range::Reject);
[INFO] [stdout]    |           ^^^^^^^^^^^ not found in `source`
[INFO] [stdout] 
[INFO] [stdout] 
[INFO] [stdout] error[E0425]: cannot find function `sub_prepare` in module `source`
[INFO] [stdout]   --> tests/checked_integer/prepared/prepared.rs:54:11
[INFO] [stdout]    |
[INFO] [stdout] 31 |             let mut call = source::$prepare::<T, 5, _>(&backend).unwrap();
[INFO] [stdout]    |                                    -------- due to this macro variable
[INFO] [stdout] ...
[INFO] [stdout] 54 |     peer!(sub_prepare, Op::Sub, Range::Reject);
[INFO] [stdout]    |           ^^^^^^^^^^^ not found in `source`
[INFO] [stdout] 
[INFO] [stdout] 
[INFO] [stdout] error[E0425]: cannot find function `mul_prepare` in module `source`
[INFO] [stdout]   --> tests/checked_integer/prepared/prepared.rs:55:11
[INFO] [stdout]    |
[INFO] [stdout] 31 |             let mut call = source::$prepare::<T, 5, _>(&backend).unwrap();
[INFO] [stdout]    |                                    -------- due to this macro variable
[INFO] [stdout] ...
[INFO] [stdout] 55 |     peer!(mul_prepare, Op::Mul, Range::Reject);
[INFO] [stdout]    |           ^^^^^^^^^^^ not found in `source`
[INFO] [stdout] 
[INFO] [stdout] 
[INFO] [stdout] error[E0425]: cannot find function `add_clamp_prepare` in module `source`
[INFO] [stdout]   --> tests/checked_integer/prepared/prepared.rs:56:11
[INFO] [stdout]    |
[INFO] [stdout] 31 |             let mut call = source::$prepare::<T, 5, _>(&backend).unwrap();
[INFO] [stdout]    |                                    -------- due to this macro variable
[INFO] [stdout] ...
[INFO] [stdout] 56 |     peer!(add_clamp_prepare, Op::Add, Range::Clamp);
[INFO] [stdout]    |           ^^^^^^^^^^^^^^^^^ not found in `source`
[INFO] [stdout] 
[INFO] [stdout] 
[INFO] [stdout] error[E0425]: cannot find function `sub_clamp_prepare` in module `source`
[INFO] [stdout]   --> tests/checked_integer/prepared/prepared.rs:57:11
[INFO] [stdout]    |
[INFO] [stdout] 31 |             let mut call = source::$prepare::<T, 5, _>(&backend).unwrap();
[INFO] [stdout]    |                                    -------- due to this macro variable
[INFO] [stdout] ...
[INFO] [stdout] 57 |     peer!(sub_clamp_prepare, Op::Sub, Range::Clamp);
[INFO] [stdout]    |           ^^^^^^^^^^^^^^^^^ not found in `source`
[INFO] [stdout] 
[INFO] [stdout] 
[INFO] [stdout] error[E0425]: cannot find function `mul_clamp_prepare` in module `source`
[INFO] [stdout]   --> tests/checked_integer/prepared/prepared.rs:58:11
[INFO] [stdout]    |
[INFO] [stdout] 31 |             let mut call = source::$prepare::<T, 5, _>(&backend).unwrap();
[INFO] [stdout]    |                                    -------- due to this macro variable
[INFO] [stdout] ...
[INFO] [stdout] 58 |     peer!(mul_clamp_prepare, Op::Mul, Range::Clamp);
[INFO] [stdout]    |           ^^^^^^^^^^^^^^^^^ not found in `source`
[INFO] [stdout] 
[INFO] [stdout] 
[INFO] [stdout] error[E0425]: cannot find function `swapped_prepare` in module `source`
[INFO] [stdout]   --> tests/checked_integer/prepared/prepared.rs:62:13
[INFO] [stdout]    |
[INFO] [stdout] 62 |     source::swapped_prepare::<T, 5, _>(&backend).unwrap()(&mut output, &b, &a).unwrap();
[INFO] [stdout]    |             ^^^^^^^^^^^^^^^ not found in `source`
[INFO] [stdout] 
[INFO] [stdout] 
[INFO] [stdout] error[E0425]: cannot find function `broadcast_prepare` in module `source`
[INFO] [stdout]   --> tests/checked_integer/prepared/prepared.rs:64:13
[INFO] [stdout]    |
[INFO] [stdout] 64 |     source::broadcast_prepare::<T, 5, _>(&backend).unwrap()(&a[0], &b, &mut output).unwrap();
[INFO] [stdout]    |             ^^^^^^^^^^^^^^^^^ not found in `source`
[INFO] [stdout] 
[INFO] [stdout] 
[INFO] [stdout] error[E0425]: cannot find function `repeated_prepare` in module `source`
[INFO] [stdout]   --> tests/checked_integer/prepared/prepared.rs:66:13
[INFO] [stdout]    |
[INFO] [stdout] 66 |     source::repeated_prepare::<T, 5, _>(&backend).unwrap()(&[], &b, &mut output).unwrap();
[INFO] [stdout]    |             ^^^^^^^^^^^^^^^^ not found in `source`
[INFO] [stdout] 
[INFO] [stdout] 
[INFO] [stdout] error[E0425]: cannot find function `single_prepare` in module `source`
[INFO] [stdout]   --> tests/checked_integer/prepared/prepared.rs:68:13
[INFO] [stdout]    |
[INFO] [stdout] 68 |     source::single_prepare::<T, 5, _>(&backend).unwrap()(&b, &mut output).unwrap();
[INFO] [stdout]    |             ^^^^^^^^^^^^^^ not found in `source`
[INFO] [stdout] 
[INFO] [stdout] 
[INFO] [stdout] error[E0425]: cannot find function `mixed_indices_prepare` in module `source`
[INFO] [stdout]   --> tests/checked_integer/prepared/prepared.rs:70:13
[INFO] [stdout]    |
[INFO] [stdout] 70 |     source::mixed_indices_prepare::<T, 5, _>(&backend).unwrap()(&b, &mut output).unwrap();
[INFO] [stdout]    |             ^^^^^^^^^^^^^^^^^^^^^ not found in `source`
[INFO] [stdout] 
[INFO] [stdout] 
[INFO] [stdout] error[E0425]: cannot find function `grid_prepare` in module `source`
[INFO] [stdout]   --> tests/checked_integer/prepared/prepared.rs:72:13
[INFO] [stdout]    |
[INFO] [stdout] 72 |     source::grid_prepare::<T, 5, _>(&backend).unwrap()(&a, &b, &mut output).unwrap();
[INFO] [stdout]    |             ^^^^^^^^^^^^ not found in `source`
[INFO] [stdout] 
[INFO] [stdout] 
[INFO] [stdout] Some errors have detailed explanations: E0425, E0432, E0433.
[INFO] [stdout] 
[INFO] [stdout] For more information about an error, try `rustc --explain E0425`.
[INFO] [stdout] 
[INFO] [stdout] error[E0433]: cannot find module or crate `pcu_facade` in this scope
[INFO] [stdout]    --> tests/transport/transport.rs:207:38
[INFO] [stdout]     |
[INFO] [stdout] 207 | ...                   backend: pcu_facade::global::PcuBackendChoice::Mlx,
[INFO] [stdout]     |                                ^^^^^^^^^^ use of unresolved module or unlinked crate `pcu_facade`
[INFO] [stdout]     |
[INFO] [stdout]     = help: if you wanted to use a crate named `pcu_facade`, use `cargo add pcu_facade` to add it to your `Cargo.toml`
[INFO] [stdout] 
[INFO] [stdout] 
[INFO] [stdout] error[E0433]: cannot find module or crate `pcu_facade` in this scope
[INFO] [stdout]    --> tests/checked_integer/prefix/prefix.rs:126:21
[INFO] [stdout]     |
[INFO] [stdout] 126 |         $function::<pcu_facade::PcuU256>();
[INFO] [stdout]     |                     ^^^^^^^^^^ use of unresolved module or unlinked crate `pcu_facade`
[INFO] [stdout] ...
[INFO] [stdout] 134 |     fourteen!(cold);
[INFO] [stdout]     |     --------------- in this macro invocation
[INFO] [stdout]     |
[INFO] [stdout]     = help: if you wanted to use a crate named `pcu_facade`, use `cargo add pcu_facade` to add it to your `Cargo.toml`
[INFO] [stdout]     = note: this error originates in the macro `fourteen` (in Nightly builds, run with -Z macro-backtrace for more info)
[INFO] [stdout] 
[INFO] [stdout] 
[INFO] [stdout] error[E0433]: cannot find module or crate `pcu_facade` in this scope
[INFO] [stdout]   --> tests/checked_binary/prefix/oracle.rs:18:50
[INFO] [stdout]    |
[INFO] [stdout] 18 |     let left = pcu_facade::PcuHostArgument::read(pcu_facade::PcuBindingRef::new(0, 0), left);
[INFO] [stdout]    |                                                  ^^^^^^^^^^ use of unresolved module or unlinked crate `pcu_facade`
[INFO] [stdout]    |
[INFO] [stdout]    = help: if you wanted to use a crate named `pcu_facade`, use `cargo add pcu_facade` to add it to your `Cargo.toml`
[INFO] [stdout] 
[INFO] [stdout] 
[INFO] [stdout] error[E0433]: cannot find module or crate `pcu_facade` in this scope
[INFO] [stdout]    --> tests/checked_integer/prefix/prefix.rs:127:21
[INFO] [stdout]     |
[INFO] [stdout] 127 |         $function::<pcu_facade::PcuI256>();
[INFO] [stdout]     |                     ^^^^^^^^^^ use of unresolved module or unlinked crate `pcu_facade`
[INFO] [stdout] ...
[INFO] [stdout] 134 |     fourteen!(cold);
[INFO] [stdout]     |     --------------- in this macro invocation
[INFO] [stdout]     |
[INFO] [stdout]     = help: if you wanted to use a crate named `pcu_facade`, use `cargo add pcu_facade` to add it to your `Cargo.toml`
[INFO] [stdout]     = note: this error originates in the macro `fourteen` (in Nightly builds, run with -Z macro-backtrace for more info)
[INFO] [stdout] 
[INFO] [stdout] 
[INFO] [stdout] error[E0433]: cannot find module or crate `pcu_facade` in this scope
[INFO] [stdout]    --> tests/checked_integer/prefix/prefix.rs:128:21
[INFO] [stdout]     |
[INFO] [stdout] 128 |         $function::<pcu_facade::PcuU512>();
[INFO] [stdout]     |                     ^^^^^^^^^^ use of unresolved module or unlinked crate `pcu_facade`
[INFO] [stdout] ...
[INFO] [stdout] 134 |     fourteen!(cold);
[INFO] [stdout]     |     --------------- in this macro invocation
[INFO] [stdout]     |
[INFO] [stdout]     = help: if you wanted to use a crate named `pcu_facade`, use `cargo add pcu_facade` to add it to your `Cargo.toml`
[INFO] [stdout]     = note: this error originates in the macro `fourteen` (in Nightly builds, run with -Z macro-backtrace for more info)
[INFO] [stdout] 
[INFO] [stdout] 
[INFO] [stdout] error[E0433]: cannot find module or crate `pcu_facade` in this scope
[INFO] [stdout]    --> tests/checked_integer/prefix/prefix.rs:129:21
[INFO] [stdout]     |
[INFO] [stdout] 129 |         $function::<pcu_facade::PcuI512>();
[INFO] [stdout]     |                     ^^^^^^^^^^ use of unresolved module or unlinked crate `pcu_facade`
[INFO] [stdout] ...
[INFO] [stdout] 134 |     fourteen!(cold);
[INFO] [stdout]     |     --------------- in this macro invocation
[INFO] [stdout]     |
[INFO] [stdout]     = help: if you wanted to use a crate named `pcu_facade`, use `cargo add pcu_facade` to add it to your `Cargo.toml`
[INFO] [stdout]     = note: this error originates in the macro `fourteen` (in Nightly builds, run with -Z macro-backtrace for more info)
[INFO] [stdout] 
[INFO] [stdout] 
[INFO] [stdout] error[E0433]: cannot find module or crate `pcu_facade` in this scope
[INFO] [stdout]    --> tests/checked_integer/prefix/prefix.rs:126:21
[INFO] [stdout]     |
[INFO] [stdout] 126 |         $function::<pcu_facade::PcuU256>();
[INFO] [stdout]     |                     ^^^^^^^^^^ use of unresolved module or unlinked crate `pcu_facade`
[INFO] [stdout] ...
[INFO] [stdout] 356 |     fourteen!(qualify);
[INFO] [stdout]     |     ------------------ in this macro invocation
[INFO] [stdout]     |
[INFO] [stdout]     = help: if you wanted to use a crate named `pcu_facade`, use `cargo add pcu_facade` to add it to your `Cargo.toml`
[INFO] [stdout]     = note: this error originates in the macro `fourteen` (in Nightly builds, run with -Z macro-backtrace for more info)
[INFO] [stdout] 
[INFO] [stdout] 
[INFO] [stdout] error[E0433]: cannot find module or crate `pcu_facade` in this scope
[INFO] [stdout]    --> tests/checked_integer/prefix/prefix.rs:127:21
[INFO] [stdout]     |
[INFO] [stdout] 127 |         $function::<pcu_facade::PcuI256>();
[INFO] [stdout]     |                     ^^^^^^^^^^ use of unresolved module or unlinked crate `pcu_facade`
[INFO] [stdout] ...
[INFO] [stdout] 356 |     fourteen!(qualify);
[INFO] [stdout]     |     ------------------ in this macro invocation
[INFO] [stdout]     |
[INFO] [stdout]     = help: if you wanted to use a crate named `pcu_facade`, use `cargo add pcu_facade` to add it to your `Cargo.toml`
[INFO] [stdout]     = note: this error originates in the macro `fourteen` (in Nightly builds, run with -Z macro-backtrace for more info)
[INFO] [stdout] 
[INFO] [stdout] 
[INFO] [stdout] error[E0433]: cannot find module or crate `pcu_facade` in this scope
[INFO] [stdout]    --> tests/checked_integer/prefix/prefix.rs:128:21
[INFO] [stdout]     |
[INFO] [stdout] 128 |         $function::<pcu_facade::PcuU512>();
[INFO] [stdout]     |                     ^^^^^^^^^^ use of unresolved module or unlinked crate `pcu_facade`
[INFO] [stdout] ...
[INFO] [stdout] 356 |     fourteen!(qualify);
[INFO] [stdout]     |     ------------------ in this macro invocation
[INFO] [stdout]     |
[INFO] [stdout]     = help: if you wanted to use a crate named `pcu_facade`, use `cargo add pcu_facade` to add it to your `Cargo.toml`
[INFO] [stdout]     = note: this error originates in the macro `fourteen` (in Nightly builds, run with -Z macro-backtrace for more info)
[INFO] [stdout] 
[INFO] [stdout] 
[INFO] [stdout] error[E0433]: cannot find module or crate `pcu_facade` in this scope
[INFO] [stdout]    --> tests/checked_integer/prefix/prefix.rs:129:21
[INFO] [stdout]     |
[INFO] [stdout] 129 |         $function::<pcu_facade::PcuI512>();
[INFO] [stdout]     |                     ^^^^^^^^^^ use of unresolved module or unlinked crate `pcu_facade`
[INFO] [stdout] ...
[INFO] [stdout] 356 |     fourteen!(qualify);
[INFO] [stdout]     |     ------------------ in this macro invocation
[INFO] [stdout]     |
[INFO] [stdout]     = help: if you wanted to use a crate named `pcu_facade`, use `cargo add pcu_facade` to add it to your `Cargo.toml`
[INFO] [stdout]     = note: this error originates in the macro `fourteen` (in Nightly builds, run with -Z macro-backtrace for more info)
[INFO] [stdout] 
[INFO] [stdout] 
[INFO] [stdout] Some errors have detailed explanations: E0425, E0432, E0433.
[INFO] [stdout] 
[INFO] [stdout] For more information about an error, try `rustc --explain E0425`.
[INFO] [stdout] 
[INFO] [stderr] error: could not compile `fusion-pcu-mlx` (test "carrier_map") due to 12 previous errors
[INFO] [stderr] error: could not compile `fusion-pcu-mlx` (test "checked_integer") due to 28 previous errors
[INFO] [stdout] error[E0433]: cannot find module or crate `pcu_facade` in this scope
[INFO] [stdout]    --> tests/transport/transport.rs:211:31
[INFO] [stdout]     |
[INFO] [stdout] 211 | ...                   ..pcu_facade::global::PcuExecutionPolicy::default()
[INFO] [stdout]     |                         ^^^^^^^^^^ use of unresolved module or unlinked crate `pcu_facade`
[INFO] [stdout]     |
[INFO] [stdout]     = help: if you wanted to use a crate named `pcu_facade`, use `cargo add pcu_facade` to add it to your `Cargo.toml`
[INFO] [stdout] 
[INFO] [stdout] 
[INFO] [stdout] error[E0432]: unresolved import `pcu_facade`
[INFO] [stdout]  --> tests/checked_div_rem/graph/roles/roles.rs:3:5
[INFO] [stdout]   |
[INFO] [stdout] 3 | use pcu_facade::{
[INFO] [stdout]   |     ^^^^^^^^^^ use of unresolved module or unlinked crate `pcu_facade`
[INFO] [stdout]   |
[INFO] [stdout]   = help: if you wanted to use a crate named `pcu_facade`, use `cargo add pcu_facade` to add it to your `Cargo.toml`
[INFO] [stdout] 
[INFO] [stdout] 
[INFO] [stdout] error[E0432]: unresolved import `pcu_facade`
[INFO] [stdout]  --> tests/checked_div_rem/graph/graph.rs:5:5
[INFO] [stdout]   |
[INFO] [stdout] 5 | use pcu_facade::{
[INFO] [stdout]   |     ^^^^^^^^^^ use of unresolved module or unlinked crate `pcu_facade`
[INFO] [stdout]   |
[INFO] [stdout]   = help: if you wanted to use a crate named `pcu_facade`, use `cargo add pcu_facade` to add it to your `Cargo.toml`
[INFO] [stdout] 
[INFO] [stdout] 
[INFO] [stdout] error[E0432]: unresolved import `pcu_facade`
[INFO] [stdout]   --> tests/checked_div_rem/offers/offers.rs:17:5
[INFO] [stdout]    |
[INFO] [stdout] 17 | use pcu_facade::{
[INFO] [stdout]    |     ^^^^^^^^^^ use of unresolved module or unlinked crate `pcu_facade`
[INFO] [stdout]    |
[INFO] [stdout]    = help: if you wanted to use a crate named `pcu_facade`, use `cargo add pcu_facade` to add it to your `Cargo.toml`
[INFO] [stdout] 
[INFO] [stdout] 
[INFO] [stdout] error[E0432]: unresolved import `pcu_facade`
[INFO] [stdout]   --> tests/checked_div_rem/roles/offers/offers.rs:17:5
[INFO] [stdout]    |
[INFO] [stdout] 17 | use pcu_facade::{
[INFO] [stdout]    |     ^^^^^^^^^^ use of unresolved module or unlinked crate `pcu_facade`
[INFO] [stdout]    |
[INFO] [stdout]    = help: if you wanted to use a crate named `pcu_facade`, use `cargo add pcu_facade` to add it to your `Cargo.toml`
[INFO] [stdout] 
[INFO] [stdout] 
[INFO] [stdout] error[E0432]: unresolved import `pcu_facade`
[INFO] [stdout]   --> tests/checked_div_rem/roles/portable/portable.rs:15:5
[INFO] [stdout]    |
[INFO] [stdout] 15 | use pcu_facade::{
[INFO] [stdout]    |     ^^^^^^^^^^ use of unresolved module or unlinked crate `pcu_facade`
[INFO] [stdout]    |
[INFO] [stdout]    = help: if you wanted to use a crate named `pcu_facade`, use `cargo add pcu_facade` to add it to your `Cargo.toml`
[INFO] [stdout] 
[INFO] [stdout] 
[INFO] [stdout] error[E0432]: unresolved import `pcu_facade`
[INFO] [stdout]   --> tests/checked_div_rem/roles/spans/spans.rs:17:5
[INFO] [stdout]    |
[INFO] [stdout] 17 | use pcu_facade::{
[INFO] [stdout]    |     ^^^^^^^^^^ use of unresolved module or unlinked crate `pcu_facade`
[INFO] [stdout]    |
[INFO] [stdout]    = help: if you wanted to use a crate named `pcu_facade`, use `cargo add pcu_facade` to add it to your `Cargo.toml`
[INFO] [stdout] 
[INFO] [stdout] 
[INFO] [stdout] error[E0432]: unresolved import `pcu_facade`
[INFO] [stdout]   --> tests/checked_div_rem/roles/roles.rs:25:5
[INFO] [stdout]    |
[INFO] [stdout] 25 | use pcu_facade::{
[INFO] [stdout]    |     ^^^^^^^^^^ use of unresolved module or unlinked crate `pcu_facade`
[INFO] [stdout]    |
[INFO] [stdout]    = help: if you wanted to use a crate named `pcu_facade`, use `cargo add pcu_facade` to add it to your `Cargo.toml`
[INFO] [stdout] 
[INFO] [stdout] 
[INFO] [stdout] error[E0432]: unresolved import `pcu_facade`
[INFO] [stdout]   --> tests/checked_div_rem/checked_div_rem.rs:21:5
[INFO] [stdout]    |
[INFO] [stdout] 21 | use pcu_facade::{
[INFO] [stdout]    |     ^^^^^^^^^^ use of unresolved module or unlinked crate `pcu_facade`
[INFO] [stdout]    |
[INFO] [stdout]    = help: if you wanted to use a crate named `pcu_facade`, use `cargo add pcu_facade` to add it to your `Cargo.toml`
[INFO] [stdout] 
[INFO] [stdout] 
[INFO] [stdout] error[E0432]: unresolved import `pcu_facade`
[INFO] [stdout]  --> tests/checked_div_rem/ordinary/ordinary.rs:3:5
[INFO] [stdout]   |
[INFO] [stdout] 3 | use pcu_facade::{
[INFO] [stdout]   |     ^^^^^^^^^^ use of unresolved module or unlinked crate `pcu_facade`
[INFO] [stdout]   |
[INFO] [stdout]   = help: if you wanted to use a crate named `pcu_facade`, use `cargo add pcu_facade` to add it to your `Cargo.toml`
[INFO] [stdout] 
[INFO] [stdout] 
[INFO] [stdout] error[E0432]: unresolved import `pcu_facade`
[INFO] [stdout]  --> tests/checked_div_rem/roles/portable/source/source.rs:3:5
[INFO] [stdout]   |
[INFO] [stdout] 3 | use pcu_facade::{
[INFO] [stdout]   |     ^^^^^^^^^^ use of unresolved module or unlinked crate `pcu_facade`
[INFO] [stdout]   |
[INFO] [stdout]   = help: if you wanted to use a crate named `pcu_facade`, use `cargo add pcu_facade` to add it to your `Cargo.toml`
[INFO] [stdout] 
[INFO] [stdout] 
[INFO] [stdout] error[E0432]: unresolved import `pcu_facade`
[INFO] [stdout]  --> tests/checked_div_rem/roles/source/source.rs:3:5
[INFO] [stdout]   |
[INFO] [stdout] 3 | use pcu_facade::{
[INFO] [stdout]   |     ^^^^^^^^^^ use of unresolved module or unlinked crate `pcu_facade`
[INFO] [stdout]   |
[INFO] [stdout]   = help: if you wanted to use a crate named `pcu_facade`, use `cargo add pcu_facade` to add it to your `Cargo.toml`
[INFO] [stdout] 
[INFO] [stdout] 
[INFO] [stdout] error[E0432]: unresolved import `pcu_facade`
[INFO] [stdout]  --> tests/checked_div_rem/source/source.rs:3:5
[INFO] [stdout]   |
[INFO] [stdout] 3 | use pcu_facade::{
[INFO] [stdout]   |     ^^^^^^^^^^ use of unresolved module or unlinked crate `pcu_facade`
[INFO] [stdout]   |
[INFO] [stdout]   = help: if you wanted to use a crate named `pcu_facade`, use `cargo add pcu_facade` to add it to your `Cargo.toml`
[INFO] [stdout] 
[INFO] [stdout] 
[INFO] [stdout] error[E0433]: cannot find module or crate `pcu_facade` in this scope
[INFO] [stdout]   --> tests/checked_binary/prefix/oracle.rs:19:17
[INFO] [stdout]    |
[INFO] [stdout] 19 |     let right = pcu_facade::PcuHostArgument::read(pcu_facade::PcuBindingRef::new(0, 0), right);
[INFO] [stdout]    |                 ^^^^^^^^^^ use of unresolved module or unlinked crate `pcu_facade`
[INFO] [stdout]    |
[INFO] [stdout]    = help: if you wanted to use a crate named `pcu_facade`, use `cargo add pcu_facade` to add it to your `Cargo.toml`
[INFO] [stdout] 
[INFO] [stdout] 
[INFO] [stdout] error[E0433]: cannot find module or crate `pcu_facade` in this scope
[INFO] [stdout]    --> tests/transport/transport.rs:245:9
[INFO] [stdout]     |
[INFO] [stdout] 245 |         pcu_facade::global::configure(policy).unwrap();
[INFO] [stdout]     |         ^^^^^^^^^^ use of unresolved module or unlinked crate `pcu_facade`
[INFO] [stdout]     |
[INFO] [stdout]     = help: if you wanted to use a crate named `pcu_facade`, use `cargo add pcu_facade` to add it to your `Cargo.toml`
[INFO] [stdout] 
[INFO] [stdout] 
[INFO] [stdout] error[E0433]: cannot find module or crate `pcu_facade` in this scope
[INFO] [stdout]   --> tests/checked_binary/prefix/oracle.rs:19:51
[INFO] [stdout]    |
[INFO] [stdout] 19 |     let right = pcu_facade::PcuHostArgument::read(pcu_facade::PcuBindingRef::new(0, 0), right);
[INFO] [stdout]    |                                                   ^^^^^^^^^^ use of unresolved module or unlinked crate `pcu_facade`
[INFO] [stdout]    |
[INFO] [stdout]    = help: if you wanted to use a crate named `pcu_facade`, use `cargo add pcu_facade` to add it to your `Cargo.toml`
[INFO] [stdout] 
[INFO] [stdout] 
[INFO] [stdout] error[E0425]: cannot find function `saved_prepare` in this scope
[INFO] [stdout]    --> tests/transport/transport.rs:123:22
[INFO] [stdout]     |
[INFO] [stdout] 123 |     let mut source = saved_prepare::<T, N, _>(backend).unwrap();
[INFO] [stdout]     |                      ^^^^^^^^^^^^^ not found in this scope
[INFO] [stdout] 
[INFO] [stdout] 
[INFO] [stdout] error[E0425]: cannot find function `saved_grid_prepare` in this scope
[INFO] [stdout]    --> tests/transport/transport.rs:124:20
[INFO] [stdout]     |
[INFO] [stdout] 124 |     let mut grid = saved_grid_prepare::<T, N, _>(backend).unwrap();
[INFO] [stdout]     |                    ^^^^^^^^^^^^^^^^^^ not found in this scope
[INFO] [stdout] 
[INFO] [stdout] 
[INFO] [stdout] error[E0425]: cannot find function `prior_prepare` in this scope
[INFO] [stdout]    --> tests/transport/transport.rs:125:24
[INFO] [stdout]     |
[INFO] [stdout] 125 |     let mut incoming = prior_prepare::<T, N, _>(backend).unwrap();
[INFO] [stdout]     |                        ^^^^^^^^^^^^^ not found in this scope
[INFO] [stdout] 
[INFO] [stdout] 
[INFO] [stdout] error[E0425]: cannot find function `simple_prepare` in this scope
[INFO] [stdout]    --> tests/transport/transport.rs:126:20
[INFO] [stdout]     |
[INFO] [stdout] 126 |     let mut copy = simple_prepare::<T, N, _>(backend).unwrap();
[INFO] [stdout]     |                    ^^^^^^^^^^^^^^ not found in this scope
[INFO] [stdout] 
[INFO] [stdout] 
[INFO] [stdout] error[E0425]: cannot find function `simple_grid_prepare` in this scope
[INFO] [stdout]    --> tests/transport/transport.rs:127:25
[INFO] [stdout]     |
[INFO] [stdout] 127 |     let mut grid_copy = simple_grid_prepare::<T, N, _>(backend).unwrap();
[INFO] [stdout]     |                         ^^^^^^^^^^^^^^^^^^^ not found in this scope
[INFO] [stdout] 
[INFO] [stdout] 
[INFO] [stdout] Some errors have detailed explanations: E0425, E0432, E0433.
[INFO] [stdout] 
[INFO] [stdout] For more information about an error, try `rustc --explain E0425`.
[INFO] [stdout] 
[INFO] [stdout] error[E0433]: cannot find module or crate `pcu_facade` in this scope
[INFO] [stdout]   --> tests/checked_div_rem/graph/roles/roles.rs:25:17
[INFO] [stdout]    |
[INFO] [stdout] 25 |                 pcu_facade::PcuNumericalMode::Strict
[INFO] [stdout]    |                 ^^^^^^^^^^ use of unresolved module or unlinked crate `pcu_facade`
[INFO] [stdout]    |
[INFO] [stdout]    = help: if you wanted to use a crate named `pcu_facade`, use `cargo add pcu_facade` to add it to your `Cargo.toml`
[INFO] [stdout] 
[INFO] [stdout] 
[INFO] [stderr] error: could not compile `fusion-pcu-mlx` (test "transport") due to 11 previous errors
[INFO] [stdout] error[E0425]: cannot find function `divide_by_first_prepare` in this scope
[INFO] [stdout]   --> examples/checked_div_rem_roles/checked_div_rem_roles.rs:25:24
[INFO] [stdout]    |
[INFO] [stdout] 25 |     let mut prepared = divide_by_first_prepare::<i128, _>(&session.checked_div_rem_role_backend())
[INFO] [stdout]    |                        ^^^^^^^^^^^^^^^^^^^^^^^ not found in this scope
[INFO] [stdout] 
[INFO] [stdout] 
[INFO] [stdout] Some errors have detailed explanations: E0425, E0432.
[INFO] [stdout] 
[INFO] [stdout] For more information about an error, try `rustc --explain E0425`.
[INFO] [stdout] 
[INFO] [stderr] error: could not compile `fusion-pcu-mlx` (example "checked_div_rem_roles") due to 2 previous errors
[INFO] [stdout] error[E0433]: cannot find module or crate `pcu_facade` in this scope
[INFO] [stdout]   --> tests/checked_div_rem/graph/roles/roles.rs:27:17
[INFO] [stdout]    |
[INFO] [stdout] 27 |                 pcu_facade::PcuNumericalMode::Boundary
[INFO] [stdout]    |                 ^^^^^^^^^^ use of unresolved module or unlinked crate `pcu_facade`
[INFO] [stdout]    |
[INFO] [stdout]    = help: if you wanted to use a crate named `pcu_facade`, use `cargo add pcu_facade` to add it to your `Cargo.toml`
[INFO] [stdout] 
[INFO] [stdout] 
[INFO] [stdout] error[E0433]: cannot find module or crate `pcu_facade` in this scope
[INFO] [stdout]   --> tests/checked_div_rem/graph/roles/roles.rs:29:15
[INFO] [stdout]    |
[INFO] [stdout] 29 |             ..pcu_facade::PcuImplementationRequirements::default()
[INFO] [stdout]    |               ^^^^^^^^^^ use of unresolved module or unlinked crate `pcu_facade`
[INFO] [stdout]    |
[INFO] [stdout]    = help: if you wanted to use a crate named `pcu_facade`, use `cargo add pcu_facade` to add it to your `Cargo.toml`
[INFO] [stdout] 
[INFO] [stdout] 
[INFO] [stdout] error[E0433]: cannot find module or crate `pcu_facade` in this scope
[INFO] [stdout]    --> tests/checked_div_rem/roles/portable/portable.rs:130:22
[INFO] [stdout]     |
[INFO] [stdout] 130 |             .map_err(pcu_facade::PcuHostDispatchError::Backend)?;
[INFO] [stdout]     |                      ^^^^^^^^^^ use of unresolved module or unlinked crate `pcu_facade`
[INFO] [stdout]     |
[INFO] [stdout]     = help: if you wanted to use a crate named `pcu_facade`, use `cargo add pcu_facade` to add it to your `Cargo.toml`
[INFO] [stdout] 
[INFO] [stdout] 
[INFO] [stdout] error[E0433]: cannot find module or crate `pcu_facade` in this scope
[INFO] [stdout]    --> tests/checked_div_rem/roles/portable/portable.rs:141:13
[INFO] [stdout]     |
[INFO] [stdout] 141 |         Err(pcu_facade::PcuHostDispatchError::Backend(
[INFO] [stdout]     |             ^^^^^^^^^^ use of unresolved module or unlinked crate `pcu_facade`
[INFO] [stdout]     |
[INFO] [stdout]     = help: if you wanted to use a crate named `pcu_facade`, use `cargo add pcu_facade` to add it to your `Cargo.toml`
[INFO] [stdout] 
[INFO] [stdout] 
[INFO] [stdout] error[E0433]: cannot find module or crate `pcu_facade` in this scope
[INFO] [stdout]    --> tests/checked_div_rem/roles/portable/portable.rs:191:27
[INFO] [stdout]     |
[INFO] [stdout] 191 |                 boundary: pcu_facade::PcuCostBoundary::Host,
[INFO] [stdout]     |                           ^^^^^^^^^^ use of unresolved module or unlinked crate `pcu_facade`
[INFO] [stdout]     |
[INFO] [stdout]     = help: if you wanted to use a crate named `pcu_facade`, use `cargo add pcu_facade` to add it to your `Cargo.toml`
[INFO] [stdout] 
[INFO] [stdout] 
[INFO] [stdout] error[E0433]: cannot find module or crate `pcu_facade` in this scope
[INFO] [stdout]    --> tests/checked_div_rem/roles/portable/portable.rs:272:126
[INFO] [stdout]     |
[INFO] [stdout] 272 | ...metic(fault)) if fault.kind == pcu_facade::PcuExecutionFaultKind::DivideByZero && fault.invocation_id==0 && !fault.recovered)
[INFO] [stdout]     |                                   ^^^^^^^^^^ use of unresolved module or unlinked crate `pcu_facade`
[INFO] [stdout]     |
[INFO] [stdout]     = help: if you wanted to use a crate named `pcu_facade`, use `cargo add pcu_facade` to add it to your `Cargo.toml`
[INFO] [stdout] 
[INFO] [stdout] 
[INFO] [stdout] error[E0433]: cannot find module or crate `pcu_facade` in this scope
[INFO] [stdout]    --> tests/checked_div_rem/checked_div_rem.rs:387:9
[INFO] [stdout]     |
[INFO] [stdout] 387 |         pcu_facade::PcuScalarType::I8
[INFO] [stdout]     |         ^^^^^^^^^^ use of unresolved module or unlinked crate `pcu_facade`
[INFO] [stdout]     |
[INFO] [stdout]     = help: if you wanted to use a crate named `pcu_facade`, use `cargo add pcu_facade` to add it to your `Cargo.toml`
[INFO] [stdout] 
[INFO] [stdout] 
[INFO] [stdout] error[E0433]: cannot find module or crate `pcu_facade` in this scope
[INFO] [stdout]    --> tests/checked_div_rem/checked_div_rem.rs:388:15
[INFO] [stdout]     |
[INFO] [stdout] 388 |             | pcu_facade::PcuScalarType::I16
[INFO] [stdout]     |               ^^^^^^^^^^ use of unresolved module or unlinked crate `pcu_facade`
[INFO] [stdout]     |
[INFO] [stdout]     = help: if you wanted to use a crate named `pcu_facade`, use `cargo add pcu_facade` to add it to your `Cargo.toml`
[INFO] [stdout] 
[INFO] [stdout] 
[INFO] [stdout] error[E0432]: unresolved import `pcu_facade`
[INFO] [stdout]  --> composed/tests/source/source.rs:3:5
[INFO] [stdout]   |
[INFO] [stdout] 3 | use pcu_facade::{
[INFO] [stdout]   |     ^^^^^^^^^^ use of unresolved module or unlinked crate `pcu_facade`
[INFO] [stdout]   |
[INFO] [stdout]   = help: if you wanted to use a crate named `pcu_facade`, use `cargo add pcu_facade` to add it to your `Cargo.toml`
[INFO] [stdout] 
[INFO] [stdout] 
[INFO] [stdout] error[E0433]: cannot find module or crate `pcu_facade` in this scope
[INFO] [stdout]    --> tests/checked_div_rem/checked_div_rem.rs:389:15
[INFO] [stdout]     |
[INFO] [stdout] 389 |             | pcu_facade::PcuScalarType::I32
[INFO] [stdout]     |               ^^^^^^^^^^ use of unresolved module or unlinked crate `pcu_facade`
[INFO] [stdout]     |
[INFO] [stdout]     = help: if you wanted to use a crate named `pcu_facade`, use `cargo add pcu_facade` to add it to your `Cargo.toml`
[INFO] [stdout] 
[INFO] [stdout] 
[INFO] [stdout] error[E0433]: cannot find module or crate `pcu_facade` in this scope
[INFO] [stdout]    --> tests/checked_div_rem/checked_div_rem.rs:390:15
[INFO] [stdout]     |
[INFO] [stdout] 390 |             | pcu_facade::PcuScalarType::I64
[INFO] [stdout]     |               ^^^^^^^^^^ use of unresolved module or unlinked crate `pcu_facade`
[INFO] [stdout]     |
[INFO] [stdout]     = help: if you wanted to use a crate named `pcu_facade`, use `cargo add pcu_facade` to add it to your `Cargo.toml`
[INFO] [stdout] 
[INFO] [stdout] 
[INFO] [stdout] error[E0433]: cannot find module or crate `pcu_facade` in this scope
[INFO] [stdout]    --> tests/checked_div_rem/checked_div_rem.rs:391:15
[INFO] [stdout]     |
[INFO] [stdout] 391 |             | pcu_facade::PcuScalarType::I128
[INFO] [stdout]     |               ^^^^^^^^^^ use of unresolved module or unlinked crate `pcu_facade`
[INFO] [stdout]     |
[INFO] [stdout]     = help: if you wanted to use a crate named `pcu_facade`, use `cargo add pcu_facade` to add it to your `Cargo.toml`
[INFO] [stdout] 
[INFO] [stdout] 
[INFO] [stdout] error[E0433]: cannot find module or crate `pcu_facade` in this scope
[INFO] [stdout]    --> tests/checked_div_rem/checked_div_rem.rs:392:15
[INFO] [stdout]     |
[INFO] [stdout] 392 |             | pcu_facade::PcuScalarType::I256
[INFO] [stdout]     |               ^^^^^^^^^^ use of unresolved module or unlinked crate `pcu_facade`
[INFO] [stdout]     |
[INFO] [stdout]     = help: if you wanted to use a crate named `pcu_facade`, use `cargo add pcu_facade` to add it to your `Cargo.toml`
[INFO] [stdout] 
[INFO] [stdout] 
[INFO] [stdout] error[E0433]: cannot find module or crate `pcu_facade` in this scope
[INFO] [stdout]    --> tests/checked_div_rem/checked_div_rem.rs:393:15
[INFO] [stdout]     |
[INFO] [stdout] 393 |             | pcu_facade::PcuScalarType::I512
[INFO] [stdout]     |               ^^^^^^^^^^ use of unresolved module or unlinked crate `pcu_facade`
[INFO] [stdout]     |
[INFO] [stdout]     = help: if you wanted to use a crate named `pcu_facade`, use `cargo add pcu_facade` to add it to your `Cargo.toml`
[INFO] [stdout] 
[INFO] [stdout] 
[INFO] [stdout] error[E0425]: cannot find function `repeated_prepare` in module `source`
[INFO] [stdout]    --> tests/checked_div_rem/roles/portable/portable.rs:147:21
[INFO] [stdout]     |
[INFO] [stdout] 147 |     assert!(source::repeated_prepare::<T, 65, _>(&Detached).is_ok());
[INFO] [stdout]     |                     ^^^^^^^^^^^^^^^^ not found in `source`
[INFO] [stdout] 
[INFO] [stdout] 
[INFO] [stdout] error[E0425]: cannot find function `unread_prepare` in module `source`
[INFO] [stdout]    --> tests/checked_div_rem/roles/portable/portable.rs:148:21
[INFO] [stdout]     |
[INFO] [stdout] 148 |     assert!(source::unread_prepare::<T, 65, _>(&Detached).is_ok());
[INFO] [stdout]     |                     ^^^^^^^^^^^^^^ not found in `source`
[INFO] [stdout] 
[INFO] [stdout] 
[INFO] [stdout] error[E0425]: cannot find function `reordered_prepare` in module `source`
[INFO] [stdout]    --> tests/checked_div_rem/roles/portable/portable.rs:149:21
[INFO] [stdout]     |
[INFO] [stdout] 149 |     assert!(source::reordered_prepare::<T, 65, _>(&Detached).is_ok());
[INFO] [stdout]     |                     ^^^^^^^^^^^^^^^^^ not found in `source`
[INFO] [stdout] 
[INFO] [stdout] 
[INFO] [stdout] error[E0425]: cannot find function `grid_prepare` in module `source`
[INFO] [stdout]    --> tests/checked_div_rem/roles/portable/portable.rs:150:21
[INFO] [stdout]     |
[INFO] [stdout] 150 |     assert!(source::grid_prepare::<T, 65, _>(&Detached).is_ok());
[INFO] [stdout]     |                     ^^^^^^^^^^^^ not found in `source`
[INFO] [stdout] 
[INFO] [stdout] 
[INFO] [stdout] error[E0425]: cannot find function `scalar_divisor_prepare` in module `source`
[INFO] [stdout]    --> tests/checked_div_rem/roles/portable/portable.rs:151:21
[INFO] [stdout]     |
[INFO] [stdout] 151 |     assert!(source::scalar_divisor_prepare::<T, 65, _>(&Detached).is_ok());
[INFO] [stdout]     |                     ^^^^^^^^^^^^^^^^^^^^^^ not found in `source`
[INFO] [stdout] 
[INFO] [stdout] 
[INFO] [stdout] error[E0425]: cannot find function `scalar_grid_prepare` in module `source`
[INFO] [stdout]    --> tests/checked_div_rem/roles/portable/portable.rs:152:21
[INFO] [stdout]     |
[INFO] [stdout] 152 |     assert!(source::scalar_grid_prepare::<T, 65, _>(&Detached).is_ok());
[INFO] [stdout]     |                     ^^^^^^^^^^^^^^^^^^^ not found in `source`
[INFO] [stdout] 
[INFO] [stdout] 
[INFO] [stdout] error[E0425]: cannot find function `repeated_prepare` in module `source`
[INFO] [stdout]    --> tests/checked_div_rem/roles/roles.rs:203:32
[INFO] [stdout]     |
[INFO] [stdout] 203 |     let mut repeated = source::repeated_prepare::<T, 65, _>(&backend).unwrap();
[INFO] [stdout]     |                                ^^^^^^^^^^^^^^^^ not found in `source`
[INFO] [stdout] 
[INFO] [stdout] 
[INFO] [stdout] error[E0425]: cannot find function `unread_prepare` in module `source`
[INFO] [stdout]    --> tests/checked_div_rem/roles/roles.rs:204:30
[INFO] [stdout]     |
[INFO] [stdout] 204 |     let mut unread = source::unread_prepare::<T, 65, _>(&backend).unwrap();
[INFO] [stdout]     |                              ^^^^^^^^^^^^^^ not found in `source`
[INFO] [stdout] 
[INFO] [stdout] 
[INFO] [stdout] error[E0425]: cannot find function `reordered_prepare` in module `source`
[INFO] [stdout]    --> tests/checked_div_rem/roles/roles.rs:205:33
[INFO] [stdout]     |
[INFO] [stdout] 205 |     let mut reordered = source::reordered_prepare::<T, 65, _>(&backend).unwrap();
[INFO] [stdout]     |                                 ^^^^^^^^^^^^^^^^^ not found in `source`
[INFO] [stdout] 
[INFO] [stdout] 
[INFO] [stdout] error[E0425]: cannot find function `grid_prepare` in module `source`
[INFO] [stdout]    --> tests/checked_div_rem/roles/roles.rs:206:28
[INFO] [stdout]     |
[INFO] [stdout] 206 |     let mut grid = source::grid_prepare::<T, 65, _>(&backend).unwrap();
[INFO] [stdout]     |                            ^^^^^^^^^^^^ not found in `source`
[INFO] [stdout] 
[INFO] [stdout] 
[INFO] [stdout] error[E0425]: cannot find function `scalar_divisor_prepare` in module `source`
[INFO] [stdout]    --> tests/checked_div_rem/roles/roles.rs:207:30
[INFO] [stdout]     |
[INFO] [stdout] 207 |     let mut scalar = source::scalar_divisor_prepare::<T, 65, _>(&backend).unwrap();
[INFO] [stdout]     |                              ^^^^^^^^^^^^^^^^^^^^^^ not found in `source`
[INFO] [stdout] 
[INFO] [stdout] 
[INFO] [stdout] error[E0425]: cannot find function `scalar_grid_prepare` in module `source`
[INFO] [stdout]    --> tests/checked_div_rem/roles/roles.rs:208:35
[INFO] [stdout]     |
[INFO] [stdout] 208 |     let mut scalar_grid = source::scalar_grid_prepare::<T, 65, _>(&backend).unwrap();
[INFO] [stdout]     |                                   ^^^^^^^^^^^^^^^^^^^ not found in `source`
[INFO] [stdout] 
[INFO] [stdout] 
[INFO] [stdout] error[E0425]: cannot find function `repeated_prepare` in module `source`
[INFO] [stdout]    --> tests/checked_binary/offers/offers.rs:137:13
[INFO] [stdout]     |
[INFO] [stdout] 137 |     source::repeated_prepare::<T, 3, _>(&session).unwrap()(&[T::value(2.0); 3], &[], &mut output)
[INFO] [stdout]     |             ^^^^^^^^^^^^^^^^ not found in `source`
[INFO] [stdout] 
[INFO] [stdout] 
[INFO] [stdout] error[E0425]: cannot find function `add_prepare` in module `source`
[INFO] [stdout]   --> tests/checked_binary/checked_binary.rs:80:13
[INFO] [stdout]    |
[INFO] [stdout] 80 |     source::add_prepare::<T, 3, _>(&backend).unwrap()(&left, &right, &mut out).unwrap();
[INFO] [stdout]    |             ^^^^^^^^^^^ not found in `source`
[INFO] [stdout] 
[INFO] [stdout] 
[INFO] [stdout] error[E0425]: cannot find function `sub_prepare` in module `source`
[INFO] [stdout]   --> tests/checked_binary/checked_binary.rs:91:13
[INFO] [stdout]    |
[INFO] [stdout] 91 |     source::sub_prepare::<T, 3, _>(&backend).unwrap()(&left, &right, &mut out).unwrap();
[INFO] [stdout]    |             ^^^^^^^^^^^ not found in `source`
[INFO] [stdout] 
[INFO] [stdout] 
[INFO] [stdout] error[E0425]: cannot find function `mul_prepare` in module `source`
[INFO] [stdout]   --> tests/checked_binary/checked_binary.rs:93:13
[INFO] [stdout]    |
[INFO] [stdout] 93 |     source::mul_prepare::<T, 3, _>(&backend).unwrap()(&left, &right, &mut out).unwrap();
[INFO] [stdout]    |             ^^^^^^^^^^^ not found in `source`
[INFO] [stdout] 
[INFO] [stdout] 
[INFO] [stdout] error[E0425]: cannot find function `div_prepare` in module `source`
[INFO] [stdout]   --> tests/checked_binary/checked_binary.rs:95:13
[INFO] [stdout]    |
[INFO] [stdout] 95 |     source::div_prepare::<T, 3, _>(&backend).unwrap()(&left, &right, &mut out).unwrap();
[INFO] [stdout]    |             ^^^^^^^^^^^ not found in `source`
[INFO] [stdout] 
[INFO] [stdout] 
[INFO] [stdout] error[E0425]: cannot find function `swapped_prepare` in module `source`
[INFO] [stdout]   --> tests/checked_binary/checked_binary.rs:97:13
[INFO] [stdout]    |
[INFO] [stdout] 97 |     source::swapped_prepare::<T, 3, _>(&backend).unwrap()(&mut out, &right, &left).unwrap();
[INFO] [stdout]    |             ^^^^^^^^^^^^^^^ not found in `source`
[INFO] [stdout] 
[INFO] [stdout] 
[INFO] [stdout] error[E0425]: cannot find function `repeated_prepare` in module `source`
[INFO] [stdout]   --> tests/checked_binary/checked_binary.rs:99:13
[INFO] [stdout]    |
[INFO] [stdout] 99 |     source::repeated_prepare::<T, 3, _>(&backend).unwrap()(&left, &[], &mut out).unwrap();
[INFO] [stdout]    |             ^^^^^^^^^^^^^^^^ not found in `source`
[INFO] [stdout] 
[INFO] [stdout] 
[INFO] [stdout] error[E0425]: cannot find function `broadcast_prepare` in module `source`
[INFO] [stdout]    --> tests/checked_binary/checked_binary.rs:101:13
[INFO] [stdout]     |
[INFO] [stdout] 101 |     source::broadcast_prepare::<T, 3, _>(&backend).unwrap()(&left[0], &right, &mut out).unwrap();
[INFO] [stdout]     |             ^^^^^^^^^^^^^^^^^ not found in `source`
[INFO] [stdout] 
[INFO] [stdout] 
[INFO] [stdout] error[E0425]: cannot find function `grid_prepare` in module `source`
[INFO] [stdout]    --> tests/checked_binary/checked_binary.rs:103:13
[INFO] [stdout]     |
[INFO] [stdout] 103 |     source::grid_prepare::<T, 3, _>(&backend).unwrap()(&left, &right, &mut out).unwrap();
[INFO] [stdout]     |             ^^^^^^^^^^^^ not found in `source`
[INFO] [stdout] 
[INFO] [stdout] 
[INFO] [stdout] error[E0425]: cannot find function `add_tight_clamp_prepare` in module `source`
[INFO] [stdout]    --> tests/checked_binary/checked_binary.rs:107:29
[INFO] [stdout]     |
[INFO] [stdout] 107 |     let mut clamp = source::add_tight_clamp_prepare::<T, 3, _>(&backend).unwrap();
[INFO] [stdout]     |                             ^^^^^^^^^^^^^^^^^^^^^^^ not found in `source`
[INFO] [stdout] 
[INFO] [stdout] 
[INFO] [stdout] error[E0425]: cannot find function `add_prepare` in module `source`
[INFO] [stdout]    --> tests/checked_binary/checked_binary.rs:294:21
[INFO] [stdout]     |
[INFO] [stdout] 294 |     assert!(source::add_prepare::<PcuF16Bits, 3, _>(&Detached).is_ok());
[INFO] [stdout]     |                     ^^^^^^^^^^^ not found in `source`
[INFO] [stdout] 
[INFO] [stdout] 
[INFO] [stdout] error[E0425]: cannot find function `add_prepare` in module `source`
[INFO] [stdout]    --> tests/checked_binary/checked_binary.rs:295:21
[INFO] [stdout]     |
[INFO] [stdout] 295 |     assert!(source::add_prepare::<f32, 3, _>(&Detached).is_ok());
[INFO] [stdout]     |                     ^^^^^^^^^^^ not found in `source`
[INFO] [stdout] 
[INFO] [stdout] 
[INFO] [stdout] error[E0425]: cannot find function `div_prepare` in module `source`
[INFO] [stdout]    --> tests/checked_binary/checked_binary.rs:296:21
[INFO] [stdout]     |
[INFO] [stdout] 296 |     assert!(source::div_prepare::<f64, 3, _>(&Detached).is_ok());
[INFO] [stdout]     |                     ^^^^^^^^^^^ not found in `source`
[INFO] [stdout] 
[INFO] [stdout] 
[INFO] [stdout] error[E0425]: cannot find function `sub_prepare` in module `source`
[INFO] [stdout]    --> tests/checked_binary/checked_binary.rs:297:21
[INFO] [stdout]     |
[INFO] [stdout] 297 |     assert!(source::sub_prepare::<PcuBf16Bits, 3, _>(&Detached).is_ok());
[INFO] [stdout]     |                     ^^^^^^^^^^^ not found in `source`
[INFO] [stdout] 
[INFO] [stdout] 
[INFO] [stdout] error[E0425]: cannot find function `mul_prepare` in module `source`
[INFO] [stdout]    --> tests/checked_binary/checked_binary.rs:298:21
[INFO] [stdout]     |
[INFO] [stdout] 298 |     assert!(source::mul_prepare::<PcuF8E4M3FnBits, 3, _>(&Detached).is_ok());
[INFO] [stdout]     |                     ^^^^^^^^^^^ not found in `source`
[INFO] [stdout] 
[INFO] [stdout] 
[INFO] [stdout] error[E0425]: cannot find function `div_prepare` in module `source`
[INFO] [stdout]    --> tests/checked_binary/checked_binary.rs:299:21
[INFO] [stdout]     |
[INFO] [stdout] 299 |     assert!(source::div_prepare::<PcuF8E5M2Bits, 3, _>(&Detached).is_ok());
[INFO] [stdout]     |                     ^^^^^^^^^^^ not found in `source`
[INFO] [stdout] 
[INFO] [stdout] 
[INFO] [stdout] error[E0425]: cannot find function `swapped_prepare` in module `source`
[INFO] [stdout]    --> tests/checked_binary/checked_binary.rs:300:21
[INFO] [stdout]     |
[INFO] [stdout] 300 |     assert!(source::swapped_prepare::<PcuF16Bits, 3, _>(&Detached).is_ok());
[INFO] [stdout]     |                     ^^^^^^^^^^^^^^^ not found in `source`
[INFO] [stdout] 
[INFO] [stdout] 
[INFO] [stdout] error[E0425]: cannot find function `repeated_prepare` in module `source`
[INFO] [stdout]    --> tests/checked_binary/checked_binary.rs:301:21
[INFO] [stdout]     |
[INFO] [stdout] 301 |     assert!(source::repeated_prepare::<PcuF16Bits, 3, _>(&Detached).is_ok());
[INFO] [stdout]     |                     ^^^^^^^^^^^^^^^^ not found in `source`
[INFO] [stdout] 
[INFO] [stdout] 
[INFO] [stdout] error[E0425]: cannot find function `broadcast_prepare` in module `source`
[INFO] [stdout]    --> tests/checked_binary/checked_binary.rs:302:21
[INFO] [stdout]     |
[INFO] [stdout] 302 |     assert!(source::broadcast_prepare::<PcuF16Bits, 3, _>(&Detached).is_ok());
[INFO] [stdout]     |                     ^^^^^^^^^^^^^^^^^ not found in `source`
[INFO] [stdout] 
[INFO] [stdout] 
[INFO] [stdout] error[E0425]: cannot find function `grid_prepare` in module `source`
[INFO] [stdout]    --> tests/checked_binary/checked_binary.rs:303:21
[INFO] [stdout]     |
[INFO] [stdout] 303 |     assert!(source::grid_prepare::<PcuF16Bits, 3, _>(&Detached).is_ok());
[INFO] [stdout]     |                     ^^^^^^^^^^^^ not found in `source`
[INFO] [stdout] 
[INFO] [stdout] 
[INFO] [stdout] error[E0425]: cannot find function `add_tight_clamp_prepare` in module `source`
[INFO] [stdout]    --> tests/checked_binary/checked_binary.rs:304:21
[INFO] [stdout]     |
[INFO] [stdout] 304 |     assert!(source::add_tight_clamp_prepare::<PcuF16Bits, 3, _>(&Detached).is_ok());
[INFO] [stdout]     |                     ^^^^^^^^^^^^^^^^^^^^^^^ not found in `source`
[INFO] [stdout] 
[INFO] [stdout] 
[INFO] [stdout] error[E0425]: cannot find function `direct_prepare` in module `source`
[INFO] [stdout]    --> tests/checked_div_rem/checked_div_rem.rs:169:30
[INFO] [stdout]     |
[INFO] [stdout] 169 |     let mut direct = source::direct_prepare::<T, 65, _>(&backend).unwrap();
[INFO] [stdout]     |                              ^^^^^^^^^^^^^^ not found in `source`
[INFO] [stdout] 
[INFO] [stdout] 
[INFO] [stdout] error[E0425]: cannot find function `grid_prepare` in module `source`
[INFO] [stdout]    --> tests/checked_div_rem/checked_div_rem.rs:170:28
[INFO] [stdout]     |
[INFO] [stdout] 170 |     let mut grid = source::grid_prepare::<T, 65, _>(&backend).unwrap();
[INFO] [stdout]     |                            ^^^^^^^^^^^^ not found in `source`
[INFO] [stdout] 
[INFO] [stdout] 
[INFO] [stdout] error[E0433]: cannot find module or crate `pcu_facade` in this scope
[INFO] [stdout]   --> tests/checked_div_rem/graph/roles/roles.rs:23:9
[INFO] [stdout]    |
[INFO] [stdout] 23 |         pcu_facade::PcuImplementationRequirements {
[INFO] [stdout]    |         ^^^^^^^^^^ use of unresolved module or unlinked crate `pcu_facade`
[INFO] [stdout]    |
[INFO] [stdout]    = help: if you wanted to use a crate named `pcu_facade`, use `cargo add pcu_facade` to add it to your `Cargo.toml`
[INFO] [stdout] 
[INFO] [stdout] 
[INFO] [stdout] error[E0433]: cannot find module or crate `pcu_facade` in this scope
[INFO] [stdout]    --> tests/checked_div_rem/offers/offers.rs:130:15
[INFO] [stdout]     |
[INFO] [stdout] 130 |     qualify::<pcu_facade::PcuU256>(&discovery, &session, device);
[INFO] [stdout]     |               ^^^^^^^^^^ use of unresolved module or unlinked crate `pcu_facade`
[INFO] [stdout]     |
[INFO] [stdout]     = help: if you wanted to use a crate named `pcu_facade`, use `cargo add pcu_facade` to add it to your `Cargo.toml`
[INFO] [stdout] 
[INFO] [stdout] 
[INFO] [stdout] error[E0433]: cannot find module or crate `pcu_facade` in this scope
[INFO] [stdout]    --> tests/checked_div_rem/offers/offers.rs:131:15
[INFO] [stdout]     |
[INFO] [stdout] 131 |     qualify::<pcu_facade::PcuI256>(&discovery, &session, device);
[INFO] [stdout]     |               ^^^^^^^^^^ use of unresolved module or unlinked crate `pcu_facade`
[INFO] [stdout]     |
[INFO] [stdout]     = help: if you wanted to use a crate named `pcu_facade`, use `cargo add pcu_facade` to add it to your `Cargo.toml`
[INFO] [stdout] 
[INFO] [stdout] 
[INFO] [stdout] error[E0433]: cannot find module or crate `pcu_facade` in this scope
[INFO] [stdout]    --> tests/checked_div_rem/offers/offers.rs:132:15
[INFO] [stdout]     |
[INFO] [stdout] 132 |     qualify::<pcu_facade::PcuU512>(&discovery, &session, device);
[INFO] [stdout]     |               ^^^^^^^^^^ use of unresolved module or unlinked crate `pcu_facade`
[INFO] [stdout]     |
[INFO] [stdout]     = help: if you wanted to use a crate named `pcu_facade`, use `cargo add pcu_facade` to add it to your `Cargo.toml`
[INFO] [stdout] 
[INFO] [stdout] 
[INFO] [stdout] error[E0433]: cannot find module or crate `pcu_facade` in this scope
[INFO] [stdout]    --> tests/checked_div_rem/offers/offers.rs:133:15
[INFO] [stdout]     |
[INFO] [stdout] 133 |     qualify::<pcu_facade::PcuI512>(&discovery, &session, device);
[INFO] [stdout]     |               ^^^^^^^^^^ use of unresolved module or unlinked crate `pcu_facade`
[INFO] [stdout]     |
[INFO] [stdout]     = help: if you wanted to use a crate named `pcu_facade`, use `cargo add pcu_facade` to add it to your `Cargo.toml`
[INFO] [stdout] 
[INFO] [stdout] 
[INFO] [stdout] error[E0433]: cannot find module or crate `pcu_facade` in this scope
[INFO] [stdout]   --> tests/checked_div_rem/roles/portable/portable.rs:69:33
[INFO] [stdout]    |
[INFO] [stdout] 69 | ...                   pcu_facade::describe_portable_v1_integer_div_rem_map(&ir).unwrap();
[INFO] [stdout]    |                       ^^^^^^^^^^ use of unresolved module or unlinked crate `pcu_facade`
[INFO] [stdout]    |
[INFO] [stdout]    = help: if you wanted to use a crate named `pcu_facade`, use `cargo add pcu_facade` to add it to your `Cargo.toml`
[INFO] [stdout] 
[INFO] [stdout] 
[INFO] [stdout] error[E0433]: cannot find module or crate `pcu_facade` in this scope
[INFO] [stdout]    --> tests/checked_div_rem/roles/portable/portable.rs:102:40
[INFO] [stdout]     |
[INFO] [stdout] 102 | ...                   entry: pcu_facade::PcuDispatchEntryPoint {
[INFO] [stdout]     |                              ^^^^^^^^^^ use of unresolved module or unlinked crate `pcu_facade`
[INFO] [stdout]     |
[INFO] [stdout]     = help: if you wanted to use a crate named `pcu_facade`, use `cargo add pcu_facade` to add it to your `Cargo.toml`
[INFO] [stdout] 
[INFO] [stdout] 
[INFO] [stdout] error[E0433]: cannot find module or crate `pcu_facade` in this scope
[INFO] [stdout]   --> tests/checked_div_rem/checked_div_rem.rs:80:44
[INFO] [stdout]    |
[INFO] [stdout] 80 |                         numerical_options: pcu_facade::PcuNumericalOptions {
[INFO] [stdout]    |                                            ^^^^^^^^^^ use of unresolved module or unlinked crate `pcu_facade`
[INFO] [stdout]    |
[INFO] [stdout]    = help: if you wanted to use a crate named `pcu_facade`, use `cargo add pcu_facade` to add it to your `Cargo.toml`
[INFO] [stdout] 
[INFO] [stdout] 
[INFO] [stdout] error[E0433]: cannot find module or crate `pcu_facade` in this scope
[INFO] [stdout]    --> tests/checked_div_rem/checked_div_rem.rs:224:44
[INFO] [stdout]     |
[INFO] [stdout] 224 |                         numerical_options: pcu_facade::PcuNumericalOptions {
[INFO] [stdout]     |                                            ^^^^^^^^^^ use of unresolved module or unlinked crate `pcu_facade`
[INFO] [stdout]     |
[INFO] [stdout]     = help: if you wanted to use a crate named `pcu_facade`, use `cargo add pcu_facade` to add it to your `Cargo.toml`
[INFO] [stdout] 
[INFO] [stdout] 
[INFO] [stdout] Some errors have detailed explanations: E0425, E0432, E0433.
[INFO] [stdout] 
[INFO] [stdout] For more information about an error, try `rustc --explain E0425`.
[INFO] [stdout] 
[INFO] [stdout] error[E0433]: cannot find module or crate `pcu_facade` in this scope
[INFO] [stdout]   --> tests/checked_binary/offers/offers.rs:32:27
[INFO] [stdout]    |
[INFO] [stdout] 32 | const fn revision(scalar: pcu_facade::PcuScalarType) -> u64 {
[INFO] [stdout]    |                           ^^^^^^^^^^ use of unresolved module or unlinked crate `pcu_facade`
[INFO] [stdout]    |
[INFO] [stdout]    = help: if you wanted to use a crate named `pcu_facade`, use `cargo add pcu_facade` to add it to your `Cargo.toml`
[INFO] [stdout] 
[INFO] [stdout] 
[INFO] [stdout] error[E0433]: cannot find module or crate `pcu_facade` in this scope
[INFO] [stdout]    --> tests/checked_binary/prefix/prefix.rs:123:21
[INFO] [stdout]     |
[INFO] [stdout] 123 |         $function::<pcu_facade::PcuF16Bits>();
[INFO] [stdout]     |                     ^^^^^^^^^^ use of unresolved module or unlinked crate `pcu_facade`
[INFO] [stdout] ...
[INFO] [stdout] 133 |     six!(cold);
[INFO] [stdout]     |     ---------- in this macro invocation
[INFO] [stdout]     |
[INFO] [stdout]     = help: if you wanted to use a crate named `pcu_facade`, use `cargo add pcu_facade` to add it to your `Cargo.toml`
[INFO] [stdout]     = note: this error originates in the macro `six` (in Nightly builds, run with -Z macro-backtrace for more info)
[INFO] [stdout] 
[INFO] [stdout] 
[INFO] [stdout] error[E0433]: cannot find module or crate `pcu_facade` in this scope
[INFO] [stdout]    --> tests/checked_binary/prefix/prefix.rs:124:21
[INFO] [stdout]     |
[INFO] [stdout] 124 |         $function::<pcu_facade::PcuBf16Bits>();
[INFO] [stdout]     |                     ^^^^^^^^^^ use of unresolved module or unlinked crate `pcu_facade`
[INFO] [stdout] ...
[INFO] [stdout] 133 |     six!(cold);
[INFO] [stdout]     |     ---------- in this macro invocation
[INFO] [stdout]     |
[INFO] [stdout]     = help: if you wanted to use a crate named `pcu_facade`, use `cargo add pcu_facade` to add it to your `Cargo.toml`
[INFO] [stdout]     = note: this error originates in the macro `six` (in Nightly builds, run with -Z macro-backtrace for more info)
[INFO] [stdout] 
[INFO] [stdout] 
[INFO] [stdout] error[E0433]: cannot find module or crate `pcu_facade` in this scope
[INFO] [stdout]    --> tests/checked_binary/prefix/prefix.rs:125:21
[INFO] [stdout]     |
[INFO] [stdout] 125 |         $function::<pcu_facade::PcuF8E4M3FnBits>();
[INFO] [stdout]     |                     ^^^^^^^^^^ use of unresolved module or unlinked crate `pcu_facade`
[INFO] [stdout] ...
[INFO] [stdout] 133 |     six!(cold);
[INFO] [stdout]     |     ---------- in this macro invocation
[INFO] [stdout]     |
[INFO] [stdout]     = help: if you wanted to use a crate named `pcu_facade`, use `cargo add pcu_facade` to add it to your `Cargo.toml`
[INFO] [stdout]     = note: this error originates in the macro `six` (in Nightly builds, run with -Z macro-backtrace for more info)
[INFO] [stdout] 
[INFO] [stdout] 
[INFO] [stdout] error[E0433]: cannot find module or crate `pcu_facade` in this scope
[INFO] [stdout]    --> tests/checked_binary/prefix/prefix.rs:126:21
[INFO] [stdout]     |
[INFO] [stdout] 126 |         $function::<pcu_facade::PcuF8E5M2Bits>();
[INFO] [stdout]     |                     ^^^^^^^^^^ use of unresolved module or unlinked crate `pcu_facade`
[INFO] [stdout] ...
[INFO] [stdout] 133 |     six!(cold);
[INFO] [stdout]     |     ---------- in this macro invocation
[INFO] [stdout]     |
[INFO] [stdout]     = help: if you wanted to use a crate named `pcu_facade`, use `cargo add pcu_facade` to add it to your `Cargo.toml`
[INFO] [stdout]     = note: this error originates in the macro `six` (in Nightly builds, run with -Z macro-backtrace for more info)
[INFO] [stdout] 
[INFO] [stdout] 
[INFO] [stdout] error[E0433]: cannot find module or crate `pcu_facade` in this scope
[INFO] [stdout]    --> tests/checked_binary/prefix/prefix.rs:123:21
[INFO] [stdout]     |
[INFO] [stdout] 123 |         $function::<pcu_facade::PcuF16Bits>();
[INFO] [stdout]     |                     ^^^^^^^^^^ use of unresolved module or unlinked crate `pcu_facade`
[INFO] [stdout] ...
[INFO] [stdout] 355 |     six!(qualify);
[INFO] [stdout]     |     ------------- in this macro invocation
[INFO] [stdout]     |
[INFO] [stdout]     = help: if you wanted to use a crate named `pcu_facade`, use `cargo add pcu_facade` to add it to your `Cargo.toml`
[INFO] [stdout]     = note: this error originates in the macro `six` (in Nightly builds, run with -Z macro-backtrace for more info)
[INFO] [stdout] 
[INFO] [stdout] 
[INFO] [stdout] error[E0433]: cannot find module or crate `pcu_facade` in this scope
[INFO] [stdout]    --> tests/checked_binary/prefix/prefix.rs:124:21
[INFO] [stdout]     |
[INFO] [stdout] 124 |         $function::<pcu_facade::PcuBf16Bits>();
[INFO] [stdout]     |                     ^^^^^^^^^^ use of unresolved module or unlinked crate `pcu_facade`
[INFO] [stdout] ...
[INFO] [stdout] 355 |     six!(qualify);
[INFO] [stdout]     |     ------------- in this macro invocation
[INFO] [stdout]     |
[INFO] [stdout]     = help: if you wanted to use a crate named `pcu_facade`, use `cargo add pcu_facade` to add it to your `Cargo.toml`
[INFO] [stdout]     = note: this error originates in the macro `six` (in Nightly builds, run with -Z macro-backtrace for more info)
[INFO] [stdout] 
[INFO] [stdout] 
[INFO] [stdout] error[E0433]: cannot find module or crate `pcu_facade` in this scope
[INFO] [stdout]    --> tests/checked_binary/prefix/prefix.rs:125:21
[INFO] [stdout]     |
[INFO] [stdout] 125 |         $function::<pcu_facade::PcuF8E4M3FnBits>();
[INFO] [stdout]     |                     ^^^^^^^^^^ use of unresolved module or unlinked crate `pcu_facade`
[INFO] [stdout] ...
[INFO] [stdout] 355 |     six!(qualify);
[INFO] [stdout]     |     ------------- in this macro invocation
[INFO] [stdout]     |
[INFO] [stdout]     = help: if you wanted to use a crate named `pcu_facade`, use `cargo add pcu_facade` to add it to your `Cargo.toml`
[INFO] [stdout]     = note: this error originates in the macro `six` (in Nightly builds, run with -Z macro-backtrace for more info)
[INFO] [stdout] 
[INFO] [stdout] 
[INFO] [stdout] error[E0433]: cannot find module or crate `pcu_facade` in this scope
[INFO] [stdout]    --> tests/checked_binary/prefix/prefix.rs:126:21
[INFO] [stdout]     |
[INFO] [stdout] 126 |         $function::<pcu_facade::PcuF8E5M2Bits>();
[INFO] [stdout]     |                     ^^^^^^^^^^ use of unresolved module or unlinked crate `pcu_facade`
[INFO] [stdout] ...
[INFO] [stdout] 355 |     six!(qualify);
[INFO] [stdout]     |     ------------- in this macro invocation
[INFO] [stdout]     |
[INFO] [stdout]     = help: if you wanted to use a crate named `pcu_facade`, use `cargo add pcu_facade` to add it to your `Cargo.toml`
[INFO] [stdout]     = note: this error originates in the macro `six` (in Nightly builds, run with -Z macro-backtrace for more info)
[INFO] [stdout] 
[INFO] [stdout] 
[INFO] [stdout] error[E0433]: cannot find module or crate `pcu_facade` in this scope
[INFO] [stdout]   --> tests/checked_binary/source/source.rs:64:13
[INFO] [stdout]    |
[INFO] [stdout] 64 | ) -> Result<pcu_facade::PcuTensor<T>, pcu_facade::PcuExecutionError> {
[INFO] [stdout]    |             ^^^^^^^^^^ use of unresolved module or unlinked crate `pcu_facade`
[INFO] [stdout]    |
[INFO] [stdout]    = help: if you wanted to use a crate named `pcu_facade`, use `cargo add pcu_facade` to add it to your `Cargo.toml`
[INFO] [stdout] 
[INFO] [stdout] 
[INFO] [stdout] error[E0433]: cannot find module or crate `pcu_facade` in this scope
[INFO] [stdout]   --> tests/checked_binary/source/source.rs:64:39
[INFO] [stdout]    |
[INFO] [stdout] 64 | ) -> Result<pcu_facade::PcuTensor<T>, pcu_facade::PcuExecutionError> {
[INFO] [stdout]    |                                       ^^^^^^^^^^ use of unresolved module or unlinked crate `pcu_facade`
[INFO] [stdout]    |
[INFO] [stdout]    = help: if you wanted to use a crate named `pcu_facade`, use `cargo add pcu_facade` to add it to your `Cargo.toml`
[INFO] [stdout] 
[INFO] [stdout] 
[INFO] [stdout] error[E0433]: cannot find module or crate `pcu_facade` in this scope
[INFO] [stdout]    --> tests/checked_binary/checked_binary.rs:229:30
[INFO] [stdout]     |
[INFO] [stdout] 229 |     graph::fixture_profile::<pcu_facade::PcuF128Bits, _>(
[INFO] [stdout]     |                              ^^^^^^^^^^ use of unresolved module or unlinked crate `pcu_facade`
[INFO] [stdout]     |
[INFO] [stdout]     = help: if you wanted to use a crate named `pcu_facade`, use `cargo add pcu_facade` to add it to your `Cargo.toml`
[INFO] [stdout] 
[INFO] [stdout] 
[INFO] [stdout] error[E0433]: cannot find module or crate `pcu_facade` in this scope
[INFO] [stdout]    --> tests/checked_binary/checked_binary.rs:278:14
[INFO] [stdout]     |
[INFO] [stdout] 278 |         ir: &pcu_facade::PcuDispatchKernelIr<'_>,
[INFO] [stdout]     |              ^^^^^^^^^^ use of unresolved module or unlinked crate `pcu_facade`
[INFO] [stdout]     |
[INFO] [stdout]     = help: if you wanted to use a crate named `pcu_facade`, use `cargo add pcu_facade` to add it to your `Cargo.toml`
[INFO] [stdout] 
[INFO] [stdout] 
[INFO] [stdout] Some errors have detailed explanations: E0425, E0432, E0433.
[INFO] [stdout] 
[INFO] [stdout] For more information about an error, try `rustc --explain E0425`.
[INFO] [stdout] 
[INFO] [stderr] error: could not compile `fusion-pcu-mlx` (test "checked_div_rem") due to 49 previous errors
[INFO] [stderr] error: could not compile `fusion-pcu-mlx` (test "checked_binary") due to 46 previous errors
[INFO] [stdout] error[E0425]: cannot find function `integer_prepare` in module `source`
[INFO] [stdout]   --> composed/tests/aggregate/aggregate.rs:23:31
[INFO] [stdout]    |
[INFO] [stdout] 23 |         let mut run = source::integer_prepare::<$ty, 7, _>(backend).unwrap();
[INFO] [stdout]    |                               ^^^^^^^^^^^^^^^ not found in `source`
[INFO] [stdout] ...
[INFO] [stdout] 46 |     integer!(i8, u8, i16, u16, i32, u32, i64, u64, i128, u128);
[INFO] [stdout]    |     ---------------------------------------------------------- in this macro invocation
[INFO] [stdout]    |
[INFO] [stdout]    = note: this error originates in the macro `integer` (in Nightly builds, run with -Z macro-backtrace for more info)
[INFO] [stdout] 
[INFO] [stdout] 
[INFO] [stdout] error[E0425]: cannot find function `floating_prepare` in module `source`
[INFO] [stdout]   --> composed/tests/aggregate/aggregate.rs:48:31
[INFO] [stdout]    |
[INFO] [stdout] 48 |         let mut run = source::floating_prepare::<$ty, 7, _>(backend).unwrap();
[INFO] [stdout]    |                               ^^^^^^^^^^^^^^^^ not found in `source`
[INFO] [stdout] ...
[INFO] [stdout] 76 |     floating!(f32, f64);
[INFO] [stdout]    |     ------------------- in this macro invocation
[INFO] [stdout]    |
[INFO] [stdout]    = note: this error originates in the macro `floating` (in Nightly builds, run with -Z macro-backtrace for more info)
[INFO] [stdout] 
[INFO] [stdout] 
[INFO] [stdout] error[E0425]: cannot find function `integer_ir` in module `source`
[INFO] [stdout]    --> composed/tests/aggregate/mixed/mixed.rs:122:21
[INFO] [stdout]     |
[INFO] [stdout] 122 |               source::integer_ir::<$ty, 7>(&source::integer_bindings::<$ty>()).unwrap().with_ir(|ir|
[INFO] [stdout]     |                       ^^^^^^^^^^
[INFO] [stdout] ...
[INFO] [stdout] 126 |       integer!(i8, u8, i16, u16, i32, u32, i64, u64, i128, u128);
[INFO] [stdout]     |       ---------------------------------------------------------- in this macro invocation
[INFO] [stdout]     |
[INFO] [stdout]    ::: composed/tests/source/source.rs:10:1
[INFO] [stdout]     |
[INFO] [stdout]  10 | / pub fn integer<T: PcuCheckedInteger, const N: usize>(
[INFO] [stdout]  11 | |     ghost: &mut [T],
[INFO] [stdout]  12 | |     input: &[T],
[INFO] [stdout]  13 | |     seed: &T,
[INFO] [stdout] ...   |
[INFO] [stdout]  24 | |     output[id] = product - saved_stage;
[INFO] [stdout]  25 | | }
[INFO] [stdout]     | |_- similarly named function `integer` defined here
[INFO] [stdout]     |
[INFO] [stdout]     = note: this error originates in the macro `integer` (in Nightly builds, run with -Z macro-backtrace for more info)
[INFO] [stdout] help: a function with a similar name exists
[INFO] [stdout]     |
[INFO] [stdout] 122 -             source::integer_ir::<$ty, 7>(&source::integer_bindings::<$ty>()).unwrap().with_ir(|ir|
[INFO] [stdout] 122 +             source::integer::<$ty, 7>(&source::integer_bindings::<$ty>()).unwrap().with_ir(|ir|
[INFO] [stdout]     |
[INFO] [stdout] 
[INFO] [stdout] 
[INFO] [stdout] error[E0425]: cannot find function `integer_bindings` in module `source`
[INFO] [stdout]    --> composed/tests/aggregate/mixed/mixed.rs:122:51
[INFO] [stdout]     |
[INFO] [stdout] 122 |             source::integer_ir::<$ty, 7>(&source::integer_bindings::<$ty>()).unwrap().with_ir(|ir|
[INFO] [stdout]     |                                                   ^^^^^^^^^^^^^^^^ not found in `source`
[INFO] [stdout] ...
[INFO] [stdout] 126 |     integer!(i8, u8, i16, u16, i32, u32, i64, u64, i128, u128);
[INFO] [stdout]     |     ---------------------------------------------------------- in this macro invocation
[INFO] [stdout]     |
[INFO] [stdout]     = note: this error originates in the macro `integer` (in Nightly builds, run with -Z macro-backtrace for more info)
[INFO] [stdout] 
[INFO] [stdout] 
[INFO] [stdout] error[E0425]: cannot find function `floating_ir` in module `source`
[INFO] [stdout]    --> composed/tests/aggregate/mixed/mixed.rs:135:21
[INFO] [stdout]     |
[INFO] [stdout] 135 |               source::floating_ir::<$ty, 7>(&source::floating_bindings::<$ty>()).unwrap().with_ir(|ir|
[INFO] [stdout]     |                       ^^^^^^^^^^^
[INFO] [stdout] ...
[INFO] [stdout] 139 |       floating!(f32, f64);
[INFO] [stdout]     |       ------------------- in this macro invocation
[INFO] [stdout]     |
[INFO] [stdout]    ::: composed/tests/source/source.rs:28:1
[INFO] [stdout]     |
[INFO] [stdout]  28 | / pub fn floating<T: PcuCheckedFloat, const N: usize>(
[INFO] [stdout]  29 | |     ghost: &mut [T],
[INFO] [stdout]  30 | |     input: &[T],
[INFO] [stdout]  31 | |     seed: &T,
[INFO] [stdout] ...   |
[INFO] [stdout]  47 | | }
[INFO] [stdout]     | |_- similarly named function `floating` defined here
[INFO] [stdout]     |
[INFO] [stdout]     = note: this error originates in the macro `floating` (in Nightly builds, run with -Z macro-backtrace for more info)
[INFO] [stdout] help: a function with a similar name exists
[INFO] [stdout]     |
[INFO] [stdout] 135 -             source::floating_ir::<$ty, 7>(&source::floating_bindings::<$ty>()).unwrap().with_ir(|ir|
[INFO] [stdout] 135 +             source::floating::<$ty, 7>(&source::floating_bindings::<$ty>()).unwrap().with_ir(|ir|
[INFO] [stdout]     |
[INFO] [stdout] 
[INFO] [stdout] 
[INFO] [stdout] error[E0425]: cannot find function `floating_bindings` in module `source`
[INFO] [stdout]    --> composed/tests/aggregate/mixed/mixed.rs:135:52
[INFO] [stdout]     |
[INFO] [stdout] 135 |             source::floating_ir::<$ty, 7>(&source::floating_bindings::<$ty>()).unwrap().with_ir(|ir|
[INFO] [stdout]     |                                                    ^^^^^^^^^^^^^^^^^ not found in `source`
[INFO] [stdout] ...
[INFO] [stdout] 139 |     floating!(f32, f64);
[INFO] [stdout]     |     ------------------- in this macro invocation
[INFO] [stdout]     |
[INFO] [stdout]     = note: this error originates in the macro `floating` (in Nightly builds, run with -Z macro-backtrace for more info)
[INFO] [stdout] 
[INFO] [stdout] 
[INFO] [stdout] error[E0425]: cannot find function `integer_ir` in module `source`
[INFO] [stdout]   --> composed/tests/aggregate/fault/fault.rs:50:13
[INFO] [stdout]    |
[INFO] [stdout] 50 |       source::integer_ir::<i32, 7>(&source::integer_bindings::<i32>()).unwrap().with_ir(|ir| {
[INFO] [stdout]    |               ^^^^^^^^^^
[INFO] [stdout]    |
[INFO] [stdout]   ::: composed/tests/source/source.rs:10:1
[INFO] [stdout]    |
[INFO] [stdout] 10 | / pub fn integer<T: PcuCheckedInteger, const N: usize>(
[INFO] [stdout] 11 | |     ghost: &mut [T],
[INFO] [stdout] 12 | |     input: &[T],
[INFO] [stdout] 13 | |     seed: &T,
[INFO] [stdout] ...  |
[INFO] [stdout] 24 | |     output[id] = product - saved_stage;
[INFO] [stdout] 25 | | }
[INFO] [stdout]    | |_- similarly named function `integer` defined here
[INFO] [stdout]    |
[INFO] [stdout] help: a function with a similar name exists
[INFO] [stdout]    |
[INFO] [stdout] 50 -     source::integer_ir::<i32, 7>(&source::integer_bindings::<i32>()).unwrap().with_ir(|ir| {
[INFO] [stdout] 50 +     source::integer::<i32, 7>(&source::integer_bindings::<i32>()).unwrap().with_ir(|ir| {
[INFO] [stdout]    |
[INFO] [stdout] 
[INFO] [stdout] 
[INFO] [stdout] error[E0425]: cannot find function `integer_bindings` in module `source`
[INFO] [stdout]   --> composed/tests/aggregate/fault/fault.rs:50:43
[INFO] [stdout]    |
[INFO] [stdout] 50 |     source::integer_ir::<i32, 7>(&source::integer_bindings::<i32>()).unwrap().with_ir(|ir| {
[INFO] [stdout]    |                                           ^^^^^^^^^^^^^^^^ not found in `source`
[INFO] [stdout] 
[INFO] [stdout] 
[INFO] [stdout] error[E0425]: cannot find function `integer_prepare` in module `source`
[INFO] [stdout]   --> composed/tests/host/host.rs:34:31
[INFO] [stdout]    |
[INFO] [stdout] 34 |         let mut run = source::integer_prepare::<$ty, 7, _>(&backend).unwrap();
[INFO] [stdout]    |                               ^^^^^^^^^^^^^^^ not found in `source`
[INFO] [stdout] ...
[INFO] [stdout] 57 |     integer!(i8, u8, i16, u16, i32, u32, i64, u64, i128, u128);
[INFO] [stdout]    |     ---------------------------------------------------------- in this macro invocation
[INFO] [stdout]    |
[INFO] [stdout]    = note: this error originates in the macro `integer` (in Nightly builds, run with -Z macro-backtrace for more info)
[INFO] [stdout] 
[INFO] [stdout] 
[INFO] [stdout] error[E0425]: cannot find function `floating_prepare` in module `source`
[INFO] [stdout]   --> composed/tests/host/host.rs:59:31
[INFO] [stdout]    |
[INFO] [stdout] 59 |         let mut run = source::floating_prepare::<$ty, 7, _>(&backend).unwrap();
[INFO] [stdout]    |                               ^^^^^^^^^^^^^^^^ not found in `source`
[INFO] [stdout] ...
[INFO] [stdout] 87 |     floating!(f32, f64);
[INFO] [stdout]    |     ------------------- in this macro invocation
[INFO] [stdout]    |
[INFO] [stdout]    = note: this error originates in the macro `floating` (in Nightly builds, run with -Z macro-backtrace for more info)
[INFO] [stdout] 
[INFO] [stdout] 
[INFO] [stdout] error[E0425]: cannot find function `integer_ir` in module `source`
[INFO] [stdout]    --> composed/tests/host/host.rs:117:13
[INFO] [stdout]     |
[INFO] [stdout] 117 |       source::integer_ir::<i32, 7>(&source::integer_bindings::<i32>()).unwrap().with_ir(|ir| {
[INFO] [stdout]     |               ^^^^^^^^^^
[INFO] [stdout]     |
[INFO] [stdout]    ::: composed/tests/source/source.rs:10:1
[INFO] [stdout]     |
[INFO] [stdout]  10 | / pub fn integer<T: PcuCheckedInteger, const N: usize>(
[INFO] [stdout]  11 | |     ghost: &mut [T],
[INFO] [stdout]  12 | |     input: &[T],
[INFO] [stdout]  13 | |     seed: &T,
[INFO] [stdout] ...   |
[INFO] [stdout]  24 | |     output[id] = product - saved_stage;
[INFO] [stdout]  25 | | }
[INFO] [stdout]     | |_- similarly named function `integer` defined here
[INFO] [stdout]     |
[INFO] [stdout] help: a function with a similar name exists
[INFO] [stdout]     |
[INFO] [stdout] 117 -     source::integer_ir::<i32, 7>(&source::integer_bindings::<i32>()).unwrap().with_ir(|ir| {
[INFO] [stdout] 117 +     source::integer::<i32, 7>(&source::integer_bindings::<i32>()).unwrap().with_ir(|ir| {
[INFO] [stdout]     |
[INFO] [stdout] 
[INFO] [stdout] 
[INFO] [stdout] error[E0425]: cannot find function `integer_bindings` in module `source`
[INFO] [stdout]    --> composed/tests/host/host.rs:117:43
[INFO] [stdout]     |
[INFO] [stdout] 117 |     source::integer_ir::<i32, 7>(&source::integer_bindings::<i32>()).unwrap().with_ir(|ir| {
[INFO] [stdout]     |                                           ^^^^^^^^^^^^^^^^ not found in `source`
[INFO] [stdout] 
[INFO] [stdout] 
[INFO] [stdout] error[E0425]: cannot find function `integer_ir` in module `source`
[INFO] [stdout]    --> composed/tests/mixed/mixed.rs:116:21
[INFO] [stdout]     |
[INFO] [stdout] 116 |               source::integer_ir::<$ty, 7>(&source::integer_bindings::<$ty>()).unwrap().with_ir(|ir|
[INFO] [stdout]     |                       ^^^^^^^^^^
[INFO] [stdout] ...
[INFO] [stdout] 120 |       integer!(i8, u8, i16, u16, i32, u32, i64, u64, i128, u128);
[INFO] [stdout]     |       ---------------------------------------------------------- in this macro invocation
[INFO] [stdout]     |
[INFO] [stdout]    ::: composed/tests/source/source.rs:10:1
[INFO] [stdout]     |
[INFO] [stdout]  10 | / pub fn integer<T: PcuCheckedInteger, const N: usize>(
[INFO] [stdout]  11 | |     ghost: &mut [T],
[INFO] [stdout]  12 | |     input: &[T],
[INFO] [stdout]  13 | |     seed: &T,
[INFO] [stdout] ...   |
[INFO] [stdout]  24 | |     output[id] = product - saved_stage;
[INFO] [stdout]  25 | | }
[INFO] [stdout]     | |_- similarly named function `integer` defined here
[INFO] [stdout]     |
[INFO] [stdout]     = note: this error originates in the macro `integer` (in Nightly builds, run with -Z macro-backtrace for more info)
[INFO] [stdout] help: a function with a similar name exists
[INFO] [stdout]     |
[INFO] [stdout] 116 -             source::integer_ir::<$ty, 7>(&source::integer_bindings::<$ty>()).unwrap().with_ir(|ir|
[INFO] [stdout] 116 +             source::integer::<$ty, 7>(&source::integer_bindings::<$ty>()).unwrap().with_ir(|ir|
[INFO] [stdout]     |
[INFO] [stdout] 
[INFO] [stdout] 
[INFO] [stdout] error[E0425]: cannot find function `integer_bindings` in module `source`
[INFO] [stdout]    --> composed/tests/mixed/mixed.rs:116:51
[INFO] [stdout]     |
[INFO] [stdout] 116 |             source::integer_ir::<$ty, 7>(&source::integer_bindings::<$ty>()).unwrap().with_ir(|ir|
[INFO] [stdout]     |                                                   ^^^^^^^^^^^^^^^^ not found in `source`
[INFO] [stdout] ...
[INFO] [stdout] 120 |     integer!(i8, u8, i16, u16, i32, u32, i64, u64, i128, u128);
[INFO] [stdout]     |     ---------------------------------------------------------- in this macro invocation
[INFO] [stdout]     |
[INFO] [stdout]     = note: this error originates in the macro `integer` (in Nightly builds, run with -Z macro-backtrace for more info)
[INFO] [stdout] 
[INFO] [stdout] 
[INFO] [stdout] error[E0425]: cannot find function `floating_ir` in module `source`
[INFO] [stdout]    --> composed/tests/mixed/mixed.rs:129:21
[INFO] [stdout]     |
[INFO] [stdout] 129 |               source::floating_ir::<$ty, 7>(&source::floating_bindings::<$ty>()).unwrap().with_ir(|ir|
[INFO] [stdout]     |                       ^^^^^^^^^^^
[INFO] [stdout] ...
[INFO] [stdout] 133 |       floating!(f32, f64);
[INFO] [stdout]     |       ------------------- in this macro invocation
[INFO] [stdout]     |
[INFO] [stdout]    ::: composed/tests/source/source.rs:28:1
[INFO] [stdout]     |
[INFO] [stdout]  28 | / pub fn floating<T: PcuCheckedFloat, const N: usize>(
[INFO] [stdout]  29 | |     ghost: &mut [T],
[INFO] [stdout]  30 | |     input: &[T],
[INFO] [stdout]  31 | |     seed: &T,
[INFO] [stdout] ...   |
[INFO] [stdout]  47 | | }
[INFO] [stdout]     | |_- similarly named function `floating` defined here
[INFO] [stdout]     |
[INFO] [stdout]     = note: this error originates in the macro `floating` (in Nightly builds, run with -Z macro-backtrace for more info)
[INFO] [stdout] help: a function with a similar name exists
[INFO] [stdout]     |
[INFO] [stdout] 129 -             source::floating_ir::<$ty, 7>(&source::floating_bindings::<$ty>()).unwrap().with_ir(|ir|
[INFO] [stdout] 129 +             source::floating::<$ty, 7>(&source::floating_bindings::<$ty>()).unwrap().with_ir(|ir|
[INFO] [stdout]     |
[INFO] [stdout] 
[INFO] [stdout] 
[INFO] [stdout] error[E0425]: cannot find function `floating_bindings` in module `source`
[INFO] [stdout]    --> composed/tests/mixed/mixed.rs:129:52
[INFO] [stdout]     |
[INFO] [stdout] 129 |             source::floating_ir::<$ty, 7>(&source::floating_bindings::<$ty>()).unwrap().with_ir(|ir|
[INFO] [stdout]     |                                                    ^^^^^^^^^^^^^^^^^ not found in `source`
[INFO] [stdout] ...
[INFO] [stdout] 133 |     floating!(f32, f64);
[INFO] [stdout]     |     ------------------- in this macro invocation
[INFO] [stdout]     |
[INFO] [stdout]     = note: this error originates in the macro `floating` (in Nightly builds, run with -Z macro-backtrace for more info)
[INFO] [stdout] 
[INFO] [stdout] 
[INFO] [stdout] error[E0425]: cannot find function `integer_ir` in module `source`
[INFO] [stdout]   --> composed/tests/mixed/fault/fault.rs:33:13
[INFO] [stdout]    |
[INFO] [stdout] 33 |       source::integer_ir::<i32, 7>(&source::integer_bindings::<i32>()).unwrap().with_ir(|ir| {
[INFO] [stdout]    |               ^^^^^^^^^^
[INFO] [stdout]    |
[INFO] [stdout]   ::: composed/tests/source/source.rs:10:1
[INFO] [stdout]    |
[INFO] [stdout] 10 | / pub fn integer<T: PcuCheckedInteger, const N: usize>(
[INFO] [stdout] 11 | |     ghost: &mut [T],
[INFO] [stdout] 12 | |     input: &[T],
[INFO] [stdout] 13 | |     seed: &T,
[INFO] [stdout] ...  |
[INFO] [stdout] 24 | |     output[id] = product - saved_stage;
[INFO] [stdout] 25 | | }
[INFO] [stdout]    | |_- similarly named function `integer` defined here
[INFO] [stdout]    |
[INFO] [stdout] help: a function with a similar name exists
[INFO] [stdout]    |
[INFO] [stdout] 33 -     source::integer_ir::<i32, 7>(&source::integer_bindings::<i32>()).unwrap().with_ir(|ir| {
[INFO] [stdout] 33 +     source::integer::<i32, 7>(&source::integer_bindings::<i32>()).unwrap().with_ir(|ir| {
[INFO] [stdout]    |
[INFO] [stdout] 
[INFO] [stdout] 
[INFO] [stdout] error[E0425]: cannot find function `integer_bindings` in module `source`
[INFO] [stdout]   --> composed/tests/mixed/fault/fault.rs:33:43
[INFO] [stdout]    |
[INFO] [stdout] 33 |     source::integer_ir::<i32, 7>(&source::integer_bindings::<i32>()).unwrap().with_ir(|ir| {
[INFO] [stdout]    |                                           ^^^^^^^^^^^^^^^^ not found in `source`
[INFO] [stdout] 
[INFO] [stdout] 
[INFO] [stdout] error[E0425]: cannot find function `integer_ir` in module `source`
[INFO] [stdout]   --> composed/tests/native/native.rs:74:21
[INFO] [stdout]    |
[INFO] [stdout] 74 |               source::integer_ir::<$ty, 7>(&source::integer_bindings::<$ty>()).unwrap().with_ir(|ir| {
[INFO] [stdout]    |                       ^^^^^^^^^^
[INFO] [stdout] ...
[INFO] [stdout] 84 |       integer!(i8, u8, i16, u16, i32, u32, i64, u64, i128, u128);
[INFO] [stdout]    |       ---------------------------------------------------------- in this macro invocation
[INFO] [stdout]    |
[INFO] [stdout]   ::: composed/tests/source/source.rs:10:1
[INFO] [stdout]    |
[INFO] [stdout] 10 | / pub fn integer<T: PcuCheckedInteger, const N: usize>(
[INFO] [stdout] 11 | |     ghost: &mut [T],
[INFO] [stdout] 12 | |     input: &[T],
[INFO] [stdout] 13 | |     seed: &T,
[INFO] [stdout] ...  |
[INFO] [stdout] 24 | |     output[id] = product - saved_stage;
[INFO] [stdout] 25 | | }
[INFO] [stdout]    | |_- similarly named function `integer` defined here
[INFO] [stdout]    |
[INFO] [stdout]    = note: this error originates in the macro `integer` (in Nightly builds, run with -Z macro-backtrace for more info)
[INFO] [stdout] help: a function with a similar name exists
[INFO] [stdout]    |
[INFO] [stdout] 74 -             source::integer_ir::<$ty, 7>(&source::integer_bindings::<$ty>()).unwrap().with_ir(|ir| {
[INFO] [stdout] 74 +             source::integer::<$ty, 7>(&source::integer_bindings::<$ty>()).unwrap().with_ir(|ir| {
[INFO] [stdout]    |
[INFO] [stdout] 
[INFO] [stdout] 
[INFO] [stdout] error[E0425]: cannot find function `integer_bindings` in module `source`
[INFO] [stdout]   --> composed/tests/native/native.rs:74:51
[INFO] [stdout]    |
[INFO] [stdout] 74 |             source::integer_ir::<$ty, 7>(&source::integer_bindings::<$ty>()).unwrap().with_ir(|ir| {
[INFO] [stdout]    |                                                   ^^^^^^^^^^^^^^^^ not found in `source`
[INFO] [stdout] ...
[INFO] [stdout] 84 |     integer!(i8, u8, i16, u16, i32, u32, i64, u64, i128, u128);
[INFO] [stdout]    |     ---------------------------------------------------------- in this macro invocation
[INFO] [stdout]    |
[INFO] [stdout]    = note: this error originates in the macro `integer` (in Nightly builds, run with -Z macro-backtrace for more info)
[INFO] [stdout] 
[INFO] [stdout] 
[INFO] [stdout] error[E0425]: cannot find function `floating_ir` in module `source`
[INFO] [stdout]    --> composed/tests/native/native.rs:94:17
[INFO] [stdout]     |
[INFO] [stdout]  94 |           source::floating_ir::<$ty, 7>(&source::floating_bindings::<$ty>()).unwrap().with_ir(|ir| {
[INFO] [stdout]     |                   ^^^^^^^^^^^
[INFO] [stdout] ...
[INFO] [stdout] 103 |       floating!(f32, f64);
[INFO] [stdout]     |       ------------------- in this macro invocation
[INFO] [stdout]     |
[INFO] [stdout]    ::: composed/tests/source/source.rs:28:1
[INFO] [stdout]     |
[INFO] [stdout]  28 | / pub fn floating<T: PcuCheckedFloat, const N: usize>(
[INFO] [stdout]  29 | |     ghost: &mut [T],
[INFO] [stdout]  30 | |     input: &[T],
[INFO] [stdout]  31 | |     seed: &T,
[INFO] [stdout] ...   |
[INFO] [stdout]  47 | | }
[INFO] [stdout]     | |_- similarly named function `floating` defined here
[INFO] [stdout]     |
[INFO] [stdout]     = note: this error originates in the macro `floating` (in Nightly builds, run with -Z macro-backtrace for more info)
[INFO] [stdout] help: a function with a similar name exists
[INFO] [stdout]     |
[INFO] [stdout]  94 -         source::floating_ir::<$ty, 7>(&source::floating_bindings::<$ty>()).unwrap().with_ir(|ir| {
[INFO] [stdout]  94 +         source::floating::<$ty, 7>(&source::floating_bindings::<$ty>()).unwrap().with_ir(|ir| {
[INFO] [stdout]     |
[INFO] [stdout] 
[INFO] [stdout] 
[INFO] [stdout] error[E0425]: cannot find function `floating_bindings` in module `source`
[INFO] [stdout]    --> composed/tests/native/native.rs:94:48
[INFO] [stdout]     |
[INFO] [stdout]  94 |         source::floating_ir::<$ty, 7>(&source::floating_bindings::<$ty>()).unwrap().with_ir(|ir| {
[INFO] [stdout]     |                                                ^^^^^^^^^^^^^^^^^ not found in `source`
[INFO] [stdout] ...
[INFO] [stdout] 103 |     floating!(f32, f64);
[INFO] [stdout]     |     ------------------- in this macro invocation
[INFO] [stdout]     |
[INFO] [stdout]     = note: this error originates in the macro `floating` (in Nightly builds, run with -Z macro-backtrace for more info)
[INFO] [stdout] 
[INFO] [stdout] 
[INFO] [stdout] error[E0425]: cannot find function `integer_ir` in module `source`
[INFO] [stdout]    --> composed/tests/native/native.rs:112:13
[INFO] [stdout]     |
[INFO] [stdout] 112 |       source::integer_ir::<i32, 7>(&source::integer_bindings::<i32>())
[INFO] [stdout]     |               ^^^^^^^^^^
[INFO] [stdout]     |
[INFO] [stdout]    ::: composed/tests/source/source.rs:10:1
[INFO] [stdout]     |
[INFO] [stdout]  10 | / pub fn integer<T: PcuCheckedInteger, const N: usize>(
[INFO] [stdout]  11 | |     ghost: &mut [T],
[INFO] [stdout]  12 | |     input: &[T],
[INFO] [stdout]  13 | |     seed: &T,
[INFO] [stdout] ...   |
[INFO] [stdout]  24 | |     output[id] = product - saved_stage;
[INFO] [stdout]  25 | | }
[INFO] [stdout]     | |_- similarly named function `integer` defined here
[INFO] [stdout]     |
[INFO] [stdout] help: a function with a similar name exists
[INFO] [stdout]     |
[INFO] [stdout] 112 -     source::integer_ir::<i32, 7>(&source::integer_bindings::<i32>())
[INFO] [stdout] 112 +     source::integer::<i32, 7>(&source::integer_bindings::<i32>())
[INFO] [stdout]     |
[INFO] [stdout] 
[INFO] [stdout] 
[INFO] [stdout] error[E0425]: cannot find function `integer_bindings` in module `source`
[INFO] [stdout]    --> composed/tests/native/native.rs:112:43
[INFO] [stdout]     |
[INFO] [stdout] 112 |     source::integer_ir::<i32, 7>(&source::integer_bindings::<i32>())
[INFO] [stdout]     |                                           ^^^^^^^^^^^^^^^^ not found in `source`
[INFO] [stdout] 
[INFO] [stdout] 
[INFO] [stdout] error[E0425]: cannot find function `floating_ir` in module `source`
[INFO] [stdout]    --> composed/tests/native/native.rs:142:13
[INFO] [stdout]     |
[INFO] [stdout] 142 |       source::floating_ir::<f64,7>(&source::floating_bindings::<f64>())
[INFO] [stdout]     |               ^^^^^^^^^^^
[INFO] [stdout]     |
[INFO] [stdout]    ::: composed/tests/source/source.rs:28:1
[INFO] [stdout]     |
[INFO] [stdout]  28 | / pub fn floating<T: PcuCheckedFloat, const N: usize>(
[INFO] [stdout]  29 | |     ghost: &mut [T],
[INFO] [stdout]  30 | |     input: &[T],
[INFO] [stdout]  31 | |     seed: &T,
[INFO] [stdout] ...   |
[INFO] [stdout]  47 | | }
[INFO] [stdout]     | |_- similarly named function `floating` defined here
[INFO] [stdout]     |
[INFO] [stdout] help: a function with a similar name exists
[INFO] [stdout]     |
[INFO] [stdout] 142 -     source::floating_ir::<f64,7>(&source::floating_bindings::<f64>())
[INFO] [stdout] 142 +     source::floating::<f64,7>(&source::floating_bindings::<f64>())
[INFO] [stdout]     |
[INFO] [stdout] 
[INFO] [stdout] 
[INFO] [stdout] error[E0425]: cannot find function `floating_bindings` in module `source`
[INFO] [stdout]    --> composed/tests/native/native.rs:142:43
[INFO] [stdout]     |
[INFO] [stdout] 142 |     source::floating_ir::<f64,7>(&source::floating_bindings::<f64>())
[INFO] [stdout]     |                                           ^^^^^^^^^^^^^^^^^ not found in `source`
[INFO] [stdout] 
[INFO] [stdout] 
[INFO] [stdout] error[E0425]: cannot find function `integer_ir` in module `source`
[INFO] [stdout]   --> composed/tests/tests.rs:77:17
[INFO] [stdout]    |
[INFO] [stdout] 77 |           source::integer_ir::<$ty, 7>(&source::integer_bindings::<$ty>()).unwrap()
[INFO] [stdout]    |                   ^^^^^^^^^^
[INFO] [stdout] ...
[INFO] [stdout] 80 |       integer!(i8, u8, i16, u16, i32, u32, i64, u64, i128, u128);
[INFO] [stdout]    |       ---------------------------------------------------------- in this macro invocation
[INFO] [stdout]    |
[INFO] [stdout]   ::: composed/tests/source/source.rs:10:1
[INFO] [stdout]    |
[INFO] [stdout] 10 | / pub fn integer<T: PcuCheckedInteger, const N: usize>(
[INFO] [stdout] 11 | |     ghost: &mut [T],
[INFO] [stdout] 12 | |     input: &[T],
[INFO] [stdout] 13 | |     seed: &T,
[INFO] [stdout] ...  |
[INFO] [stdout] 24 | |     output[id] = product - saved_stage;
[INFO] [stdout] 25 | | }
[INFO] [stdout]    | |_- similarly named function `integer` defined here
[INFO] [stdout]    |
[INFO] [stdout]    = note: this error originates in the macro `integer` (in Nightly builds, run with -Z macro-backtrace for more info)
[INFO] [stdout] help: a function with a similar name exists
[INFO] [stdout]    |
[INFO] [stdout] 77 -         source::integer_ir::<$ty, 7>(&source::integer_bindings::<$ty>()).unwrap()
[INFO] [stdout] 77 +         source::integer::<$ty, 7>(&source::integer_bindings::<$ty>()).unwrap()
[INFO] [stdout]    |
[INFO] [stdout] 
[INFO] [stdout] 
[INFO] [stdout] error[E0425]: cannot find function `integer_bindings` in module `source`
[INFO] [stdout]   --> composed/tests/tests.rs:77:47
[INFO] [stdout]    |
[INFO] [stdout] 77 |         source::integer_ir::<$ty, 7>(&source::integer_bindings::<$ty>()).unwrap()
[INFO] [stdout]    |                                               ^^^^^^^^^^^^^^^^ not found in `source`
[INFO] [stdout] ...
[INFO] [stdout] 80 |     integer!(i8, u8, i16, u16, i32, u32, i64, u64, i128, u128);
[INFO] [stdout]    |     ---------------------------------------------------------- in this macro invocation
[INFO] [stdout]    |
[INFO] [stdout]    = note: this error originates in the macro `integer` (in Nightly builds, run with -Z macro-backtrace for more info)
[INFO] [stdout] 
[INFO] [stdout] 
[INFO] [stdout] error[E0425]: cannot find function `floating_ir` in module `source`
[INFO] [stdout]   --> composed/tests/tests.rs:81:13
[INFO] [stdout]    |
[INFO] [stdout] 81 |       source::floating_ir::<f32, 7>(&source::floating_bindings::<f32>())
[INFO] [stdout]    |               ^^^^^^^^^^^
[INFO] [stdout]    |
[INFO] [stdout]   ::: composed/tests/source/source.rs:28:1
[INFO] [stdout]    |
[INFO] [stdout] 28 | / pub fn floating<T: PcuCheckedFloat, const N: usize>(
[INFO] [stdout] 29 | |     ghost: &mut [T],
[INFO] [stdout] 30 | |     input: &[T],
[INFO] [stdout] 31 | |     seed: &T,
[INFO] [stdout] ...  |
[INFO] [stdout] 47 | | }
[INFO] [stdout]    | |_- similarly named function `floating` defined here
[INFO] [stdout]    |
[INFO] [stdout] help: a function with a similar name exists
[INFO] [stdout]    |
[INFO] [stdout] 81 -     source::floating_ir::<f32, 7>(&source::floating_bindings::<f32>())
[INFO] [stdout] 81 +     source::floating::<f32, 7>(&source::floating_bindings::<f32>())
[INFO] [stdout]    |
[INFO] [stdout] 
[INFO] [stdout] 
[INFO] [stdout] error[E0425]: cannot find function `floating_bindings` in module `source`
[INFO] [stdout]   --> composed/tests/tests.rs:81:44
[INFO] [stdout]    |
[INFO] [stdout] 81 |     source::floating_ir::<f32, 7>(&source::floating_bindings::<f32>())
[INFO] [stdout]    |                                            ^^^^^^^^^^^^^^^^^ not found in `source`
[INFO] [stdout] 
[INFO] [stdout] 
[INFO] [stdout] error[E0425]: cannot find function `floating_ir` in module `source`
[INFO] [stdout]   --> composed/tests/tests.rs:84:13
[INFO] [stdout]    |
[INFO] [stdout] 84 |       source::floating_ir::<f64, 7>(&source::floating_bindings::<f64>())
[INFO] [stdout]    |               ^^^^^^^^^^^
[INFO] [stdout]    |
[INFO] [stdout]   ::: composed/tests/source/source.rs:28:1
[INFO] [stdout]    |
[INFO] [stdout] 28 | / pub fn floating<T: PcuCheckedFloat, const N: usize>(
[INFO] [stdout] 29 | |     ghost: &mut [T],
[INFO] [stdout] 30 | |     input: &[T],
[INFO] [stdout] 31 | |     seed: &T,
[INFO] [stdout] ...  |
[INFO] [stdout] 47 | | }
[INFO] [stdout]    | |_- similarly named function `floating` defined here
[INFO] [stdout]    |
[INFO] [stdout] help: a function with a similar name exists
[INFO] [stdout]    |
[INFO] [stdout] 84 -     source::floating_ir::<f64, 7>(&source::floating_bindings::<f64>())
[INFO] [stdout] 84 +     source::floating::<f64, 7>(&source::floating_bindings::<f64>())
[INFO] [stdout]    |
[INFO] [stdout] 
[INFO] [stdout] 
[INFO] [stdout] error[E0425]: cannot find function `floating_bindings` in module `source`
[INFO] [stdout]   --> composed/tests/tests.rs:84:44
[INFO] [stdout]    |
[INFO] [stdout] 84 |     source::floating_ir::<f64, 7>(&source::floating_bindings::<f64>())
[INFO] [stdout]    |                                            ^^^^^^^^^^^^^^^^^ not found in `source`
[INFO] [stdout] 
[INFO] [stdout] 
[INFO] [stdout] error[E0425]: cannot find function `integer_ir` in module `source`
[INFO] [stdout]   --> composed/tests/tests.rs:91:13
[INFO] [stdout]    |
[INFO] [stdout] 91 |       source::integer_ir::<i32, 7>(&source::integer_bindings::<i32>())
[INFO] [stdout]    |               ^^^^^^^^^^
[INFO] [stdout]    |
[INFO] [stdout]   ::: composed/tests/source/source.rs:10:1
[INFO] [stdout]    |
[INFO] [stdout] 10 | / pub fn integer<T: PcuCheckedInteger, const N: usize>(
[INFO] [stdout] 11 | |     ghost: &mut [T],
[INFO] [stdout] 12 | |     input: &[T],
[INFO] [stdout] 13 | |     seed: &T,
[INFO] [stdout] ...  |
[INFO] [stdout] 24 | |     output[id] = product - saved_stage;
[INFO] [stdout] 25 | | }
[INFO] [stdout]    | |_- similarly named function `integer` defined here
[INFO] [stdout]    |
[INFO] [stdout] help: a function with a similar name exists
[INFO] [stdout]    |
[INFO] [stdout] 91 -     source::integer_ir::<i32, 7>(&source::integer_bindings::<i32>())
[INFO] [stdout] 91 +     source::integer::<i32, 7>(&source::integer_bindings::<i32>())
[INFO] [stdout]    |
[INFO] [stdout] 
[INFO] [stdout] 
[INFO] [stdout] error[E0425]: cannot find function `integer_bindings` in module `source`
[INFO] [stdout]   --> composed/tests/tests.rs:91:43
[INFO] [stdout]    |
[INFO] [stdout] 91 |     source::integer_ir::<i32, 7>(&source::integer_bindings::<i32>())
[INFO] [stdout]    |                                           ^^^^^^^^^^^^^^^^ not found in `source`
[INFO] [stdout] 
[INFO] [stdout] 
[INFO] [stdout] error[E0433]: cannot find module or crate `pcu_facade` in this scope
[INFO] [stdout]   --> composed/tests/native/native.rs:75:66
[INFO] [stdout]    |
[INFO] [stdout] 75 |                 let plan = MlxCheckedMapPlan::assess(ir, <$ty as pcu_facade::PcuScalar>::TYPE).unwrap();
[INFO] [stdout]    |                                                                  ^^^^^^^^^^ use of unresolved module or unlinked crate `pcu_facade`
[INFO] [stdout] ...
[INFO] [stdout] 84 |     integer!(i8, u8, i16, u16, i32, u32, i64, u64, i128, u128);
[INFO] [stdout]    |     ---------------------------------------------------------- in this macro invocation
[INFO] [stdout]    |
[INFO] [stdout]    = help: if you wanted to use a crate named `pcu_facade`, use `cargo add pcu_facade` to add it to your `Cargo.toml`
[INFO] [stdout]    = note: this error originates in the macro `integer` (in Nightly builds, run with -Z macro-backtrace for more info)
[INFO] [stdout] 
[INFO] [stdout] 
[INFO] [stdout] error[E0433]: cannot find module or crate `pcu_facade` in this scope
[INFO] [stdout]    --> composed/tests/native/native.rs:95:62
[INFO] [stdout]     |
[INFO] [stdout]  95 |             let plan = MlxCheckedMapPlan::assess(ir, <$ty as pcu_facade::PcuScalar>::TYPE).unwrap();
[INFO] [stdout]     |                                                              ^^^^^^^^^^ use of unresolved module or unlinked crate `pcu_facade`
[INFO] [stdout] ...
[INFO] [stdout] 103 |     floating!(f32, f64);
[INFO] [stdout]     |     ------------------- in this macro invocation
[INFO] [stdout]     |
[INFO] [stdout]     = help: if you wanted to use a crate named `pcu_facade`, use `cargo add pcu_facade` to add it to your `Cargo.toml`
[INFO] [stdout]     = note: this error originates in the macro `floating` (in Nightly builds, run with -Z macro-backtrace for more info)
[INFO] [stdout] 
[INFO] [stdout] 
[INFO] [stdout] error[E0433]: cannot find module or crate `pcu_facade` in this scope
[INFO] [stdout]   --> composed/tests/tests.rs:78:54
[INFO] [stdout]    |
[INFO] [stdout] 78 |             .with_ir(|ir| assert_profile(ir, <$ty as pcu_facade::PcuScalar>::TYPE, false));
[INFO] [stdout]    |                                                      ^^^^^^^^^^ use of unresolved module or unlinked crate `pcu_facade`
[INFO] [stdout] 79 |     )* }; }
[INFO] [stdout] 80 |     integer!(i8, u8, i16, u16, i32, u32, i64, u64, i128, u128);
[INFO] [stdout]    |     ---------------------------------------------------------- in this macro invocation
[INFO] [stdout]    |
[INFO] [stdout]    = help: if you wanted to use a crate named `pcu_facade`, use `cargo add pcu_facade` to add it to your `Cargo.toml`
[INFO] [stdout]    = note: this error originates in the macro `integer` (in Nightly builds, run with -Z macro-backtrace for more info)
[INFO] [stdout] 
[INFO] [stdout] 
[INFO] [stdout] Some errors have detailed explanations: E0425, E0432, E0433.
[INFO] [stdout] 
[INFO] [stdout] For more information about an error, try `rustc --explain E0425`.
[INFO] [stdout] 
[INFO] [stderr] error: could not compile `fusion-pcu-mlx` (lib test) due to 38 previous errors
[INFO] running `Command { std: "docker" "inspect" "c5aa59c3f80b224ac1587a5d4db64019197ed3508e8ac9ad439b11da0370aae2", kill_on_drop: false }`
[INFO] running `Command { std: "docker" "rm" "-f" "c5aa59c3f80b224ac1587a5d4db64019197ed3508e8ac9ad439b11da0370aae2", kill_on_drop: false }`
[INFO] [stdout] c5aa59c3f80b224ac1587a5d4db64019197ed3508e8ac9ad439b11da0370aae2
