[INFO] fetching crate fukurow-cli 0.1.0...
[INFO] testing fukurow-cli-0.1.0 against 1.100.0-beta.1+cargoflags=--release for beta-release-1.100-2
[INFO] extracting crate fukurow-cli 0.1.0 into /workspace/builds/worker-5-tc2/source
[INFO] started tweaking crates.io crate fukurow-cli 0.1.0
[INFO] removed 0 missing tests
[INFO] finished tweaking crates.io crate fukurow-cli 0.1.0
[INFO] tweaked toml for crates.io crate fukurow-cli 0.1.0 written to /workspace/builds/worker-5-tc2/source/Cargo.toml
[INFO] validating manifest of crates.io crate fukurow-cli 0.1.0 on toolchain 1.100.0-beta.1
[INFO] running `Command { std: CARGO_HOME="/workspace/cargo-home" RUSTUP_HOME="/workspace/rustup-home" "/workspace/cargo-home/bin/cargo" "+1.100.0-beta.1" "metadata" "--manifest-path" "Cargo.toml" "--no-deps", kill_on_drop: false }`
[INFO] crate crates.io crate fukurow-cli 0.1.0 already has a lockfile, it will not be regenerated
[INFO] running `Command { std: CARGO_HOME="/workspace/cargo-home" RUSTUP_HOME="/workspace/rustup-home" "/workspace/cargo-home/bin/cargo" "+1.100.0-beta.1" "fetch" "--manifest-path" "Cargo.toml", kill_on_drop: false }`
[INFO] running `Command { std: "docker" "create" "-v" "/var/lib/crater-agent-workspace/builds/worker-5-tc2/source:/opt/rustwide/workdir:ro,Z" "-v" "/var/lib/crater-agent-workspace/builds/worker-5-tc2/target:/opt/rustwide/target:rw,Z" "-v" "/var/lib/crater-agent-workspace/cargo-home:/opt/rustwide/cargo-home:ro,Z" "-v" "/var/lib/crater-agent-workspace/rustup-home:/opt/rustwide/rustup-home:ro,Z" "-m" "1610612736" "--network" "none" "ghcr.io/rust-lang/crates-build-env/linux@sha256:77db811e55d90add9212f6832c23229e3de5f1c1f9905e8cb07319ea15df73ac" "sleep" "infinity", kill_on_drop: false }`
[INFO] [stdout] fd5c7185bfe31e96d7b72f4300d116d0e70f7bf29e9b8fec6c5a267960e75d44
[INFO] running `Command { std: "docker" "start" "fd5c7185bfe31e96d7b72f4300d116d0e70f7bf29e9b8fec6c5a267960e75d44", kill_on_drop: false }`
[INFO] running `Command { std: "docker" "inspect" "fd5c7185bfe31e96d7b72f4300d116d0e70f7bf29e9b8fec6c5a267960e75d44", kill_on_drop: false }`
[INFO] running `Command { std: "docker" "exec" "-e" "SOURCE_DIR=/opt/rustwide/workdir" "-e" "CARGO_HOME=/opt/rustwide/cargo-home" "-e" "RUSTUP_HOME=/opt/rustwide/rustup-home" "-e" "CARGO_TARGET_DIR=/opt/rustwide/target" "-w" "/opt/rustwide/workdir" "--user" "0:0" "fd5c7185bfe31e96d7b72f4300d116d0e70f7bf29e9b8fec6c5a267960e75d44" "/opt/rustwide/cargo-home/bin/cargo" "+1.100.0-beta.1" "metadata" "--no-deps" "--format-version=1", kill_on_drop: false }`
[INFO] running `Command { std: "docker" "inspect" "fd5c7185bfe31e96d7b72f4300d116d0e70f7bf29e9b8fec6c5a267960e75d44", kill_on_drop: false }`
[INFO] running `Command { std: "docker" "exec" "-e" "SOURCE_DIR=/opt/rustwide/workdir" "-e" "CARGO_HOME=/opt/rustwide/cargo-home" "-e" "RUSTUP_HOME=/opt/rustwide/rustup-home" "-e" "CARGO_TARGET_DIR=/opt/rustwide/target" "-e" "CARGO_INCREMENTAL=0" "-e" "RUST_BACKTRACE=full" "-e" "RUSTFLAGS=--cap-lints=warn" "-e" "RUSTDOCFLAGS=--cap-lints=warn" "-w" "/opt/rustwide/workdir" "--user" "0:0" "fd5c7185bfe31e96d7b72f4300d116d0e70f7bf29e9b8fec6c5a267960e75d44" "/opt/rustwide/cargo-home/bin/cargo" "+1.100.0-beta.1" "build" "--frozen" "--message-format=json" "--release", kill_on_drop: false }`
[INFO] [stderr]    Compiling unicode-ident v1.0.20
[INFO] [stderr]    Compiling libc v0.2.177
[INFO] [stderr]    Compiling smallvec v1.15.1
[INFO] [stderr]    Compiling generic-array v0.14.9
[INFO] [stderr]    Compiling utf8-decode v1.0.1
[INFO] [stderr]    Compiling lexical-util v1.0.7
[INFO] [stderr]    Compiling futures-sink v0.3.31
[INFO] [stderr]    Compiling zerocopy v0.8.27
[INFO] [stderr]    Compiling indexmap v1.9.3
[INFO] [stderr]    Compiling log v0.4.28
[INFO] [stderr]    Compiling contextual v0.1.6
[INFO] [stderr]    Compiling cc-traits v2.0.0
[INFO] [stderr]    Compiling nom v7.1.3
[INFO] [stderr]    Compiling thiserror v1.0.69
[INFO] [stderr]    Compiling proc-macro2 v1.0.103
[INFO] [stderr]    Compiling ciborium-io v0.2.2
[INFO] [stderr]    Compiling ryu-js v0.2.2
[INFO] [stderr]    Compiling futures-channel v0.3.31
[INFO] [stderr]    Compiling smallstr v0.3.1
[INFO] [stderr]    Compiling decoded-char v0.1.1
[INFO] [stderr]    Compiling range-traits v0.3.2
[INFO] [stderr]    Compiling ryu_floating_decimal v0.1.0
[INFO] [stderr]    Compiling cpufeatures v0.2.17
[INFO] [stderr]    Compiling hex_fmt v0.3.0
[INFO] [stderr]    Compiling aho-corasick v1.1.3
[INFO] [stderr]    Compiling oxiri v0.2.11
[INFO] [stderr]    Compiling permutohedron v0.2.4
[INFO] [stderr]    Compiling mown v0.2.2
[INFO] [stderr]    Compiling btree-slab v0.6.1
[INFO] [stderr]    Compiling pct-str v1.2.0
[INFO] [stderr]    Compiling resiter v0.5.0
[INFO] [stderr]    Compiling mownstr v0.2.1
[INFO] [stderr]    Compiling num-bigint v0.4.6
[INFO] [stderr]    Compiling langtag v0.3.4
[INFO] [stderr]    Compiling pretty_dtoa v0.3.0
[INFO] [stderr]    Compiling iref v2.2.3
[INFO] [stderr]    Compiling hashbrown v0.16.0
[INFO] [stderr]    Compiling quote v1.0.41
[INFO] [stderr]    Compiling bitmaps v2.1.0
[INFO] [stderr]    Compiling im v15.1.0
[INFO] [stderr]    Compiling raw-btree v0.3.3
[INFO] [stderr]    Compiling locspan v0.8.2
[INFO] [stderr]    Compiling replace_with v0.1.8
[INFO] [stderr]    Compiling rand_xoshiro v0.6.0
[INFO] [stderr]    Compiling syn v2.0.108
[INFO] [stderr]    Compiling syn v1.0.109
[INFO] [stderr]    Compiling proc-macro-error-attr v1.0.4
[INFO] [stderr]    Compiling crypto-common v0.1.6
[INFO] [stderr]    Compiling block-buffer v0.10.4
[INFO] [stderr]    Compiling static-iref v2.0.0
[INFO] [stderr]    Compiling num-rational v0.4.2
[INFO] [stderr]    Compiling digest v0.10.7
[INFO] [stderr]    Compiling lexical-write-integer v1.0.6
[INFO] [stderr]    Compiling lexical-parse-integer v1.0.6
[INFO] [stderr]    Compiling indexmap v2.12.0
[INFO] [stderr]    Compiling sized-chunks v0.6.5
[INFO] [stderr]    Compiling lexical-write-float v1.0.6
[INFO] [stderr]    Compiling lexical-parse-float v1.0.6
[INFO] [stderr]    Compiling sha2 v0.10.9
[INFO] [stderr]    Compiling regex-automata v0.4.13
[INFO] [stderr]    Compiling getrandom v0.2.16
[INFO] [stderr]    Compiling ahash v0.7.8
[INFO] [stderr]    Compiling parking_lot_core v0.9.12
[INFO] [stderr]    Compiling signal-hook-registry v1.4.6
[INFO] [stderr]    Compiling socket2 v0.6.1
[INFO] [stderr]    Compiling mio v1.1.0
[INFO] [stderr]    Compiling ordered-float v3.9.2
[INFO] [stderr]    Compiling hashbrown v0.12.3
[INFO] [stderr]    Compiling parking_lot v0.12.5
[INFO] [stderr]    Compiling abnf-core v0.5.0
[INFO] [stderr]    Compiling lexical-core v1.0.6
[INFO] [stderr]    Compiling abnf v0.13.0
[INFO] [stderr]    Compiling lexical v7.0.5
[INFO] [stderr]    Compiling json-number v0.4.9
[INFO] [stderr]    Compiling rio_api v0.8.5
[INFO] [stderr]    Compiling oxilangtag v0.1.5
[INFO] [stderr]    Compiling owning_ref v0.4.1
[INFO] [stderr]    Compiling quick-xml v0.36.2
[INFO] [stderr]    Compiling tracing-core v0.1.34
[INFO] [stderr]    Compiling ahash v0.8.12
[INFO] [stderr]    Compiling rio_turtle v0.8.5
[INFO] [stderr]    Compiling serde_json v1.0.145
[INFO] [stderr]    Compiling http v1.3.1
[INFO] [stderr]    Compiling hashbrown v0.13.2
[INFO] [stderr]    Compiling getrandom v0.3.4
[INFO] [stderr]    Compiling anyhow v1.0.100
[INFO] [stderr]    Compiling iri-string v0.7.8
[INFO] [stderr]    Compiling sync_wrapper v1.0.2
[INFO] [stderr]    Compiling anstyle-query v1.1.4
[INFO] [stderr]    Compiling rustix v1.1.2
[INFO] [stderr]    Compiling locspan v0.7.16
[INFO] [stderr]    Compiling anstyle v1.0.13
[INFO] [stderr]    Compiling tracing-log v0.2.0
[INFO] [stderr]    Compiling anstream v0.6.21
[INFO] [stderr]    Compiling serde_path_to_error v0.1.20
[INFO] [stderr]    Compiling matchit v0.7.3
[INFO] [stderr]    Compiling http-body v1.0.1
[INFO] [stderr]    Compiling linux-raw-sys v0.11.0
[INFO] [stderr]    Compiling http-body-util v0.1.3
[INFO] [stderr]    Compiling clap_lex v0.7.6
[INFO] [stderr]    Compiling shell-words v1.1.0
[INFO] [stderr]    Compiling rio_xml v0.8.5
[INFO] [stderr]    Compiling clap_builder v4.5.50
[INFO] [stderr]    Compiling proc-macro-error v1.0.4
[INFO] [stderr]    Compiling locspan-derive v0.6.0
[INFO] [stderr]    Compiling derivative v2.2.0
[INFO] [stderr]    Compiling tempfile v3.23.0
[INFO] [stderr]    Compiling thiserror-impl v1.0.69
[INFO] [stderr]    Compiling serde_derive v1.0.228
[INFO] [stderr]    Compiling zerocopy-derive v0.8.27
[INFO] [stderr]    Compiling futures-macro v0.3.31
[INFO] [stderr]    Compiling enum-ordinalize-derive v4.3.1
[INFO] [stderr]    Compiling enum-ordinalize v3.1.15
[INFO] [stderr]    Compiling tokio-macros v2.6.0
[INFO] [stderr]    Compiling tracing-attributes v0.1.30
[INFO] [stderr]    Compiling async-trait v0.1.89
[INFO] [stderr]    Compiling json-syntax v0.9.6
[INFO] [stderr]    Compiling json-syntax v0.12.5
[INFO] [stderr]    Compiling educe v0.4.23
[INFO] [stderr]    Compiling regex v1.12.2
[INFO] [stderr]    Compiling enum-ordinalize v4.3.0
[INFO] [stderr]    Compiling educe v0.5.11
[INFO] [stderr]    Compiling futures-util v0.3.31
[INFO] [stderr]    Compiling tokio v1.48.0
[INFO] [stderr]    Compiling matchers v0.2.0
[INFO] [stderr]    Compiling clap_derive v4.5.49
[INFO] [stderr]    Compiling pct-str v2.0.0
[INFO] [stderr]    Compiling rdf-types v0.15.4
[INFO] [stderr]    Compiling tracing v0.1.41
[INFO] [stderr]    Compiling tracing-subscriber v0.3.20
[INFO] [stderr]    Compiling tower-http v0.5.2
[INFO] [stderr]    Compiling tower v0.4.13
[INFO] [stderr]    Compiling json-ld-syntax v0.15.1
[INFO] [stderr]    Compiling clap v4.5.50
[INFO] [stderr]    Compiling half v2.7.1
[INFO] [stderr]    Compiling serde v1.0.228
[INFO] [stderr]    Compiling ciborium-ll v0.2.2
[INFO] [stderr]    Compiling sophia_iri v0.8.0
[INFO] [stderr]    Compiling ciborium v0.2.2
[INFO] [stderr]    Compiling btree-range-map v0.7.2
[INFO] [stderr]    Compiling sophia_api v0.8.0
[INFO] [stderr]    Compiling chrono v0.4.42
[INFO] [stderr]    Compiling uuid v1.18.1
[INFO] [stderr]    Compiling serde_urlencoded v0.7.1
[INFO] [stderr]    Compiling static-regular-grammar v2.0.2
[INFO] [stderr]    Compiling futures-executor v0.3.31
[INFO] [stderr]    Compiling axum-core v0.4.5
[INFO] [stderr]    Compiling futures v0.3.31
[INFO] [stderr]    Compiling json-ld-core v0.15.1
[INFO] [stderr]    Compiling sophia_rio v0.8.0
[INFO] [stderr]    Compiling sophia_term v0.8.0
[INFO] [stderr]    Compiling sophia_c14n v0.8.0
[INFO] [stderr]    Compiling sophia_isomorphism v0.8.0
[INFO] [stderr]    Compiling sophia_inmem v0.8.0
[INFO] [stderr]    Compiling sophia_turtle v0.8.0
[INFO] [stderr]    Compiling sophia_xml v0.8.0
[INFO] [stderr]    Compiling json-ld-context-processing v0.15.1
[INFO] [stderr]    Compiling hyper v1.7.0
[INFO] [stderr]    Compiling tower v0.5.2
[INFO] [stderr]    Compiling iref-core v3.2.2
[INFO] [stderr]    Compiling langtag v0.4.0
[INFO] [stderr]    Compiling json-ld-expansion v0.15.1
[INFO] [stderr]    Compiling json-ld-compaction v0.15.1
[INFO] [stderr]    Compiling hyper-util v0.1.17
[INFO] [stderr]    Compiling axum v0.7.9
[INFO] [stderr]    Compiling json-ld v0.15.1
[INFO] [stderr]    Compiling sophia_jsonld v0.8.0
[INFO] [stderr]    Compiling iref v3.2.2
[INFO] [stderr]    Compiling static-iref v3.0.0
[INFO] [stderr]    Compiling linked-data-derive v0.1.0
[INFO] [stderr]    Compiling rdf-types v0.22.5
[INFO] [stderr]    Compiling xsd-types v0.9.6
[INFO] [stderr]    Compiling sophia_resource v0.8.0
[INFO] [stderr]    Compiling sophia v0.8.0
[INFO] [stderr]    Compiling json-ld-syntax v0.16.0
[INFO] [stderr]    Compiling linked-data v0.1.2
[INFO] [stderr]    Compiling json-ld-core v0.16.0
[INFO] [stderr]    Compiling json-ld-context-processing v0.16.0
[INFO] [stderr]    Compiling json-ld-serialization v0.16.0
[INFO] [stderr]    Compiling json-ld-expansion v0.16.0
[INFO] [stderr]    Compiling json-ld-compaction v0.16.0
[INFO] [stderr]    Compiling json-ld v0.16.0
[INFO] [stderr]    Compiling fukurow-core v0.1.0
[INFO] [stderr]    Compiling fukurow-store v0.1.0
[INFO] [stderr]    Compiling fukurow-rules v0.1.0
[INFO] [stderr]    Compiling fukurow-engine v0.1.0
[INFO] [stderr]    Compiling fukurow-domain-cyber v0.1.0
[INFO] [stderr]    Compiling fukurow-api v0.1.0
[INFO] [stderr]    Compiling fukurow-cli v0.1.0 (/opt/rustwide/workdir)
[INFO] [stderr] warning: unused dependency `tempfile`
[INFO] [stderr]   --> Cargo.toml:37:15
[INFO] [stderr]    |
[INFO] [stderr] 37 | [dependencies.tempfile]
[INFO] [stderr]    |               ^^^^^^^^^
[INFO] [stderr]    |
[INFO] [stderr]    = note: `cargo::unused_dependencies` is set to `warn` by default
[INFO] [stderr] help: consider removing the dependency on `tempfile`
[INFO] [stderr] warning: `fukurow-cli` (manifest) generated 1 warning
[INFO] [stderr]     Finished `release` profile [optimized] target(s) in 3m 10s
[INFO] running `Command { std: "docker" "inspect" "fd5c7185bfe31e96d7b72f4300d116d0e70f7bf29e9b8fec6c5a267960e75d44", kill_on_drop: false }`
[INFO] running `Command { std: "docker" "exec" "-e" "SOURCE_DIR=/opt/rustwide/workdir" "-e" "CARGO_HOME=/opt/rustwide/cargo-home" "-e" "RUSTUP_HOME=/opt/rustwide/rustup-home" "-e" "CARGO_TARGET_DIR=/opt/rustwide/target" "-e" "CARGO_INCREMENTAL=0" "-e" "RUST_BACKTRACE=full" "-e" "RUSTFLAGS=--cap-lints=warn" "-e" "RUSTDOCFLAGS=--cap-lints=warn" "-w" "/opt/rustwide/workdir" "--user" "0:0" "fd5c7185bfe31e96d7b72f4300d116d0e70f7bf29e9b8fec6c5a267960e75d44" "/opt/rustwide/cargo-home/bin/cargo" "+1.100.0-beta.1" "test" "--frozen" "--no-run" "--message-format=json" "--release", kill_on_drop: false }`
[INFO] [stderr]    Compiling getrandom v0.3.4
[INFO] [stderr]    Compiling wait-timeout v0.2.1
[INFO] [stderr]    Compiling ppv-lite86 v0.2.21
[INFO] [stderr]    Compiling uuid v1.18.1
[INFO] [stderr]    Compiling rand_core v0.9.3
[INFO] [stderr]    Compiling tempfile v3.23.0
[INFO] [stderr]    Compiling rusty-fork v0.3.1
[INFO] [stderr]    Compiling rand_xorshift v0.4.0
[INFO] [stderr]    Compiling rand v0.9.2
[INFO] [stderr]    Compiling fukurow-core v0.1.0
[INFO] [stderr]    Compiling rand_chacha v0.9.0
[INFO] [stderr]    Compiling fukurow-store v0.1.0
[INFO] [stderr]    Compiling proptest v1.8.0
[INFO] [stderr]    Compiling fukurow-rules v0.1.0
[INFO] [stderr]    Compiling fukurow-engine v0.1.0
[INFO] [stderr]    Compiling fukurow-domain-cyber v0.1.0
[INFO] [stderr]    Compiling fukurow-api v0.1.0
[INFO] [stderr]    Compiling fukurow-cli v0.1.0 (/opt/rustwide/workdir)
[INFO] [stdout] error[E0433]: cannot find module or crate `reasoner_cli` in this scope
[INFO] [stdout]  --> tests/cli_tests.rs:3:5
[INFO] [stdout]   |
[INFO] [stdout] 3 | use reasoner_cli::commands::{Cli, Commands, CommandResult, CommandExecutor, OutputFormat};
[INFO] [stdout]   |     ^^^^^^^^^^^^ use of unresolved module or unlinked crate `reasoner_cli`
[INFO] [stdout]   |
[INFO] [stdout]   = help: if you wanted to use a crate named `reasoner_cli`, use `cargo add reasoner_cli` to add it to your `Cargo.toml`
[INFO] [stdout] 
[INFO] [stdout] 
[INFO] [stdout] error[E0433]: cannot find module or crate `reasoner_graph` in this scope
[INFO] [stdout]  --> tests/cli_tests.rs:5:5
[INFO] [stdout]   |
[INFO] [stdout] 5 | use reasoner_graph::model::CyberEvent;
[INFO] [stdout]   |     ^^^^^^^^^^^^^^ use of unresolved module or unlinked crate `reasoner_graph`
[INFO] [stdout]   |
[INFO] [stdout]   = help: if you wanted to use a crate named `reasoner_graph`, use `cargo add reasoner_graph` to add it to your `Cargo.toml`
[INFO] [stdout] 
[INFO] [stdout] 
[INFO] [stdout] error[E0433]: cannot find module or crate `reasoner_cli` in this scope
[INFO] [stdout]    --> tests/cli_tests.rs:108:17
[INFO] [stdout]     |
[INFO] [stdout] 108 |                 reasoner_cli::commands::ThreatCommands::Stats => {} // Expected
[INFO] [stdout]     |                 ^^^^^^^^^^^^ use of unresolved module or unlinked crate `reasoner_cli`
[INFO] [stdout]     |
[INFO] [stdout]     = help: if you wanted to use a crate named `reasoner_cli`, use `cargo add reasoner_cli` to add it to your `Cargo.toml`
[INFO] [stdout] 
[INFO] [stdout] 
[INFO] [stdout] error[E0433]: cannot find module or crate `reasoner_cli` in this scope
[INFO] [stdout]    --> tests/cli_tests.rs:124:17
[INFO] [stdout]     |
[INFO] [stdout] 124 |                 reasoner_cli::commands::ThreatCommands::Check { value, r#type } => {
[INFO] [stdout]     |                 ^^^^^^^^^^^^ use of unresolved module or unlinked crate `reasoner_cli`
[INFO] [stdout]     |
[INFO] [stdout]     = help: if you wanted to use a crate named `reasoner_cli`, use `cargo add reasoner_cli` to add it to your `Cargo.toml`
[INFO] [stdout] 
[INFO] [stdout] 
[INFO] [stdout] error[E0433]: cannot find module or crate `reasoner_cli` in this scope
[INFO] [stdout]    --> tests/cli_tests.rs:264:18
[INFO] [stdout]     |
[INFO] [stdout] 264 |         command: reasoner_cli::commands::ThreatCommands::Stats,
[INFO] [stdout]     |                  ^^^^^^^^^^^^ use of unresolved module or unlinked crate `reasoner_cli`
[INFO] [stdout]     |
[INFO] [stdout]     = help: if you wanted to use a crate named `reasoner_cli`, use `cargo add reasoner_cli` to add it to your `Cargo.toml`
[INFO] [stdout] 
[INFO] [stdout] 
[INFO] [stdout] error[E0433]: cannot find module or crate `reasoner_cli` in this scope
[INFO] [stdout]    --> tests/cli_tests.rs:287:18
[INFO] [stdout]     |
[INFO] [stdout] 287 |         command: reasoner_cli::commands::ThreatCommands::Check {
[INFO] [stdout]     |                  ^^^^^^^^^^^^ use of unresolved module or unlinked crate `reasoner_cli`
[INFO] [stdout]     |
[INFO] [stdout]     = help: if you wanted to use a crate named `reasoner_cli`, use `cargo add reasoner_cli` to add it to your `Cargo.toml`
[INFO] [stdout] 
[INFO] [stdout] 
[INFO] [stdout] error[E0433]: cannot find module or crate `reasoner_cli` in this scope
[INFO] [stdout]    --> tests/cli_tests.rs:313:18
[INFO] [stdout]     |
[INFO] [stdout] 313 |         command: reasoner_cli::commands::ThreatCommands::Check {
[INFO] [stdout]     |                  ^^^^^^^^^^^^ use of unresolved module or unlinked crate `reasoner_cli`
[INFO] [stdout]     |
[INFO] [stdout]     = help: if you wanted to use a crate named `reasoner_cli`, use `cargo add reasoner_cli` to add it to your `Cargo.toml`
[INFO] [stdout] 
[INFO] [stdout] 
[INFO] [stdout] error[E0433]: cannot find module or crate `reasoner_cli` in this scope
[INFO] [stdout]    --> tests/cli_tests.rs:337:18
[INFO] [stdout]     |
[INFO] [stdout] 337 |         command: reasoner_cli::commands::ThreatCommands::Check {
[INFO] [stdout]     |                  ^^^^^^^^^^^^ use of unresolved module or unlinked crate `reasoner_cli`
[INFO] [stdout]     |
[INFO] [stdout]     = help: if you wanted to use a crate named `reasoner_cli`, use `cargo add reasoner_cli` to add it to your `Cargo.toml`
[INFO] [stdout] 
[INFO] [stdout] 
[INFO] [stdout] warning: unused import: `clap::Parser`
[INFO] [stdout]  --> tests/cli_tests.rs:4:5
[INFO] [stdout]   |
[INFO] [stdout] 4 | use clap::Parser;
[INFO] [stdout]   |     ^^^^^^^^^^^^
[INFO] [stdout]   |
[INFO] [stdout]   = note: `#[warn(unused_imports)]` (part of `#[warn(unused)]`) on by default
[INFO] [stdout] 
[INFO] [stdout] 
[INFO] [stdout] For more information about this error, try `rustc --explain E0433`.
[INFO] [stdout] 
[INFO] [stderr] error: could not compile `fukurow-cli` (test "cli_tests") due to 8 previous errors; 1 warning emitted
[INFO] [stderr] warning: build failed, waiting for other jobs to finish...
[INFO] running `Command { std: "docker" "inspect" "fd5c7185bfe31e96d7b72f4300d116d0e70f7bf29e9b8fec6c5a267960e75d44", kill_on_drop: false }`
[INFO] running `Command { std: "docker" "rm" "-f" "fd5c7185bfe31e96d7b72f4300d116d0e70f7bf29e9b8fec6c5a267960e75d44", kill_on_drop: false }`
[INFO] [stdout] fd5c7185bfe31e96d7b72f4300d116d0e70f7bf29e9b8fec6c5a267960e75d44
