[INFO] fetching crate fugue-idapro 0.2.1...
[INFO] testing fugue-idapro-0.2.1 against 1.100.0-beta.1+cargoflags=--release for beta-release-1.100-2
[INFO] extracting crate fugue-idapro 0.2.1 into /workspace/builds/worker-3-tc2/source
[INFO] started tweaking crates.io crate fugue-idapro 0.2.1
[INFO] finished tweaking crates.io crate fugue-idapro 0.2.1
[INFO] tweaked toml for crates.io crate fugue-idapro 0.2.1 written to /workspace/builds/worker-3-tc2/source/Cargo.toml
[INFO] validating manifest of crates.io crate fugue-idapro 0.2.1 on toolchain 1.100.0-beta.1
[INFO] running `Command { std: CARGO_HOME="/workspace/cargo-home" RUSTUP_HOME="/workspace/rustup-home" "/workspace/cargo-home/bin/cargo" "+1.100.0-beta.1" "metadata" "--manifest-path" "Cargo.toml" "--no-deps", kill_on_drop: false }`
[INFO] running `Command { std: CARGO_HOME="/workspace/cargo-home" RUSTUP_HOME="/workspace/rustup-home" "/workspace/cargo-home/bin/cargo" "+1.100.0-beta.1" "generate-lockfile" "--manifest-path" "Cargo.toml", kill_on_drop: false }`
[INFO] [stderr]     Updating crates.io index
[INFO] [stderr]      Locking 137 packages to highest compatible versions
[INFO] [stderr]       Adding thiserror v1.0.69 (available: v2.0.21)
[INFO] [stderr]       Adding which v4.4.2 (available: v8.0.6)
[INFO] running `Command { std: CARGO_HOME="/workspace/cargo-home" RUSTUP_HOME="/workspace/rustup-home" "/workspace/cargo-home/bin/cargo" "+1.100.0-beta.1" "fetch" "--manifest-path" "Cargo.toml", kill_on_drop: false }`
[INFO] running `Command { std: "docker" "create" "-v" "/var/lib/crater-agent-workspace/builds/worker-3-tc2/source:/opt/rustwide/workdir:ro,Z" "-v" "/var/lib/crater-agent-workspace/builds/worker-3-tc2/target:/opt/rustwide/target:rw,Z" "-v" "/var/lib/crater-agent-workspace/cargo-home:/opt/rustwide/cargo-home:ro,Z" "-v" "/var/lib/crater-agent-workspace/rustup-home:/opt/rustwide/rustup-home:ro,Z" "-m" "1610612736" "--network" "none" "ghcr.io/rust-lang/crates-build-env/linux@sha256:77db811e55d90add9212f6832c23229e3de5f1c1f9905e8cb07319ea15df73ac" "sleep" "infinity", kill_on_drop: false }`
[INFO] [stdout] 117575c5c369a944325ea15758d6fb8c50587f476b8dd65440b63f4f69ca920f
[INFO] running `Command { std: "docker" "start" "117575c5c369a944325ea15758d6fb8c50587f476b8dd65440b63f4f69ca920f", kill_on_drop: false }`
[INFO] running `Command { std: "docker" "inspect" "117575c5c369a944325ea15758d6fb8c50587f476b8dd65440b63f4f69ca920f", kill_on_drop: false }`
[INFO] running `Command { std: "docker" "exec" "-e" "SOURCE_DIR=/opt/rustwide/workdir" "-e" "CARGO_HOME=/opt/rustwide/cargo-home" "-e" "RUSTUP_HOME=/opt/rustwide/rustup-home" "-e" "CARGO_TARGET_DIR=/opt/rustwide/target" "-w" "/opt/rustwide/workdir" "--user" "0:0" "117575c5c369a944325ea15758d6fb8c50587f476b8dd65440b63f4f69ca920f" "/opt/rustwide/cargo-home/bin/cargo" "+1.100.0-beta.1" "metadata" "--no-deps" "--format-version=1", kill_on_drop: false }`
[INFO] running `Command { std: "docker" "inspect" "117575c5c369a944325ea15758d6fb8c50587f476b8dd65440b63f4f69ca920f", kill_on_drop: false }`
[INFO] running `Command { std: "docker" "exec" "-e" "SOURCE_DIR=/opt/rustwide/workdir" "-e" "CARGO_HOME=/opt/rustwide/cargo-home" "-e" "RUSTUP_HOME=/opt/rustwide/rustup-home" "-e" "CARGO_TARGET_DIR=/opt/rustwide/target" "-e" "CARGO_INCREMENTAL=0" "-e" "RUST_BACKTRACE=full" "-e" "RUSTFLAGS=--cap-lints=warn" "-e" "RUSTDOCFLAGS=--cap-lints=warn" "-w" "/opt/rustwide/workdir" "--user" "0:0" "117575c5c369a944325ea15758d6fb8c50587f476b8dd65440b63f4f69ca920f" "/opt/rustwide/cargo-home/bin/cargo" "+1.100.0-beta.1" "build" "--frozen" "--message-format=json" "--release", kill_on_drop: false }`
[INFO] [stderr]    Compiling serde_core v1.0.229
[INFO] [stderr]    Compiling litemap v0.8.3
[INFO] [stderr]    Compiling writeable v0.6.4
[INFO] [stderr]    Compiling serde v1.0.229
[INFO] [stderr]    Compiling num-traits v0.2.19
[INFO] [stderr]    Compiling icu_normalizer_data v2.3.0
[INFO] [stderr]    Compiling cfg_aliases v0.1.1
[INFO] [stderr]    Compiling icu_properties_data v2.3.0
[INFO] [stderr]    Compiling cmake v0.1.58
[INFO] [stderr]    Compiling parking_lot_core v0.8.6
[INFO] [stderr]    Compiling once_cell v1.21.4
[INFO] [stderr]    Compiling cfg_aliases v0.2.2
[INFO] [stderr]    Compiling syn v3.0.9
[INFO] [stderr]    Compiling syn v1.0.109
[INFO] [stderr]    Compiling syn v2.0.119
[INFO] [stderr]    Compiling instant v0.1.13
[INFO] [stderr]    Compiling ahash v0.7.8
[INFO] [stderr]    Compiling static_init_macro v1.0.4
[INFO] [stderr]    Compiling static_init v1.0.4
[INFO] [stderr]    Compiling getrandom v0.3.4
[INFO] [stderr]    Compiling bitflags v2.13.2
[INFO] [stderr]    Compiling flatc-rust v0.2.0
[INFO] [stderr]    Compiling proc-macro-error-attr v1.0.4
[INFO] [stderr]    Compiling getrandom v0.2.17
[INFO] [stderr]    Compiling ahash v0.8.12
[INFO] [stderr]    Compiling either v1.19.0
[INFO] [stderr]    Compiling rustix v0.38.44
[INFO] [stderr]    Compiling rustix v1.1.5
[INFO] [stderr]    Compiling flatbuffers v24.12.23
[INFO] [stderr]    Compiling unicase v2.10.0
[INFO] [stderr]    Compiling lazy_static v1.5.1
[INFO] [stderr]    Compiling linux-raw-sys v0.12.1
[INFO] [stderr]    Compiling Inflector v0.11.4
[INFO] [stderr]    Compiling xmlparser v0.13.6
[INFO] [stderr]    Compiling linux-raw-sys v0.4.15
[INFO] [stderr]    Compiling getrandom v0.4.3
[INFO] [stderr]    Compiling flatcc v24.3.25
[INFO] [stderr]    Compiling itertools v0.10.5
[INFO] [stderr]    Compiling home v0.5.12
[INFO] [stderr]    Compiling unsafe_unwrap v0.1.0
[INFO] [stderr]    Compiling bumpalo v3.20.3
[INFO] [stderr]    Compiling fs_extra v1.3.0
[INFO] [stderr]    Compiling num-integer v0.1.47
[INFO] [stderr]    Compiling roxmltree v0.18.1
[INFO] [stderr]    Compiling num-bigint v0.4.8
[INFO] [stderr] error: could not compile `syn` (lib)
[INFO] [stderr] 
[INFO] [stderr] Caused by:
[INFO] [stderr]   process didn't exit successfully: `/opt/rustwide/rustup-home/toolchains/1.100.0-beta.1-x86_64-unknown-linux-gnu/bin/rustc --crate-name syn --edition=2021 /opt/rustwide/cargo-home/registry/src/index.crates.io-1949cf8c6b5b557f/syn-2.0.119/src/lib.rs --error-format=json --json=diagnostic-rendered-ansi,artifacts,future-incompat,unused-externs-silent --crate-type lib --emit=dep-info,metadata,link -C embed-bitcode=no -C debug-assertions=off --cfg 'feature="clone-impls"' --cfg 'feature="default"' --cfg 'feature="derive"' --cfg 'feature="parsing"' --cfg 'feature="printing"' --cfg 'feature="proc-macro"' --check-cfg 'cfg(docsrs,test)' --check-cfg 'cfg(feature, values("clone-impls", "default", "derive", "extra-traits", "fold", "full", "parsing", "printing", "proc-macro", "test", "visit", "visit-mut"))' -C metadata=cadfbadaeb599085 -C extra-filename=-944cb3f107517cd2 --out-dir /opt/rustwide/target/release/build/syn/944cb3f107517cd2/out -C strip=debuginfo -L dependency=/opt/rustwide/target/release/build/proc-macro2/bfa7a6aafdfba675/out -L dependency=/opt/rustwide/target/release/build/unicode-ident/2ee003426a225cef/out --extern proc_macro2=/opt/rustwide/target/release/build/proc-macro2/bfa7a6aafdfba675/out/libproc_macro2-bfa7a6aafdfba675.rmeta --extern quote=/opt/rustwide/target/release/build/quote/44c84b9315bcd971/out/libquote-44c84b9315bcd971.rmeta --extern unicode_ident=/opt/rustwide/target/release/build/unicode-ident/2ee003426a225cef/out/libunicode_ident-2ee003426a225cef.rmeta --cap-lints allow --cap-lints=warn --force-warn=unused_crate_dependencies` (signal: 9, SIGKILL: kill)
[INFO] [stderr] warning: build failed, waiting for other jobs to finish...
[INFO] [stderr] error: could not compile `serde_core` (lib)
[INFO] [stderr] 
[INFO] [stderr] Caused by:
[INFO] [stderr]   process didn't exit successfully: `/opt/rustwide/rustup-home/toolchains/1.100.0-beta.1-x86_64-unknown-linux-gnu/bin/rustc --crate-name serde_core --edition=2021 /opt/rustwide/cargo-home/registry/src/index.crates.io-1949cf8c6b5b557f/serde_core-1.0.229/src/lib.rs --error-format=json --json=diagnostic-rendered-ansi,artifacts,future-incompat,unused-externs-silent --crate-type lib --emit=dep-info,metadata,link -C opt-level=3 -C embed-bitcode=no --cfg 'feature="rc"' --cfg 'feature="result"' --cfg 'feature="std"' --check-cfg 'cfg(docsrs,test)' --check-cfg 'cfg(feature, values("alloc", "default", "rc", "result", "std", "unstable"))' -C metadata=ace4239419323121 -C extra-filename=-1c8f8d03c2b1856e --out-dir /opt/rustwide/target/release/build/serde_core/1c8f8d03c2b1856e/out -C strip=debuginfo --cap-lints allow --cap-lints=warn --force-warn=unused_crate_dependencies --check-cfg 'cfg(if_docsrs_then_no_serde_core)' --check-cfg 'cfg(no_core_cstr)' --check-cfg 'cfg(no_core_error)' --check-cfg 'cfg(no_core_net)' --check-cfg 'cfg(no_core_num_saturating)' --check-cfg 'cfg(no_diagnostic_namespace)' --check-cfg 'cfg(no_serde_derive)' --check-cfg 'cfg(no_std_atomic)' --check-cfg 'cfg(no_std_atomic64)' --check-cfg 'cfg(no_target_has_atomic)'` (signal: 9, SIGKILL: kill)
[INFO] [stderr] error: could not compile `syn` (lib)
[INFO] [stderr] 
[INFO] [stderr] Caused by:
[INFO] [stderr]   process didn't exit successfully: `/opt/rustwide/rustup-home/toolchains/1.100.0-beta.1-x86_64-unknown-linux-gnu/bin/rustc --crate-name syn --edition=2018 /opt/rustwide/cargo-home/registry/src/index.crates.io-1949cf8c6b5b557f/syn-1.0.109/src/lib.rs --error-format=json --json=diagnostic-rendered-ansi,artifacts,future-incompat,unused-externs-silent --crate-type lib --emit=dep-info,metadata,link -C embed-bitcode=no -C debug-assertions=off --cfg 'feature="clone-impls"' --cfg 'feature="default"' --cfg 'feature="derive"' --cfg 'feature="full"' --cfg 'feature="parsing"' --cfg 'feature="printing"' --cfg 'feature="proc-macro"' --cfg 'feature="quote"' --check-cfg 'cfg(docsrs,test)' --check-cfg 'cfg(feature, values("clone-impls", "default", "derive", "extra-traits", "fold", "full", "parsing", "printing", "proc-macro", "quote", "test", "visit", "visit-mut"))' -C metadata=452d828bd85b970d -C extra-filename=-a114373403bc51ee --out-dir /opt/rustwide/target/release/build/syn/a114373403bc51ee/out -C strip=debuginfo -L dependency=/opt/rustwide/target/release/build/proc-macro2/bfa7a6aafdfba675/out -L dependency=/opt/rustwide/target/release/build/unicode-ident/2ee003426a225cef/out --extern proc_macro2=/opt/rustwide/target/release/build/proc-macro2/bfa7a6aafdfba675/out/libproc_macro2-bfa7a6aafdfba675.rmeta --extern quote=/opt/rustwide/target/release/build/quote/44c84b9315bcd971/out/libquote-44c84b9315bcd971.rmeta --extern unicode_ident=/opt/rustwide/target/release/build/unicode-ident/2ee003426a225cef/out/libunicode_ident-2ee003426a225cef.rmeta --cap-lints allow --cap-lints=warn --force-warn=unused_crate_dependencies --cfg syn_disable_nightly_tests` (signal: 9, SIGKILL: kill)
[INFO] [stderr] error: could not compile `syn` (lib)
[INFO] [stderr] 
[INFO] [stderr] Caused by:
[INFO] [stderr]   process didn't exit successfully: `/opt/rustwide/rustup-home/toolchains/1.100.0-beta.1-x86_64-unknown-linux-gnu/bin/rustc --crate-name syn --edition=2021 /opt/rustwide/cargo-home/registry/src/index.crates.io-1949cf8c6b5b557f/syn-3.0.9/src/lib.rs --error-format=json --json=diagnostic-rendered-ansi,artifacts,future-incompat,unused-externs-silent --crate-type lib --emit=dep-info,metadata,link -C embed-bitcode=no -C debug-assertions=off --cfg 'feature="clone-impls"' --cfg 'feature="default"' --cfg 'feature="derive"' --cfg 'feature="extra-traits"' --cfg 'feature="fold"' --cfg 'feature="parsing"' --cfg 'feature="printing"' --cfg 'feature="proc-macro"' --cfg 'feature="visit"' --check-cfg 'cfg(docsrs,test)' --check-cfg 'cfg(feature, values("clone-impls", "default", "derive", "extra-traits", "fold", "full", "parsing", "printing", "proc-macro", "test", "visit", "visit-mut"))' -C metadata=8a167bb251703375 -C extra-filename=-20dfefaacc3f6604 --out-dir /opt/rustwide/target/release/build/syn/20dfefaacc3f6604/out -C strip=debuginfo -L dependency=/opt/rustwide/target/release/build/proc-macro2/bfa7a6aafdfba675/out -L dependency=/opt/rustwide/target/release/build/unicode-ident/2ee003426a225cef/out --extern proc_macro2=/opt/rustwide/target/release/build/proc-macro2/bfa7a6aafdfba675/out/libproc_macro2-bfa7a6aafdfba675.rmeta --extern quote=/opt/rustwide/target/release/build/quote/44c84b9315bcd971/out/libquote-44c84b9315bcd971.rmeta --extern unicode_ident=/opt/rustwide/target/release/build/unicode-ident/2ee003426a225cef/out/libunicode_ident-2ee003426a225cef.rmeta --cap-lints allow --cap-lints=warn --force-warn=unused_crate_dependencies` (signal: 9, SIGKILL: kill)
[INFO] [stderr] error: could not compile `rustix` (lib)
[INFO] [stderr] 
[INFO] [stderr] Caused by:
[INFO] [stderr]   process didn't exit successfully: `/opt/rustwide/rustup-home/toolchains/1.100.0-beta.1-x86_64-unknown-linux-gnu/bin/rustc --crate-name rustix --edition=2021 /opt/rustwide/cargo-home/registry/src/index.crates.io-1949cf8c6b5b557f/rustix-0.38.44/src/lib.rs --error-format=json --json=diagnostic-rendered-ansi,artifacts,future-incompat,unused-externs-silent --crate-type lib --emit=dep-info,metadata,link -C opt-level=3 -C embed-bitcode=no --cfg 'feature="alloc"' --cfg 'feature="fs"' --cfg 'feature="libc-extra-traits"' --cfg 'feature="std"' --check-cfg 'cfg(docsrs,test)' --check-cfg 'cfg(feature, values("all-apis", "alloc", "cc", "compiler_builtins", "core", "default", "event", "fs", "io_uring", "itoa", "libc", "libc-extra-traits", "libc_errno", "linux_4_11", "linux_latest", "mm", "mount", "net", "once_cell", "param", "pipe", "process", "procfs", "pty", "rand", "runtime", "rustc-dep-of-std", "rustc-std-workspace-alloc", "shm", "std", "stdio", "system", "termios", "thread", "time", "try_close", "use-explicitly-provided-auxv", "use-libc", "use-libc-auxv"))' -C metadata=cf55817fe83eb343 -C extra-filename=-02e89098abf548d6 --out-dir /opt/rustwide/target/release/build/rustix/02e89098abf548d6/out -C strip=debuginfo --extern bitflags=/opt/rustwide/target/release/build/bitflags/76ed6ab22427693a/out/libbitflags-76ed6ab22427693a.rmeta --extern linux_raw_sys=/opt/rustwide/target/release/build/linux-raw-sys/37cce7f61e3cdf37/out/liblinux_raw_sys-37cce7f61e3cdf37.rmeta --cap-lints allow --cap-lints=warn --force-warn=unused_crate_dependencies --cfg linux_raw --cfg linux_like --cfg linux_kernel` (signal: 9, SIGKILL: kill)
[INFO] [stderr] error: could not compile `rustix` (lib)
[INFO] [stderr] 
[INFO] [stderr] Caused by:
[INFO] [stderr]   process didn't exit successfully: `/opt/rustwide/rustup-home/toolchains/1.100.0-beta.1-x86_64-unknown-linux-gnu/bin/rustc --crate-name rustix --edition=2021 /opt/rustwide/cargo-home/registry/src/index.crates.io-1949cf8c6b5b557f/rustix-1.1.5/src/lib.rs --error-format=json --json=diagnostic-rendered-ansi,artifacts,future-incompat,unused-externs-silent --crate-type lib --emit=dep-info,metadata,link -C opt-level=3 -C embed-bitcode=no --cfg 'feature="alloc"' --cfg 'feature="default"' --cfg 'feature="fs"' --cfg 'feature="std"' --check-cfg 'cfg(docsrs,test)' --check-cfg 'cfg(feature, values("all-apis", "alloc", "core", "default", "event", "fs", "io_uring", "libc", "libc_errno", "linux_4_11", "linux_5_1", "linux_5_11", "linux_latest", "mm", "mount", "net", "param", "pipe", "process", "pty", "rand", "runtime", "rustc-dep-of-std", "rustc-std-workspace-alloc", "shm", "std", "stdio", "system", "termios", "thread", "time", "try_close", "use-explicitly-provided-auxv", "use-libc", "use-libc-auxv"))' -C metadata=65b01842db532c83 -C extra-filename=-b6d4498755d87619 --out-dir /opt/rustwide/target/release/build/rustix/b6d4498755d87619/out -C strip=debuginfo --extern bitflags=/opt/rustwide/target/release/build/bitflags/76ed6ab22427693a/out/libbitflags-76ed6ab22427693a.rmeta --extern linux_raw_sys=/opt/rustwide/target/release/build/linux-raw-sys/6cd558001fb913e0/out/liblinux_raw_sys-6cd558001fb913e0.rmeta --cap-lints allow --cap-lints=warn --force-warn=unused_crate_dependencies --cfg lower_upper_exp_for_non_zero --cfg rustc_diagnostics --cfg linux_raw_dep --cfg linux_raw --cfg linux_like --cfg linux_kernel` (signal: 9, SIGKILL: kill)
[INFO] [stderr] error: could not compile `num-bigint` (lib)
[INFO] [stderr] 
[INFO] [stderr] Caused by:
[INFO] [stderr]   process didn't exit successfully: `/opt/rustwide/rustup-home/toolchains/1.100.0-beta.1-x86_64-unknown-linux-gnu/bin/rustc --crate-name num_bigint --edition=2021 /opt/rustwide/cargo-home/registry/src/index.crates.io-1949cf8c6b5b557f/num-bigint-0.4.8/src/lib.rs --error-format=json --json=diagnostic-rendered-ansi,artifacts,future-incompat,unused-externs-silent --crate-type lib --emit=dep-info,metadata,link -C embed-bitcode=no -C debug-assertions=off --cfg 'feature="default"' --cfg 'feature="std"' --check-cfg 'cfg(docsrs,test)' --check-cfg 'cfg(feature, values("arbitrary", "default", "quickcheck", "rand", "serde", "std"))' -C metadata=2aada35991011861 -C extra-filename=-17f92df6194a3bd8 --out-dir /opt/rustwide/target/release/build/num-bigint/17f92df6194a3bd8/out -C strip=debuginfo -L dependency=/opt/rustwide/target/release/build/num-traits/c018672a53be549a/out --extern num_integer=/opt/rustwide/target/release/build/num-integer/24798afbbc09c422/out/libnum_integer-24798afbbc09c422.rmeta --extern num_traits=/opt/rustwide/target/release/build/num-traits/c018672a53be549a/out/libnum_traits-c018672a53be549a.rmeta --cap-lints allow --cap-lints=warn --force-warn=unused_crate_dependencies` (signal: 9, SIGKILL: kill)
[INFO] [stderr] error: failed to run custom build command for `flatcc v24.3.25`
[INFO] [stderr] note: To improve backtraces for build dependencies, set the CARGO_PROFILE_RELEASE_BUILD_OVERRIDE_DEBUG=true environment variable to enable debug information generation.
[INFO] [stderr] 
[INFO] [stderr] Caused by:
[INFO] [stderr]   process didn't exit successfully: `/opt/rustwide/target/release/build/flatcc/54c332cf8bf54588/out/build_script_build` (exit status: 101)
[INFO] [stderr]   --- stdout
[INFO] [stderr]   CMAKE_TOOLCHAIN_FILE_x86_64-unknown-linux-gnu = None
[INFO] [stderr]   CMAKE_TOOLCHAIN_FILE_x86_64_unknown_linux_gnu = None
[INFO] [stderr]   HOST_CMAKE_TOOLCHAIN_FILE = None
[INFO] [stderr]   CMAKE_TOOLCHAIN_FILE = None
[INFO] [stderr]   CMAKE_GENERATOR_x86_64-unknown-linux-gnu = None
[INFO] [stderr]   CMAKE_GENERATOR_x86_64_unknown_linux_gnu = None
[INFO] [stderr]   HOST_CMAKE_GENERATOR = None
[INFO] [stderr]   CMAKE_GENERATOR = None
[INFO] [stderr]   CMAKE_PREFIX_PATH_x86_64-unknown-linux-gnu = None
[INFO] [stderr]   CMAKE_PREFIX_PATH_x86_64_unknown_linux_gnu = None
[INFO] [stderr]   HOST_CMAKE_PREFIX_PATH = None
[INFO] [stderr]   CMAKE_PREFIX_PATH = None
[INFO] [stderr]   CMAKE_x86_64-unknown-linux-gnu = None
[INFO] [stderr]   CMAKE_x86_64_unknown_linux_gnu = None
[INFO] [stderr]   HOST_CMAKE = None
[INFO] [stderr]   CMAKE = None
[INFO] [stderr]   -- Proceeding with version: 24.3.25.0
[INFO] [stderr]   -- The CXX compiler identification is GNU 15.2.0
[INFO] [stderr]   -- Detecting CXX compiler ABI info
[INFO] [stderr]   -- Detecting CXX compiler ABI info - done
[INFO] [stderr]   -- Check for working CXX compiler: /usr/bin/c++ - skipped
[INFO] [stderr]   -- Detecting CXX compile features
[INFO] [stderr]   -- Detecting CXX compile features - done
[INFO] [stderr]   -- Looking for strtof_l
[INFO] [stderr]   -- Looking for strtof_l - found
[INFO] [stderr]   -- Looking for strtoull_l
[INFO] [stderr]   -- Looking for strtoull_l - found
[INFO] [stderr]   -- Looking for realpath
[INFO] [stderr]   -- Looking for realpath - found
[INFO] [stderr]   -- CMAKE_CXX_FLAGS:  -ffunction-sections -fdata-sections -fPIC -m64 -w
[INFO] [stderr]   -- Configuring done (4.1s)
[INFO] [stderr]   -- Generating done (0.2s)
[INFO] [stderr]   -- Build files have been written to: /opt/rustwide/target/release/build/flatcc/294299f96707fa0a/out/build
[INFO] [stderr]   [  1%] Building CXX object CMakeFiles/flatc.dir/src/idl_parser.cpp.o
[INFO] [stderr]   [  2%] Building CXX object CMakeFiles/flatc.dir/src/util.cpp.o
[INFO] [stderr]   [  3%] Building CXX object CMakeFiles/flatc.dir/src/idl_gen_cpp.cpp.o
[INFO] [stderr]   [  5%] Building CXX object CMakeFiles/flatc.dir/src/idl_gen_binary.cpp.o
[INFO] [stderr]   [  5%] Building CXX object CMakeFiles/flatc.dir/src/idl_gen_text.cpp.o
[INFO] [stderr]   [  6%] Building CXX object CMakeFiles/flatc.dir/src/reflection.cpp.o
[INFO] [stderr]   [  7%] Building CXX object CMakeFiles/flatbuffers.dir/src/idl_parser.cpp.o
[INFO] [stderr]   [  8%] Building CXX object CMakeFiles/flatc.dir/src/idl_gen_csharp.cpp.o
[INFO] [stderr]   [  9%] Building CXX object CMakeFiles/flatc.dir/src/idl_gen_dart.cpp.o
[INFO] [stderr]   [ 10%] Building CXX object CMakeFiles/flatbuffers.dir/src/idl_gen_text.cpp.o
[INFO] [stderr]   [ 13%] Building CXX object CMakeFiles/flatc.dir/src/idl_gen_kotlin.cpp.o
[INFO] [stderr]   [ 13%] Building CXX object CMakeFiles/flatbuffers.dir/src/reflection.cpp.o
[INFO] [stderr]   [ 14%] Building CXX object CMakeFiles/flatc.dir/src/idl_gen_kotlin_kmp.cpp.o
[INFO] [stderr]   [ 15%] Building CXX object CMakeFiles/flatc.dir/src/idl_gen_java.cpp.o
[INFO] [stderr]   [ 16%] Building CXX object CMakeFiles/flatc.dir/src/idl_gen_go.cpp.o
[INFO] [stderr]   [ 17%] Building CXX object CMakeFiles/flatbuffers.dir/src/util.cpp.o
[INFO] [stderr] 
[INFO] [stderr]   --- stderr
[INFO] [stderr]   running: cd "/opt/rustwide/target/release/build/flatcc/294299f96707fa0a/out/build" && CMAKE_PREFIX_PATH="" LC_ALL="C" "cmake" "/opt/rustwide/cargo-home/registry/src/index.crates.io-1949cf8c6b5b557f/flatcc-24.3.25/flatbuffers" "-B" "/opt/rustwide/target/release/build/flatcc/294299f96707fa0a/out/build" "-DCMAKE_INSTALL_PREFIX=/opt/rustwide/target/release/build/flatcc/294299f96707fa0a/out" "-DCMAKE_C_FLAGS= -ffunction-sections -fdata-sections -fPIC -m64 -w" "-DCMAKE_C_COMPILER=/usr/bin/cc" "-DCMAKE_CXX_FLAGS= -ffunction-sections -fdata-sections -fPIC -m64 -w" "-DCMAKE_CXX_COMPILER=/usr/bin/c++" "-DCMAKE_ASM_FLAGS= -ffunction-sections -fdata-sections -fPIC -m64 -w" "-DCMAKE_ASM_COMPILER=/usr/bin/cc" "-DCMAKE_BUILD_TYPE=Debug"
[INFO] [stderr]   CMake Warning:
[INFO] [stderr]     Manually-specified variables were not used by the project:
[INFO] [stderr] 
[INFO] [stderr]       CMAKE_ASM_COMPILER
[INFO] [stderr]       CMAKE_ASM_FLAGS
[INFO] [stderr]       CMAKE_C_COMPILER
[INFO] [stderr]       CMAKE_C_FLAGS
[INFO] [stderr] 
[INFO] [stderr] 
[INFO] [stderr]   running: cd "/opt/rustwide/target/release/build/flatcc/294299f96707fa0a/out/build" && LC_ALL="C" MAKEFLAGS="-j --jobserver-fds=4,5 --jobserver-auth=4,5" "cmake" "--build" "/opt/rustwide/target/release/build/flatcc/294299f96707fa0a/out/build" "--target" "install" "--config" "Debug"
[INFO] [stderr]   c++: fatal error: Killed signal terminated program cc1plus
[INFO] [stderr]   compilation terminated.
[INFO] [stderr]   gmake[2]: *** [CMakeFiles/flatc.dir/build.make:163: CMakeFiles/flatc.dir/src/idl_gen_csharp.cpp.o] Error 1
[INFO] [stderr]   gmake[2]: *** Waiting for unfinished jobs....
[INFO] [stderr]   c++: fatal error: Killed signal terminated program cc1plus
[INFO] [stderr]   compilation terminated.
[INFO] [stderr]   gmake[2]: *** [CMakeFiles/flatc.dir/build.make:135: CMakeFiles/flatc.dir/src/idl_gen_binary.cpp.o] Error 1
[INFO] [stderr]   c++: fatal error: Killed signal terminated program cc1plus
[INFO] [stderr]   compilation terminated.
[INFO] [stderr]   gmake[2]: *** [CMakeFiles/flatbuffers.dir/build.make:79: CMakeFiles/flatbuffers.dir/src/idl_parser.cpp.o] Error 1
[INFO] [stderr]   gmake[2]: *** Waiting for unfinished jobs....
[INFO] [stderr]   c++: fatal error: Killed signal terminated program cc1plus
[INFO] [stderr]   compilation terminated.
[INFO] [stderr]   gmake[2]: *** [CMakeFiles/flatc.dir/build.make:79: CMakeFiles/flatc.dir/src/idl_parser.cpp.o] Error 1
[INFO] [stderr]   c++: fatal error: Killed signal terminated program cc1plus
[INFO] [stderr]   compilation terminated.
[INFO] [stderr]   gmake[2]: *** [CMakeFiles/flatc.dir/build.make:191: CMakeFiles/flatc.dir/src/idl_gen_kotlin.cpp.o] Error 1
[INFO] [stderr]   c++: fatal error: Killed signal terminated program cc1plus
[INFO] [stderr]   compilation terminated.
[INFO] [stderr]   gmake[2]: *** [CMakeFiles/flatc.dir/build.make:93: CMakeFiles/flatc.dir/src/idl_gen_text.cpp.o] Error 1
[INFO] [stderr]   c++: fatal error: Killed signal terminated program cc1plus
[INFO] [stderr]   compilation terminated.
[INFO] [stderr]   gmake[2]: *** [CMakeFiles/flatbuffers.dir/build.make:93: CMakeFiles/flatbuffers.dir/src/idl_gen_text.cpp.o] Error 1
[INFO] [stderr]   c++: fatal error: Killed signal terminated program cc1plus
[INFO] [stderr]   compilation terminated.
[INFO] [stderr]   gmake[2]: *** [CMakeFiles/flatc.dir/build.make:149: CMakeFiles/flatc.dir/src/idl_gen_cpp.cpp.o] Error 1
[INFO] [stderr]   gmake[1]: *** [CMakeFiles/Makefile2:105: CMakeFiles/flatbuffers.dir/all] Error 2
[INFO] [stderr]   gmake[1]: *** Waiting for unfinished jobs....
[INFO] [stderr]   gmake[1]: *** [CMakeFiles/Makefile2:137: CMakeFiles/flatc.dir/all] Error 2
[INFO] [stderr]   gmake: *** [Makefile:146: all] Error 2
[INFO] [stderr] 
[INFO] [stderr]   thread 'main' (720) panicked at /opt/rustwide/cargo-home/registry/src/index.crates.io-1949cf8c6b5b557f/cmake-0.1.58/src/lib.rs:1132:5:
[INFO] [stderr] 
[INFO] [stderr]   command did not execute successfully, got: exit status: 2
[INFO] [stderr] 
[INFO] [stderr]   build script failed, must exit now
[INFO] [stderr]   stack backtrace:
[INFO] [stderr]      0:     0x62b8e52740c1 - <<std[617be2ca0a6fd877]::sys::backtrace::BacktraceLock>::print::DisplayBacktrace as core[a373ad73a504971]::fmt::Display>::fmt
[INFO] [stderr]      1:     0x62b8e5287f8a - core[a373ad73a504971]::fmt::write
[INFO] [stderr]      2:     0x62b8e52798ac - <std[617be2ca0a6fd877]::sys::stdio::unix::Stderr as core[a373ad73a504971]::io::write::Write>::write_fmt
[INFO] [stderr]      3:     0x62b8e5252ab6 - std[617be2ca0a6fd877]::panicking::default_hook::{closure#0}
[INFO] [stderr]      4:     0x62b8e526ede1 - std[617be2ca0a6fd877]::panicking::default_hook
[INFO] [stderr]      5:     0x62b8e526ef9b - std[617be2ca0a6fd877]::panicking::panic_with_hook
[INFO] [stderr]      6:     0x62b8e5252b62 - std[617be2ca0a6fd877]::panicking::panic_handler::{closure#0}
[INFO] [stderr]      7:     0x62b8e524b809 - std[617be2ca0a6fd877]::sys::backtrace::__rust_end_short_backtrace::<std[617be2ca0a6fd877]::panicking::panic_handler::{closure#0}, !>
[INFO] [stderr]      8:     0x62b8e525334d - __rustc[ea4f61d10b84890b]::rust_begin_unwind
[INFO] [stderr]      9:     0x62b8e52886fc - core[a373ad73a504971]::panicking::panic_fmt
[INFO] [stderr]     10:     0x62b8e51c6457 - cmake[d60c0f08b6701da5]::fail
[INFO] [stderr]     11:     0x62b8e51c60e3 - cmake[d60c0f08b6701da5]::run
[INFO] [stderr]     12:     0x62b8e51cc0b5 - <cmake[d60c0f08b6701da5]::Config>::build
[INFO] [stderr]     13:     0x62b8e51bd4d5 - cmake[d60c0f08b6701da5]::build::<&str>
[INFO] [stderr]     14:     0x62b8e51be538 - build_script_build[f2a047e0e7c7daa4]::main
[INFO] [stderr]     15:     0x62b8e51be973 - <fn() as core[a373ad73a504971]::ops::function::FnOnce<()>>::call_once
[INFO] [stderr]     16:     0x62b8e51be4e6 - std[617be2ca0a6fd877]::sys::backtrace::__rust_begin_short_backtrace::<fn(), ()>
[INFO] [stderr]     17:     0x62b8e51be4f9 - std[617be2ca0a6fd877]::rt::lang_start::<()>::{closure#0}
[INFO] [stderr]     18:     0x62b8e526dd58 - std[617be2ca0a6fd877]::rt::lang_start_internal
[INFO] [stderr]     19:     0x62b8e51be071 - std[617be2ca0a6fd877]::rt::lang_start::<()>
[INFO] [stderr]     20:     0x62b8e51be9e5 - main
[INFO] [stderr]     21:     0x765faef51601 - <unknown>
[INFO] [stderr]     22:     0x765faef51718 - __libc_start_main
[INFO] [stderr]     23:     0x62b8e51bd3b5 - _start
[INFO] [stderr]     24:                0x0 - <unknown>
[INFO] running `Command { std: "docker" "inspect" "117575c5c369a944325ea15758d6fb8c50587f476b8dd65440b63f4f69ca920f", kill_on_drop: false }`
[INFO] running `Command { std: "docker" "rm" "-f" "117575c5c369a944325ea15758d6fb8c50587f476b8dd65440b63f4f69ca920f", kill_on_drop: false }`
[INFO] [stdout] 117575c5c369a944325ea15758d6fb8c50587f476b8dd65440b63f4f69ca920f
