[INFO] fetching crate fuel-core-tx-status-manager 0.48.3...
[INFO] testing fuel-core-tx-status-manager-0.48.3 against 1.100.0-beta.1+cargoflags=--release for beta-release-1.100-2
[INFO] extracting crate fuel-core-tx-status-manager 0.48.3 into /workspace/builds/worker-0-tc2/source
[INFO] started tweaking crates.io crate fuel-core-tx-status-manager 0.48.3
[INFO] finished tweaking crates.io crate fuel-core-tx-status-manager 0.48.3
[INFO] tweaked toml for crates.io crate fuel-core-tx-status-manager 0.48.3 written to /workspace/builds/worker-0-tc2/source/Cargo.toml
[INFO] validating manifest of crates.io crate fuel-core-tx-status-manager 0.48.3 on toolchain 1.100.0-beta.1
[INFO] running `Command { std: CARGO_HOME="/workspace/cargo-home" RUSTUP_HOME="/workspace/rustup-home" "/workspace/cargo-home/bin/cargo" "+1.100.0-beta.1" "metadata" "--manifest-path" "Cargo.toml" "--no-deps", kill_on_drop: false }`
[INFO] crate crates.io crate fuel-core-tx-status-manager 0.48.3 already has a lockfile, it will not be regenerated
[INFO] running `Command { std: CARGO_HOME="/workspace/cargo-home" RUSTUP_HOME="/workspace/rustup-home" "/workspace/cargo-home/bin/cargo" "+1.100.0-beta.1" "fetch" "--manifest-path" "Cargo.toml", kill_on_drop: false }`
[INFO] [stderr]     Blocking waiting for file lock on package cache
[INFO] [stderr]     Blocking waiting for file lock on package cache
[INFO] running `Command { std: "docker" "create" "-v" "/var/lib/crater-agent-workspace/builds/worker-0-tc2/source:/opt/rustwide/workdir:ro,Z" "-v" "/var/lib/crater-agent-workspace/builds/worker-0-tc2/target:/opt/rustwide/target:rw,Z" "-v" "/var/lib/crater-agent-workspace/cargo-home:/opt/rustwide/cargo-home:ro,Z" "-v" "/var/lib/crater-agent-workspace/rustup-home:/opt/rustwide/rustup-home:ro,Z" "-m" "1610612736" "--network" "none" "ghcr.io/rust-lang/crates-build-env/linux@sha256:77db811e55d90add9212f6832c23229e3de5f1c1f9905e8cb07319ea15df73ac" "sleep" "infinity", kill_on_drop: false }`
[INFO] [stdout] 1d0925ab1ea6f03ac6b0ab7f4bdc4d4340afc0794dfafa89fdba3608b20fc43c
[INFO] running `Command { std: "docker" "start" "1d0925ab1ea6f03ac6b0ab7f4bdc4d4340afc0794dfafa89fdba3608b20fc43c", kill_on_drop: false }`
[INFO] running `Command { std: "docker" "inspect" "1d0925ab1ea6f03ac6b0ab7f4bdc4d4340afc0794dfafa89fdba3608b20fc43c", kill_on_drop: false }`
[INFO] running `Command { std: "docker" "exec" "-e" "SOURCE_DIR=/opt/rustwide/workdir" "-e" "CARGO_HOME=/opt/rustwide/cargo-home" "-e" "RUSTUP_HOME=/opt/rustwide/rustup-home" "-e" "CARGO_TARGET_DIR=/opt/rustwide/target" "-w" "/opt/rustwide/workdir" "--user" "0:0" "1d0925ab1ea6f03ac6b0ab7f4bdc4d4340afc0794dfafa89fdba3608b20fc43c" "/opt/rustwide/cargo-home/bin/cargo" "+1.100.0-beta.1" "metadata" "--no-deps" "--format-version=1", kill_on_drop: false }`
[INFO] running `Command { std: "docker" "inspect" "1d0925ab1ea6f03ac6b0ab7f4bdc4d4340afc0794dfafa89fdba3608b20fc43c", kill_on_drop: false }`
[INFO] running `Command { std: "docker" "exec" "-e" "SOURCE_DIR=/opt/rustwide/workdir" "-e" "CARGO_HOME=/opt/rustwide/cargo-home" "-e" "RUSTUP_HOME=/opt/rustwide/rustup-home" "-e" "CARGO_TARGET_DIR=/opt/rustwide/target" "-e" "CARGO_INCREMENTAL=0" "-e" "RUST_BACKTRACE=full" "-e" "RUSTFLAGS=--cap-lints=warn" "-e" "RUSTDOCFLAGS=--cap-lints=warn" "-w" "/opt/rustwide/workdir" "--user" "0:0" "1d0925ab1ea6f03ac6b0ab7f4bdc4d4340afc0794dfafa89fdba3608b20fc43c" "/opt/rustwide/cargo-home/bin/cargo" "+1.100.0-beta.1" "build" "--frozen" "--message-format=json" "--release", kill_on_drop: false }`
[INFO] [stderr]    Compiling subtle v2.6.1
[INFO] [stderr]    Compiling const-oid v0.9.6
[INFO] [stderr]    Compiling zerocopy v0.8.56
[INFO] [stderr]    Compiling base16ct v0.2.0
[INFO] [stderr]    Compiling find-msvc-tools v0.1.11
[INFO] [stderr]    Compiling byteorder v1.5.0
[INFO] [stderr]    Compiling ahash v0.8.12
[INFO] [stderr]    Compiling syn v1.0.109
[INFO] [stderr]    Compiling syn v2.0.119
[INFO] [stderr]    Compiling syn v3.0.4
[INFO] [stderr]    Compiling getrandom v0.2.17
[INFO] [stderr]    Compiling keccak v0.1.6
[INFO] [stderr]    Compiling spin v0.9.9
[INFO] [stderr]    Compiling curve25519-dalek v4.1.3
[INFO] [stderr]    Compiling crunchy v0.2.4
[INFO] [stderr]    Compiling bech32 v0.9.1
[INFO] [stderr]    Compiling thiserror v2.0.20
[INFO] [stderr]    Compiling rand_core v0.6.4
[INFO] [stderr]    Compiling heapless v0.7.17
[INFO] [stderr]    Compiling bitvec v1.1.1
[INFO] [stderr]    Compiling hash32 v0.2.1
[INFO] [stderr]    Compiling futures-channel v0.3.34
[INFO] [stderr]    Compiling cc v1.4.4
[INFO] [stderr]    Compiling aho-corasick v1.1.5
[INFO] [stderr]    Compiling bitflags v2.13.1
[INFO] [stderr]    Compiling libm v0.2.16
[INFO] [stderr]    Compiling base64ct v1.6.0
[INFO] [stderr]    Compiling ff v0.13.1
[INFO] [stderr]    Compiling prometheus-client v0.22.3
[INFO] [stderr]    Compiling fuel-storage v0.66.4
[INFO] [stderr]    Compiling either v1.18.0
[INFO] [stderr]    Compiling convert_case v0.10.0
[INFO] [stderr]    Compiling uint v0.9.5
[INFO] [stderr]    Compiling fixed-hash v0.8.0
[INFO] [stderr]    Compiling lazy_static v1.5.0
[INFO] [stderr]    Compiling group v0.13.0
[INFO] [stderr]    Compiling dtoa v1.0.11
[INFO] [stderr]    Compiling rustc-hex v2.1.0
[INFO] [stderr]    Compiling primitive-types v0.12.2
[INFO] [stderr]    Compiling ethnum v1.5.3
[INFO] [stderr]    Compiling strum v0.28.0
[INFO] [stderr]    Compiling itertools v0.10.5
[INFO] [stderr]    Compiling secp256k1-sys v0.10.1
[INFO] [stderr]    Compiling regex-automata v0.4.18
[INFO] [stderr]    Compiling strum_macros v0.24.3
[INFO] [stderr]    Compiling synstructure v0.13.2
[INFO] [stderr]    Compiling darling_core v0.23.0
[INFO] [stderr]    Compiling strum v0.24.1
[INFO] [stderr]    Compiling serde_derive v1.0.229
[INFO] [stderr]    Compiling enum-ordinalize-derive v4.4.2
[INFO] [stderr]    Compiling thiserror-impl v2.0.20
[INFO] [stderr]    Compiling tokio-macros v2.7.2
[INFO] [stderr]    Compiling futures-macro v0.3.34
[INFO] [stderr]    Compiling async-trait v0.1.92
[INFO] [stderr]    Compiling zeroize_derive v1.5.0
[INFO] [stderr]    Compiling thiserror-impl v1.0.69
[INFO] [stderr]    Compiling fuel-derive v0.66.4
[INFO] [stderr]    Compiling curve25519-dalek-derive v0.1.1
[INFO] [stderr]    Compiling enum-ordinalize v4.4.2
[INFO] [stderr]    Compiling educe v0.6.0
[INFO] [stderr]    Compiling zeroize v1.9.0
[INFO] [stderr]    Compiling derive_more-impl v1.0.0
[INFO] [stderr]    Compiling derive_more v0.99.20
[INFO] [stderr]    Compiling tokio v1.53.1
[INFO] [stderr]    Compiling generic-array v0.14.7
[INFO] [stderr]    Compiling der v0.7.10
[INFO] [stderr]    Compiling futures-util v0.3.34
[INFO] [stderr]    Compiling tracing-attributes v0.1.31
[INFO] [stderr]    Compiling ppv-lite86 v0.2.21
[INFO] [stderr]    Compiling thiserror v1.0.69
[INFO] [stderr]    Compiling prometheus-client-derive-encode v0.4.2
[INFO] [stderr]    Compiling hashbrown v0.13.2
[INFO] [stderr]    Compiling rand_chacha v0.3.1
[INFO] [stderr]    Compiling block-buffer v0.10.4
[INFO] [stderr]    Compiling crypto-common v0.1.7
[INFO] [stderr]    Compiling crypto-bigint v0.5.5
[INFO] [stderr]    Compiling rand v0.8.8
[INFO] [stderr]    Compiling digest v0.10.7
[INFO] [stderr]    Compiling cobs v0.3.0
[INFO] [stderr]    Compiling sha2 v0.10.9
[INFO] [stderr]    Compiling hmac v0.12.1
[INFO] [stderr]    Compiling signature v2.2.0
[INFO] [stderr]    Compiling rfc6979 v0.4.0
[INFO] [stderr]    Compiling bs58 v0.5.1
[INFO] [stderr]    Compiling sha3 v0.10.9
[INFO] [stderr]    Compiling ripemd v0.1.3
[INFO] [stderr]    Compiling pbkdf2 v0.12.2
[INFO] [stderr]    Compiling derive_more v1.0.0
[INFO] [stderr]    Compiling tracing v0.1.44
[INFO] [stderr]    Compiling regex v1.13.1
[INFO] [stderr]    Compiling strum_macros v0.28.0
[INFO] [stderr]    Compiling spki v0.7.3
[INFO] [stderr]    Compiling sec1 v0.7.3
[INFO] [stderr]    Compiling darling_macro v0.23.0
[INFO] [stderr]    Compiling pkcs8 v0.10.2
[INFO] [stderr]    Compiling darling v0.23.0
[INFO] [stderr]    Compiling serde_with_macros v3.22.0
[INFO] [stderr]    Compiling substrate-bn v0.6.0
[INFO] [stderr]    Compiling derive_more-impl v2.1.1
[INFO] [stderr]    Compiling serde v1.0.229
[INFO] [stderr]    Compiling secrecy v0.8.0
[INFO] [stderr]    Compiling serde_with v3.22.0
[INFO] [stderr]    Compiling futures-executor v0.3.34
[INFO] [stderr]    Compiling elliptic-curve v0.13.8
[INFO] [stderr]    Compiling futures v0.3.34
[INFO] [stderr]    Compiling coins-core v0.8.7
[INFO] [stderr]    Compiling fuel-types v0.66.4
[INFO] [stderr]    Compiling ed25519 v2.2.3
[INFO] [stderr]    Compiling ed25519-dalek v2.2.0
[INFO] [stderr]    Compiling ecdsa v0.16.9
[INFO] [stderr]    Compiling primeorder v0.13.6
[INFO] [stderr]    Compiling secp256k1 v0.30.0
[INFO] [stderr]    Compiling hashbrown v0.14.5
[INFO] [stderr]    Compiling fuel-merkle v0.66.4
[INFO] [stderr]    Compiling fuel-core-metrics v0.48.3
[INFO] [stderr]    Compiling tai64 v4.0.0
[INFO] [stderr]    Compiling k256 v0.13.4
[INFO] [stderr]    Compiling p256 v0.13.2
[INFO] [stderr]    Compiling postcard v1.1.3
[INFO] [stderr]    Compiling fuel-asm v0.66.4
[INFO] [stderr]    Compiling coins-bip32 v0.8.7
[INFO] [stderr]    Compiling coins-bip39 v0.8.7
[INFO] [stderr]    Compiling fuel-crypto v0.66.4
[INFO] [stderr]    Compiling fuel-tx v0.66.4
[INFO] [stderr]    Compiling derive_more v2.1.1
[INFO] [stderr]    Compiling tokio-util v0.7.19
[INFO] [stderr]    Compiling fuel-core-services v0.48.3
[INFO] [stderr]    Compiling tokio-stream v0.1.19
[INFO] [stderr]    Compiling fuel-vm v0.66.4
[INFO] [stderr]    Compiling fuel-core-types v0.48.3
[INFO] [stderr]    Compiling fuel-core-tx-status-manager v0.48.3 (/opt/rustwide/workdir)
[INFO] [stderr]     Finished `release` profile [optimized] target(s) in 1m 40s
[INFO] [stderr] warning: the following packages contain code that will be rejected by a future version of Rust: primitive-types v0.12.2
[INFO] [stderr] note: to see what the problems were, use the option `--future-incompat-report`, or run `cargo report future-incompatibilities --id 8`
[INFO] running `Command { std: "docker" "inspect" "1d0925ab1ea6f03ac6b0ab7f4bdc4d4340afc0794dfafa89fdba3608b20fc43c", kill_on_drop: false }`
[INFO] running `Command { std: "docker" "exec" "-e" "SOURCE_DIR=/opt/rustwide/workdir" "-e" "CARGO_HOME=/opt/rustwide/cargo-home" "-e" "RUSTUP_HOME=/opt/rustwide/rustup-home" "-e" "CARGO_TARGET_DIR=/opt/rustwide/target" "-e" "CARGO_INCREMENTAL=0" "-e" "RUST_BACKTRACE=full" "-e" "RUSTFLAGS=--cap-lints=warn" "-e" "RUSTDOCFLAGS=--cap-lints=warn" "-w" "/opt/rustwide/workdir" "--user" "0:0" "1d0925ab1ea6f03ac6b0ab7f4bdc4d4340afc0794dfafa89fdba3608b20fc43c" "/opt/rustwide/cargo-home/bin/cargo" "+1.100.0-beta.1" "test" "--frozen" "--no-run" "--message-format=json" "--release", kill_on_drop: false }`
[INFO] [stderr]    Compiling bitflags v2.13.1
[INFO] [stderr]    Compiling getrandom v0.3.4
[INFO] [stderr]    Compiling tokio v1.53.1
[INFO] [stderr]    Compiling num-traits v0.2.19
[INFO] [stderr]    Compiling structmeta-derive v0.3.0
[INFO] [stderr]    Compiling mockall_derive v0.14.0
[INFO] [stderr]    Compiling test-case-core v3.3.1
[INFO] [stderr]    Compiling wait-timeout v0.2.1
[INFO] [stderr]    Compiling mockall v0.14.0
[INFO] [stderr]    Compiling predicates v3.1.4
[INFO] [stderr]    Compiling fragile v2.1.0
[INFO] [stderr]    Compiling downcast v0.11.0
[INFO] [stderr]    Compiling rand_core v0.9.5
[INFO] [stderr]    Compiling fuel-asm v0.66.4
[INFO] [stderr]    Compiling rustix v1.1.4
[INFO] [stderr]    Compiling rand v0.9.5
[INFO] [stderr]    Compiling rand_xorshift v0.4.0
[INFO] [stderr]    Compiling rand_chacha v0.9.0
[INFO] [stderr]    Compiling test-case-macros v3.3.1
[INFO] [stderr]    Compiling structmeta v0.3.0
[INFO] [stderr]    Compiling derive-ex v0.1.8
[INFO] [stderr]    Compiling test-case v3.3.1
[INFO] [stderr]    Compiling tempfile v3.27.0
[INFO] [stderr]    Compiling rusty-fork v0.3.1
[INFO] [stderr]    Compiling proptest v1.11.0
[INFO] [stderr]    Compiling test-strategy v0.4.5
[INFO] [stderr]    Compiling fuel-tx v0.66.4
[INFO] [stderr]    Compiling tokio-util v0.7.19
[INFO] [stderr]    Compiling fuel-core-services v0.48.3
[INFO] [stderr]    Compiling tokio-stream v0.1.19
[INFO] [stderr]    Compiling fuel-vm v0.66.4
[INFO] [stderr]    Compiling fuel-core-types v0.48.3
[INFO] [stderr]    Compiling fuel-core-tx-status-manager v0.48.3 (/opt/rustwide/workdir)
[INFO] [stdout] error[E0433]: cannot find `rand` in `fuel_crypto`
[INFO] [stdout]    --> src/service.rs:504:13
[INFO] [stdout]     |
[INFO] [stdout] 504 |             rand::{
[INFO] [stdout]     |             ^^^^ could not find `rand` in `fuel_crypto`
[INFO] [stdout]     |
[INFO] [stdout] note: found an item that was configured out
[INFO] [stdout]    --> /opt/rustwide/cargo-home/registry/src/index.crates.io-1949cf8c6b5b557f/fuel-crypto-0.66.4/src/lib.rs:39:9
[INFO] [stdout]     |
[INFO] [stdout]  36 | #[cfg(feature = "random")]
[INFO] [stdout]     |       ------------------ the item is gated behind the `random` feature
[INFO] [stdout] ...
[INFO] [stdout]  39 | pub use rand;
[INFO] [stdout]     |         ^^^^
[INFO] [stdout] 
[INFO] [stdout] 
[INFO] [stdout] error[E0433]: cannot find `rand` in `fuel_crypto`
[INFO] [stdout]    --> src/service.rs:639:30
[INFO] [stdout]     |
[INFO] [stdout] 639 |                 fuel_crypto::rand::{
[INFO] [stdout]     |                              ^^^^ could not find `rand` in `fuel_crypto`
[INFO] [stdout]     |
[INFO] [stdout] note: found an item that was configured out
[INFO] [stdout]    --> /opt/rustwide/cargo-home/registry/src/index.crates.io-1949cf8c6b5b557f/fuel-crypto-0.66.4/src/lib.rs:39:9
[INFO] [stdout]     |
[INFO] [stdout]  36 | #[cfg(feature = "random")]
[INFO] [stdout]     |       ------------------ the item is gated behind the `random` feature
[INFO] [stdout] ...
[INFO] [stdout]  39 | pub use rand;
[INFO] [stdout]     |         ^^^^
[INFO] [stdout] 
[INFO] [stdout] 
[INFO] [stdout] error[E0432]: unresolved import `fuel_core_types::fuel_crypto::rand`
[INFO] [stdout]    --> src/service.rs:504:13
[INFO] [stdout]     |
[INFO] [stdout] 504 |             rand::{
[INFO] [stdout]     |             ^^^^ could not find `rand` in `fuel_crypto`
[INFO] [stdout]     |
[INFO] [stdout] note: found an item that was configured out
[INFO] [stdout]    --> /opt/rustwide/cargo-home/registry/src/index.crates.io-1949cf8c6b5b557f/fuel-crypto-0.66.4/src/lib.rs:39:9
[INFO] [stdout]     |
[INFO] [stdout]  36 | #[cfg(feature = "random")]
[INFO] [stdout]     |       ------------------ the item is gated behind the `random` feature
[INFO] [stdout] ...
[INFO] [stdout]  39 | pub use rand;
[INFO] [stdout]     |         ^^^^
[INFO] [stdout] 
[INFO] [stdout] 
[INFO] [stdout] error[E0599]: no method named `choose` found for struct `Vec<TransactionStatus>` in the current scope
[INFO] [stdout]    --> src/service.rs:720:22
[INFO] [stdout]     |
[INFO] [stdout] 716 |                 all_statuses()
[INFO] [stdout] 717 |                     .into_iter()
[INFO] [stdout] 718 |                     .filter(TxStatusManager::is_prunable)
[INFO] [stdout] 719 |                     .collect::<Vec<_>>()
[INFO] [stdout] 720 |                     .choose(rng)
[INFO] [stdout]     |                      ^^^^^^
[INFO] [stdout]     |
[INFO] [stdout]     = help: items from traits can only be used if the trait is in scope
[INFO] [stdout] help: there is a method `close` with a similar name, but with different arguments
[INFO] [stdout]    --> /opt/rustwide/cargo-home/registry/src/index.crates.io-1949cf8c6b5b557f/futures-util-0.3.34/src/sink/mod.rs:183:5
[INFO] [stdout]     |
[INFO] [stdout] 183 | /     fn close(&mut self) -> Close<'_, Self, Item>
[INFO] [stdout] 184 | |     where
[INFO] [stdout] 185 | |         Self: Unpin,
[INFO] [stdout]     | |____________________^
[INFO] [stdout] help: the following traits which provide `choose` are implemented but not in scope; perhaps you want to import one of them
[INFO] [stdout]     |
[INFO] [stdout] 636 +             use rand::seq::SliceRandom;
[INFO] [stdout]     |
[INFO] [stdout] 636 +             use rand::seq::slice::IndexedRandom;
[INFO] [stdout]     |
[INFO] [stdout] 
[INFO] [stdout] 
[INFO] [stdout] error[E0599]: no method named `choose` found for array `[TransactionStatus; 7]` in the current scope
[INFO] [stdout]    --> src/service.rs:726:32
[INFO] [stdout]     |
[INFO] [stdout] 726 |                 all_statuses().choose(rng).unwrap().clone()
[INFO] [stdout]     |                                ^^^^^^ method not found in `[TransactionStatus; 7]`
[INFO] [stdout]     |
[INFO] [stdout]     = help: items from traits can only be used if the trait is in scope
[INFO] [stdout] help: the following traits which provide `choose` are implemented but not in scope; perhaps you want to import one of them
[INFO] [stdout]     |
[INFO] [stdout] 636 +             use rand::seq::SliceRandom;
[INFO] [stdout]     |
[INFO] [stdout] 636 +             use rand::seq::slice::IndexedRandom;
[INFO] [stdout]     |
[INFO] [stdout] 
[INFO] [stdout] 
[INFO] [stdout] error[E0599]: no associated function or constant named `default` found for struct `fuel_core_types::fuel_vm::SecretKey` in the current scope
[INFO] [stdout]    --> src/service.rs:748:38
[INFO] [stdout]     |
[INFO] [stdout] 748 |         let signing_key = SecretKey::default();
[INFO] [stdout]     |                                      ^^^^^^^ associated function or constant not found in `fuel_core_types::fuel_vm::SecretKey`
[INFO] [stdout]     |
[INFO] [stdout] note: if you're trying to build a new `fuel_core_types::fuel_vm::SecretKey` consider using one of the following associated functions:
[INFO] [stdout]       fuel_core_types::fuel_vm::SecretKey::new_from_mnemonic_phrase_with_path
[INFO] [stdout]       fuel_core_types::fuel_vm::SecretKey::new_from_mnemonic
[INFO] [stdout]    --> /opt/rustwide/cargo-home/registry/src/index.crates.io-1949cf8c6b5b557f/fuel-crypto-0.66.4/src/secp256/secret.rs:142:5
[INFO] [stdout]     |
[INFO] [stdout] 142 | /     pub fn new_from_mnemonic_phrase_with_path(
[INFO] [stdout] 143 | |         phrase: &str,
[INFO] [stdout] 144 | |         path: &str,
[INFO] [stdout] 145 | |     ) -> Result<Self, Error> {
[INFO] [stdout]     | |____________________________^
[INFO] [stdout] ...
[INFO] [stdout] 157 |       pub fn new_from_mnemonic(d: DerivationPath, m: Mnemonic<W>) -> Result<Self, Error> {
[INFO] [stdout]     |       ^^^^^^^^^^^^^^^^^^^^^^^^^^^^^^^^^^^^^^^^^^^^^^^^^^^^^^^^^^^^^^^^^^^^^^^^^^^^^^^^^^
[INFO] [stdout] 
[INFO] [stdout] 
[INFO] [stdout] error[E0599]: the associated function or constant `random` exists for struct `fuel_core_types::fuel_vm::SecretKey`, but its trait bounds were not satisfied
[INFO] [stdout]    --> src/service.rs:835:41
[INFO] [stdout]     |
[INFO] [stdout] 835 |         let new_secret_key = SecretKey::random(&mut rng);
[INFO] [stdout]     |                                         ^^^^^^ associated function or constant cannot be called on `fuel_core_types::fuel_vm::SecretKey` due to unsatisfied trait bounds
[INFO] [stdout]     |
[INFO] [stdout]    ::: /opt/rustwide/cargo-home/registry/src/index.crates.io-1949cf8c6b5b557f/fuel-crypto-0.66.4/src/secp256/secret.rs:35:1
[INFO] [stdout]     |
[INFO] [stdout]  35 | pub struct SecretKey(Bytes32);
[INFO] [stdout]     | -------------------- doesn't satisfy `_: RngCore` or `_: Rng`
[INFO] [stdout]     |
[INFO] [stdout] note: if you're trying to build a new `fuel_core_types::fuel_vm::SecretKey` consider using one of the following associated functions:
[INFO] [stdout]       fuel_core_types::fuel_vm::SecretKey::new_from_mnemonic_phrase_with_path
[INFO] [stdout]       fuel_core_types::fuel_vm::SecretKey::new_from_mnemonic
[INFO] [stdout]    --> /opt/rustwide/cargo-home/registry/src/index.crates.io-1949cf8c6b5b557f/fuel-crypto-0.66.4/src/secp256/secret.rs:142:5
[INFO] [stdout]     |
[INFO] [stdout] 142 | /     pub fn new_from_mnemonic_phrase_with_path(
[INFO] [stdout] 143 | |         phrase: &str,
[INFO] [stdout] 144 | |         path: &str,
[INFO] [stdout] 145 | |     ) -> Result<Self, Error> {
[INFO] [stdout]     | |____________________________^
[INFO] [stdout] ...
[INFO] [stdout] 157 |       pub fn new_from_mnemonic(d: DerivationPath, m: Mnemonic<W>) -> Result<Self, Error> {
[INFO] [stdout]     |       ^^^^^^^^^^^^^^^^^^^^^^^^^^^^^^^^^^^^^^^^^^^^^^^^^^^^^^^^^^^^^^^^^^^^^^^^^^^^^^^^^^
[INFO] [stdout]     = note: the following trait bounds were not satisfied:
[INFO] [stdout]             `fuel_core_types::fuel_vm::SecretKey: proptest::prelude::RngCore`
[INFO] [stdout]             which is required by `fuel_core_types::fuel_vm::SecretKey: proptest::prelude::Rng`
[INFO] [stdout]             `&fuel_core_types::fuel_vm::SecretKey: proptest::prelude::RngCore`
[INFO] [stdout]             which is required by `&fuel_core_types::fuel_vm::SecretKey: proptest::prelude::Rng`
[INFO] [stdout]             `&mut fuel_core_types::fuel_vm::SecretKey: proptest::prelude::RngCore`
[INFO] [stdout]             which is required by `&mut fuel_core_types::fuel_vm::SecretKey: proptest::prelude::Rng`
[INFO] [stdout] 
[INFO] [stdout] 
[INFO] [stdout] Some errors have detailed explanations: E0432, E0433, E0599.
[INFO] [stdout] 
[INFO] [stdout] For more information about an error, try `rustc --explain E0432`.
[INFO] [stdout] 
[INFO] [stderr] error: could not compile `fuel-core-tx-status-manager` (lib test) due to 7 previous errors
[INFO] running `Command { std: "docker" "inspect" "1d0925ab1ea6f03ac6b0ab7f4bdc4d4340afc0794dfafa89fdba3608b20fc43c", kill_on_drop: false }`
[INFO] running `Command { std: "docker" "rm" "-f" "1d0925ab1ea6f03ac6b0ab7f4bdc4d4340afc0794dfafa89fdba3608b20fc43c", kill_on_drop: false }`
[INFO] [stdout] 1d0925ab1ea6f03ac6b0ab7f4bdc4d4340afc0794dfafa89fdba3608b20fc43c
