[INFO] fetching crate fuel-core-storage 0.48.3...
[INFO] testing fuel-core-storage-0.48.3 against 1.99.0-beta.8+cargoflags=--release for beta-release-1.100-2
[INFO] extracting crate fuel-core-storage 0.48.3 into /workspace/builds/worker-6-tc1/source
[INFO] started tweaking crates.io crate fuel-core-storage 0.48.3
[INFO] finished tweaking crates.io crate fuel-core-storage 0.48.3
[INFO] tweaked toml for crates.io crate fuel-core-storage 0.48.3 written to /workspace/builds/worker-6-tc1/source/Cargo.toml
[INFO] validating manifest of crates.io crate fuel-core-storage 0.48.3 on toolchain 1.99.0-beta.8
[INFO] running `Command { std: CARGO_HOME="/workspace/cargo-home" RUSTUP_HOME="/workspace/rustup-home" "/workspace/cargo-home/bin/cargo" "+1.99.0-beta.8" "metadata" "--manifest-path" "Cargo.toml" "--no-deps", kill_on_drop: false }`
[INFO] crate crates.io crate fuel-core-storage 0.48.3 already has a lockfile, it will not be regenerated
[INFO] running `Command { std: CARGO_HOME="/workspace/cargo-home" RUSTUP_HOME="/workspace/rustup-home" "/workspace/cargo-home/bin/cargo" "+1.99.0-beta.8" "fetch" "--manifest-path" "Cargo.toml", kill_on_drop: false }`
[INFO] [stderr]     Updating crates.io index
[INFO] [stderr]  Downloading crates ...
[INFO] [stderr]   Downloaded heapless v0.7.17
[INFO] [stderr]   Downloaded test-case v3.3.1
[INFO] [stderr]   Downloaded test-case-macros v3.3.1
[INFO] [stderr]   Downloaded test-case-core v3.3.1
[INFO] [stderr]   Downloaded hash32 v0.2.1
[INFO] [stderr]   Downloaded atomic-polyfill v1.0.3
[INFO] [stderr]   Downloaded tai64 v4.0.0
[INFO] [stderr]   Downloaded fragile v2.1.0
[INFO] [stderr]   Downloaded impl-tools v0.10.3
[INFO] [stderr]   Downloaded impl-tools-lib v0.11.4
[INFO] [stderr]   Downloaded mockall v0.14.0
[INFO] [stderr]   Downloaded fuel-derive v0.66.4
[INFO] [stderr]   Downloaded enum-ordinalize v4.4.2
[INFO] [stderr]   Downloaded serde_with_macros v3.22.0
[INFO] [stderr]   Downloaded substrate-bn v0.6.0
[INFO] [stderr]   Downloaded enum-ordinalize-derive v4.4.2
[INFO] [stderr]   Downloaded fuel-types v0.66.4
[INFO] [stderr]   Downloaded fuel-storage v0.66.4
[INFO] [stderr]   Downloaded mockall_derive v0.14.0
[INFO] [stderr]   Downloaded fuel-crypto v0.66.4
[INFO] [stderr]   Downloaded bitcoin-io v0.1.101
[INFO] [stderr]   Downloaded fuel-merkle v0.66.4
[INFO] [stderr]   Downloaded serde_with v3.22.0
[INFO] [stderr]   Downloaded bitcoin-internals v0.6.0
[INFO] [stderr]   Downloaded fuel-tx v0.66.4
[INFO] [stderr]   Downloaded bitcoin-consensus-encoding v1.2.0
[INFO] [stderr]   Downloaded hex-conservative v1.2.0
[INFO] [stderr]   Downloaded base64ct v1.6.0
[INFO] [stderr]   Downloaded fuel-vm v0.66.4
[INFO] [stderr]   Downloaded coins-bip39 v0.8.7
[INFO] [stderr]   Downloaded coins-bip32 v0.8.7
[INFO] [stderr]   Downloaded coins-core v0.8.7
[INFO] [stderr]   Downloaded fuel-compression v0.66.4
[INFO] [stderr]   Downloaded fuel-asm v0.66.4
[INFO] [stderr]   Downloaded fuel-core-types v0.48.3
[INFO] running `Command { std: "docker" "create" "-v" "/var/lib/crater-agent-workspace/builds/worker-6-tc1/source:/opt/rustwide/workdir:ro,Z" "-v" "/var/lib/crater-agent-workspace/builds/worker-6-tc1/target:/opt/rustwide/target:rw,Z" "-v" "/var/lib/crater-agent-workspace/cargo-home:/opt/rustwide/cargo-home:ro,Z" "-v" "/var/lib/crater-agent-workspace/rustup-home:/opt/rustwide/rustup-home:ro,Z" "-m" "1610612736" "--network" "none" "ghcr.io/rust-lang/crates-build-env/linux@sha256:77db811e55d90add9212f6832c23229e3de5f1c1f9905e8cb07319ea15df73ac" "sleep" "infinity", kill_on_drop: false }`
[INFO] [stdout] 3057c7e24f4e572ecf2b0781f6bf5da18329433511626c4ba5bcd9e295825622
[INFO] running `Command { std: "docker" "start" "3057c7e24f4e572ecf2b0781f6bf5da18329433511626c4ba5bcd9e295825622", kill_on_drop: false }`
[INFO] running `Command { std: "docker" "inspect" "3057c7e24f4e572ecf2b0781f6bf5da18329433511626c4ba5bcd9e295825622", kill_on_drop: false }`
[INFO] running `Command { std: "docker" "exec" "-e" "SOURCE_DIR=/opt/rustwide/workdir" "-e" "CARGO_HOME=/opt/rustwide/cargo-home" "-e" "RUSTUP_HOME=/opt/rustwide/rustup-home" "-e" "CARGO_TARGET_DIR=/opt/rustwide/target" "-w" "/opt/rustwide/workdir" "--user" "0:0" "3057c7e24f4e572ecf2b0781f6bf5da18329433511626c4ba5bcd9e295825622" "/opt/rustwide/cargo-home/bin/cargo" "+1.99.0-beta.8" "metadata" "--no-deps" "--format-version=1", kill_on_drop: false }`
[INFO] running `Command { std: "docker" "inspect" "3057c7e24f4e572ecf2b0781f6bf5da18329433511626c4ba5bcd9e295825622", kill_on_drop: false }`
[INFO] running `Command { std: "docker" "exec" "-e" "SOURCE_DIR=/opt/rustwide/workdir" "-e" "CARGO_HOME=/opt/rustwide/cargo-home" "-e" "RUSTUP_HOME=/opt/rustwide/rustup-home" "-e" "CARGO_TARGET_DIR=/opt/rustwide/target" "-e" "CARGO_INCREMENTAL=0" "-e" "RUST_BACKTRACE=full" "-e" "RUSTFLAGS=--cap-lints=warn" "-e" "RUSTDOCFLAGS=--cap-lints=warn" "-w" "/opt/rustwide/workdir" "--user" "0:0" "3057c7e24f4e572ecf2b0781f6bf5da18329433511626c4ba5bcd9e295825622" "/opt/rustwide/cargo-home/bin/cargo" "+1.99.0-beta.8" "build" "--frozen" "--message-format=json" "--release", kill_on_drop: false }`
[INFO] [stderr]    Compiling subtle v2.6.1
[INFO] [stderr]    Compiling serde_core v1.0.229
[INFO] [stderr]    Compiling serde v1.0.229
[INFO] [stderr]    Compiling zerocopy v0.8.56
[INFO] [stderr]    Compiling base16ct v0.2.0
[INFO] [stderr]    Compiling generic-array v0.14.7
[INFO] [stderr]    Compiling find-msvc-tools v0.1.11
[INFO] [stderr]    Compiling radium v0.7.0
[INFO] [stderr]    Compiling syn v2.0.119
[INFO] [stderr]    Compiling syn v3.0.4
[INFO] [stderr]    Compiling getrandom v0.2.17
[INFO] [stderr]    Compiling syn v1.0.109
[INFO] [stderr]    Compiling spin v0.9.9
[INFO] [stderr]    Compiling curve25519-dalek v4.1.3
[INFO] [stderr]    Compiling tap v1.0.1
[INFO] [stderr]    Compiling thiserror v2.0.20
[INFO] [stderr]    Compiling bech32 v0.9.1
[INFO] [stderr]    Compiling wyz v0.5.1
[INFO] [stderr]    Compiling heapless v0.7.17
[INFO] [stderr]    Compiling rand_core v0.6.4
[INFO] [stderr]    Compiling heck v0.4.1
[INFO] [stderr]    Compiling funty v2.0.0
[INFO] [stderr]    Compiling hash32 v0.2.1
[INFO] [stderr]    Compiling either v1.18.0
[INFO] [stderr]    Compiling toml_parser v1.1.3+spec-1.1.0
[INFO] [stderr]    Compiling ff v0.13.1
[INFO] [stderr]    Compiling cc v1.4.4
[INFO] [stderr]    Compiling indexmap v2.14.0
[INFO] [stderr]    Compiling group v0.13.0
[INFO] [stderr]    Compiling fuel-storage v0.66.4
[INFO] [stderr]    Compiling libm v0.2.16
[INFO] [stderr]    Compiling base64ct v1.6.0
[INFO] [stderr]    Compiling itertools v0.10.5
[INFO] [stderr]    Compiling uint v0.9.5
[INFO] [stderr]    Compiling fixed-hash v0.8.0
[INFO] [stderr]    Compiling lazy_static v1.5.0
[INFO] [stderr]    Compiling proc-macro-error-attr2 v2.0.0
[INFO] [stderr]    Compiling rustc-hex v2.1.0
[INFO] [stderr]    Compiling smallvec v1.15.2
[INFO] [stderr]    Compiling impl-tools v0.10.3
[INFO] [stderr]    Compiling primitive-types v0.12.2
[INFO] [stderr]    Compiling ethnum v1.5.3
[INFO] [stderr]    Compiling bitvec v1.1.1
[INFO] [stderr]    Compiling proc-macro-error2 v2.0.1
[INFO] [stderr]    Compiling parking_lot_core v0.9.12
[INFO] [stderr]    Compiling percent-encoding v2.3.2
[INFO] [stderr]    Compiling parking_lot v0.12.5
[INFO] [stderr]    Compiling itertools v0.14.0
[INFO] [stderr]    Compiling strum v0.28.0
[INFO] [stderr]    Compiling toml_edit v0.25.13+spec-1.1.0
[INFO] [stderr]    Compiling secp256k1-sys v0.10.1
[INFO] [stderr]    Compiling proc-macro-crate v3.5.0
[INFO] [stderr]    Compiling bitflags v2.13.1
[INFO] [stderr]    Compiling strum_macros v0.24.3
[INFO] [stderr]    Compiling strum v0.24.1
[INFO] [stderr]    Compiling serde_derive v1.0.229
[INFO] [stderr]    Compiling enum-ordinalize-derive v4.4.2
[INFO] [stderr]    Compiling thiserror-impl v2.0.20
[INFO] [stderr]    Compiling async-trait v0.1.92
[INFO] [stderr]    Compiling enum-ordinalize v4.4.2
[INFO] [stderr]    Compiling synstructure v0.13.2
[INFO] [stderr]    Compiling darling_core v0.23.0
[INFO] [stderr]    Compiling impl-tools-lib v0.11.4
[INFO] [stderr]    Compiling zeroize_derive v1.5.0
[INFO] [stderr]    Compiling thiserror-impl v1.0.69
[INFO] [stderr]    Compiling educe v0.6.0
[INFO] [stderr]    Compiling curve25519-dalek-derive v0.1.1
[INFO] [stderr]    Compiling derive_more v0.99.20
[INFO] [stderr]    Compiling derive_more-impl v1.0.0
[INFO] [stderr]    Compiling derive_more-impl v2.1.1
[INFO] [stderr]    Compiling enum-iterator-derive v1.5.0
[INFO] [stderr]    Compiling cobs v0.3.0
[INFO] [stderr]    Compiling fuel-derive v0.66.4
[INFO] [stderr]    Compiling ppv-lite86 v0.2.21
[INFO] [stderr]    Compiling zeroize v1.9.0
[INFO] [stderr]    Compiling ahash v0.8.12
[INFO] [stderr]    Compiling hashbrown v0.13.2
[INFO] [stderr]    Compiling num_enum_derive v0.7.6
[INFO] [stderr]    Compiling enum-iterator v2.3.0
[INFO] [stderr]    Compiling der v0.7.10
[INFO] [stderr]    Compiling rand_chacha v0.3.1
[INFO] [stderr]    Compiling rand v0.8.8
[INFO] [stderr]    Compiling secrecy v0.8.0
[INFO] [stderr]    Compiling strum_macros v0.28.0
[INFO] [stderr]    Compiling thiserror v1.0.69
[INFO] [stderr]    Compiling num_enum v0.7.6
[INFO] [stderr]    Compiling derive_more v1.0.0
[INFO] [stderr]    Compiling block-buffer v0.10.4
[INFO] [stderr]    Compiling crypto-common v0.1.7
[INFO] [stderr]    Compiling crypto-bigint v0.5.5
[INFO] [stderr]    Compiling digest v0.10.7
[INFO] [stderr]    Compiling sha2 v0.10.9
[INFO] [stderr]    Compiling hmac v0.12.1
[INFO] [stderr]    Compiling signature v2.2.0
[INFO] [stderr]    Compiling ripemd v0.1.3
[INFO] [stderr]    Compiling sha3 v0.10.9
[INFO] [stderr]    Compiling substrate-bn v0.6.0
[INFO] [stderr]    Compiling darling_macro v0.23.0
[INFO] [stderr]    Compiling rfc6979 v0.4.0
[INFO] [stderr]    Compiling pbkdf2 v0.12.2
[INFO] [stderr]    Compiling bs58 v0.5.1
[INFO] [stderr]    Compiling ed25519 v2.2.3
[INFO] [stderr]    Compiling fuel-types v0.66.4
[INFO] [stderr]    Compiling spki v0.7.3
[INFO] [stderr]    Compiling sec1 v0.7.3
[INFO] [stderr]    Compiling darling v0.23.0
[INFO] [stderr]    Compiling pkcs8 v0.10.2
[INFO] [stderr]    Compiling serde_with_macros v3.22.0
[INFO] [stderr]    Compiling hashbrown v0.14.5
[INFO] [stderr]    Compiling fuel-merkle v0.66.4
[INFO] [stderr]    Compiling postcard v1.1.3
[INFO] [stderr]    Compiling fuel-asm v0.66.4
[INFO] [stderr]    Compiling elliptic-curve v0.13.8
[INFO] [stderr]    Compiling coins-core v0.8.7
[INFO] [stderr]    Compiling ed25519-dalek v2.2.0
[INFO] [stderr]    Compiling tai64 v4.0.0
[INFO] [stderr]    Compiling serde_with v3.22.0
[INFO] [stderr]    Compiling ecdsa v0.16.9
[INFO] [stderr]    Compiling primeorder v0.13.6
[INFO] [stderr]    Compiling derive_more v2.1.1
[INFO] [stderr]    Compiling k256 v0.13.4
[INFO] [stderr]    Compiling p256 v0.13.2
[INFO] [stderr]    Compiling coins-bip32 v0.8.7
[INFO] [stderr]    Compiling coins-bip39 v0.8.7
[INFO] [stderr]    Compiling secp256k1 v0.30.0
[INFO] [stderr]    Compiling fuel-crypto v0.66.4
[INFO] [stderr]    Compiling fuel-tx v0.66.4
[INFO] [stderr]    Compiling fuel-vm v0.66.4
[INFO] [stderr]    Compiling fuel-core-types v0.48.3
[INFO] [stderr]    Compiling fuel-core-storage v0.48.3 (/opt/rustwide/workdir)
[INFO] [stderr]     Finished `release` profile [optimized] target(s) in 1m 27s
[INFO] [stderr] warning: the following packages contain code that will be rejected by a future version of Rust: proc-macro-error2 v2.0.1
[INFO] [stderr] note: to see what the problems were, use the option `--future-incompat-report`, or run `cargo report future-incompatibilities --id 1`
[INFO] running `Command { std: "docker" "inspect" "3057c7e24f4e572ecf2b0781f6bf5da18329433511626c4ba5bcd9e295825622", kill_on_drop: false }`
[INFO] running `Command { std: "docker" "exec" "-e" "SOURCE_DIR=/opt/rustwide/workdir" "-e" "CARGO_HOME=/opt/rustwide/cargo-home" "-e" "RUSTUP_HOME=/opt/rustwide/rustup-home" "-e" "CARGO_TARGET_DIR=/opt/rustwide/target" "-e" "CARGO_INCREMENTAL=0" "-e" "RUST_BACKTRACE=full" "-e" "RUSTFLAGS=--cap-lints=warn" "-e" "RUSTDOCFLAGS=--cap-lints=warn" "-w" "/opt/rustwide/workdir" "--user" "0:0" "3057c7e24f4e572ecf2b0781f6bf5da18329433511626c4ba5bcd9e295825622" "/opt/rustwide/cargo-home/bin/cargo" "+1.99.0-beta.8" "test" "--frozen" "--no-run" "--message-format=json" "--release", kill_on_drop: false }`
[INFO] [stderr]    Compiling bitflags v2.13.1
[INFO] [stderr]    Compiling getrandom v0.3.4
[INFO] [stderr]    Compiling fuel-types v0.66.4
[INFO] [stderr]    Compiling rustix v1.1.4
[INFO] [stderr]    Compiling getrandom v0.4.3
[INFO] [stderr]    Compiling wait-timeout v0.2.1
[INFO] [stderr]    Compiling bit-vec v0.8.0
[INFO] [stderr]    Compiling unarray v0.1.4
[INFO] [stderr]    Compiling test-case-core v3.3.1
[INFO] [stderr]    Compiling rand_core v0.9.5
[INFO] [stderr]    Compiling rand_chacha v0.9.0
[INFO] [stderr]    Compiling rand_xorshift v0.4.0
[INFO] [stderr]    Compiling rand v0.9.5
[INFO] [stderr]    Compiling bit-set v0.8.0
[INFO] [stderr]    Compiling test-case-macros v3.3.1
[INFO] [stderr]    Compiling fuel-asm v0.66.4
[INFO] [stderr]    Compiling fuel-crypto v0.66.4
[INFO] [stderr]    Compiling test-case v3.3.1
[INFO] [stderr]    Compiling tempfile v3.27.0
[INFO] [stderr]    Compiling rusty-fork v0.3.1
[INFO] [stderr]    Compiling proptest v1.11.0
[INFO] [stderr]    Compiling fuel-tx v0.66.4
[INFO] [stderr]    Compiling fuel-vm v0.66.4
[INFO] [stderr]    Compiling fuel-core-types v0.48.3
[INFO] [stderr]    Compiling fuel-core-storage v0.48.3 (/opt/rustwide/workdir)
[INFO] [stdout] error[E0432]: unresolved import `crate::blueprint::merklized::basic_tests_bmt`
[INFO] [stdout]    --> src/structured_storage/blocks.rs:71:31
[INFO] [stdout]     |
[INFO] [stdout]  71 |         blueprint::merklized::basic_tests_bmt::{
[INFO] [stdout]     |                               ^^^^^^^^^^^^^^^ could not find `basic_tests_bmt` in `merklized`
[INFO] [stdout]     |
[INFO] [stdout] note: found an item that was configured out
[INFO] [stdout]    --> src/blueprint/merklized.rs:320:9
[INFO] [stdout]     |
[INFO] [stdout] 319 | #[cfg(feature = "test-helpers")]
[INFO] [stdout]     |       ------------------------ the item is gated behind the `test-helpers` feature
[INFO] [stdout] 320 | pub mod basic_tests_bmt {
[INFO] [stdout]     |         ^^^^^^^^^^^^^^^
[INFO] [stdout] 
[INFO] [stdout] 
[INFO] [stdout] error[E0432]: unresolved import `fuel_core_storage`
[INFO] [stdout]   --> src/lib.rs:18:5
[INFO] [stdout]    |
[INFO] [stdout] 18 | use fuel_core_storage as _;
[INFO] [stdout]    |     -----------------^^^^^
[INFO] [stdout]    |     |
[INFO] [stdout]    |     no external crate `fuel_core_storage`
[INFO] [stdout] 
[INFO] [stdout] 
[INFO] [stdout] error[E0432]: unresolved import `crate::structured_storage::test`
[INFO] [stdout]    --> src/structured_storage/blocks.rs:77:13
[INFO] [stdout]     |
[INFO] [stdout]  77 |             test::InMemoryStorage,
[INFO] [stdout]     |             ^^^^ could not find `test` in `structured_storage`
[INFO] [stdout]     |
[INFO] [stdout] note: found an item that was configured out
[INFO] [stdout]    --> src/structured_storage.rs:466:9
[INFO] [stdout]     |
[INFO] [stdout] 465 | #[cfg(feature = "test-helpers")]
[INFO] [stdout]     |       ------------------------ the item is gated behind the `test-helpers` feature
[INFO] [stdout] 466 | pub mod test {
[INFO] [stdout]     |         ^^^^
[INFO] [stdout] 
[INFO] [stdout] 
[INFO] [stdout] error[E0433]: cannot find module or crate `rand` in this scope
[INFO] [stdout]   --> src/structured_storage/blocks.rs:96:9
[INFO] [stdout]    |
[INFO] [stdout] 96 |     use rand::{
[INFO] [stdout]    |         ^^^^ use of unresolved module or unlinked crate `rand`
[INFO] [stdout]    |
[INFO] [stdout]    = help: if you wanted to use a crate named `rand`, use `cargo add rand` to add it to your `Cargo.toml`
[INFO] [stdout] 
[INFO] [stdout] 
[INFO] [stdout] error[E0432]: unresolved import `rand`
[INFO] [stdout]   --> src/structured_storage/blocks.rs:96:9
[INFO] [stdout]    |
[INFO] [stdout] 96 |     use rand::{
[INFO] [stdout]    |         ^^^^ use of unresolved module or unlinked crate `rand`
[INFO] [stdout]    |
[INFO] [stdout]    = help: if you wanted to use a crate named `rand`, use `cargo add rand` to add it to your `Cargo.toml`
[INFO] [stdout] 
[INFO] [stdout] 
[INFO] [stdout] error[E0433]: cannot find `basic_storage_tests` in the crate root
[INFO] [stdout]   --> src/structured_storage/upgrades.rs:71:12
[INFO] [stdout]    |
[INFO] [stdout] 71 |     crate::basic_storage_tests!(
[INFO] [stdout]    |            ^^^^^^^^^^^^^^^^^^^ could not find `basic_storage_tests` in the crate root
[INFO] [stdout] 
[INFO] [stdout] 
[INFO] [stdout] error[E0433]: cannot find `basic_storage_tests` in the crate root
[INFO] [stdout]   --> src/structured_storage/upgrades.rs:63:12
[INFO] [stdout]    |
[INFO] [stdout] 63 |     crate::basic_storage_tests!(
[INFO] [stdout]    |            ^^^^^^^^^^^^^^^^^^^ could not find `basic_storage_tests` in the crate root
[INFO] [stdout] 
[INFO] [stdout] 
[INFO] [stdout] error[E0433]: cannot find `basic_storage_tests` in the crate root
[INFO] [stdout]   --> src/structured_storage/upgrades.rs:55:12
[INFO] [stdout]    |
[INFO] [stdout] 55 |     crate::basic_storage_tests!(
[INFO] [stdout]    |            ^^^^^^^^^^^^^^^^^^^ could not find `basic_storage_tests` in the crate root
[INFO] [stdout] 
[INFO] [stdout] 
[INFO] [stdout] error[E0433]: cannot find `basic_storage_tests` in the crate root
[INFO] [stdout]   --> src/structured_storage/transactions.rs:43:8
[INFO] [stdout]    |
[INFO] [stdout] 43 | crate::basic_storage_tests!(
[INFO] [stdout]    |        ^^^^^^^^^^^^^^^^^^^ could not find `basic_storage_tests` in the crate root
[INFO] [stdout] 
[INFO] [stdout] 
[INFO] [stdout] error[E0433]: cannot find `basic_storage_tests` in the crate root
[INFO] [stdout]   --> src/structured_storage/transactions.rs:27:8
[INFO] [stdout]    |
[INFO] [stdout] 27 | crate::basic_storage_tests!(
[INFO] [stdout]    |        ^^^^^^^^^^^^^^^^^^^ could not find `basic_storage_tests` in the crate root
[INFO] [stdout] 
[INFO] [stdout] 
[INFO] [stdout] error[E0433]: cannot find `basic_storage_tests` in the crate root
[INFO] [stdout]   --> src/structured_storage/state.rs:41:12
[INFO] [stdout]    |
[INFO] [stdout] 41 |     crate::basic_storage_tests!(
[INFO] [stdout]    |            ^^^^^^^^^^^^^^^^^^^ could not find `basic_storage_tests` in the crate root
[INFO] [stdout] 
[INFO] [stdout] 
[INFO] [stdout] error[E0433]: cannot find `basic_storage_tests` in the crate root
[INFO] [stdout]   --> src/structured_storage/sealed_block.rs:24:8
[INFO] [stdout]    |
[INFO] [stdout] 24 | crate::basic_storage_tests!(
[INFO] [stdout]    |        ^^^^^^^^^^^^^^^^^^^ could not find `basic_storage_tests` in the crate root
[INFO] [stdout] 
[INFO] [stdout] 
[INFO] [stdout] error[E0433]: cannot find `basic_storage_tests` in the crate root
[INFO] [stdout]   --> src/structured_storage/messages.rs:27:12
[INFO] [stdout]    |
[INFO] [stdout] 27 |     crate::basic_storage_tests!(
[INFO] [stdout]    |            ^^^^^^^^^^^^^^^^^^^ could not find `basic_storage_tests` in the crate root
[INFO] [stdout] 
[INFO] [stdout] 
[INFO] [stdout] error[E0433]: cannot find `basic_storage_tests` in `$crate`
[INFO] [stdout]   --> src/structured_storage/merkle_data.rs:32:17
[INFO] [stdout]    |
[INFO] [stdout] 32 |         $crate::basic_storage_tests!(
[INFO] [stdout]    |                 ^^^^^^^^^^^^^^^^^^^ could not find `basic_storage_tests` in the crate root
[INFO] [stdout] ...
[INFO] [stdout] 43 | merkle_table!(FuelBlockMerkleMetadata, Postcard);
[INFO] [stdout]    | ------------------------------------------------ in this macro invocation
[INFO] [stdout]    |
[INFO] [stdout]    = note: this error originates in the macro `merkle_table` (in Nightly builds, run with -Z macro-backtrace for more info)
[INFO] [stdout] 
[INFO] [stdout] 
[INFO] [stdout] error[E0433]: cannot find `basic_storage_tests` in `$crate`
[INFO] [stdout]   --> src/structured_storage/merkle_data.rs:32:17
[INFO] [stdout]    |
[INFO] [stdout] 32 |         $crate::basic_storage_tests!(
[INFO] [stdout]    |                 ^^^^^^^^^^^^^^^^^^^ could not find `basic_storage_tests` in the crate root
[INFO] [stdout] ...
[INFO] [stdout] 42 | merkle_table!(FuelBlockMerkleData, U64Codec);
[INFO] [stdout]    | -------------------------------------------- in this macro invocation
[INFO] [stdout]    |
[INFO] [stdout]    = note: this error originates in the macro `merkle_table` (in Nightly builds, run with -Z macro-backtrace for more info)
[INFO] [stdout] 
[INFO] [stdout] 
[INFO] [stdout] error[E0433]: cannot find `basic_storage_tests` in the crate root
[INFO] [stdout]   --> src/structured_storage/contracts.rs:50:12
[INFO] [stdout]    |
[INFO] [stdout] 50 |     crate::basic_storage_tests!(
[INFO] [stdout]    |            ^^^^^^^^^^^^^^^^^^^ could not find `basic_storage_tests` in the crate root
[INFO] [stdout] 
[INFO] [stdout] 
[INFO] [stdout] error[E0433]: cannot find `basic_storage_tests` in the crate root
[INFO] [stdout]   --> src/structured_storage/contracts.rs:43:12
[INFO] [stdout]    |
[INFO] [stdout] 43 |     crate::basic_storage_tests!(
[INFO] [stdout]    |            ^^^^^^^^^^^^^^^^^^^ could not find `basic_storage_tests` in the crate root
[INFO] [stdout] 
[INFO] [stdout] 
[INFO] [stdout] error[E0433]: cannot find `basic_storage_tests` in the crate root
[INFO] [stdout]   --> src/structured_storage/coins.rs:24:8
[INFO] [stdout]    |
[INFO] [stdout] 24 | crate::basic_storage_tests!(
[INFO] [stdout]    |        ^^^^^^^^^^^^^^^^^^^ could not find `basic_storage_tests` in the crate root
[INFO] [stdout] 
[INFO] [stdout] 
[INFO] [stdout] error[E0433]: cannot find `basic_merklized_storage_tests` in the crate root
[INFO] [stdout]    --> src/structured_storage/blocks.rs:136:12
[INFO] [stdout]     |
[INFO] [stdout] 136 |     crate::basic_merklized_storage_tests!(FuelBlocks);
[INFO] [stdout]     |            ^^^^^^^^^^^^^^^^^^^^^^^^^^^^^ could not find `basic_merklized_storage_tests` in the crate root
[INFO] [stdout] 
[INFO] [stdout] 
[INFO] [stdout] error[E0433]: cannot find `basic_storage_tests` in the crate root
[INFO] [stdout]   --> src/structured_storage/blobs.rs:25:12
[INFO] [stdout]    |
[INFO] [stdout] 25 |     crate::basic_storage_tests!(
[INFO] [stdout]    |            ^^^^^^^^^^^^^^^^^^^ could not find `basic_storage_tests` in the crate root
[INFO] [stdout] 
[INFO] [stdout] 
[INFO] [stdout] error[E0433]: cannot find `basic_storage_tests` in the crate root
[INFO] [stdout]   --> src/structured_storage/balances.rs:44:12
[INFO] [stdout]    |
[INFO] [stdout] 44 |     crate::basic_storage_tests!(
[INFO] [stdout]    |            ^^^^^^^^^^^^^^^^^^^ could not find `basic_storage_tests` in the crate root
[INFO] [stdout] 
[INFO] [stdout] 
[INFO] [stdout] warning: unused import: `super::*`
[INFO] [stdout]   --> src/structured_storage/blobs.rs:23:9
[INFO] [stdout]    |
[INFO] [stdout] 23 |     use super::*;
[INFO] [stdout]    |         ^^^^^^^^
[INFO] [stdout]    |
[INFO] [stdout] note: the lint level is defined here
[INFO] [stdout]   --> src/lib.rs:12:9
[INFO] [stdout]    |
[INFO] [stdout] 12 | #![deny(warnings)]
[INFO] [stdout]    |         ^^^^^^^^
[INFO] [stdout]    = note: `#[warn(unused_imports)]` implied by `#[warn(warnings)]`
[INFO] [stdout] 
[INFO] [stdout] 
[INFO] [stdout] warning: unused import: `super::*`
[INFO] [stdout]   --> src/structured_storage/contracts.rs:41:9
[INFO] [stdout]    |
[INFO] [stdout] 41 |     use super::*;
[INFO] [stdout]    |         ^^^^^^^^
[INFO] [stdout] 
[INFO] [stdout] 
[INFO] [stdout] warning: unused import: `super::*`
[INFO] [stdout]   --> src/structured_storage/messages.rs:25:9
[INFO] [stdout]    |
[INFO] [stdout] 25 |     use super::*;
[INFO] [stdout]    |         ^^^^^^^^
[INFO] [stdout] 
[INFO] [stdout] 
[INFO] [stdout] warning: unused import: `super::*`
[INFO] [stdout]   --> src/structured_storage/upgrades.rs:48:9
[INFO] [stdout]    |
[INFO] [stdout] 48 |     use super::*;
[INFO] [stdout]    |         ^^^^^^^^
[INFO] [stdout] 
[INFO] [stdout] 
[INFO] [stdout] warning: unused import: `fuel_core_types::fuel_tx::ConsensusParameters`
[INFO] [stdout]   --> src/structured_storage/upgrades.rs:49:9
[INFO] [stdout]    |
[INFO] [stdout] 49 |     use fuel_core_types::fuel_tx::ConsensusParameters;
[INFO] [stdout]    |         ^^^^^^^^^^^^^^^^^^^^^^^^^^^^^^^^^^^^^^^^^^^^^
[INFO] [stdout] 
[INFO] [stdout] 
[INFO] [stdout] error[E0433]: cannot find module or crate `rand` in this scope
[INFO] [stdout]   --> src/structured_storage/balances.rs:31:24
[INFO] [stdout]    |
[INFO] [stdout] 31 |         rng: &mut impl rand::Rng,
[INFO] [stdout]    |                        ^^^^ use of unresolved module or unlinked crate `rand`
[INFO] [stdout]    |
[INFO] [stdout]    = help: if you wanted to use a crate named `rand`, use `cargo add rand` to add it to your `Cargo.toml`
[INFO] [stdout] 
[INFO] [stdout] 
[INFO] [stdout] error[E0433]: cannot find module or crate `rand` in this scope
[INFO] [stdout]   --> src/structured_storage/balances.rs:39:24
[INFO] [stdout]    |
[INFO] [stdout] 39 |         rng: &mut impl rand::Rng,
[INFO] [stdout]    |                        ^^^^ use of unresolved module or unlinked crate `rand`
[INFO] [stdout]    |
[INFO] [stdout]    = help: if you wanted to use a crate named `rand`, use `cargo add rand` to add it to your `Cargo.toml`
[INFO] [stdout] 
[INFO] [stdout] 
[INFO] [stdout] error[E0433]: cannot find module or crate `rand` in this scope
[INFO] [stdout]   --> src/structured_storage/state.rs:28:24
[INFO] [stdout]    |
[INFO] [stdout] 28 |         rng: &mut impl rand::Rng,
[INFO] [stdout]    |                        ^^^^ use of unresolved module or unlinked crate `rand`
[INFO] [stdout]    |
[INFO] [stdout]    = help: if you wanted to use a crate named `rand`, use `cargo add rand` to add it to your `Cargo.toml`
[INFO] [stdout] 
[INFO] [stdout] 
[INFO] [stdout] error[E0433]: cannot find module or crate `rand` in this scope
[INFO] [stdout]   --> src/structured_storage/state.rs:36:24
[INFO] [stdout]    |
[INFO] [stdout] 36 |         rng: &mut impl rand::Rng,
[INFO] [stdout]    |                        ^^^^ use of unresolved module or unlinked crate `rand`
[INFO] [stdout]    |
[INFO] [stdout]    = help: if you wanted to use a crate named `rand`, use `cargo add rand` to add it to your `Cargo.toml`
[INFO] [stdout] 
[INFO] [stdout] 
[INFO] [stdout] error[E0433]: cannot find module or crate `rand` in this scope
[INFO] [stdout]   --> src/structured_storage/upgrades.rs:51:36
[INFO] [stdout]    |
[INFO] [stdout] 51 |     fn generate_key(rng: &mut impl rand::Rng) -> u32 {
[INFO] [stdout]    |                                    ^^^^ use of unresolved module or unlinked crate `rand`
[INFO] [stdout]    |
[INFO] [stdout]    = help: if you wanted to use a crate named `rand`, use `cargo add rand` to add it to your `Cargo.toml`
[INFO] [stdout] 
[INFO] [stdout] 
[INFO] [stdout] Some errors have detailed explanations: E0432, E0433.
[INFO] [stdout] 
[INFO] [stdout] For more information about an error, try `rustc --explain E0432`.
[INFO] [stdout] 
[INFO] [stderr] error: could not compile `fuel-core-storage` (lib test) due to 26 previous errors; 5 warnings emitted
[INFO] running `Command { std: "docker" "inspect" "3057c7e24f4e572ecf2b0781f6bf5da18329433511626c4ba5bcd9e295825622", kill_on_drop: false }`
[INFO] running `Command { std: "docker" "rm" "-f" "3057c7e24f4e572ecf2b0781f6bf5da18329433511626c4ba5bcd9e295825622", kill_on_drop: false }`
[INFO] [stdout] 3057c7e24f4e572ecf2b0781f6bf5da18329433511626c4ba5bcd9e295825622
