[INFO] fetching crate fuel-core-compression-service 0.48.3...
[INFO] testing fuel-core-compression-service-0.48.3 against 1.99.0-beta.8+cargoflags=--release for beta-release-1.100-2
[INFO] extracting crate fuel-core-compression-service 0.48.3 into /workspace/builds/worker-5-tc1/source
[INFO] started tweaking crates.io crate fuel-core-compression-service 0.48.3
[INFO] finished tweaking crates.io crate fuel-core-compression-service 0.48.3
[INFO] tweaked toml for crates.io crate fuel-core-compression-service 0.48.3 written to /workspace/builds/worker-5-tc1/source/Cargo.toml
[INFO] validating manifest of crates.io crate fuel-core-compression-service 0.48.3 on toolchain 1.99.0-beta.8
[INFO] running `Command { std: CARGO_HOME="/workspace/cargo-home" RUSTUP_HOME="/workspace/rustup-home" "/workspace/cargo-home/bin/cargo" "+1.99.0-beta.8" "metadata" "--manifest-path" "Cargo.toml" "--no-deps", kill_on_drop: false }`
[INFO] crate crates.io crate fuel-core-compression-service 0.48.3 already has a lockfile, it will not be regenerated
[INFO] running `Command { std: CARGO_HOME="/workspace/cargo-home" RUSTUP_HOME="/workspace/rustup-home" "/workspace/cargo-home/bin/cargo" "+1.99.0-beta.8" "fetch" "--manifest-path" "Cargo.toml", kill_on_drop: false }`
[INFO] [stderr]     Updating crates.io index
[INFO] [stderr]  Downloading crates ...
[INFO] [stderr]   Downloaded tai64 v4.0.0
[INFO] [stderr]   Downloaded fuel-core-types v0.48.3
[INFO] [stderr]   Downloaded substrate-bn v0.6.0
[INFO] [stderr]   Downloaded fuel-vm v0.66.4
[INFO] [stderr]   Downloaded fuel-derive v0.66.4
[INFO] [stderr]   Downloaded enum-ordinalize v4.4.2
[INFO] [stderr]   Downloaded enum-ordinalize-derive v4.4.2
[INFO] [stderr]   Downloaded fuel-tx v0.66.4
[INFO] [stderr]   Downloaded fuel-types v0.66.4
[INFO] [stderr]   Downloaded fuel-merkle v0.66.4
[INFO] [stderr]   Downloaded fuel-storage v0.66.4
[INFO] [stderr]   Downloaded fuel-crypto v0.66.4
[INFO] [stderr]   Downloaded bitcoin_hashes v0.14.101
[INFO] [stderr]   Downloaded bitcoin-consensus-encoding v1.2.0
[INFO] [stderr]   Downloaded bitcoin-io v0.1.101
[INFO] [stderr]   Downloaded hex-conservative v1.2.0
[INFO] [stderr]   Downloaded bitcoin-internals v0.6.0
[INFO] [stderr]   Downloaded fuel-compression v0.66.4
[INFO] [stderr]   Downloaded fuel-asm v0.66.4
[INFO] [stderr]   Downloaded ethnum v1.5.3
[INFO] [stderr]   Downloaded fuel-core-storage v0.48.3
[INFO] [stderr]   Downloaded mockall v0.14.0
[INFO] [stderr]   Downloaded mockall_derive v0.14.0
[INFO] [stderr]   Downloaded impl-tools-lib v0.11.4
[INFO] [stderr]   Downloaded enum-iterator v2.3.0
[INFO] [stderr]   Downloaded impl-tools v0.10.3
[INFO] [stderr]   Downloaded fuel-core-metrics v0.48.3
[INFO] [stderr]   Downloaded fuel-core-services v0.48.3
[INFO] [stderr]   Downloaded prometheus-client-derive-encode v0.4.2
[INFO] [stderr]   Downloaded fuel-core-chain-config v0.48.3
[INFO] [stderr]   Downloaded fuel-core-compression v0.48.3
[INFO] [stderr]   Downloaded prometheus-client v0.22.3
[INFO] running `Command { std: "docker" "create" "-v" "/var/lib/crater-agent-workspace/builds/worker-5-tc1/source:/opt/rustwide/workdir:ro,Z" "-v" "/var/lib/crater-agent-workspace/builds/worker-5-tc1/target:/opt/rustwide/target:rw,Z" "-v" "/var/lib/crater-agent-workspace/cargo-home:/opt/rustwide/cargo-home:ro,Z" "-v" "/var/lib/crater-agent-workspace/rustup-home:/opt/rustwide/rustup-home:ro,Z" "-m" "1610612736" "--network" "none" "ghcr.io/rust-lang/crates-build-env/linux@sha256:77db811e55d90add9212f6832c23229e3de5f1c1f9905e8cb07319ea15df73ac" "sleep" "infinity", kill_on_drop: false }`
[INFO] [stdout] 5d795a423dfde9a285d8908be715bb9c172454aba83a18ba7a3afa9847e7c329
[INFO] running `Command { std: "docker" "start" "5d795a423dfde9a285d8908be715bb9c172454aba83a18ba7a3afa9847e7c329", kill_on_drop: false }`
[INFO] running `Command { std: "docker" "inspect" "5d795a423dfde9a285d8908be715bb9c172454aba83a18ba7a3afa9847e7c329", kill_on_drop: false }`
[INFO] running `Command { std: "docker" "exec" "-e" "SOURCE_DIR=/opt/rustwide/workdir" "-e" "CARGO_HOME=/opt/rustwide/cargo-home" "-e" "RUSTUP_HOME=/opt/rustwide/rustup-home" "-e" "CARGO_TARGET_DIR=/opt/rustwide/target" "-w" "/opt/rustwide/workdir" "--user" "0:0" "5d795a423dfde9a285d8908be715bb9c172454aba83a18ba7a3afa9847e7c329" "/opt/rustwide/cargo-home/bin/cargo" "+1.99.0-beta.8" "metadata" "--no-deps" "--format-version=1", kill_on_drop: false }`
[INFO] running `Command { std: "docker" "inspect" "5d795a423dfde9a285d8908be715bb9c172454aba83a18ba7a3afa9847e7c329", kill_on_drop: false }`
[INFO] running `Command { std: "docker" "exec" "-e" "SOURCE_DIR=/opt/rustwide/workdir" "-e" "CARGO_HOME=/opt/rustwide/cargo-home" "-e" "RUSTUP_HOME=/opt/rustwide/rustup-home" "-e" "CARGO_TARGET_DIR=/opt/rustwide/target" "-e" "CARGO_INCREMENTAL=0" "-e" "RUST_BACKTRACE=full" "-e" "RUSTFLAGS=--cap-lints=warn" "-e" "RUSTDOCFLAGS=--cap-lints=warn" "-w" "/opt/rustwide/workdir" "--user" "0:0" "5d795a423dfde9a285d8908be715bb9c172454aba83a18ba7a3afa9847e7c329" "/opt/rustwide/cargo-home/bin/cargo" "+1.99.0-beta.8" "build" "--frozen" "--message-format=json" "--release", kill_on_drop: false }`
[INFO] [stderr]    Compiling syn v2.0.119
[INFO] [stderr]    Compiling syn v3.0.4
[INFO] [stderr]    Compiling zerocopy v0.8.56
[INFO] [stderr]    Compiling base16ct v0.2.0
[INFO] [stderr]    Compiling byteorder v1.5.0
[INFO] [stderr]    Compiling radium v0.7.0
[INFO] [stderr]    Compiling syn v1.0.109
[INFO] [stderr]    Compiling getrandom v0.2.17
[INFO] [stderr]    Compiling secp256k1-sys v0.10.1
[INFO] [stderr]    Compiling curve25519-dalek v4.1.3
[INFO] [stderr]    Compiling spin v0.9.9
[INFO] [stderr]    Compiling bech32 v0.9.1
[INFO] [stderr]    Compiling crunchy v0.2.4
[INFO] [stderr]    Compiling base64 v0.21.7
[INFO] [stderr]    Compiling parking_lot_core v0.9.12
[INFO] [stderr]    Compiling wyz v0.5.1
[INFO] [stderr]    Compiling heapless v0.7.17
[INFO] [stderr]    Compiling funty v2.0.0
[INFO] [stderr]    Compiling heck v0.4.1
[INFO] [stderr]    Compiling hash32 v0.2.1
[INFO] [stderr]    Compiling rand_core v0.6.4
[INFO] [stderr]    Compiling parking_lot v0.12.5
[INFO] [stderr]    Compiling either v1.18.0
[INFO] [stderr]    Compiling bitflags v2.13.1
[INFO] [stderr]    Compiling anyhow v1.0.104
[INFO] [stderr]    Compiling fuel-storage v0.66.4
[INFO] [stderr]    Compiling ff v0.13.1
[INFO] [stderr]    Compiling libm v0.2.16
[INFO] [stderr]    Compiling base64ct v1.6.0
[INFO] [stderr]    Compiling convert_case v0.10.0
[INFO] [stderr]    Compiling itertools v0.10.5
[INFO] [stderr]    Compiling indexmap v2.14.0
[INFO] [stderr]    Compiling group v0.13.0
[INFO] [stderr]    Compiling uint v0.9.5
[INFO] [stderr]    Compiling fixed-hash v0.8.0
[INFO] [stderr]    Compiling lazy_static v1.5.0
[INFO] [stderr]    Compiling futures-core v0.3.34
[INFO] [stderr]    Compiling rustc-hex v2.1.0
[INFO] [stderr]    Compiling futures-sink v0.3.34
[INFO] [stderr]    Compiling primitive-types v0.12.2
[INFO] [stderr]    Compiling aho-corasick v1.1.5
[INFO] [stderr]    Compiling futures-channel v0.3.34
[INFO] [stderr]    Compiling proc-macro-error-attr2 v2.0.0
[INFO] [stderr]    Compiling ethnum v1.5.3
[INFO] [stderr]    Compiling percent-encoding v2.3.2
[INFO] [stderr]    Compiling prometheus-client v0.22.3
[INFO] [stderr]    Compiling bitvec v1.1.1
[INFO] [stderr]    Compiling futures-io v0.3.34
[INFO] [stderr]    Compiling impl-tools v0.10.3
[INFO] [stderr]    Compiling proc-macro-error2 v2.0.1
[INFO] [stderr]    Compiling errno v0.3.14
[INFO] [stderr]    Compiling toml_edit v0.25.13+spec-1.1.0
[INFO] [stderr]    Compiling signal-hook-registry v1.4.8
[INFO] [stderr]    Compiling itertools v0.14.0
[INFO] [stderr]    Compiling proc-macro-crate v3.5.0
[INFO] [stderr]    Compiling regex-automata v0.4.18
[INFO] [stderr]    Compiling strum_macros v0.24.3
[INFO] [stderr]    Compiling synstructure v0.13.2
[INFO] [stderr]    Compiling darling_core v0.23.0
[INFO] [stderr]    Compiling impl-tools-lib v0.11.4
[INFO] [stderr]    Compiling strum v0.24.1
[INFO] [stderr]    Compiling zeroize_derive v1.5.0
[INFO] [stderr]    Compiling thiserror-impl v1.0.69
[INFO] [stderr]    Compiling fuel-derive v0.66.4
[INFO] [stderr]    Compiling curve25519-dalek-derive v0.1.1
[INFO] [stderr]    Compiling derive_more-impl v1.0.0
[INFO] [stderr]    Compiling derive_more v0.99.20
[INFO] [stderr]    Compiling strum_macros v0.28.0
[INFO] [stderr]    Compiling derive_more-impl v2.1.1
[INFO] [stderr]    Compiling tracing-attributes v0.1.31
[INFO] [stderr]    Compiling serde_derive v1.0.229
[INFO] [stderr]    Compiling enum-ordinalize-derive v4.4.2
[INFO] [stderr]    Compiling zeroize v1.9.0
[INFO] [stderr]    Compiling generic-array v0.14.7
[INFO] [stderr]    Compiling der v0.7.10
[INFO] [stderr]    Compiling enum-ordinalize v4.4.2
[INFO] [stderr]    Compiling educe v0.6.0
[INFO] [stderr]    Compiling thiserror-impl v2.0.20
[INFO] [stderr]    Compiling thiserror v1.0.69
[INFO] [stderr]    Compiling derive_more v1.0.0
[INFO] [stderr]    Compiling async-trait v0.1.92
[INFO] [stderr]    Compiling futures-macro v0.3.34
[INFO] [stderr]    Compiling secrecy v0.8.0
[INFO] [stderr]    Compiling ppv-lite86 v0.2.21
[INFO] [stderr]    Compiling ahash v0.8.12
[INFO] [stderr]    Compiling prometheus-client-derive-encode v0.4.2
[INFO] [stderr]    Compiling block-buffer v0.10.4
[INFO] [stderr]    Compiling crypto-common v0.1.7
[INFO] [stderr]    Compiling crypto-bigint v0.5.5
[INFO] [stderr]    Compiling rand_chacha v0.3.1
[INFO] [stderr]    Compiling hashbrown v0.13.2
[INFO] [stderr]    Compiling digest v0.10.7
[INFO] [stderr]    Compiling tracing v0.1.44
[INFO] [stderr]    Compiling sha2 v0.10.9
[INFO] [stderr]    Compiling hmac v0.12.1
[INFO] [stderr]    Compiling signature v2.2.0
[INFO] [stderr]    Compiling rfc6979 v0.4.0
[INFO] [stderr]    Compiling rand v0.8.8
[INFO] [stderr]    Compiling bs58 v0.5.1
[INFO] [stderr]    Compiling sha3 v0.10.9
[INFO] [stderr]    Compiling ripemd v0.1.3
[INFO] [stderr]    Compiling pbkdf2 v0.12.2
[INFO] [stderr]    Compiling spki v0.7.3
[INFO] [stderr]    Compiling sec1 v0.7.3
[INFO] [stderr]    Compiling darling_macro v0.23.0
[INFO] [stderr]    Compiling pkcs8 v0.10.2
[INFO] [stderr]    Compiling thiserror v2.0.20
[INFO] [stderr]    Compiling darling v0.23.0
[INFO] [stderr]    Compiling serde_with_macros v3.22.0
[INFO] [stderr]    Compiling cobs v0.3.0
[INFO] [stderr]    Compiling futures-util v0.3.34
[INFO] [stderr]    Compiling strum v0.28.0
[INFO] [stderr]    Compiling regex v1.13.1
[INFO] [stderr]    Compiling tokio-macros v2.7.2
[INFO] [stderr]    Compiling substrate-bn v0.6.0
[INFO] [stderr]    Compiling num_enum_derive v0.7.6
[INFO] [stderr]    Compiling enum-iterator-derive v1.5.0
[INFO] [stderr]    Compiling elliptic-curve v0.13.8
[INFO] [stderr]    Compiling serde_with v3.22.0
[INFO] [stderr]    Compiling secp256k1 v0.30.0
[INFO] [stderr]    Compiling ecdsa v0.16.9
[INFO] [stderr]    Compiling primeorder v0.13.6
[INFO] [stderr]    Compiling num_enum v0.7.6
[INFO] [stderr]    Compiling tokio v1.53.1
[INFO] [stderr]    Compiling fuel-core-metrics v0.48.3
[INFO] [stderr]    Compiling enum-iterator v2.3.0
[INFO] [stderr]    Compiling serde v1.0.229
[INFO] [stderr]    Compiling enum_dispatch v0.3.13
[INFO] [stderr]    Compiling k256 v0.13.4
[INFO] [stderr]    Compiling p256 v0.13.2
[INFO] [stderr]    Compiling coins-core v0.8.7
[INFO] [stderr]    Compiling fuel-types v0.66.4
[INFO] [stderr]    Compiling ed25519 v2.2.3
[INFO] [stderr]    Compiling fuel-merkle v0.66.4
[INFO] [stderr]    Compiling hashbrown v0.14.5
[INFO] [stderr]    Compiling ed25519-dalek v2.2.0
[INFO] [stderr]    Compiling coins-bip32 v0.8.7
[INFO] [stderr]    Compiling tai64 v4.0.0
[INFO] [stderr]    Compiling postcard v1.1.3
[INFO] [stderr]    Compiling fuel-compression v0.66.4
[INFO] [stderr]    Compiling fuel-asm v0.66.4
[INFO] [stderr]    Compiling coins-bip39 v0.8.7
[INFO] [stderr]    Compiling futures-executor v0.3.34
[INFO] [stderr]    Compiling fuel-crypto v0.66.4
[INFO] [stderr]    Compiling futures v0.3.34
[INFO] [stderr]    Compiling derive_more v2.1.1
[INFO] [stderr]    Compiling fuel-tx v0.66.4
[INFO] [stderr]    Compiling fuel-core-services v0.48.3
[INFO] [stderr]    Compiling fuel-vm v0.66.4
[INFO] [stderr]    Compiling fuel-core-types v0.48.3
[INFO] [stderr]    Compiling fuel-core-compression v0.48.3
[INFO] [stderr]    Compiling fuel-core-storage v0.48.3
[INFO] [stderr]    Compiling fuel-core-compression-service v0.48.3 (/opt/rustwide/workdir)
[INFO] [stderr]     Finished `release` profile [optimized] target(s) in 1m 51s
[INFO] [stderr] warning: the following packages contain code that will be rejected by a future version of Rust: proc-macro-error2 v2.0.1
[INFO] [stderr] note: to see what the problems were, use the option `--future-incompat-report`, or run `cargo report future-incompatibilities --id 1`
[INFO] running `Command { std: "docker" "inspect" "5d795a423dfde9a285d8908be715bb9c172454aba83a18ba7a3afa9847e7c329", kill_on_drop: false }`
[INFO] running `Command { std: "docker" "exec" "-e" "SOURCE_DIR=/opt/rustwide/workdir" "-e" "CARGO_HOME=/opt/rustwide/cargo-home" "-e" "RUSTUP_HOME=/opt/rustwide/rustup-home" "-e" "CARGO_TARGET_DIR=/opt/rustwide/target" "-e" "CARGO_INCREMENTAL=0" "-e" "RUST_BACKTRACE=full" "-e" "RUSTFLAGS=--cap-lints=warn" "-e" "RUSTDOCFLAGS=--cap-lints=warn" "-w" "/opt/rustwide/workdir" "--user" "0:0" "5d795a423dfde9a285d8908be715bb9c172454aba83a18ba7a3afa9847e7c329" "/opt/rustwide/cargo-home/bin/cargo" "+1.99.0-beta.8" "test" "--frozen" "--no-run" "--message-format=json" "--release", kill_on_drop: false }`
[INFO] [stderr]    Compiling futures-channel v0.3.34
[INFO] [stderr]    Compiling tokio v1.53.1
[INFO] [stderr]    Compiling futures-util v0.3.34
[INFO] [stderr]    Compiling futures-executor v0.3.34
[INFO] [stderr]    Compiling futures v0.3.34
[INFO] [stderr]    Compiling fuel-core-services v0.48.3
[INFO] [stderr]    Compiling tokio-stream v0.1.19
[INFO] [stderr]    Compiling fuel-core-compression-service v0.48.3 (/opt/rustwide/workdir)
[INFO] [stdout] error[E0433]: cannot find module or crate `fuel_core_compression_service` in this scope
[INFO] [stdout]   --> src/storage/address.rs:50:9
[INFO] [stdout]    |
[INFO] [stdout] 50 |     use fuel_core_compression_service::storage::generate_key;
[INFO] [stdout]    |         ^^^^^^^^^^^^^^^^^^^^^^^^^^^^^ use of unresolved module or unlinked crate `fuel_core_compression_service`
[INFO] [stdout]    |
[INFO] [stdout] help: there is a crate or module with a similar name
[INFO] [stdout]    |
[INFO] [stdout] 50 -     use fuel_core_compression_service::storage::generate_key;
[INFO] [stdout] 50 +     use fuel_core_compression::storage::generate_key;
[INFO] [stdout]    |
[INFO] [stdout] 
[INFO] [stdout] 
[INFO] [stdout] error[E0433]: cannot find module or crate `fuel_core_compression_service` in this scope
[INFO] [stdout]   --> src/storage/asset_id.rs:50:9
[INFO] [stdout]    |
[INFO] [stdout] 50 |     use fuel_core_compression_service::storage::generate_key;
[INFO] [stdout]    |         ^^^^^^^^^^^^^^^^^^^^^^^^^^^^^ use of unresolved module or unlinked crate `fuel_core_compression_service`
[INFO] [stdout]    |
[INFO] [stdout] help: there is a crate or module with a similar name
[INFO] [stdout]    |
[INFO] [stdout] 50 -     use fuel_core_compression_service::storage::generate_key;
[INFO] [stdout] 50 +     use fuel_core_compression::storage::generate_key;
[INFO] [stdout]    |
[INFO] [stdout] 
[INFO] [stdout] 
[INFO] [stdout] error[E0433]: cannot find module or crate `fuel_core_compression_service` in this scope
[INFO] [stdout]   --> src/storage/contract_id.rs:50:9
[INFO] [stdout]    |
[INFO] [stdout] 50 |     use fuel_core_compression_service::storage::generate_key;
[INFO] [stdout]    |         ^^^^^^^^^^^^^^^^^^^^^^^^^^^^^ use of unresolved module or unlinked crate `fuel_core_compression_service`
[INFO] [stdout]    |
[INFO] [stdout] help: there is a crate or module with a similar name
[INFO] [stdout]    |
[INFO] [stdout] 50 -     use fuel_core_compression_service::storage::generate_key;
[INFO] [stdout] 50 +     use fuel_core_compression::storage::generate_key;
[INFO] [stdout]    |
[INFO] [stdout] 
[INFO] [stdout] 
[INFO] [stdout] error[E0433]: cannot find module or crate `fuel_core_compression_service` in this scope
[INFO] [stdout]   --> src/storage/predicate_code.rs:50:9
[INFO] [stdout]    |
[INFO] [stdout] 50 |     use fuel_core_compression_service::storage::generate_key;
[INFO] [stdout]    |         ^^^^^^^^^^^^^^^^^^^^^^^^^^^^^ use of unresolved module or unlinked crate `fuel_core_compression_service`
[INFO] [stdout]    |
[INFO] [stdout] help: there is a crate or module with a similar name
[INFO] [stdout]    |
[INFO] [stdout] 50 -     use fuel_core_compression_service::storage::generate_key;
[INFO] [stdout] 50 +     use fuel_core_compression::storage::generate_key;
[INFO] [stdout]    |
[INFO] [stdout] 
[INFO] [stdout] 
[INFO] [stdout] error[E0433]: cannot find module or crate `fuel_core_compression_service` in this scope
[INFO] [stdout]   --> src/storage/script_code.rs:50:9
[INFO] [stdout]    |
[INFO] [stdout] 50 |     use fuel_core_compression_service::storage::generate_key;
[INFO] [stdout]    |         ^^^^^^^^^^^^^^^^^^^^^^^^^^^^^ use of unresolved module or unlinked crate `fuel_core_compression_service`
[INFO] [stdout]    |
[INFO] [stdout] help: there is a crate or module with a similar name
[INFO] [stdout]    |
[INFO] [stdout] 50 -     use fuel_core_compression_service::storage::generate_key;
[INFO] [stdout] 50 +     use fuel_core_compression::storage::generate_key;
[INFO] [stdout]    |
[INFO] [stdout] 
[INFO] [stdout] 
[INFO] [stdout] error[E0432]: unresolved import `fuel_core_storage::structured_storage::test`
[INFO] [stdout]    --> src/service.rs:472:29
[INFO] [stdout]     |
[INFO] [stdout] 472 |         structured_storage::test::InMemoryStorage,
[INFO] [stdout]     |                             ^^^^ could not find `test` in `structured_storage`
[INFO] [stdout]     |
[INFO] [stdout] note: found an item that was configured out
[INFO] [stdout]    --> /opt/rustwide/cargo-home/registry/src/index.crates.io-1949cf8c6b5b557f/fuel-core-storage-0.48.3/src/structured_storage.rs:466:9
[INFO] [stdout]     |
[INFO] [stdout] 465 | #[cfg(feature = "test-helpers")]
[INFO] [stdout]     |       ------------------------ the item is gated behind the `test-helpers` feature
[INFO] [stdout] 466 | pub mod test {
[INFO] [stdout]     |         ^^^^
[INFO] [stdout] 
[INFO] [stdout] 
[INFO] [stdout] error[E0433]: cannot find `basic_storage_tests` in `fuel_core_storage`
[INFO] [stdout]   --> src/storage/address.rs:52:24
[INFO] [stdout]    |
[INFO] [stdout] 52 |     fuel_core_storage::basic_storage_tests!(
[INFO] [stdout]    |                        ^^^^^^^^^^^^^^^^^^^ could not find `basic_storage_tests` in `fuel_core_storage`
[INFO] [stdout] 
[INFO] [stdout] 
[INFO] [stdout] error[E0433]: cannot find `basic_storage_tests` in `fuel_core_storage`
[INFO] [stdout]   --> src/storage/asset_id.rs:52:24
[INFO] [stdout]    |
[INFO] [stdout] 52 |     fuel_core_storage::basic_storage_tests!(
[INFO] [stdout]    |                        ^^^^^^^^^^^^^^^^^^^ could not find `basic_storage_tests` in `fuel_core_storage`
[INFO] [stdout] 
[INFO] [stdout] 
[INFO] [stdout] error[E0433]: cannot find `basic_storage_tests` in `fuel_core_storage`
[INFO] [stdout]   --> src/storage/compressed_blocks.rs:53:24
[INFO] [stdout]    |
[INFO] [stdout] 53 |     fuel_core_storage::basic_storage_tests!(
[INFO] [stdout]    |                        ^^^^^^^^^^^^^^^^^^^ could not find `basic_storage_tests` in `fuel_core_storage`
[INFO] [stdout] 
[INFO] [stdout] 
[INFO] [stdout] error[E0433]: cannot find `basic_storage_tests` in `fuel_core_storage`
[INFO] [stdout]   --> src/storage/contract_id.rs:52:24
[INFO] [stdout]    |
[INFO] [stdout] 52 |     fuel_core_storage::basic_storage_tests!(
[INFO] [stdout]    |                        ^^^^^^^^^^^^^^^^^^^ could not find `basic_storage_tests` in `fuel_core_storage`
[INFO] [stdout] 
[INFO] [stdout] 
[INFO] [stdout] error[E0433]: cannot find `basic_storage_tests` in `fuel_core_storage`
[INFO] [stdout]   --> src/storage/predicate_code.rs:52:24
[INFO] [stdout]    |
[INFO] [stdout] 52 |     fuel_core_storage::basic_storage_tests!(
[INFO] [stdout]    |                        ^^^^^^^^^^^^^^^^^^^ could not find `basic_storage_tests` in `fuel_core_storage`
[INFO] [stdout] 
[INFO] [stdout] 
[INFO] [stdout] error[E0433]: cannot find `basic_storage_tests` in `fuel_core_storage`
[INFO] [stdout]    --> src/storage/registry_index.rs:132:24
[INFO] [stdout]     |
[INFO] [stdout] 132 |     fuel_core_storage::basic_storage_tests!(
[INFO] [stdout]     |                        ^^^^^^^^^^^^^^^^^^^ could not find `basic_storage_tests` in `fuel_core_storage`
[INFO] [stdout] 
[INFO] [stdout] 
[INFO] [stdout] error[E0433]: cannot find `basic_storage_tests` in `fuel_core_storage`
[INFO] [stdout]   --> src/storage/script_code.rs:52:24
[INFO] [stdout]    |
[INFO] [stdout] 52 |     fuel_core_storage::basic_storage_tests!(
[INFO] [stdout]    |                        ^^^^^^^^^^^^^^^^^^^ could not find `basic_storage_tests` in `fuel_core_storage`
[INFO] [stdout] 
[INFO] [stdout] 
[INFO] [stdout] error[E0433]: cannot find `basic_storage_tests` in `fuel_core_storage`
[INFO] [stdout]    --> src/storage/timestamps.rs:114:24
[INFO] [stdout]     |
[INFO] [stdout] 114 |     fuel_core_storage::basic_storage_tests!(
[INFO] [stdout]     |                        ^^^^^^^^^^^^^^^^^^^ could not find `basic_storage_tests` in `fuel_core_storage`
[INFO] [stdout] 
[INFO] [stdout] 
[INFO] [stdout] warning: unused import: `super::*`
[INFO] [stdout]   --> src/storage/address.rs:49:9
[INFO] [stdout]    |
[INFO] [stdout] 49 |     use super::*;
[INFO] [stdout]    |         ^^^^^^^^
[INFO] [stdout]    |
[INFO] [stdout] note: the lint level is defined here
[INFO] [stdout]   --> src/lib.rs:7:9
[INFO] [stdout]    |
[INFO] [stdout]  7 | #![deny(warnings)]
[INFO] [stdout]    |         ^^^^^^^^
[INFO] [stdout]    = note: `#[warn(unused_imports)]` implied by `#[warn(warnings)]`
[INFO] [stdout] 
[INFO] [stdout] 
[INFO] [stdout] warning: unused import: `super::*`
[INFO] [stdout]   --> src/storage/asset_id.rs:49:9
[INFO] [stdout]    |
[INFO] [stdout] 49 |     use super::*;
[INFO] [stdout]    |         ^^^^^^^^
[INFO] [stdout] 
[INFO] [stdout] 
[INFO] [stdout] warning: unused import: `super::*`
[INFO] [stdout]   --> src/storage/compressed_blocks.rs:51:9
[INFO] [stdout]    |
[INFO] [stdout] 51 |     use super::*;
[INFO] [stdout]    |         ^^^^^^^^
[INFO] [stdout] 
[INFO] [stdout] 
[INFO] [stdout] warning: unused import: `super::*`
[INFO] [stdout]   --> src/storage/contract_id.rs:49:9
[INFO] [stdout]    |
[INFO] [stdout] 49 |     use super::*;
[INFO] [stdout]    |         ^^^^^^^^
[INFO] [stdout] 
[INFO] [stdout] 
[INFO] [stdout] warning: unused import: `super::*`
[INFO] [stdout]   --> src/storage/predicate_code.rs:49:9
[INFO] [stdout]    |
[INFO] [stdout] 49 |     use super::*;
[INFO] [stdout]    |         ^^^^^^^^
[INFO] [stdout] 
[INFO] [stdout] 
[INFO] [stdout] warning: unused import: `super::*`
[INFO] [stdout]    --> src/storage/registry_index.rs:129:9
[INFO] [stdout]     |
[INFO] [stdout] 129 |     use super::*;
[INFO] [stdout]     |         ^^^^^^^^
[INFO] [stdout] 
[INFO] [stdout] 
[INFO] [stdout] warning: unused import: `fuel_core_types::fuel_tx::Address`
[INFO] [stdout]    --> src/storage/registry_index.rs:130:9
[INFO] [stdout]     |
[INFO] [stdout] 130 |     use fuel_core_types::fuel_tx::Address;
[INFO] [stdout]     |         ^^^^^^^^^^^^^^^^^^^^^^^^^^^^^^^^^
[INFO] [stdout] 
[INFO] [stdout] 
[INFO] [stdout] warning: unused import: `super::*`
[INFO] [stdout]   --> src/storage/script_code.rs:49:9
[INFO] [stdout]    |
[INFO] [stdout] 49 |     use super::*;
[INFO] [stdout]    |         ^^^^^^^^
[INFO] [stdout] 
[INFO] [stdout] 
[INFO] [stdout] warning: unused import: `super::*`
[INFO] [stdout]    --> src/storage/timestamps.rs:112:9
[INFO] [stdout]     |
[INFO] [stdout] 112 |     use super::*;
[INFO] [stdout]     |         ^^^^^^^^
[INFO] [stdout] 
[INFO] [stdout] 
[INFO] [stdout] error[E0599]: no associated function or constant named `default` found for struct `ImportResult` in the current scope
[INFO] [stdout]   --> src/ports/block_source.rs:29:43
[INFO] [stdout]    |
[INFO] [stdout] 29 |         std::sync::Arc::new(ImportResult::default().wrap())
[INFO] [stdout]    |                                           ^^^^^^^ associated function or constant not found in `ImportResult`
[INFO] [stdout]    |
[INFO] [stdout] note: if you're trying to build a new `ImportResult` consider using one of the following associated functions:
[INFO] [stdout]       ImportResult::new_from_local
[INFO] [stdout]       ImportResult::new_from_network
[INFO] [stdout]   --> /opt/rustwide/cargo-home/registry/src/index.crates.io-1949cf8c6b5b557f/fuel-core-types-0.48.3/src/services/block_importer.rs:80:5
[INFO] [stdout]    |
[INFO] [stdout] 80 | /     pub fn new_from_local(
[INFO] [stdout] 81 | |         sealed_block: SealedBlock,
[INFO] [stdout] 82 | |         tx_status: Vec<TransactionExecutionStatus>,
[INFO] [stdout] 83 | |         events: Vec<Event>,
[INFO] [stdout] 84 | |     ) -> Self {
[INFO] [stdout]    | |_____________^
[INFO] [stdout] ...
[INFO] [stdout] 94 | /     pub fn new_from_network(
[INFO] [stdout] 95 | |         sealed_block: SealedBlock,
[INFO] [stdout] 96 | |         tx_status: Vec<TransactionExecutionStatus>,
[INFO] [stdout] 97 | |         events: Vec<Event>,
[INFO] [stdout] 98 | |     ) -> Self {
[INFO] [stdout]    | |_____________^
[INFO] [stdout]    = help: items from traits can only be used if the trait is implemented and in scope
[INFO] [stdout] note: `BlockWithMetadataExt` defines an item `default`, perhaps you need to implement it
[INFO] [stdout]   --> src/ports/block_source.rs:7:1
[INFO] [stdout]    |
[INFO] [stdout]  7 | pub(crate) trait BlockWithMetadataExt {
[INFO] [stdout]    | ^^^^^^^^^^^^^^^^^^^^^^^^^^^^^^^^^^^^^
[INFO] [stdout] 
[INFO] [stdout] 
[INFO] [stdout] error[E0599]: no associated function or constant named `default` found for struct `ImportResult` in the current scope
[INFO] [stdout]   --> src/ports/block_source.rs:36:47
[INFO] [stdout]    |
[INFO] [stdout] 36 |         let mut import_result = ImportResult::default();
[INFO] [stdout]    |                                               ^^^^^^^ associated function or constant not found in `ImportResult`
[INFO] [stdout]    |
[INFO] [stdout] note: if you're trying to build a new `ImportResult` consider using one of the following associated functions:
[INFO] [stdout]       ImportResult::new_from_local
[INFO] [stdout]       ImportResult::new_from_network
[INFO] [stdout]   --> /opt/rustwide/cargo-home/registry/src/index.crates.io-1949cf8c6b5b557f/fuel-core-types-0.48.3/src/services/block_importer.rs:80:5
[INFO] [stdout]    |
[INFO] [stdout] 80 | /     pub fn new_from_local(
[INFO] [stdout] 81 | |         sealed_block: SealedBlock,
[INFO] [stdout] 82 | |         tx_status: Vec<TransactionExecutionStatus>,
[INFO] [stdout] 83 | |         events: Vec<Event>,
[INFO] [stdout] 84 | |     ) -> Self {
[INFO] [stdout]    | |_____________^
[INFO] [stdout] ...
[INFO] [stdout] 94 | /     pub fn new_from_network(
[INFO] [stdout] 95 | |         sealed_block: SealedBlock,
[INFO] [stdout] 96 | |         tx_status: Vec<TransactionExecutionStatus>,
[INFO] [stdout] 97 | |         events: Vec<Event>,
[INFO] [stdout] 98 | |     ) -> Self {
[INFO] [stdout]    | |_____________^
[INFO] [stdout]    = help: items from traits can only be used if the trait is implemented and in scope
[INFO] [stdout] note: `BlockWithMetadataExt` defines an item `default`, perhaps you need to implement it
[INFO] [stdout]   --> src/ports/block_source.rs:7:1
[INFO] [stdout]    |
[INFO] [stdout]  7 | pub(crate) trait BlockWithMetadataExt {
[INFO] [stdout]    | ^^^^^^^^^^^^^^^^^^^^^^^^^^^^^^^^^^^^^
[INFO] [stdout] 
[INFO] [stdout] 
[INFO] [stdout] error[E0599]: no associated function or constant named `started` found for struct `fuel_core_services::StateWatcher` in the current scope
[INFO] [stdout]    --> src/service.rs:632:48
[INFO] [stdout]     |
[INFO] [stdout] 632 |         let _ = service.run(&mut StateWatcher::started()).await;
[INFO] [stdout]     |                                                ^^^^^^^ associated function or constant not found in `fuel_core_services::StateWatcher`
[INFO] [stdout]     |
[INFO] [stdout] help: there is a method `while_started` with a similar name
[INFO] [stdout]     |
[INFO] [stdout] 632 |         let _ = service.run(&mut StateWatcher::while_started()).await;
[INFO] [stdout]     |                                                ++++++
[INFO] [stdout] 
[INFO] [stdout] 
[INFO] [stdout] error[E0599]: no associated function or constant named `started` found for struct `fuel_core_services::StateWatcher` in the current scope
[INFO] [stdout]    --> src/service.rs:668:48
[INFO] [stdout]     |
[INFO] [stdout] 668 |         let _ = service.run(&mut StateWatcher::started()).await;
[INFO] [stdout]     |                                                ^^^^^^^ associated function or constant not found in `fuel_core_services::StateWatcher`
[INFO] [stdout]     |
[INFO] [stdout] help: there is a method `while_started` with a similar name
[INFO] [stdout]     |
[INFO] [stdout] 668 |         let _ = service.run(&mut StateWatcher::while_started()).await;
[INFO] [stdout]     |                                                ++++++
[INFO] [stdout] 
[INFO] [stdout] 
[INFO] [stdout] error[E0599]: no associated function or constant named `starting` found for struct `fuel_core_services::StateWatcher` in the current scope
[INFO] [stdout]    --> src/service.rs:708:39
[INFO] [stdout]     |
[INFO] [stdout] 708 |             .into_task(&StateWatcher::starting(), ())
[INFO] [stdout]     |                                       ^^^^^^^^ associated function or constant not found in `fuel_core_services::StateWatcher`
[INFO] [stdout] 
[INFO] [stdout] 
[INFO] [stdout] error[E0599]: no associated function or constant named `starting` found for struct `fuel_core_services::StateWatcher` in the current scope
[INFO] [stdout]    --> src/service.rs:753:39
[INFO] [stdout]     |
[INFO] [stdout] 753 |             .into_task(&StateWatcher::starting(), ())
[INFO] [stdout]     |                                       ^^^^^^^^ associated function or constant not found in `fuel_core_services::StateWatcher`
[INFO] [stdout] 
[INFO] [stdout] 
[INFO] [stdout] Some errors have detailed explanations: E0432, E0433, E0599.
[INFO] [stdout] 
[INFO] [stdout] For more information about an error, try `rustc --explain E0432`.
[INFO] [stdout] 
[INFO] [stderr] error: could not compile `fuel-core-compression-service` (lib test) due to 20 previous errors; 9 warnings emitted
[INFO] running `Command { std: "docker" "inspect" "5d795a423dfde9a285d8908be715bb9c172454aba83a18ba7a3afa9847e7c329", kill_on_drop: false }`
[INFO] running `Command { std: "docker" "rm" "-f" "5d795a423dfde9a285d8908be715bb9c172454aba83a18ba7a3afa9847e7c329", kill_on_drop: false }`
[INFO] [stdout] 5d795a423dfde9a285d8908be715bb9c172454aba83a18ba7a3afa9847e7c329
