[INFO] fetching crate fuel-core-chain-config 0.48.3...
[INFO] testing fuel-core-chain-config-0.48.3 against 1.99.0-beta.8+cargoflags=--release for beta-release-1.100-2
[INFO] extracting crate fuel-core-chain-config 0.48.3 into /workspace/builds/worker-4-tc1/source
[INFO] started tweaking crates.io crate fuel-core-chain-config 0.48.3
[INFO] finished tweaking crates.io crate fuel-core-chain-config 0.48.3
[INFO] tweaked toml for crates.io crate fuel-core-chain-config 0.48.3 written to /workspace/builds/worker-4-tc1/source/Cargo.toml
[INFO] validating manifest of crates.io crate fuel-core-chain-config 0.48.3 on toolchain 1.99.0-beta.8
[INFO] running `Command { std: CARGO_HOME="/workspace/cargo-home" RUSTUP_HOME="/workspace/rustup-home" "/workspace/cargo-home/bin/cargo" "+1.99.0-beta.8" "metadata" "--manifest-path" "Cargo.toml" "--no-deps", kill_on_drop: false }`
[INFO] crate crates.io crate fuel-core-chain-config 0.48.3 already has a lockfile, it will not be regenerated
[INFO] running `Command { std: CARGO_HOME="/workspace/cargo-home" RUSTUP_HOME="/workspace/rustup-home" "/workspace/cargo-home/bin/cargo" "+1.99.0-beta.8" "fetch" "--manifest-path" "Cargo.toml", kill_on_drop: false }`
[INFO] [stderr]     Updating crates.io index
[INFO] [stderr]  Downloading crates ...
[INFO] [stderr]   Downloaded test-case v3.3.1
[INFO] [stderr]   Downloaded test-case-core v3.3.1
[INFO] [stderr]   Downloaded test-case-macros v3.3.1
[INFO] [stderr]   Downloaded tai64 v4.0.0
[INFO] [stderr]   Downloaded fuel-core-types v0.48.3
[INFO] [stderr]   Downloaded secrecy v0.8.0
[INFO] [stderr]   Downloaded substrate-bn v0.6.0
[INFO] [stderr]   Downloaded strum v0.24.1
[INFO] [stderr]   Downloaded strum_macros v0.24.3
[INFO] [stderr]   Downloaded fuel-derive v0.66.4
[INFO] [stderr]   Downloaded fuel-types v0.66.4
[INFO] [stderr]   Downloaded fuel-storage v0.66.4
[INFO] [stderr]   Downloaded fuel-vm v0.66.4
[INFO] [stderr]   Downloaded bitcoin-internals v0.6.0
[INFO] [stderr]   Downloaded fuel-compression v0.66.4
[INFO] [stderr]   Downloaded bitcoin-consensus-encoding v1.2.0
[INFO] [stderr]   Downloaded hex-conservative v1.2.0
[INFO] [stderr]   Downloaded fuel-crypto v0.66.4
[INFO] [stderr]   Downloaded fuel-merkle v0.66.4
[INFO] [stderr]   Downloaded fuel-asm v0.66.4
[INFO] [stderr]   Downloaded fuel-tx v0.66.4
[INFO] [stderr]   Downloaded fuel-core-storage v0.48.3
[INFO] [stderr]   Downloaded impl-tools-lib v0.11.4
[INFO] running `Command { std: "docker" "create" "-v" "/var/lib/crater-agent-workspace/builds/worker-4-tc1/source:/opt/rustwide/workdir:ro,Z" "-v" "/var/lib/crater-agent-workspace/builds/worker-4-tc1/target:/opt/rustwide/target:rw,Z" "-v" "/var/lib/crater-agent-workspace/cargo-home:/opt/rustwide/cargo-home:ro,Z" "-v" "/var/lib/crater-agent-workspace/rustup-home:/opt/rustwide/rustup-home:ro,Z" "-m" "1610612736" "--network" "none" "ghcr.io/rust-lang/crates-build-env/linux@sha256:77db811e55d90add9212f6832c23229e3de5f1c1f9905e8cb07319ea15df73ac" "sleep" "infinity", kill_on_drop: false }`
[INFO] [stdout] 159e1c3d8c10b597ece61f6489610cf3b3d52ac3dc108887916e6e55223d3693
[INFO] running `Command { std: "docker" "start" "159e1c3d8c10b597ece61f6489610cf3b3d52ac3dc108887916e6e55223d3693", kill_on_drop: false }`
[INFO] running `Command { std: "docker" "inspect" "159e1c3d8c10b597ece61f6489610cf3b3d52ac3dc108887916e6e55223d3693", kill_on_drop: false }`
[INFO] running `Command { std: "docker" "exec" "-e" "SOURCE_DIR=/opt/rustwide/workdir" "-e" "CARGO_HOME=/opt/rustwide/cargo-home" "-e" "RUSTUP_HOME=/opt/rustwide/rustup-home" "-e" "CARGO_TARGET_DIR=/opt/rustwide/target" "-w" "/opt/rustwide/workdir" "--user" "0:0" "159e1c3d8c10b597ece61f6489610cf3b3d52ac3dc108887916e6e55223d3693" "/opt/rustwide/cargo-home/bin/cargo" "+1.99.0-beta.8" "metadata" "--no-deps" "--format-version=1", kill_on_drop: false }`
[INFO] running `Command { std: "docker" "inspect" "159e1c3d8c10b597ece61f6489610cf3b3d52ac3dc108887916e6e55223d3693", kill_on_drop: false }`
[INFO] running `Command { std: "docker" "exec" "-e" "SOURCE_DIR=/opt/rustwide/workdir" "-e" "CARGO_HOME=/opt/rustwide/cargo-home" "-e" "RUSTUP_HOME=/opt/rustwide/rustup-home" "-e" "CARGO_TARGET_DIR=/opt/rustwide/target" "-e" "CARGO_INCREMENTAL=0" "-e" "RUST_BACKTRACE=full" "-e" "RUSTFLAGS=--cap-lints=warn" "-e" "RUSTDOCFLAGS=--cap-lints=warn" "-w" "/opt/rustwide/workdir" "--user" "0:0" "159e1c3d8c10b597ece61f6489610cf3b3d52ac3dc108887916e6e55223d3693" "/opt/rustwide/cargo-home/bin/cargo" "+1.99.0-beta.8" "build" "--frozen" "--message-format=json" "--release", kill_on_drop: false }`
[INFO] [stderr]    Compiling syn v2.0.119
[INFO] [stderr]    Compiling generic-array v0.14.7
[INFO] [stderr]    Compiling typenum v1.20.1
[INFO] [stderr]    Compiling subtle v2.6.1
[INFO] [stderr]    Compiling syn v3.0.4
[INFO] [stderr]    Compiling serde_core v1.0.229
[INFO] [stderr]    Compiling serde v1.0.229
[INFO] [stderr]    Compiling zerocopy v0.8.56
[INFO] [stderr]    Compiling base16ct v0.2.0
[INFO] [stderr]    Compiling cc v1.4.4
[INFO] [stderr]    Compiling ahash v0.8.12
[INFO] [stderr]    Compiling radium v0.7.0
[INFO] [stderr]    Compiling getrandom v0.2.17
[INFO] [stderr]    Compiling syn v1.0.109
[INFO] [stderr]    Compiling spin v0.9.9
[INFO] [stderr]    Compiling curve25519-dalek v4.1.3
[INFO] [stderr]    Compiling tap v1.0.1
[INFO] [stderr]    Compiling thiserror v2.0.20
[INFO] [stderr]    Compiling bech32 v0.9.1
[INFO] [stderr]    Compiling wyz v0.5.1
[INFO] [stderr]    Compiling heapless v0.7.17
[INFO] [stderr]    Compiling heck v0.4.1
[INFO] [stderr]    Compiling rand_core v0.6.4
[INFO] [stderr]    Compiling funty v2.0.0
[INFO] [stderr]    Compiling ff v0.13.1
[INFO] [stderr]    Compiling hash32 v0.2.1
[INFO] [stderr]    Compiling winnow v1.0.4
[INFO] [stderr]    Compiling hashbrown v0.17.1
[INFO] [stderr]    Compiling unicode-segmentation v1.13.3
[INFO] [stderr]    Compiling group v0.13.0
[INFO] [stderr]    Compiling base64ct v1.6.0
[INFO] [stderr]    Compiling fuel-storage v0.66.4
[INFO] [stderr]    Compiling toml_datetime v1.1.1+spec-1.1.0
[INFO] [stderr]    Compiling fixed-hash v0.8.0
[INFO] [stderr]    Compiling uint v0.9.5
[INFO] [stderr]    Compiling lazy_static v1.5.0
[INFO] [stderr]    Compiling proc-macro-error-attr2 v2.0.0
[INFO] [stderr]    Compiling rustc-hex v2.1.0
[INFO] [stderr]    Compiling parking_lot_core v0.9.12
[INFO] [stderr]    Compiling impl-tools v0.10.3
[INFO] [stderr]    Compiling primitive-types v0.12.2
[INFO] [stderr]    Compiling convert_case v0.10.0
[INFO] [stderr]    Compiling proc-macro-error2 v2.0.1
[INFO] [stderr]    Compiling percent-encoding v2.3.2
[INFO] [stderr]    Compiling ethnum v1.5.3
[INFO] [stderr]    Compiling parking_lot v0.12.5
[INFO] [stderr]    Compiling serde_json v1.0.151
[INFO] [stderr]    Compiling itertools v0.14.0
[INFO] [stderr]    Compiling strum v0.28.0
[INFO] [stderr]    Compiling indexmap v2.14.0
[INFO] [stderr]    Compiling bitvec v1.1.1
[INFO] [stderr]    Compiling secp256k1-sys v0.10.1
[INFO] [stderr]    Compiling toml_parser v1.1.3+spec-1.1.0
[INFO] [stderr]    Compiling strum_macros v0.24.3
[INFO] [stderr]    Compiling toml_edit v0.25.13+spec-1.1.0
[INFO] [stderr]    Compiling proc-macro-crate v3.5.0
[INFO] [stderr]    Compiling strum v0.24.1
[INFO] [stderr]    Compiling serde_derive v1.0.229
[INFO] [stderr]    Compiling enum-ordinalize-derive v4.4.2
[INFO] [stderr]    Compiling thiserror-impl v2.0.20
[INFO] [stderr]    Compiling async-trait v0.1.92
[INFO] [stderr]    Compiling bitflags v2.13.1
[INFO] [stderr]    Compiling synstructure v0.13.2
[INFO] [stderr]    Compiling darling_core v0.23.0
[INFO] [stderr]    Compiling impl-tools-lib v0.11.4
[INFO] [stderr]    Compiling enum-ordinalize v4.4.2
[INFO] [stderr]    Compiling cobs v0.3.0
[INFO] [stderr]    Compiling zeroize_derive v1.5.0
[INFO] [stderr]    Compiling thiserror-impl v1.0.69
[INFO] [stderr]    Compiling curve25519-dalek-derive v0.1.1
[INFO] [stderr]    Compiling educe v0.6.0
[INFO] [stderr]    Compiling derive_more-impl v1.0.0
[INFO] [stderr]    Compiling derive_more v0.99.20
[INFO] [stderr]    Compiling fuel-derive v0.66.4
[INFO] [stderr]    Compiling derive_more-impl v2.1.1
[INFO] [stderr]    Compiling enum-iterator-derive v1.5.0
[INFO] [stderr]    Compiling num_enum_derive v0.7.6
[INFO] [stderr]    Compiling zeroize v1.9.0
[INFO] [stderr]    Compiling der v0.7.10
[INFO] [stderr]    Compiling secrecy v0.8.0
[INFO] [stderr]    Compiling strum_macros v0.28.0
[INFO] [stderr]    Compiling enum-iterator v2.3.0
[INFO] [stderr]    Compiling num_enum v0.7.6
[INFO] [stderr]    Compiling thiserror v1.0.69
[INFO] [stderr]    Compiling crypto-common v0.1.7
[INFO] [stderr]    Compiling block-buffer v0.10.4
[INFO] [stderr]    Compiling crypto-bigint v0.5.5
[INFO] [stderr]    Compiling digest v0.10.7
[INFO] [stderr]    Compiling sha2 v0.10.9
[INFO] [stderr]    Compiling hmac v0.12.1
[INFO] [stderr]    Compiling signature v2.2.0
[INFO] [stderr]    Compiling ppv-lite86 v0.2.21
[INFO] [stderr]    Compiling rfc6979 v0.4.0
[INFO] [stderr]    Compiling bs58 v0.5.1
[INFO] [stderr]    Compiling spki v0.7.3
[INFO] [stderr]    Compiling pkcs8 v0.10.2
[INFO] [stderr]    Compiling sec1 v0.7.3
[INFO] [stderr]    Compiling ripemd v0.1.3
[INFO] [stderr]    Compiling sha3 v0.10.9
[INFO] [stderr]    Compiling rand_chacha v0.3.1
[INFO] [stderr]    Compiling pbkdf2 v0.12.2
[INFO] [stderr]    Compiling hashbrown v0.13.2
[INFO] [stderr]    Compiling rand v0.8.8
[INFO] [stderr]    Compiling derive_more v1.0.0
[INFO] [stderr]    Compiling darling_macro v0.23.0
[INFO] [stderr]    Compiling fuel-types v0.66.4
[INFO] [stderr]    Compiling ed25519 v2.2.3
[INFO] [stderr]    Compiling elliptic-curve v0.13.8
[INFO] [stderr]    Compiling darling v0.23.0
[INFO] [stderr]    Compiling serde_with_macros v3.22.0
[INFO] [stderr]    Compiling hashbrown v0.14.5
[INFO] [stderr]    Compiling tai64 v4.0.0
[INFO] [stderr]    Compiling substrate-bn v0.6.0
[INFO] [stderr]    Compiling fuel-merkle v0.66.4
[INFO] [stderr]    Compiling coins-core v0.8.7
[INFO] [stderr]    Compiling ecdsa v0.16.9
[INFO] [stderr]    Compiling primeorder v0.13.6
[INFO] [stderr]    Compiling ed25519-dalek v2.2.0
[INFO] [stderr]    Compiling k256 v0.13.4
[INFO] [stderr]    Compiling p256 v0.13.2
[INFO] [stderr]    Compiling postcard v1.1.3
[INFO] [stderr]    Compiling fuel-asm v0.66.4
[INFO] [stderr]    Compiling serde_with v3.22.0
[INFO] [stderr]    Compiling coins-bip32 v0.8.7
[INFO] [stderr]    Compiling derive_more v2.1.1
[INFO] [stderr]    Compiling coins-bip39 v0.8.7
[INFO] [stderr]    Compiling secp256k1 v0.30.0
[INFO] [stderr]    Compiling fuel-crypto v0.66.4
[INFO] [stderr]    Compiling fuel-tx v0.66.4
[INFO] [stderr]    Compiling fuel-vm v0.66.4
[INFO] [stderr]    Compiling fuel-core-types v0.48.3
[INFO] [stderr]    Compiling fuel-core-storage v0.48.3
[INFO] [stderr]    Compiling fuel-core-chain-config v0.48.3 (/opt/rustwide/workdir)
[INFO] [stderr]     Finished `release` profile [optimized] target(s) in 2m 15s
[INFO] [stderr] warning: the following packages contain code that will be rejected by a future version of Rust: proc-macro-error2 v2.0.1
[INFO] [stderr] note: to see what the problems were, use the option `--future-incompat-report`, or run `cargo report future-incompatibilities --id 4`
[INFO] running `Command { std: "docker" "inspect" "159e1c3d8c10b597ece61f6489610cf3b3d52ac3dc108887916e6e55223d3693", kill_on_drop: false }`
[INFO] running `Command { std: "docker" "exec" "-e" "SOURCE_DIR=/opt/rustwide/workdir" "-e" "CARGO_HOME=/opt/rustwide/cargo-home" "-e" "RUSTUP_HOME=/opt/rustwide/rustup-home" "-e" "CARGO_TARGET_DIR=/opt/rustwide/target" "-e" "CARGO_INCREMENTAL=0" "-e" "RUST_BACKTRACE=full" "-e" "RUSTFLAGS=--cap-lints=warn" "-e" "RUSTDOCFLAGS=--cap-lints=warn" "-w" "/opt/rustwide/workdir" "--user" "0:0" "159e1c3d8c10b597ece61f6489610cf3b3d52ac3dc108887916e6e55223d3693" "/opt/rustwide/cargo-home/bin/cargo" "+1.99.0-beta.8" "test" "--frozen" "--no-run" "--message-format=json" "--release", kill_on_drop: false }`
[INFO] [stderr]    Compiling bitflags v2.13.1
[INFO] [stderr]    Compiling fuel-types v0.66.4
[INFO] [stderr]    Compiling test-case-core v3.3.1
[INFO] [stderr]    Compiling console v0.16.4
[INFO] [stderr]    Compiling getrandom v0.4.3
[INFO] [stderr]    Compiling strum v0.28.0
[INFO] [stderr]    Compiling yansi v1.0.1
[INFO] [stderr]    Compiling diff v0.1.13
[INFO] [stderr]    Compiling rustix v1.1.4
[INFO] [stderr]    Compiling pretty_assertions v1.4.1
[INFO] [stderr]    Compiling test-case-macros v3.3.1
[INFO] [stderr]    Compiling fuel-asm v0.66.4
[INFO] [stderr]    Compiling fuel-crypto v0.66.4
[INFO] [stderr]    Compiling test-case v3.3.1
[INFO] [stderr]    Compiling tempfile v3.27.0
[INFO] [stderr]    Compiling insta v1.48.0
[INFO] [stderr]    Compiling fuel-tx v0.66.4
[INFO] [stderr]    Compiling fuel-vm v0.66.4
[INFO] [stderr]    Compiling fuel-core-types v0.48.3
[INFO] [stderr]    Compiling fuel-core-storage v0.48.3
[INFO] [stderr]    Compiling fuel-core-chain-config v0.48.3 (/opt/rustwide/workdir)
[INFO] [stdout] error[E0432]: unresolved import `fuel_core_chain_config`
[INFO] [stdout]   --> src/lib.rs:9:5
[INFO] [stdout]    |
[INFO] [stdout]  9 | use fuel_core_chain_config as _;
[INFO] [stdout]    |     ----------------------^^^^^
[INFO] [stdout]    |     |
[INFO] [stdout]    |     no external crate `fuel_core_chain_config`
[INFO] [stdout]    |
[INFO] [stdout] note: module `crate::config::consensus::tests::fuel_core_chain_config` exists but is inaccessible
[INFO] [stdout]   --> src/lib.rs:1:1
[INFO] [stdout]    |
[INFO] [stdout]  1 | / #![deny(clippy::cast_possible_truncation)]
[INFO] [stdout]  2 | | #![deny(clippy::arithmetic_side_effects)]
[INFO] [stdout]  3 | | #![deny(unused_crate_dependencies)]
[INFO] [stdout]  4 | | #![deny(warnings)]
[INFO] [stdout] ...  |
[INFO] [stdout] 32 | |     SecretKey::try_from(bytes.as_slice()).expect("valid key")
[INFO] [stdout] 33 | | }
[INFO] [stdout]    | |_^ not accessible
[INFO] [stdout] 
[INFO] [stdout] 
[INFO] [stdout] error[E0433]: cannot find `parquet` in the list of imported crates
[INFO] [stdout]    --> src/config/state/writer.rs:551:15
[INFO] [stdout]     |
[INFO] [stdout] 551 |         use ::parquet::basic::Compression;
[INFO] [stdout]     |               ^^^^^^^ could not find `parquet` in the list of imported crates
[INFO] [stdout]     |
[INFO] [stdout] note: found an item that was configured out
[INFO] [stdout]    --> src/config/state.rs:73:5
[INFO] [stdout]     |
[INFO] [stdout]  72 | #[cfg(feature = "parquet")]
[INFO] [stdout]     |       ------------------- the item is gated behind the `parquet` feature
[INFO] [stdout]  73 | mod parquet;
[INFO] [stdout]     |     ^^^^^^^
[INFO] [stdout] 
[INFO] [stdout] 
[INFO] [stdout] error[E0432]: unresolved import `crate::Randomize`
[INFO] [stdout]    --> src/config/state.rs:680:9
[INFO] [stdout]     |
[INFO] [stdout] 680 |         Randomize,
[INFO] [stdout]     |         ^^^^^^^^^ no `Randomize` in the root
[INFO] [stdout] 
[INFO] [stdout] 
[INFO] [stdout] error[E0432]: unresolved import `crate::Randomize`
[INFO] [stdout]    --> src/config/state/writer.rs:561:13
[INFO] [stdout]     |
[INFO] [stdout] 561 |         use crate::Randomize;
[INFO] [stdout]     |             ^^^^^^^---------
[INFO] [stdout]     |                    |
[INFO] [stdout]     |                    no `Randomize` in the root
[INFO] [stdout] 
[INFO] [stdout] 
[INFO] [stdout] error[E0433]: cannot find module or crate `coin_config_helpers` in this scope
[INFO] [stdout]    --> src/config/coin.rs:228:29
[INFO] [stdout]     |
[INFO] [stdout] 228 |         let mut generator = coin_config_helpers::CoinConfigGenerator::new();
[INFO] [stdout]     |                             ^^^^^^^^^^^^^^^^^^^ use of unresolved module or unlinked crate `coin_config_helpers`
[INFO] [stdout]     |
[INFO] [stdout]     = help: if you wanted to use a crate named `coin_config_helpers`, use `cargo add coin_config_helpers` to add it to your `Cargo.toml`
[INFO] [stdout] 
[INFO] [stdout] 
[INFO] [stdout] error[E0433]: cannot find module or crate `coin_config_helpers` in this scope
[INFO] [stdout]    --> src/config/coin.rs:241:29
[INFO] [stdout]     |
[INFO] [stdout] 241 |         let mut generator = coin_config_helpers::CoinConfigGenerator::new();
[INFO] [stdout]     |                             ^^^^^^^^^^^^^^^^^^^ use of unresolved module or unlinked crate `coin_config_helpers`
[INFO] [stdout]     |
[INFO] [stdout]     = help: if you wanted to use a crate named `coin_config_helpers`, use `cargo add coin_config_helpers` to add it to your `Cargo.toml`
[INFO] [stdout] 
[INFO] [stdout] 
[INFO] [stdout] error[E0433]: cannot find `ZstdCompressionLevel` in the crate root
[INFO] [stdout]    --> src/config/state/writer.rs:501:29
[INFO] [stdout]     |
[INFO] [stdout] 501 |         for level in crate::ZstdCompressionLevel::iter() {
[INFO] [stdout]     |                             ^^^^^^^^^^^^^^^^^^^^ could not find `ZstdCompressionLevel` in the crate root
[INFO] [stdout]     |
[INFO] [stdout] note: found an item that was configured out
[INFO] [stdout]    --> src/config/state.rs:666:17
[INFO] [stdout]     |
[INFO] [stdout] 665 | #[cfg(feature = "parquet")]
[INFO] [stdout]     |       ------------------- the item is gated behind the `parquet` feature
[INFO] [stdout] 666 | pub use writer::ZstdCompressionLevel;
[INFO] [stdout]     |                 ^^^^^^^^^^^^^^^^^^^^
[INFO] [stdout] 
[INFO] [stdout] 
[INFO] [stdout] error[E0433]: cannot find `ZstdCompressionLevel` in `super`
[INFO] [stdout]    --> src/config/state/writer.rs:612:20
[INFO] [stdout]     |
[INFO] [stdout] 612 |             super::ZstdCompressionLevel::Uncompressed,
[INFO] [stdout]     |                    ^^^^^^^^^^^^^^^^^^^^ could not find `ZstdCompressionLevel` in `super`
[INFO] [stdout]     |
[INFO] [stdout] note: found an item that was configured out
[INFO] [stdout]    --> src/config/state/writer.rs:46:10
[INFO] [stdout]     |
[INFO] [stdout]  44 | #[cfg(feature = "parquet")]
[INFO] [stdout]     |       ------------------- the item is gated behind the `parquet` feature
[INFO] [stdout]  45 | #[cfg_attr(test, derive(strum::EnumIter))]
[INFO] [stdout]  46 | pub enum ZstdCompressionLevel {
[INFO] [stdout]     |          ^^^^^^^^^^^^^^^^^^^^
[INFO] [stdout] 
[INFO] [stdout] 
[INFO] [stdout] error[E0433]: cannot find `ZstdCompressionLevel` in `writer`
[INFO] [stdout]    --> src/config/state.rs:716:47
[INFO] [stdout]     |
[INFO] [stdout] 716 |         SnapshotWriter::parquet(path, writer::ZstdCompressionLevel::Level1).unwrap()
[INFO] [stdout]     |                                               ^^^^^^^^^^^^^^^^^^^^ could not find `ZstdCompressionLevel` in `writer`
[INFO] [stdout]     |
[INFO] [stdout] note: found an item that was configured out
[INFO] [stdout]    --> src/config/state/writer.rs:46:10
[INFO] [stdout]     |
[INFO] [stdout]  44 | #[cfg(feature = "parquet")]
[INFO] [stdout]     |       ------------------- the item is gated behind the `parquet` feature
[INFO] [stdout]  45 | #[cfg_attr(test, derive(strum::EnumIter))]
[INFO] [stdout]  46 | pub enum ZstdCompressionLevel {
[INFO] [stdout]     |          ^^^^^^^^^^^^^^^^^^^^
[INFO] [stdout] 
[INFO] [stdout] 
[INFO] [stdout] warning: extern crate `bytes` is unused in crate `fuel_core_chain_config`
[INFO] [stdout]   |
[INFO] [stdout]   = help: remove the dependency or add `use bytes as _;` to the crate root
[INFO] [stdout] note: the lint level is defined here
[INFO] [stdout]  --> src/lib.rs:3:9
[INFO] [stdout]   |
[INFO] [stdout] 3 | #![deny(unused_crate_dependencies)]
[INFO] [stdout]   |         ^^^^^^^^^^^^^^^^^^^^^^^^^
[INFO] [stdout] 
[INFO] [stdout] 
[INFO] [stdout] warning: unused import: `super::*`
[INFO] [stdout]    --> src/config/coin.rs:223:9
[INFO] [stdout]     |
[INFO] [stdout] 223 |     use super::*;
[INFO] [stdout]     |         ^^^^^^^^
[INFO] [stdout]     |
[INFO] [stdout] note: the lint level is defined here
[INFO] [stdout]    --> src/lib.rs:4:9
[INFO] [stdout]     |
[INFO] [stdout]   4 | #![deny(warnings)]
[INFO] [stdout]     |         ^^^^^^^^
[INFO] [stdout]     = note: `#[warn(unused_imports)]` implied by `#[warn(warnings)]`
[INFO] [stdout] 
[INFO] [stdout] 
[INFO] [stdout] warning: unused import: `strum::IntoEnumIterator`
[INFO] [stdout]    --> src/config/state/writer.rs:499:13
[INFO] [stdout]     |
[INFO] [stdout] 499 |         use strum::IntoEnumIterator;
[INFO] [stdout]     |             ^^^^^^^^^^^^^^^^^^^^^^^
[INFO] [stdout] 
[INFO] [stdout] 
[INFO] [stdout] warning: unused import: `strum::IntoEnumIterator`
[INFO] [stdout]    --> src/config/state/writer.rs:552:13
[INFO] [stdout]     |
[INFO] [stdout] 552 |         use strum::IntoEnumIterator;
[INFO] [stdout]     |             ^^^^^^^^^^^^^^^^^^^^^^^
[INFO] [stdout] 
[INFO] [stdout] 
[INFO] [stdout] error[E0433]: cannot find type `ZstdCompressionLevel` in this scope
[INFO] [stdout]    --> src/config/state/writer.rs:503:29
[INFO] [stdout]     |
[INFO] [stdout] 503 |             let roundtrip = ZstdCompressionLevel::try_from(u8_level).unwrap();
[INFO] [stdout]     |                             ^^^^^^^^^^^^^^^^^^^^ use of undeclared type `ZstdCompressionLevel`
[INFO] [stdout]     |
[INFO] [stdout] note: found an item that was configured out
[INFO] [stdout]    --> src/config/state.rs:666:17
[INFO] [stdout]     |
[INFO] [stdout] 665 | #[cfg(feature = "parquet")]
[INFO] [stdout]     |       ------------------- the item is gated behind the `parquet` feature
[INFO] [stdout] 666 | pub use writer::ZstdCompressionLevel;
[INFO] [stdout]     |                 ^^^^^^^^^^^^^^^^^^^^
[INFO] [stdout] 
[INFO] [stdout] 
[INFO] [stdout] error[E0433]: cannot find type `ZstdCompressionLevel` in this scope
[INFO] [stdout]    --> src/config/state/writer.rs:522:53
[INFO] [stdout]     |
[INFO] [stdout] 522 |                 SnapshotWriter::parquet(dir.path(), ZstdCompressionLevel::Uncompressed)
[INFO] [stdout]     |                                                     ^^^^^^^^^^^^^^^^^^^^ use of undeclared type `ZstdCompressionLevel`
[INFO] [stdout]     |
[INFO] [stdout] note: found an item that was configured out
[INFO] [stdout]    --> src/config/state.rs:666:17
[INFO] [stdout]     |
[INFO] [stdout] 665 | #[cfg(feature = "parquet")]
[INFO] [stdout]     |       ------------------- the item is gated behind the `parquet` feature
[INFO] [stdout] 666 | pub use writer::ZstdCompressionLevel;
[INFO] [stdout]     |                 ^^^^^^^^^^^^^^^^^^^^
[INFO] [stdout] 
[INFO] [stdout] 
[INFO] [stdout] error[E0433]: cannot find type `ZstdCompressionLevel` in this scope
[INFO] [stdout]    --> src/config/state/writer.rs:553:22
[INFO] [stdout]     |
[INFO] [stdout] 553 |         for level in ZstdCompressionLevel::iter() {
[INFO] [stdout]     |                      ^^^^^^^^^^^^^^^^^^^^ use of undeclared type `ZstdCompressionLevel`
[INFO] [stdout]     |
[INFO] [stdout] note: found an item that was configured out
[INFO] [stdout]    --> src/config/state.rs:666:17
[INFO] [stdout]     |
[INFO] [stdout] 665 | #[cfg(feature = "parquet")]
[INFO] [stdout]     |       ------------------- the item is gated behind the `parquet` feature
[INFO] [stdout] 666 | pub use writer::ZstdCompressionLevel;
[INFO] [stdout]     |                 ^^^^^^^^^^^^^^^^^^^^
[INFO] [stdout] 
[INFO] [stdout] 
[INFO] [stdout] error[E0433]: cannot find type `ZstdCompressionLevel` in this scope
[INFO] [stdout]    --> src/config/state/writer.rs:582:39
[INFO] [stdout]     |
[INFO] [stdout] 582 |         SnapshotWriter::parquet(path, ZstdCompressionLevel::Uncompressed).unwrap()
[INFO] [stdout]     |                                       ^^^^^^^^^^^^^^^^^^^^ use of undeclared type `ZstdCompressionLevel`
[INFO] [stdout]     |
[INFO] [stdout] note: found an item that was configured out
[INFO] [stdout]    --> src/config/state.rs:666:17
[INFO] [stdout]     |
[INFO] [stdout] 665 | #[cfg(feature = "parquet")]
[INFO] [stdout]     |       ------------------- the item is gated behind the `parquet` feature
[INFO] [stdout] 666 | pub use writer::ZstdCompressionLevel;
[INFO] [stdout]     |                 ^^^^^^^^^^^^^^^^^^^^
[INFO] [stdout] 
[INFO] [stdout] 
[INFO] [stdout] Some errors have detailed explanations: E0432, E0433.
[INFO] [stdout] 
[INFO] [stdout] For more information about an error, try `rustc --explain E0432`.
[INFO] [stdout] 
[INFO] [stderr] error: could not compile `fuel-core-chain-config` (lib test) due to 13 previous errors; 4 warnings emitted
[INFO] [stderr] warning: build failed, waiting for other jobs to finish...
[INFO] running `Command { std: "docker" "inspect" "159e1c3d8c10b597ece61f6489610cf3b3d52ac3dc108887916e6e55223d3693", kill_on_drop: false }`
[INFO] running `Command { std: "docker" "rm" "-f" "159e1c3d8c10b597ece61f6489610cf3b3d52ac3dc108887916e6e55223d3693", kill_on_drop: false }`
[INFO] [stdout] 159e1c3d8c10b597ece61f6489610cf3b3d52ac3dc108887916e6e55223d3693
