[INFO] fetching crate ftsolve 0.1.0...
[INFO] testing ftsolve-0.1.0 against 1.99.0-beta.8+cargoflags=--release for beta-release-1.100-2
[INFO] extracting crate ftsolve 0.1.0 into /workspace/builds/worker-5-tc1/source
[INFO] started tweaking crates.io crate ftsolve 0.1.0
[INFO] finished tweaking crates.io crate ftsolve 0.1.0
[INFO] tweaked toml for crates.io crate ftsolve 0.1.0 written to /workspace/builds/worker-5-tc1/source/Cargo.toml
[INFO] validating manifest of crates.io crate ftsolve 0.1.0 on toolchain 1.99.0-beta.8
[INFO] running `Command { std: CARGO_HOME="/workspace/cargo-home" RUSTUP_HOME="/workspace/rustup-home" "/workspace/cargo-home/bin/cargo" "+1.99.0-beta.8" "metadata" "--manifest-path" "Cargo.toml" "--no-deps", kill_on_drop: false }`
[INFO] crate crates.io crate ftsolve 0.1.0 already has a lockfile, it will not be regenerated
[INFO] running `Command { std: CARGO_HOME="/workspace/cargo-home" RUSTUP_HOME="/workspace/rustup-home" "/workspace/cargo-home/bin/cargo" "+1.99.0-beta.8" "fetch" "--manifest-path" "Cargo.toml", kill_on_drop: false }`
[INFO] [stderr]     Updating crates.io index
[INFO] [stderr]  Downloading crates ...
[INFO] [stderr]   Downloaded once_cell v1.20.3
[INFO] [stderr]   Downloaded fts-solver v0.3.0
[INFO] [stderr]   Downloaded osqp v1.0.0
[INFO] [stderr]   Downloaded unicode-ident v1.0.17
[INFO] [stderr]   Downloaded derive_builder_macro v0.11.2
[INFO] [stderr]   Downloaded either v1.14.0
[INFO] [stderr]   Downloaded derive_builder_core v0.11.2
[INFO] [stderr]   Downloaded amd v0.2.2
[INFO] [stderr]   Downloaded derive_builder v0.11.2
[INFO] [stderr]   Downloaded clap v4.5.36
[INFO] [stderr]   Downloaded cc v1.2.16
[INFO] [stderr]   Downloaded clap_builder v4.5.36
[INFO] [stderr]   Downloaded clarabel v0.10.0
[INFO] [stderr]   Downloaded osqp-sys v1.0.0
[INFO] running `Command { std: "docker" "create" "-v" "/var/lib/crater-agent-workspace/builds/worker-5-tc1/source:/opt/rustwide/workdir:ro,Z" "-v" "/var/lib/crater-agent-workspace/builds/worker-5-tc1/target:/opt/rustwide/target:rw,Z" "-v" "/var/lib/crater-agent-workspace/cargo-home:/opt/rustwide/cargo-home:ro,Z" "-v" "/var/lib/crater-agent-workspace/rustup-home:/opt/rustwide/rustup-home:ro,Z" "-m" "1610612736" "--network" "none" "ghcr.io/rust-lang/crates-build-env/linux@sha256:77db811e55d90add9212f6832c23229e3de5f1c1f9905e8cb07319ea15df73ac" "sleep" "infinity", kill_on_drop: false }`
[INFO] [stdout] 65c7fc3720d12c46f98d59cc8c09eb0940fbe0e6da81c865ed4cf3ccf077f481
[INFO] running `Command { std: "docker" "start" "65c7fc3720d12c46f98d59cc8c09eb0940fbe0e6da81c865ed4cf3ccf077f481", kill_on_drop: false }`
[INFO] running `Command { std: "docker" "inspect" "65c7fc3720d12c46f98d59cc8c09eb0940fbe0e6da81c865ed4cf3ccf077f481", kill_on_drop: false }`
[INFO] running `Command { std: "docker" "exec" "-e" "SOURCE_DIR=/opt/rustwide/workdir" "-e" "CARGO_HOME=/opt/rustwide/cargo-home" "-e" "RUSTUP_HOME=/opt/rustwide/rustup-home" "-e" "CARGO_TARGET_DIR=/opt/rustwide/target" "-w" "/opt/rustwide/workdir" "--user" "0:0" "65c7fc3720d12c46f98d59cc8c09eb0940fbe0e6da81c865ed4cf3ccf077f481" "/opt/rustwide/cargo-home/bin/cargo" "+1.99.0-beta.8" "metadata" "--no-deps" "--format-version=1", kill_on_drop: false }`
[INFO] running `Command { std: "docker" "inspect" "65c7fc3720d12c46f98d59cc8c09eb0940fbe0e6da81c865ed4cf3ccf077f481", kill_on_drop: false }`
[INFO] running `Command { std: "docker" "exec" "-e" "SOURCE_DIR=/opt/rustwide/workdir" "-e" "CARGO_HOME=/opt/rustwide/cargo-home" "-e" "RUSTUP_HOME=/opt/rustwide/rustup-home" "-e" "CARGO_TARGET_DIR=/opt/rustwide/target" "-e" "CARGO_INCREMENTAL=0" "-e" "RUST_BACKTRACE=full" "-e" "RUSTFLAGS=--cap-lints=warn" "-e" "RUSTDOCFLAGS=--cap-lints=warn" "-w" "/opt/rustwide/workdir" "--user" "0:0" "65c7fc3720d12c46f98d59cc8c09eb0940fbe0e6da81c865ed4cf3ccf077f481" "/opt/rustwide/cargo-home/bin/cargo" "+1.99.0-beta.8" "build" "--frozen" "--message-format=json" "--release", kill_on_drop: false }`
[INFO] [stderr]    Compiling unicode-ident v1.0.17
[INFO] [stderr]    Compiling serde_json v1.0.140
[INFO] [stderr]    Compiling clarabel v0.10.0
[INFO] [stderr]    Compiling once_cell v1.20.3
[INFO] [stderr]    Compiling cc v1.2.16
[INFO] [stderr]    Compiling either v1.14.0
[INFO] [stderr]    Compiling ryu v1.0.19
[INFO] [stderr]    Compiling amd v0.2.2
[INFO] [stderr]    Compiling clap_builder v4.5.36
[INFO] [stderr]    Compiling anyhow v1.0.98
[INFO] [stderr]    Compiling proc-macro2 v1.0.94
[INFO] [stderr]    Compiling tracing-core v0.1.33
[INFO] [stderr]    Compiling itertools v0.11.0
[INFO] [stderr]    Compiling quote v1.0.39
[INFO] [stderr]    Compiling syn v2.0.99
[INFO] [stderr]    Compiling syn v1.0.109
[INFO] [stderr]    Compiling cmake v0.1.54
[INFO] [stderr]    Compiling osqp-sys v1.0.0
[INFO] [stderr] error: failed to run custom build command for `osqp-sys v1.0.0`
[INFO] [stderr] note: To improve backtraces for build dependencies, set the CARGO_PROFILE_RELEASE_BUILD_OVERRIDE_DEBUG=true environment variable to enable debug information generation.
[INFO] [stderr] 
[INFO] [stderr] Caused by:
[INFO] [stderr]   process didn't exit successfully: `/opt/rustwide/target/release/build/osqp-sys-456b12ba79fb99fe/build-script-build` (exit status: 101)
[INFO] [stderr]   --- stdout
[INFO] [stderr]   cargo:rustc-check-cfg=cfg(osqp_dlong)
[INFO] [stderr]   cargo:rustc-cfg=osqp_dlong
[INFO] [stderr]   CMAKE_TOOLCHAIN_FILE_x86_64-unknown-linux-gnu = None
[INFO] [stderr]   CMAKE_TOOLCHAIN_FILE_x86_64_unknown_linux_gnu = None
[INFO] [stderr]   HOST_CMAKE_TOOLCHAIN_FILE = None
[INFO] [stderr]   CMAKE_TOOLCHAIN_FILE = None
[INFO] [stderr]   CMAKE_GENERATOR_x86_64-unknown-linux-gnu = None
[INFO] [stderr]   CMAKE_GENERATOR_x86_64_unknown_linux_gnu = None
[INFO] [stderr]   HOST_CMAKE_GENERATOR = None
[INFO] [stderr]   CMAKE_GENERATOR = None
[INFO] [stderr]   CMAKE_PREFIX_PATH_x86_64-unknown-linux-gnu = None
[INFO] [stderr]   CMAKE_PREFIX_PATH_x86_64_unknown_linux_gnu = None
[INFO] [stderr]   HOST_CMAKE_PREFIX_PATH = None
[INFO] [stderr]   CMAKE_PREFIX_PATH = None
[INFO] [stderr]   CMAKE_x86_64-unknown-linux-gnu = None
[INFO] [stderr]   CMAKE_x86_64_unknown_linux_gnu = None
[INFO] [stderr]   HOST_CMAKE = None
[INFO] [stderr]   CMAKE = None
[INFO] [stderr]   running: cd "/opt/rustwide/target/release/build/osqp-sys-b610e363ef69b524/out/build" && CMAKE_PREFIX_PATH="" LC_ALL="C" "cmake" "/opt/rustwide/target/release/build/osqp-sys-b610e363ef69b524/out/src" "-DOSQP_ENABLE_INTERRUPT=OFF" "-DOSQP_USE_FLOAT=OFF" "-DOSQP_USE_LONG=ON" "-DOSQP_ENABLE_PRINTING=ON" "-DOSQP_ENABLE_PROFILING=ON" "-DOSQP_BUILD_UNITTESTS=OFF" "-DCMAKE_ARCHIVE_OUTPUT_DIRECTORY=/opt/rustwide/target/release/build/osqp-sys-b610e363ef69b524/out/build" "-DCMAKE_ARCHIVE_OUTPUT_DIRECTORY_DEBUG=/opt/rustwide/target/release/build/osqp-sys-b610e363ef69b524/out/build" "-DCMAKE_ARCHIVE_OUTPUT_DIRECTORY_RELEASE=/opt/rustwide/target/release/build/osqp-sys-b610e363ef69b524/out/build" "-DCMAKE_ARCHIVE_OUTPUT_DIRECTORY_MINSIZEREL=/opt/rustwide/target/release/build/osqp-sys-b610e363ef69b524/out/build" "-DCMAKE_ARCHIVE_OUTPUT_DIRECTORY_RELWITHDEBINFO=/opt/rustwide/target/release/build/osqp-sys-b610e363ef69b524/out/build" "-DCMAKE_INSTALL_PREFIX=/opt/rustwide/target/release/build/osqp-sys-b610e363ef69b524/out" "-DCMAKE_C_FLAGS= -ffunction-sections -fdata-sections -fPIC -m64" "-DCMAKE_C_COMPILER=/usr/bin/cc" "-DCMAKE_CXX_FLAGS= -ffunction-sections -fdata-sections -fPIC -m64" "-DCMAKE_CXX_COMPILER=/usr/bin/c++" "-DCMAKE_ASM_FLAGS= -ffunction-sections -fdata-sections -fPIC -m64" "-DCMAKE_ASM_COMPILER=/usr/bin/cc" "-DCMAKE_BUILD_TYPE=Release"
[INFO] [stderr]   -- The C compiler identification is GNU 15.2.0
[INFO] [stderr]   -- The CXX compiler identification is GNU 15.2.0
[INFO] [stderr]   -- Detecting C compiler ABI info
[INFO] [stderr]   -- Detecting C compiler ABI info - done
[INFO] [stderr]   -- Check for working C compiler: /usr/bin/cc - skipped
[INFO] [stderr]   -- Detecting C compile features
[INFO] [stderr]   -- Detecting C compile features - done
[INFO] [stderr]   -- Detecting CXX compiler ABI info
[INFO] [stderr]   -- Detecting CXX compiler ABI info - done
[INFO] [stderr]   -- Check for working CXX compiler: /usr/bin/c++ - skipped
[INFO] [stderr]   -- Detecting CXX compile features
[INFO] [stderr]   -- Detecting CXX compile features - done
[INFO] [stderr]   -- Debug mode: 
[INFO] [stderr]   -- We are on a Linux system
[INFO] [stderr]   -- Embedded mode: OFF
[INFO] [stderr]   -- Algebra backend: builtin
[INFO] [stderr]   -- Solver profiling: ON
[INFO] [stderr]   -- Solver interrupt: OFF
[INFO] [stderr]   -- Using double precision floating-point
[INFO] [stderr]   -- Using long integers
[INFO] [stderr]   -- Code generation: ON
[INFO] [stderr]   -- Derivative support: ON
[INFO] [stderr]   -- Fetching/configuring QDLDL solver
[INFO] [stderr]   -- Configuring incomplete, errors occurred!
[INFO] [stderr] 
[INFO] [stderr]   --- stderr
[INFO] [stderr]     [ 11%] Creating directories for 'qdldl-populate'
[INFO] [stderr]     [ 22%] Performing download step (git clone) for 'qdldl-populate'
[INFO] [stderr]     Cloning into 'qdldl-src'...
[INFO] [stderr]     fatal: unable to access 'https://github.com/osqp/qdldl.git/': Could not resolve host: github.com
[INFO] [stderr]     Cloning into 'qdldl-src'...
[INFO] [stderr]     fatal: unable to access 'https://github.com/osqp/qdldl.git/': Could not resolve host: github.com
[INFO] [stderr]     Cloning into 'qdldl-src'...
[INFO] [stderr]     fatal: unable to access 'https://github.com/osqp/qdldl.git/': Could not resolve host: github.com
[INFO] [stderr]     Had to git clone more than once: 3 times.
[INFO] [stderr]     CMake Error at qdldl-subbuild/qdldl-populate-prefix/tmp/qdldl-populate-gitclone.cmake:50 (message):
[INFO] [stderr]       Failed to clone repository: 'https://github.com/osqp/qdldl.git'
[INFO] [stderr]     
[INFO] [stderr]     
[INFO] [stderr]     gmake[2]: *** [CMakeFiles/qdldl-populate.dir/build.make:102: qdldl-populate-prefix/src/qdldl-populate-stamp/qdldl-populate-download] Error 1
[INFO] [stderr]     gmake[1]: *** [CMakeFiles/Makefile2:87: CMakeFiles/qdldl-populate.dir/all] Error 2
[INFO] [stderr]     gmake: *** [Makefile:91: all] Error 2
[INFO] [stderr]     
[INFO] [stderr]   CMake Error at /usr/share/cmake-4.2/Modules/FetchContent.cmake:1928 (message):
[INFO] [stderr]     Build step for qdldl failed: 2
[INFO] [stderr]   Call Stack (most recent call first):
[INFO] [stderr]     /usr/share/cmake-4.2/Modules/FetchContent.cmake:1619 (__FetchContent_populateSubbuild)
[INFO] [stderr]     /usr/share/cmake-4.2/Modules/FetchContent.cmake:2155:EVAL:2 (__FetchContent_doPopulation)
[INFO] [stderr]     /usr/share/cmake-4.2/Modules/FetchContent.cmake:2155 (cmake_language)
[INFO] [stderr]     /usr/share/cmake-4.2/Modules/FetchContent.cmake:2394 (__FetchContent_Populate)
[INFO] [stderr]     algebra/_common/lin_sys/qdldl/qdldl.cmake:20 (FetchContent_MakeAvailable)
[INFO] [stderr]     algebra/builtin/CMakeLists.txt:2 (include)
[INFO] [stderr] 
[INFO] [stderr] 
[INFO] [stderr] 
[INFO] [stderr]   thread 'main' (275) panicked at /opt/rustwide/cargo-home/registry/src/index.crates.io-1949cf8c6b5b557f/cmake-0.1.54/src/lib.rs:1119:5:
[INFO] [stderr] 
[INFO] [stderr]   command did not execute successfully, got: exit status: 1
[INFO] [stderr] 
[INFO] [stderr]   build script failed, must exit now
[INFO] [stderr]   stack backtrace:
[INFO] [stderr]      0:     0x60a453df9f81 - <<std[70759c8f55707aa4]::sys::backtrace::BacktraceLock>::print::DisplayBacktrace as core[df12db4294e9bfd3]::fmt::Display>::fmt
[INFO] [stderr]      1:     0x60a453e0e2aa - core[df12db4294e9bfd3]::fmt::write
[INFO] [stderr]      2:     0x60a453dffbcc - <std[70759c8f55707aa4]::sys::stdio::unix::Stderr as core[df12db4294e9bfd3]::io::write::Write>::write_fmt
[INFO] [stderr]      3:     0x60a453dd86b6 - std[70759c8f55707aa4]::panicking::default_hook::{closure#0}
[INFO] [stderr]      4:     0x60a453df3e91 - std[70759c8f55707aa4]::panicking::default_hook
[INFO] [stderr]      5:     0x60a453df404b - std[70759c8f55707aa4]::panicking::panic_with_hook
[INFO] [stderr]      6:     0x60a453dd8762 - std[70759c8f55707aa4]::panicking::panic_handler::{closure#0}
[INFO] [stderr]      7:     0x60a453dd1359 - std[70759c8f55707aa4]::sys::backtrace::__rust_end_short_backtrace::<std[70759c8f55707aa4]::panicking::panic_handler::{closure#0}, !>
[INFO] [stderr]      8:     0x60a453dd8f7d - __rustc[8fa7c3cbc660c2b3]::rust_begin_unwind
[INFO] [stderr]      9:     0x60a453e0ea1c - core[df12db4294e9bfd3]::panicking::panic_fmt
[INFO] [stderr]     10:     0x60a453d6c2d7 - cmake[c03abf37692973d4]::fail
[INFO] [stderr]     11:     0x60a453d6bf63 - cmake[c03abf37692973d4]::run
[INFO] [stderr]     12:     0x60a453d71755 - <cmake[c03abf37692973d4]::Config>::build
[INFO] [stderr]     13:     0x60a453d60b48 - build_script_build[43922e15f20ea327]::main
[INFO] [stderr]     14:     0x60a453d62383 - <fn() as core[df12db4294e9bfd3]::ops::function::FnOnce<()>>::call_once
[INFO] [stderr]     15:     0x60a453d5ff0e - std[70759c8f55707aa4]::sys::backtrace::__rust_begin_short_backtrace::<fn(), ()>
[INFO] [stderr]     16:     0x60a453d60089 - std[70759c8f55707aa4]::rt::lang_start::<()>::{closure#0}
[INFO] [stderr]     17:     0x60a453df3159 - std[70759c8f55707aa4]::rt::lang_start_internal
[INFO] [stderr]     18:     0x60a453d5f9c1 - std[70759c8f55707aa4]::rt::lang_start::<()>
[INFO] [stderr]     19:     0x60a453d62495 - main
[INFO] [stderr]     20:     0x7b798860a601 - <unknown>
[INFO] [stderr]     21:     0x7b798860a718 - __libc_start_main
[INFO] [stderr]     22:     0x60a453d5aba5 - _start
[INFO] [stderr]     23:                0x0 - <unknown>
[INFO] [stderr] warning: build failed, waiting for other jobs to finish...
[INFO] running `Command { std: "docker" "inspect" "65c7fc3720d12c46f98d59cc8c09eb0940fbe0e6da81c865ed4cf3ccf077f481", kill_on_drop: false }`
[INFO] running `Command { std: "docker" "rm" "-f" "65c7fc3720d12c46f98d59cc8c09eb0940fbe0e6da81c865ed4cf3ccf077f481", kill_on_drop: false }`
[INFO] [stdout] 65c7fc3720d12c46f98d59cc8c09eb0940fbe0e6da81c865ed4cf3ccf077f481
