[INFO] fetching crate ftdi 0.1.3...
[INFO] testing ftdi-0.1.3 against 1.99.0-beta.8+cargoflags=--release for beta-release-1.100-2
[INFO] extracting crate ftdi 0.1.3 into /workspace/builds/worker-5-tc1/source
[INFO] started tweaking crates.io crate ftdi 0.1.3
[INFO] finished tweaking crates.io crate ftdi 0.1.3
[INFO] tweaked toml for crates.io crate ftdi 0.1.3 written to /workspace/builds/worker-5-tc1/source/Cargo.toml
[INFO] validating manifest of crates.io crate ftdi 0.1.3 on toolchain 1.99.0-beta.8
[INFO] running `Command { std: CARGO_HOME="/workspace/cargo-home" RUSTUP_HOME="/workspace/rustup-home" "/workspace/cargo-home/bin/cargo" "+1.99.0-beta.8" "metadata" "--manifest-path" "Cargo.toml" "--no-deps", kill_on_drop: false }`
[INFO] crate crates.io crate ftdi 0.1.3 already has a lockfile, it will not be regenerated
[INFO] running `Command { std: CARGO_HOME="/workspace/cargo-home" RUSTUP_HOME="/workspace/rustup-home" "/workspace/cargo-home/bin/cargo" "+1.99.0-beta.8" "fetch" "--manifest-path" "Cargo.toml", kill_on_drop: false }`
[INFO] [stderr]     Updating crates.io index
[INFO] [stderr]  Downloading crates ...
[INFO] [stderr]   Downloaded libftdi1-sys v1.1.1
[INFO] [stderr]   Downloaded pkg-config v0.3.14
[INFO] [stderr]   Downloaded thiserror v1.0.15
[INFO] [stderr]   Downloaded thiserror-impl v1.0.15
[INFO] [stderr]   Downloaded filetime v0.2.10
[INFO] [stderr]   Downloaded ftdi-mpsse v0.1.0
[INFO] [stderr]   Downloaded syn v1.0.18
[INFO] [stderr]   Downloaded libftdi1-source-lgpl v1.5.0
[INFO] [stderr]   Downloaded cc v1.0.52
[INFO] [stderr]   Downloaded libusb1-sys v0.3.7
[INFO] [stderr]   Downloaded libc v0.2.101
[INFO] running `Command { std: "docker" "create" "-v" "/var/lib/crater-agent-workspace/builds/worker-5-tc1/source:/opt/rustwide/workdir:ro,Z" "-v" "/var/lib/crater-agent-workspace/builds/worker-5-tc1/target:/opt/rustwide/target:rw,Z" "-v" "/var/lib/crater-agent-workspace/cargo-home:/opt/rustwide/cargo-home:ro,Z" "-v" "/var/lib/crater-agent-workspace/rustup-home:/opt/rustwide/rustup-home:ro,Z" "-m" "1610612736" "--network" "none" "ghcr.io/rust-lang/crates-build-env/linux@sha256:77db811e55d90add9212f6832c23229e3de5f1c1f9905e8cb07319ea15df73ac" "sleep" "infinity", kill_on_drop: false }`
[INFO] [stdout] 2fd35ef1bfab4ac3e7fe3778cfbe393cf1d1d64efd73a5a80ccd5a2ef2ea2178
[INFO] running `Command { std: "docker" "start" "2fd35ef1bfab4ac3e7fe3778cfbe393cf1d1d64efd73a5a80ccd5a2ef2ea2178", kill_on_drop: false }`
[INFO] running `Command { std: "docker" "inspect" "2fd35ef1bfab4ac3e7fe3778cfbe393cf1d1d64efd73a5a80ccd5a2ef2ea2178", kill_on_drop: false }`
[INFO] running `Command { std: "docker" "exec" "-e" "SOURCE_DIR=/opt/rustwide/workdir" "-e" "CARGO_HOME=/opt/rustwide/cargo-home" "-e" "RUSTUP_HOME=/opt/rustwide/rustup-home" "-e" "CARGO_TARGET_DIR=/opt/rustwide/target" "-w" "/opt/rustwide/workdir" "--user" "0:0" "2fd35ef1bfab4ac3e7fe3778cfbe393cf1d1d64efd73a5a80ccd5a2ef2ea2178" "/opt/rustwide/cargo-home/bin/cargo" "+1.99.0-beta.8" "metadata" "--no-deps" "--format-version=1", kill_on_drop: false }`
[INFO] running `Command { std: "docker" "inspect" "2fd35ef1bfab4ac3e7fe3778cfbe393cf1d1d64efd73a5a80ccd5a2ef2ea2178", kill_on_drop: false }`
[INFO] running `Command { std: "docker" "exec" "-e" "SOURCE_DIR=/opt/rustwide/workdir" "-e" "CARGO_HOME=/opt/rustwide/cargo-home" "-e" "RUSTUP_HOME=/opt/rustwide/rustup-home" "-e" "CARGO_TARGET_DIR=/opt/rustwide/target" "-e" "CARGO_INCREMENTAL=0" "-e" "RUST_BACKTRACE=full" "-e" "RUSTFLAGS=--cap-lints=warn" "-e" "RUSTDOCFLAGS=--cap-lints=warn" "-w" "/opt/rustwide/workdir" "--user" "0:0" "2fd35ef1bfab4ac3e7fe3778cfbe393cf1d1d64efd73a5a80ccd5a2ef2ea2178" "/opt/rustwide/cargo-home/bin/cargo" "+1.99.0-beta.8" "build" "--frozen" "--message-format=json" "--release", kill_on_drop: false }`
[INFO] [stderr]    Compiling proc-macro2 v1.0.10
[INFO] [stderr]    Compiling syn v1.0.18
[INFO] [stderr]    Compiling pkg-config v0.3.14
[INFO] [stderr]    Compiling libc v0.2.101
[INFO] [stderr]    Compiling ftdi-mpsse v0.1.0
[INFO] [stderr]    Compiling libftdi1-sys v1.1.1
[INFO] [stderr]    Compiling quote v1.0.3
[INFO] [stderr]    Compiling thiserror-impl v1.0.15
[INFO] [stderr]    Compiling thiserror v1.0.15
[INFO] [stderr]    Compiling ftdi v0.1.3 (/opt/rustwide/workdir)
[INFO] [stdout] warning: use of deprecated constant `std::i32::MAX`: replaced by the `MAX` associated constant on this type
[INFO] [stdout]    --> src/lib.rs:341:60
[INFO] [stdout]     |
[INFO] [stdout] 341 |         let len = buf.len().try_into().unwrap_or(std::i32::MAX);
[INFO] [stdout]     |                                                            ^^^
[INFO] [stdout]     |
[INFO] [stdout]     = note: `#[warn(deprecated)]` on by default
[INFO] [stdout] 
[INFO] [stdout] 
[INFO] [stdout] warning: use of deprecated constant `std::i32::MAX`: replaced by the `MAX` associated constant on this type
[INFO] [stdout]    --> src/lib.rs:353:60
[INFO] [stdout]     |
[INFO] [stdout] 353 |         let len = buf.len().try_into().unwrap_or(std::i32::MAX);
[INFO] [stdout]     |                                                            ^^^
[INFO] [stdout] 
[INFO] [stdout] 
[INFO] [stderr]     Finished `release` profile [optimized] target(s) in 5.09s
[INFO] running `Command { std: "docker" "inspect" "2fd35ef1bfab4ac3e7fe3778cfbe393cf1d1d64efd73a5a80ccd5a2ef2ea2178", kill_on_drop: false }`
[INFO] running `Command { std: "docker" "exec" "-e" "SOURCE_DIR=/opt/rustwide/workdir" "-e" "CARGO_HOME=/opt/rustwide/cargo-home" "-e" "RUSTUP_HOME=/opt/rustwide/rustup-home" "-e" "CARGO_TARGET_DIR=/opt/rustwide/target" "-e" "CARGO_INCREMENTAL=0" "-e" "RUST_BACKTRACE=full" "-e" "RUSTFLAGS=--cap-lints=warn" "-e" "RUSTDOCFLAGS=--cap-lints=warn" "-w" "/opt/rustwide/workdir" "--user" "0:0" "2fd35ef1bfab4ac3e7fe3778cfbe393cf1d1d64efd73a5a80ccd5a2ef2ea2178" "/opt/rustwide/cargo-home/bin/cargo" "+1.99.0-beta.8" "test" "--frozen" "--no-run" "--message-format=json" "--release", kill_on_drop: false }`
[INFO] [stdout] warning: use of deprecated constant `std::i32::MAX`: replaced by the `MAX` associated constant on this type
[INFO] [stdout]    --> src/lib.rs:341:60
[INFO] [stdout]     |
[INFO] [stdout] 341 |         let len = buf.len().try_into().unwrap_or(std::i32::MAX);
[INFO] [stdout]     |                                                            ^^^
[INFO] [stdout]     |
[INFO] [stdout]     = note: `#[warn(deprecated)]` on by default
[INFO] [stdout] 
[INFO] [stdout] 
[INFO] [stdout] warning: use of deprecated constant `std::i32::MAX`: replaced by the `MAX` associated constant on this type
[INFO] [stdout]    --> src/lib.rs:353:60
[INFO] [stdout]     |
[INFO] [stdout] 353 |         let len = buf.len().try_into().unwrap_or(std::i32::MAX);
[INFO] [stdout]     |                                                            ^^^
[INFO] [stdout] 
[INFO] [stdout] 
[INFO] [stderr]    Compiling ftdi v0.1.3 (/opt/rustwide/workdir)
[INFO] [stdout] warning: use of deprecated constant `std::i32::MAX`: replaced by the `MAX` associated constant on this type
[INFO] [stdout]    --> src/lib.rs:341:60
[INFO] [stdout]     |
[INFO] [stdout] 341 |         let len = buf.len().try_into().unwrap_or(std::i32::MAX);
[INFO] [stdout]     |                                                            ^^^
[INFO] [stdout]     |
[INFO] [stdout]     = note: `#[warn(deprecated)]` on by default
[INFO] [stdout] 
[INFO] [stdout] 
[INFO] [stdout] warning: use of deprecated constant `std::i32::MAX`: replaced by the `MAX` associated constant on this type
[INFO] [stdout]    --> src/lib.rs:353:60
[INFO] [stdout]     |
[INFO] [stdout] 353 |         let len = buf.len().try_into().unwrap_or(std::i32::MAX);
[INFO] [stdout]     |                                                            ^^^
[INFO] [stdout] 
[INFO] [stdout] 
[INFO] [stdout] error[E0432]: unresolved import `structopt`
[INFO] [stdout]  --> examples/ftdi-listen-serial.rs:1:5
[INFO] [stdout]   |
[INFO] [stdout] 1 | use structopt::StructOpt;
[INFO] [stdout]   |     ^^^^^^^^^ use of unresolved module or unlinked crate `structopt`
[INFO] [stdout]   |
[INFO] [stdout]   = help: if you wanted to use a crate named `structopt`, use `cargo add structopt` to add it to your `Cargo.toml`
[INFO] [stdout] 
[INFO] [stdout] 
[INFO] [stdout] error: cannot find attribute `structopt` in this scope
[INFO] [stdout]  --> examples/ftdi-listen-serial.rs:5:7
[INFO] [stdout]   |
[INFO] [stdout] 5 |     #[structopt(long)]
[INFO] [stdout]   |       ^^^^^^^^^
[INFO] [stdout] 
[INFO] [stdout] 
[INFO] [stdout] error: cannot find attribute `structopt` in this scope
[INFO] [stdout]  --> examples/ftdi-listen-serial.rs:7:7
[INFO] [stdout]   |
[INFO] [stdout] 7 |     #[structopt(long)]
[INFO] [stdout]   |       ^^^^^^^^^
[INFO] [stdout] 
[INFO] [stdout] 
[INFO] [stdout] error[E0599]: no associated function or constant named `from_args` found for struct `Args` in the current scope
[INFO] [stdout]   --> examples/ftdi-listen-serial.rs:12:22
[INFO] [stdout]    |
[INFO] [stdout]  4 | struct Args {
[INFO] [stdout]    | ----------- associated function or constant `from_args` not found for this struct
[INFO] [stdout] ...
[INFO] [stdout] 12 |     let args = Args::from_args();
[INFO] [stdout]    |                      ^^^^^^^^^ associated function or constant not found in `Args`
[INFO] [stdout] 
[INFO] [stdout] 
[INFO] [stdout] error[E0599]: no method named `read_packet` found for struct `Device` in the current scope
[INFO] [stdout]   --> examples/ftdi-listen-serial.rs:20:27
[INFO] [stdout]    |
[INFO] [stdout] 20 |         let len = channel.read_packet(&mut buffer)?;
[INFO] [stdout]    |                           ^^^^^^^^^^^ method not found in `Device`
[INFO] [stdout] 
[INFO] [stdout] 
[INFO] [stdout] Some errors have detailed explanations: E0432, E0599.
[INFO] [stdout] 
[INFO] [stdout] For more information about an error, try `rustc --explain E0432`.
[INFO] [stdout] 
[INFO] [stderr] error: could not compile `ftdi` (example "ftdi-listen-serial") due to 5 previous errors
[INFO] [stderr] warning: build failed, waiting for other jobs to finish...
[INFO] [stdout] error: linking with `cc` failed: exit status: 1
[INFO] [stdout]   |
[INFO] [stdout]   = note:  "cc" "-m64" "/opt/rustwide/target/release/deps/rustcmJMXpv/symbols.o" "<2 object files omitted>" "-Wl,--as-needed" "-Wl,-Bstatic" "<sysroot>/lib/rustlib/x86_64-unknown-linux-gnu/lib/{libtest-*,libgetopts-*,librustc_std_workspace_std-*}.rlib" "/opt/rustwide/target/release/deps/{libthiserror-da4a254e82266910,liblibftdi1_sys-81f72d6b2e3f1af0,liblibc-97ca7032ba93ede7,libcfg_if-193575a6b29a3ab9,libftdi_mpsse-5c155b408967915d,libstatic_assertions-306fc8cfb43dc741}.rlib" "<sysroot>/lib/rustlib/x86_64-unknown-linux-gnu/lib/{libstd-*,libpanic_unwind-*,libobject-*,libmemchr-*,libaddr2line-*,libgimli-*,libcfg_if-*,librustc_demangle-*,libstd_detect-*,libhashbrown-*,librustc_std_workspace_alloc-*,libminiz_oxide-*,libadler2-*,libunwind-*,liblibc-*,librustc_std_workspace_core-*,liballoc-*,libcore-*,libcompiler_builtins-*}.rlib" "-Wl,-Bdynamic" "-lftdi1" "-lgcc_s" "-lutil" "-lrt" "-lpthread" "-lm" "-ldl" "-lc" "-L" "/opt/rustwide/target/release/deps/rustcmJMXpv/raw-dylibs" "-B<sysroot>/lib/rustlib/x86_64-unknown-linux-gnu/bin/gcc-ld" "-fuse-ld=lld" "-Wl,--eh-frame-hdr" "-Wl,-z,noexecstack" "-L" "<sysroot>/lib/rustlib/x86_64-unknown-linux-gnu/lib" "-o" "/opt/rustwide/target/release/deps/ftdi-18f550ec98bd992d" "-Wl,--gc-sections" "-pie" "-Wl,-z,relro,-z,now" "-Wl,-O1" "-Wl,--strip-debug" "-nodefaultlibs"
[INFO] [stdout]   = note: some arguments are omitted. use `--verbose` to show all linker arguments
[INFO] [stdout]   = note: rust-lld: error: unable to find library -lftdi1
[INFO] [stdout]           collect2: error: ld returned 1 exit status
[INFO] [stdout]           
[INFO] [stdout] 
[INFO] [stdout] 
[INFO] [stderr] error: could not compile `ftdi` (lib test) due to 1 previous error; 2 warnings emitted
[INFO] [stdout] error: linking with `cc` failed: exit status: 1
[INFO] [stdout]   |
[INFO] [stdout]   = note:  "cc" "-m64" "/opt/rustwide/target/release/examples/rustcIVloQE/symbols.o" "<2 object files omitted>" "-Wl,--as-needed" "-Wl,-Bstatic" "/opt/rustwide/target/release/deps/{libftdi-aa16952d78440793,libthiserror-da4a254e82266910,liblibftdi1_sys-81f72d6b2e3f1af0,liblibc-97ca7032ba93ede7,libcfg_if-193575a6b29a3ab9,libftdi_mpsse-5c155b408967915d,libstatic_assertions-306fc8cfb43dc741}.rlib" "<sysroot>/lib/rustlib/x86_64-unknown-linux-gnu/lib/{libstd-*,libpanic_unwind-*,libobject-*,libmemchr-*,libaddr2line-*,libgimli-*,libcfg_if-*,librustc_demangle-*,libstd_detect-*,libhashbrown-*,librustc_std_workspace_alloc-*,libminiz_oxide-*,libadler2-*,libunwind-*,liblibc-*,librustc_std_workspace_core-*,liballoc-*,libcore-*,libcompiler_builtins-*}.rlib" "-Wl,-Bdynamic" "-lftdi1" "-lgcc_s" "-lutil" "-lrt" "-lpthread" "-lm" "-ldl" "-lc" "-L" "/opt/rustwide/target/release/examples/rustcIVloQE/raw-dylibs" "-B<sysroot>/lib/rustlib/x86_64-unknown-linux-gnu/bin/gcc-ld" "-fuse-ld=lld" "-Wl,--eh-frame-hdr" "-Wl,-z,noexecstack" "-L" "<sysroot>/lib/rustlib/x86_64-unknown-linux-gnu/lib" "-o" "/opt/rustwide/target/release/examples/dlp_loopback_tester-86adf212d182e50d" "-Wl,--gc-sections" "-pie" "-Wl,-z,relro,-z,now" "-Wl,-O1" "-Wl,--strip-debug" "-nodefaultlibs"
[INFO] [stdout]   = note: some arguments are omitted. use `--verbose` to show all linker arguments
[INFO] [stdout]   = note: rust-lld: error: unable to find library -lftdi1
[INFO] [stdout]           collect2: error: ld returned 1 exit status
[INFO] [stdout]           
[INFO] [stdout] 
[INFO] [stdout] 
[INFO] [stderr] error: could not compile `ftdi` (example "dlp-loopback-tester") due to 1 previous error
[INFO] running `Command { std: "docker" "inspect" "2fd35ef1bfab4ac3e7fe3778cfbe393cf1d1d64efd73a5a80ccd5a2ef2ea2178", kill_on_drop: false }`
[INFO] running `Command { std: "docker" "rm" "-f" "2fd35ef1bfab4ac3e7fe3778cfbe393cf1d1d64efd73a5a80ccd5a2ef2ea2178", kill_on_drop: false }`
[INFO] [stdout] 2fd35ef1bfab4ac3e7fe3778cfbe393cf1d1d64efd73a5a80ccd5a2ef2ea2178
