[INFO] fetching crate fs_usage_sys 0.1.4...
[INFO] testing fs_usage_sys-0.1.4 against 1.100.0-beta.1+cargoflags=--release for beta-release-1.100-2
[INFO] extracting crate fs_usage_sys 0.1.4 into /workspace/builds/worker-0-tc2/source
[INFO] started tweaking crates.io crate fs_usage_sys 0.1.4
[INFO] removed 0 missing examples
[INFO] removed 0 missing tests
[INFO] finished tweaking crates.io crate fs_usage_sys 0.1.4
[INFO] tweaked toml for crates.io crate fs_usage_sys 0.1.4 written to /workspace/builds/worker-0-tc2/source/Cargo.toml
[INFO] validating manifest of crates.io crate fs_usage_sys 0.1.4 on toolchain 1.100.0-beta.1
[INFO] running `Command { std: CARGO_HOME="/workspace/cargo-home" RUSTUP_HOME="/workspace/rustup-home" "/workspace/cargo-home/bin/cargo" "+1.100.0-beta.1" "metadata" "--manifest-path" "Cargo.toml" "--no-deps", kill_on_drop: false }`
[INFO] crate crates.io crate fs_usage_sys 0.1.4 already has a lockfile, it will not be regenerated
[INFO] running `Command { std: CARGO_HOME="/workspace/cargo-home" RUSTUP_HOME="/workspace/rustup-home" "/workspace/cargo-home/bin/cargo" "+1.100.0-beta.1" "fetch" "--manifest-path" "Cargo.toml", kill_on_drop: false }`
[INFO] [stderr] warning: `package.homepage` is redundant with `package.repository`
[INFO] [stderr]   --> Cargo.toml:70:12
[INFO] [stderr]    |
[INFO] [stderr] 70 | homepage = "https://github.com/madhavajay/fs_usage_sys"
[INFO] [stderr]    |            ^^^^^^^^^^^^^^^^^^^^^^^^^^^^^^^^^^^^^^^^^^^^
[INFO] [stderr] ...
[INFO] [stderr] 75 | repository = "https://github.com/madhavajay/fs_usage_sys"
[INFO] [stderr]    |              --------------------------------------------
[INFO] [stderr]    |
[INFO] [stderr]    = note: `cargo::redundant_homepage` is set to `warn` by default
[INFO] [stderr] help: consider removing `package.homepage`
[INFO] [stderr] warning: `fs_usage_sys` (manifest) generated 1 warning
[INFO] running `Command { std: "docker" "create" "-v" "/var/lib/crater-agent-workspace/builds/worker-0-tc2/source:/opt/rustwide/workdir:ro,Z" "-v" "/var/lib/crater-agent-workspace/builds/worker-0-tc2/target:/opt/rustwide/target:rw,Z" "-v" "/var/lib/crater-agent-workspace/cargo-home:/opt/rustwide/cargo-home:ro,Z" "-v" "/var/lib/crater-agent-workspace/rustup-home:/opt/rustwide/rustup-home:ro,Z" "-m" "1610612736" "--network" "none" "ghcr.io/rust-lang/crates-build-env/linux@sha256:77db811e55d90add9212f6832c23229e3de5f1c1f9905e8cb07319ea15df73ac" "sleep" "infinity", kill_on_drop: false }`
[INFO] [stdout] d80894d053cf124332945ff6b34f822b2d2bd9b5b21de70c9e2fd56c95e3a7d5
[INFO] running `Command { std: "docker" "start" "d80894d053cf124332945ff6b34f822b2d2bd9b5b21de70c9e2fd56c95e3a7d5", kill_on_drop: false }`
[INFO] running `Command { std: "docker" "inspect" "d80894d053cf124332945ff6b34f822b2d2bd9b5b21de70c9e2fd56c95e3a7d5", kill_on_drop: false }`
[INFO] running `Command { std: "docker" "exec" "-e" "SOURCE_DIR=/opt/rustwide/workdir" "-e" "CARGO_HOME=/opt/rustwide/cargo-home" "-e" "RUSTUP_HOME=/opt/rustwide/rustup-home" "-e" "CARGO_TARGET_DIR=/opt/rustwide/target" "-w" "/opt/rustwide/workdir" "--user" "0:0" "d80894d053cf124332945ff6b34f822b2d2bd9b5b21de70c9e2fd56c95e3a7d5" "/opt/rustwide/cargo-home/bin/cargo" "+1.100.0-beta.1" "metadata" "--no-deps" "--format-version=1", kill_on_drop: false }`
[INFO] running `Command { std: "docker" "inspect" "d80894d053cf124332945ff6b34f822b2d2bd9b5b21de70c9e2fd56c95e3a7d5", kill_on_drop: false }`
[INFO] running `Command { std: "docker" "exec" "-e" "SOURCE_DIR=/opt/rustwide/workdir" "-e" "CARGO_HOME=/opt/rustwide/cargo-home" "-e" "RUSTUP_HOME=/opt/rustwide/rustup-home" "-e" "CARGO_TARGET_DIR=/opt/rustwide/target" "-e" "CARGO_INCREMENTAL=0" "-e" "RUST_BACKTRACE=full" "-e" "RUSTFLAGS=--cap-lints=warn" "-e" "RUSTDOCFLAGS=--cap-lints=warn" "-w" "/opt/rustwide/workdir" "--user" "0:0" "d80894d053cf124332945ff6b34f822b2d2bd9b5b21de70c9e2fd56c95e3a7d5" "/opt/rustwide/cargo-home/bin/cargo" "+1.100.0-beta.1" "build" "--frozen" "--message-format=json" "--release", kill_on_drop: false }`
[INFO] [stderr] warning: `package.homepage` is redundant with `package.repository`
[INFO] [stderr]   --> Cargo.toml:70:12
[INFO] [stderr]    |
[INFO] [stderr] 70 | homepage = "https://github.com/madhavajay/fs_usage_sys"
[INFO] [stderr]    |            ^^^^^^^^^^^^^^^^^^^^^^^^^^^^^^^^^^^^^^^^^^^^
[INFO] [stderr] ...
[INFO] [stderr] 75 | repository = "https://github.com/madhavajay/fs_usage_sys"
[INFO] [stderr]    |              --------------------------------------------
[INFO] [stderr]    |
[INFO] [stderr]    = note: `cargo::redundant_homepage` is set to `warn` by default
[INFO] [stderr] help: consider removing `package.homepage`
[INFO] [stderr] warning: `fs_usage_sys` (manifest) generated 1 warning
[INFO] [stderr]    Compiling proc-macro2 v1.0.95
[INFO] [stderr]    Compiling unicode-ident v1.0.18
[INFO] [stderr]    Compiling libc v0.2.174
[INFO] [stderr]    Compiling cfg-if v1.0.1
[INFO] [stderr]    Compiling parking_lot_core v0.9.11
[INFO] [stderr]    Compiling smallvec v1.15.1
[INFO] [stderr]    Compiling serde v1.0.219
[INFO] [stderr]    Compiling serde_json v1.0.140
[INFO] [stderr]    Compiling lazy_static v1.5.0
[INFO] [stderr]    Compiling log v0.4.27
[INFO] [stderr]    Compiling overload v0.1.1
[INFO] [stderr]    Compiling lock_api v0.4.13
[INFO] [stderr]    Compiling anyhow v1.0.98
[INFO] [stderr]    Compiling fs_usage_sys v0.1.4 (/opt/rustwide/workdir)
[INFO] [stderr]    Compiling memchr v2.7.5
[INFO] [stderr]    Compiling bytes v1.10.1
[INFO] [stderr]    Compiling thread_local v1.1.9
[INFO] [stderr]    Compiling sharded-slab v0.1.7
[INFO] [stderr]    Compiling nu-ansi-term v0.46.0
[INFO] [stderr]    Compiling glob v0.3.2
[INFO] [stderr] warning: fs_usage_sys@0.1.4: fs_usage_sys only works on macOS. Current target OS: linux
[INFO] [stderr] warning: fs_usage_sys@0.1.4: This crate will not function on non-macOS platforms.
[INFO] [stderr]    Compiling tracing-log v0.2.0
[INFO] [stderr]    Compiling tracing-subscriber v0.3.19
[INFO] [stderr]    Compiling signal-hook-registry v1.4.5
[INFO] [stderr]    Compiling socket2 v0.5.10
[INFO] [stderr]    Compiling mio v1.0.4
[INFO] [stderr]    Compiling quote v1.0.40
[INFO] [stderr]    Compiling parking_lot v0.12.4
[INFO] [stderr]    Compiling syn v2.0.104
[INFO] [stderr]    Compiling serde_derive v1.0.219
[INFO] [stderr]    Compiling tracing-attributes v0.1.30
[INFO] [stderr]    Compiling tokio-macros v2.5.0
[INFO] [stderr]    Compiling tokio v1.46.1
[INFO] [stderr]    Compiling tracing v0.1.41
[INFO] [stderr] warning: unused dependency `anyhow`
[INFO] [stderr]  --> Cargo.toml:1:15
[INFO] [stderr]   |
[INFO] [stderr] 1 | [dependencies.anyhow]
[INFO] [stderr]   |               ^^^^^^^
[INFO] [stderr]   |
[INFO] [stderr]   = note: `cargo::unused_dependencies` is set to `warn` by default
[INFO] [stderr] help: consider removing the dependency on `anyhow`
[INFO] [stderr] warning: unused dependency `crossbeam-channel`
[INFO] [stderr]  --> Cargo.toml:4:15
[INFO] [stderr]   |
[INFO] [stderr] 4 | [dependencies.crossbeam-channel]
[INFO] [stderr]   |               ^^^^^^^^^^^^^^^^^^
[INFO] [stderr]   |
[INFO] [stderr] help: consider removing the dependency on `crossbeam-channel`
[INFO] [stderr] warning: unused dependency `glob`
[INFO] [stderr]  --> Cargo.toml:7:15
[INFO] [stderr]   |
[INFO] [stderr] 7 | [dependencies.glob]
[INFO] [stderr]   |               ^^^^^
[INFO] [stderr]   |
[INFO] [stderr] help: consider removing the dependency on `glob`
[INFO] [stderr] warning: unused dependency `serde_json`
[INFO] [stderr]   --> Cargo.toml:14:15
[INFO] [stderr]    |
[INFO] [stderr] 14 | [dependencies.serde_json]
[INFO] [stderr]    |               ^^^^^^^^^^^
[INFO] [stderr]    |
[INFO] [stderr] help: consider removing the dependency on `serde_json`
[INFO] [stderr] warning: unused dependency `tokio`
[INFO] [stderr]   --> Cargo.toml:17:15
[INFO] [stderr]    |
[INFO] [stderr] 17 | [dependencies.tokio]
[INFO] [stderr]    |               ^^^^^^
[INFO] [stderr]    |
[INFO] [stderr] help: consider removing the dependency on `tokio`
[INFO] [stderr] warning: unused dependency `tracing`
[INFO] [stderr]   --> Cargo.toml:21:15
[INFO] [stderr]    |
[INFO] [stderr] 21 | [dependencies.tracing]
[INFO] [stderr]    |               ^^^^^^^^
[INFO] [stderr]    |
[INFO] [stderr] help: consider removing the dependency on `tracing`
[INFO] [stderr] warning: unused dependency `tracing-subscriber`
[INFO] [stderr]   --> Cargo.toml:24:15
[INFO] [stderr]    |
[INFO] [stderr] 24 | [dependencies.tracing-subscriber]
[INFO] [stderr]    |               ^^^^^^^^^^^^^^^^^^^
[INFO] [stderr]    |
[INFO] [stderr] help: consider removing the dependency on `tracing-subscriber`
[INFO] [stderr] warning: `fs_usage_sys` (manifest) generated 7 warnings
[INFO] [stderr]     Finished `release` profile [optimized] target(s) in 24.66s
[INFO] running `Command { std: "docker" "inspect" "d80894d053cf124332945ff6b34f822b2d2bd9b5b21de70c9e2fd56c95e3a7d5", kill_on_drop: false }`
[INFO] running `Command { std: "docker" "exec" "-e" "SOURCE_DIR=/opt/rustwide/workdir" "-e" "CARGO_HOME=/opt/rustwide/cargo-home" "-e" "RUSTUP_HOME=/opt/rustwide/rustup-home" "-e" "CARGO_TARGET_DIR=/opt/rustwide/target" "-e" "CARGO_INCREMENTAL=0" "-e" "RUST_BACKTRACE=full" "-e" "RUSTFLAGS=--cap-lints=warn" "-e" "RUSTDOCFLAGS=--cap-lints=warn" "-w" "/opt/rustwide/workdir" "--user" "0:0" "d80894d053cf124332945ff6b34f822b2d2bd9b5b21de70c9e2fd56c95e3a7d5" "/opt/rustwide/cargo-home/bin/cargo" "+1.100.0-beta.1" "test" "--frozen" "--no-run" "--message-format=json" "--release", kill_on_drop: false }`
[INFO] [stderr] warning: `package.homepage` is redundant with `package.repository`
[INFO] [stderr]   --> Cargo.toml:70:12
[INFO] [stderr]    |
[INFO] [stderr] 70 | homepage = "https://github.com/madhavajay/fs_usage_sys"
[INFO] [stderr]    |            ^^^^^^^^^^^^^^^^^^^^^^^^^^^^^^^^^^^^^^^^^^^^
[INFO] [stderr] ...
[INFO] [stderr] 75 | repository = "https://github.com/madhavajay/fs_usage_sys"
[INFO] [stderr]    |              --------------------------------------------
[INFO] [stderr]    |
[INFO] [stderr]    = note: `cargo::redundant_homepage` is set to `warn` by default
[INFO] [stderr] help: consider removing `package.homepage`
[INFO] [stderr] warning: `fs_usage_sys` (manifest) generated 1 warning
[INFO] [stderr]    Compiling libc v0.2.174
[INFO] [stderr]    Compiling cfg_aliases v0.2.1
[INFO] [stderr]    Compiling bitflags v2.9.1
[INFO] [stderr]    Compiling rustix v1.0.7
[INFO] [stderr]    Compiling getrandom v0.3.3
[INFO] [stderr]    Compiling linux-raw-sys v0.9.4
[INFO] [stderr]    Compiling fastrand v2.3.0
[INFO] [stderr] warning: fs_usage_sys@0.1.4: fs_usage_sys only works on macOS. Current target OS: linux
[INFO] [stderr] warning: fs_usage_sys@0.1.4: This crate will not function on non-macOS platforms.
[INFO] [stderr]    Compiling nix v0.30.1
[INFO] [stderr]    Compiling parking_lot_core v0.9.11
[INFO] [stderr]    Compiling socket2 v0.5.10
[INFO] [stderr]    Compiling mio v1.0.4
[INFO] [stderr]    Compiling signal-hook-registry v1.4.5
[INFO] [stderr]    Compiling parking_lot v0.12.4
[INFO] [stderr]    Compiling tokio v1.46.1
[INFO] [stderr]    Compiling tempfile v3.20.0
[INFO] [stderr]    Compiling ctrlc v3.4.7
[INFO] [stderr]    Compiling fs_usage_sys v0.1.4 (/opt/rustwide/workdir)
[INFO] [stdout] warning: unused import: `anyhow::Result`
[INFO] [stdout]  --> tests/test_monitor_lifecycle.rs:1:5
[INFO] [stdout]   |
[INFO] [stdout] 1 | use anyhow::Result;
[INFO] [stdout]   |     ^^^^^^^^^^^^^^
[INFO] [stdout]   |
[INFO] [stdout]   = note: `#[warn(unused_imports)]` (part of `#[warn(unused)]`) on by default
[INFO] [stdout] 
[INFO] [stdout] 
[INFO] [stdout] warning: unused import: `anyhow::Result`
[INFO] [stdout]  --> tests/test_write_detection.rs:1:5
[INFO] [stdout]   |
[INFO] [stdout] 1 | use anyhow::Result;
[INFO] [stdout]   |     ^^^^^^^^^^^^^^
[INFO] [stdout]   |
[INFO] [stdout]   = note: `#[warn(unused_imports)]` (part of `#[warn(unused)]`) on by default
[INFO] [stdout] 
[INFO] [stdout] 
[INFO] [stdout] warning: unused import: `fs_usage_sys::FsUsageMonitorBuilder`
[INFO] [stdout]  --> tests/test_write_detection.rs:2:5
[INFO] [stdout]   |
[INFO] [stdout] 2 | use fs_usage_sys::FsUsageMonitorBuilder;
[INFO] [stdout]   |     ^^^^^^^^^^^^^^^^^^^^^^^^^^^^^^^^^^^
[INFO] [stdout] 
[INFO] [stdout] 
[INFO] [stdout] warning: unused import: `fs_usage_sys::FsUsageMonitorBuilder`
[INFO] [stdout]  --> tests/test_monitor_lifecycle.rs:2:5
[INFO] [stdout]   |
[INFO] [stdout] 2 | use fs_usage_sys::FsUsageMonitorBuilder;
[INFO] [stdout]   |     ^^^^^^^^^^^^^^^^^^^^^^^^^^^^^^^^^^^
[INFO] [stdout] 
[INFO] [stdout] 
[INFO] [stdout] warning: unused import: `std::fs`
[INFO] [stdout]  --> tests/test_write_detection.rs:3:5
[INFO] [stdout]   |
[INFO] [stdout] 3 | use std::fs;
[INFO] [stdout]   |     ^^^^^^^
[INFO] [stdout] 
[INFO] [stdout] 
[INFO] [stdout] warning: unused import: `std::path::PathBuf`
[INFO] [stdout]  --> tests/test_write_detection.rs:4:5
[INFO] [stdout]   |
[INFO] [stdout] 4 | use std::path::PathBuf;
[INFO] [stdout]   |     ^^^^^^^^^^^^^^^^^^
[INFO] [stdout] 
[INFO] [stdout] 
[INFO] [stdout] warning: unused import: `std::thread`
[INFO] [stdout]  --> tests/test_monitor_lifecycle.rs:3:5
[INFO] [stdout]   |
[INFO] [stdout] 3 | use std::thread;
[INFO] [stdout]   |     ^^^^^^^^^^^
[INFO] [stdout] 
[INFO] [stdout] 
[INFO] [stdout] warning: unused import: `std::thread`
[INFO] [stdout]  --> tests/test_write_detection.rs:5:5
[INFO] [stdout]   |
[INFO] [stdout] 5 | use std::thread;
[INFO] [stdout]   |     ^^^^^^^^^^^
[INFO] [stdout] 
[INFO] [stdout] 
[INFO] [stdout] warning: unused import: `std::time::Duration`
[INFO] [stdout]  --> tests/test_monitor_lifecycle.rs:4:5
[INFO] [stdout]   |
[INFO] [stdout] 4 | use std::time::Duration;
[INFO] [stdout]   |     ^^^^^^^^^^^^^^^^^^^
[INFO] [stdout] 
[INFO] [stdout] 
[INFO] [stdout] warning: unused import: `std::time::Duration`
[INFO] [stdout]  --> tests/test_write_detection.rs:6:5
[INFO] [stdout]   |
[INFO] [stdout] 6 | use std::time::Duration;
[INFO] [stdout]   |     ^^^^^^^^^^^^^^^^^^^
[INFO] [stdout] 
[INFO] [stdout] 
[INFO] [stdout] warning: unused import: `std::process::Command`
[INFO] [stdout]  --> tests/test_fs_usage_available.rs:1:5
[INFO] [stdout]   |
[INFO] [stdout] 1 | use std::process::Command;
[INFO] [stdout]   |     ^^^^^^^^^^^^^^^^^^^^^
[INFO] [stdout]   |
[INFO] [stdout]   = note: `#[warn(unused_imports)]` (part of `#[warn(unused)]`) on by default
[INFO] [stdout] 
[INFO] [stdout] 
[INFO] [stdout] error[E0599]: no method named `watch_path` found for struct `FsUsageMonitorBuilder` in the current scope
[INFO] [stdout]   --> examples/watch_mutations.rs:12:10
[INFO] [stdout]    |
[INFO] [stdout] 11 |     let mut monitor = FsUsageMonitorBuilder::new()
[INFO] [stdout] 12 |         .watch_path("/Users/madhavajay/dev/icaros/workspace2/lol")
[INFO] [stdout]    |          ^^^^^^^^^^ method not found in `FsUsageMonitorBuilder`
[INFO] [stdout] 
[INFO] [stdout] 
[INFO] [stdout] For more information about this error, try `rustc --explain E0599`.
[INFO] [stdout] 
[INFO] [stderr] warning: fs_usage_sys@0.1.4: fs_usage_sys only works on macOS. Current target OS: linux
[INFO] [stderr] warning: fs_usage_sys@0.1.4: This crate will not function on non-macOS platforms.
[INFO] [stderr] error: could not compile `fs_usage_sys` (example "watch_mutations") due to 1 previous error
[INFO] [stderr] warning: build failed, waiting for other jobs to finish...
[INFO] [stdout] error[E0599]: no method named `watch_path` found for struct `FsUsageMonitorBuilder` in the current scope
[INFO] [stdout]   --> examples/debug_monitor.rs:20:31
[INFO] [stdout]    |
[INFO] [stdout] 20 |             builder = builder.watch_path(path);
[INFO] [stdout]    |                               ^^^^^^^^^^ method not found in `FsUsageMonitorBuilder`
[INFO] [stdout] 
[INFO] [stdout] 
[INFO] [stdout] error[E0599]: no method named `exclude_pid` found for struct `FsUsageMonitorBuilder` in the current scope
[INFO] [stdout]   --> examples/process_filter.rs:17:10
[INFO] [stdout]    |
[INFO] [stdout] 16 |     let mut builder = FsUsageMonitorBuilder::new()
[INFO] [stdout] 17 |         .exclude_pid(current_pid)
[INFO] [stdout]    |          ^^^^^^^^^^^ method not found in `FsUsageMonitorBuilder`
[INFO] [stdout] 
[INFO] [stdout] 
[INFO] [stdout] error[E0599]: no method named `watch_path` found for struct `FsUsageMonitorBuilder` in the current scope
[INFO] [stdout]   --> examples/basic_monitor.rs:18:31
[INFO] [stdout]    |
[INFO] [stdout] 18 |             builder = builder.watch_path(path);
[INFO] [stdout]    |                               ^^^^^^^^^^ method not found in `FsUsageMonitorBuilder`
[INFO] [stdout] 
[INFO] [stdout] 
[INFO] [stdout] error[E0599]: no method named `build` found for struct `FsUsageMonitorBuilder` in the current scope
[INFO] [stdout]   --> examples/debug_monitor.rs:27:31
[INFO] [stdout]    |
[INFO] [stdout] 27 |     let mut monitor = builder.build()?;
[INFO] [stdout]    |                               ^^^^^ method not found in `FsUsageMonitorBuilder`
[INFO] [stdout] 
[INFO] [stdout] 
[INFO] [stdout] error[E0599]: no method named `exclude_process` found for struct `FsUsageMonitorBuilder` in the current scope
[INFO] [stdout]   --> examples/basic_monitor.rs:27:10
[INFO] [stdout]    |
[INFO] [stdout] 26 |     builder = builder
[INFO] [stdout] 27 |         .exclude_process("fs_usage")
[INFO] [stdout]    |          ^^^^^^^^^^^^^^^ method not found in `FsUsageMonitorBuilder`
[INFO] [stdout] 
[INFO] [stdout] 
[INFO] [stdout] error[E0599]: no method named `build` found for struct `FsUsageMonitorBuilder` in the current scope
[INFO] [stdout]   --> examples/basic_monitor.rs:30:31
[INFO] [stdout]    |
[INFO] [stdout] 30 |     let mut monitor = builder.build()?;
[INFO] [stdout]    |                               ^^^^^ method not found in `FsUsageMonitorBuilder`
[INFO] [stdout] 
[INFO] [stdout] 
[INFO] [stdout] For more information about this error, try `rustc --explain E0599`.
[INFO] [stdout] 
[INFO] [stderr] warning: fs_usage_sys@0.1.4: fs_usage_sys only works on macOS. Current target OS: linux
[INFO] [stdout] For more information about this error, try `rustc --explain E0599`.
[INFO] [stdout] 
[INFO] [stderr] warning: fs_usage_sys@0.1.4: This crate will not function on non-macOS platforms.
[INFO] [stderr] error: could not compile `fs_usage_sys` (example "process_filter") due to 1 previous error
[INFO] [stdout] For more information about this error, try `rustc --explain E0599`.
[INFO] [stdout] 
[INFO] [stderr] warning: fs_usage_sys@0.1.4: fs_usage_sys only works on macOS. Current target OS: linux
[INFO] [stderr] warning: fs_usage_sys@0.1.4: This crate will not function on non-macOS platforms.
[INFO] [stderr] error: could not compile `fs_usage_sys` (example "debug_monitor") due to 2 previous errors
[INFO] [stderr] warning: fs_usage_sys@0.1.4: fs_usage_sys only works on macOS. Current target OS: linux
[INFO] [stderr] warning: fs_usage_sys@0.1.4: This crate will not function on non-macOS platforms.
[INFO] [stderr] error: could not compile `fs_usage_sys` (example "basic_monitor") due to 3 previous errors
[INFO] [stdout] error[E0599]: no method named `watch_writes_only` found for struct `FsUsageMonitorBuilder` in the current scope
[INFO] [stdout]   --> examples/writes_only.rs:14:10
[INFO] [stdout]    |
[INFO] [stdout] 13 |     let mut builder = FsUsageMonitorBuilder::new()
[INFO] [stdout] 14 |         .watch_writes_only() // Only watch write operations
[INFO] [stdout]    |          ^^^^^^^^^^^^^^^^^ method not found in `FsUsageMonitorBuilder`
[INFO] [stdout] 
[INFO] [stdout] 
[INFO] [stdout] For more information about this error, try `rustc --explain E0599`.
[INFO] [stdout] 
[INFO] [stderr] warning: fs_usage_sys@0.1.4: fs_usage_sys only works on macOS. Current target OS: linux
[INFO] [stderr] warning: fs_usage_sys@0.1.4: This crate will not function on non-macOS platforms.
[INFO] [stderr] error: could not compile `fs_usage_sys` (example "writes_only") due to 1 previous error
[INFO] [stderr] warning: unused dependency `anyhow`
[INFO] [stderr]  --> Cargo.toml:1:15
[INFO] [stderr]   |
[INFO] [stderr] 1 | [dependencies.anyhow]
[INFO] [stderr]   |               ^^^^^^^
[INFO] [stderr]   |
[INFO] [stderr]   = note: `cargo::unused_dependencies` is set to `warn` by default
[INFO] [stderr] help: consider removing the dependency on `anyhow`
[INFO] [stderr] help: to still use for development builds, move to `dev-dependencies`
[INFO] [stderr] warning: unused dependency `crossbeam-channel`
[INFO] [stderr]  --> Cargo.toml:4:15
[INFO] [stderr]   |
[INFO] [stderr] 4 | [dependencies.crossbeam-channel]
[INFO] [stderr]   |               ^^^^^^^^^^^^^^^^^^
[INFO] [stderr]   |
[INFO] [stderr] help: consider removing the dependency on `crossbeam-channel`
[INFO] [stderr] help: to still use for development builds, move to `dev-dependencies`
[INFO] [stderr] warning: unused dependency `glob`
[INFO] [stderr]  --> Cargo.toml:7:15
[INFO] [stderr]   |
[INFO] [stderr] 7 | [dependencies.glob]
[INFO] [stderr]   |               ^^^^^
[INFO] [stderr]   |
[INFO] [stderr] help: consider removing the dependency on `glob`
[INFO] [stderr] warning: unused dependency `serde_json`
[INFO] [stderr]   --> Cargo.toml:14:15
[INFO] [stderr]    |
[INFO] [stderr] 14 | [dependencies.serde_json]
[INFO] [stderr]    |               ^^^^^^^^^^^
[INFO] [stderr]    |
[INFO] [stderr] help: consider removing the dependency on `serde_json`
[INFO] [stderr] warning: unused dependency `tokio`
[INFO] [stderr]   --> Cargo.toml:17:15
[INFO] [stderr]    |
[INFO] [stderr] 17 | [dependencies.tokio]
[INFO] [stderr]    |               ^^^^^^
[INFO] [stderr]    |
[INFO] [stderr] help: consider removing the dependency on `tokio`
[INFO] [stderr] warning: unused dependency `tracing`
[INFO] [stderr]   --> Cargo.toml:21:15
[INFO] [stderr]    |
[INFO] [stderr] 21 | [dependencies.tracing]
[INFO] [stderr]    |               ^^^^^^^^
[INFO] [stderr]    |
[INFO] [stderr] help: consider removing the dependency on `tracing`
[INFO] [stderr] warning: unused dependency `tracing-subscriber`
[INFO] [stderr]   --> Cargo.toml:24:15
[INFO] [stderr]    |
[INFO] [stderr] 24 | [dependencies.tracing-subscriber]
[INFO] [stderr]    |               ^^^^^^^^^^^^^^^^^^^
[INFO] [stderr]    |
[INFO] [stderr] help: consider removing the dependency on `tracing-subscriber`
[INFO] [stderr] help: to still use for development builds, move to `dev-dependencies`
[INFO] [stderr] warning: `fs_usage_sys` (manifest) generated 7 warnings
[INFO] running `Command { std: "docker" "inspect" "d80894d053cf124332945ff6b34f822b2d2bd9b5b21de70c9e2fd56c95e3a7d5", kill_on_drop: false }`
[INFO] running `Command { std: "docker" "rm" "-f" "d80894d053cf124332945ff6b34f822b2d2bd9b5b21de70c9e2fd56c95e3a7d5", kill_on_drop: false }`
[INFO] [stdout] d80894d053cf124332945ff6b34f822b2d2bd9b5b21de70c9e2fd56c95e3a7d5
