[INFO] fetching crate frost-core-myecoria 2.3.0...
[INFO] testing frost-core-myecoria-2.3.0 against 1.100.0-beta.1+cargoflags=--release for beta-release-1.100-2
[INFO] extracting crate frost-core-myecoria 2.3.0 into /workspace/builds/worker-5-tc2/source
[INFO] started tweaking crates.io crate frost-core-myecoria 2.3.0
[INFO] finished tweaking crates.io crate frost-core-myecoria 2.3.0
[INFO] tweaked toml for crates.io crate frost-core-myecoria 2.3.0 written to /workspace/builds/worker-5-tc2/source/Cargo.toml
[INFO] validating manifest of crates.io crate frost-core-myecoria 2.3.0 on toolchain 1.100.0-beta.1
[INFO] running `Command { std: CARGO_HOME="/workspace/cargo-home" RUSTUP_HOME="/workspace/rustup-home" "/workspace/cargo-home/bin/cargo" "+1.100.0-beta.1" "metadata" "--manifest-path" "Cargo.toml" "--no-deps", kill_on_drop: false }`
[INFO] crate crates.io crate frost-core-myecoria 2.3.0 already has a lockfile, it will not be regenerated
[INFO] running `Command { std: CARGO_HOME="/workspace/cargo-home" RUSTUP_HOME="/workspace/rustup-home" "/workspace/cargo-home/bin/cargo" "+1.100.0-beta.1" "fetch" "--manifest-path" "Cargo.toml", kill_on_drop: false }`
[INFO] running `Command { std: "docker" "create" "-v" "/var/lib/crater-agent-workspace/builds/worker-5-tc2/source:/opt/rustwide/workdir:ro,Z" "-v" "/var/lib/crater-agent-workspace/builds/worker-5-tc2/target:/opt/rustwide/target:rw,Z" "-v" "/var/lib/crater-agent-workspace/cargo-home:/opt/rustwide/cargo-home:ro,Z" "-v" "/var/lib/crater-agent-workspace/rustup-home:/opt/rustwide/rustup-home:ro,Z" "-m" "1610612736" "--network" "none" "ghcr.io/rust-lang/crates-build-env/linux@sha256:77db811e55d90add9212f6832c23229e3de5f1c1f9905e8cb07319ea15df73ac" "sleep" "infinity", kill_on_drop: false }`
[INFO] [stdout] a4c036933bf308a9123c9fa501fee2bd02e83c5ffc20fa1eea92bf84d4b192ce
[INFO] running `Command { std: "docker" "start" "a4c036933bf308a9123c9fa501fee2bd02e83c5ffc20fa1eea92bf84d4b192ce", kill_on_drop: false }`
[INFO] running `Command { std: "docker" "inspect" "a4c036933bf308a9123c9fa501fee2bd02e83c5ffc20fa1eea92bf84d4b192ce", kill_on_drop: false }`
[INFO] running `Command { std: "docker" "exec" "-e" "SOURCE_DIR=/opt/rustwide/workdir" "-e" "CARGO_HOME=/opt/rustwide/cargo-home" "-e" "RUSTUP_HOME=/opt/rustwide/rustup-home" "-e" "CARGO_TARGET_DIR=/opt/rustwide/target" "-w" "/opt/rustwide/workdir" "--user" "0:0" "a4c036933bf308a9123c9fa501fee2bd02e83c5ffc20fa1eea92bf84d4b192ce" "/opt/rustwide/cargo-home/bin/cargo" "+1.100.0-beta.1" "metadata" "--no-deps" "--format-version=1", kill_on_drop: false }`
[INFO] running `Command { std: "docker" "inspect" "a4c036933bf308a9123c9fa501fee2bd02e83c5ffc20fa1eea92bf84d4b192ce", kill_on_drop: false }`
[INFO] running `Command { std: "docker" "exec" "-e" "SOURCE_DIR=/opt/rustwide/workdir" "-e" "CARGO_HOME=/opt/rustwide/cargo-home" "-e" "RUSTUP_HOME=/opt/rustwide/rustup-home" "-e" "CARGO_TARGET_DIR=/opt/rustwide/target" "-e" "CARGO_INCREMENTAL=0" "-e" "RUST_BACKTRACE=full" "-e" "RUSTFLAGS=--cap-lints=warn" "-e" "RUSTDOCFLAGS=--cap-lints=warn" "-w" "/opt/rustwide/workdir" "--user" "0:0" "a4c036933bf308a9123c9fa501fee2bd02e83c5ffc20fa1eea92bf84d4b192ce" "/opt/rustwide/cargo-home/bin/cargo" "+1.100.0-beta.1" "build" "--frozen" "--message-format=json" "--release", kill_on_drop: false }`
[INFO] [stderr]    Compiling serde_core v1.0.228
[INFO] [stderr]    Compiling serde v1.0.228
[INFO] [stderr]    Compiling thiserror v2.0.17
[INFO] [stderr]    Compiling byteorder v1.5.0
[INFO] [stderr]    Compiling const-crc32-nostd v1.3.1
[INFO] [stderr]    Compiling rand_core v0.6.4
[INFO] [stderr]    Compiling hex v0.4.3
[INFO] [stderr]    Compiling heapless v0.7.17
[INFO] [stderr]    Compiling itertools v0.14.0
[INFO] [stderr]    Compiling syn v2.0.110
[INFO] [stderr]    Compiling hash32 v0.2.1
[INFO] [stderr]    Compiling serde_derive v1.0.228
[INFO] [stderr]    Compiling thiserror-impl v2.0.17
[INFO] [stderr]    Compiling zeroize_derive v1.4.2
[INFO] [stderr]    Compiling visibility v0.1.1
[INFO] [stderr]    Compiling derive-getters v0.5.0
[INFO] [stderr]    Compiling zeroize v1.8.2
[INFO] [stderr]    Compiling cobs v0.3.0
[INFO] [stderr]    Compiling serdect v0.2.0
[INFO] [stderr]    Compiling postcard v1.1.3
[INFO] [stderr]    Compiling frost-core-myecoria v2.3.0 (/opt/rustwide/workdir)
[INFO] [stdout] warning: type `BindingFactorList<Self>` is more private than the item `traits::Ciphersuite::pre_commitment_sign`
[INFO] [stdout]    --> src/traits.rs:347:5
[INFO] [stdout]     |
[INFO] [stdout] 347 | /     fn pre_commitment_sign<'a>(
[INFO] [stdout] 348 | |         signing_package: &'a SigningPackage<Self>,
[INFO] [stdout] 349 | |         signing_nonces: &'a SigningNonces<Self>,
[INFO] [stdout] 350 | |         _binding_factor_list: &'a BindingFactorList<Self>,
[INFO] [stdout] 351 | |     ) -> Result<(Cow<'a, SigningPackage<Self>>, Cow<'a, SigningNonces<Self>>), Error<Self>> {
[INFO] [stdout]     | |___________________________________________________________________________________________^ associated function `traits::Ciphersuite::pre_commitment_sign` is reachable at visibility `pub`
[INFO] [stdout]     |
[INFO] [stdout] note: but type `BindingFactorList<Self>` is only usable at visibility `pub(crate)`
[INFO] [stdout]    --> src/lib.rs:221:1
[INFO] [stdout]     |
[INFO] [stdout] 221 | pub(crate) struct BindingFactorList<C: Ciphersuite>(BTreeMap<Identifier<C>, BindingFactor<C>>);
[INFO] [stdout]     | ^^^^^^^^^^^^^^^^^^^^^^^^^^^^^^^^^^^^^^^^^^^^^^^^^^^
[INFO] [stdout]     = note: `#[warn(private_interfaces)]` on by default
[INFO] [stdout] 
[INFO] [stdout] 
[INFO] [stdout] warning: type `BindingFactorList<Self>` is more private than the item `traits::Ciphersuite::pre_commitment_aggregate`
[INFO] [stdout]    --> src/traits.rs:360:5
[INFO] [stdout]     |
[INFO] [stdout] 360 | /     fn pre_commitment_aggregate<'a>(
[INFO] [stdout] 361 | |         signing_package: &'a SigningPackage<Self>,
[INFO] [stdout] 362 | |         _binding_factor_list: &'a BindingFactorList<Self>,
[INFO] [stdout] 363 | |     ) -> Result<Cow<'a, SigningPackage<Self>>, Error<Self>> {
[INFO] [stdout]     | |___________________________________________________________^ associated function `traits::Ciphersuite::pre_commitment_aggregate` is reachable at visibility `pub`
[INFO] [stdout]     |
[INFO] [stdout] note: but type `BindingFactorList<Self>` is only usable at visibility `pub(crate)`
[INFO] [stdout]    --> src/lib.rs:221:1
[INFO] [stdout]     |
[INFO] [stdout] 221 | pub(crate) struct BindingFactorList<C: Ciphersuite>(BTreeMap<Identifier<C>, BindingFactor<C>>);
[INFO] [stdout]     | ^^^^^^^^^^^^^^^^^^^^^^^^^^^^^^^^^^^^^^^^^^^^^^^^^^^
[INFO] [stdout] 
[INFO] [stdout] 
[INFO] [stderr] warning: unused dependency `itertools`
[INFO] [stderr]   --> Cargo.toml:28:15
[INFO] [stderr]    |
[INFO] [stderr] 28 | [dependencies.itertools]
[INFO] [stderr]    |               ^^^^^^^^^^
[INFO] [stderr]    |
[INFO] [stderr]    = note: `cargo::unused_dependencies` is set to `warn` by default
[INFO] [stderr] help: consider removing the dependency on `itertools`
[INFO] [stderr] warning: unused dependency `visibility`
[INFO] [stderr]   --> Cargo.toml:68:15
[INFO] [stderr]    |
[INFO] [stderr] 68 | [dependencies.visibility]
[INFO] [stderr]    |               ^^^^^^^^^^^
[INFO] [stderr]    |
[INFO] [stderr] help: consider removing the dependency on `visibility`
[INFO] [stderr] warning: `frost-core-myecoria` (manifest) generated 2 warnings
[INFO] [stderr]     Finished `release` profile [optimized] target(s) in 14.57s
[INFO] running `Command { std: "docker" "inspect" "a4c036933bf308a9123c9fa501fee2bd02e83c5ffc20fa1eea92bf84d4b192ce", kill_on_drop: false }`
[INFO] running `Command { std: "docker" "exec" "-e" "SOURCE_DIR=/opt/rustwide/workdir" "-e" "CARGO_HOME=/opt/rustwide/cargo-home" "-e" "RUSTUP_HOME=/opt/rustwide/rustup-home" "-e" "CARGO_TARGET_DIR=/opt/rustwide/target" "-e" "CARGO_INCREMENTAL=0" "-e" "RUST_BACKTRACE=full" "-e" "RUSTFLAGS=--cap-lints=warn" "-e" "RUSTDOCFLAGS=--cap-lints=warn" "-w" "/opt/rustwide/workdir" "--user" "0:0" "a4c036933bf308a9123c9fa501fee2bd02e83c5ffc20fa1eea92bf84d4b192ce" "/opt/rustwide/cargo-home/bin/cargo" "+1.100.0-beta.1" "test" "--frozen" "--no-run" "--message-format=json" "--release", kill_on_drop: false }`
[INFO] [stderr]    Compiling zerocopy v0.8.27
[INFO] [stderr]    Compiling zerocopy-derive v0.8.27
[INFO] [stderr]    Compiling serde v1.0.228
[INFO] [stderr]    Compiling tempfile v3.23.0
[INFO] [stderr]    Compiling clap_builder v4.5.53
[INFO] [stderr]    Compiling itertools v0.13.0
[INFO] [stderr]    Compiling itertools v0.14.0
[INFO] [stderr]    Compiling debugless-unwrap v1.0.0
[INFO] [stderr]    Compiling rusty-fork v0.3.1
[INFO] [stderr]    Compiling heapless v0.7.17
[INFO] [stderr]    Compiling serdect v0.2.0
[INFO] [stderr]    Compiling tinytemplate v1.2.1
[INFO] [stderr]    Compiling postcard v1.1.3
[INFO] [stderr]    Compiling frost-core-myecoria v2.3.0 (/opt/rustwide/workdir)
[INFO] [stdout] warning: type `BindingFactorList<Self>` is more private than the item `traits::Ciphersuite::pre_commitment_sign`
[INFO] [stdout]    --> src/traits.rs:347:5
[INFO] [stdout]     |
[INFO] [stdout] 347 | /     fn pre_commitment_sign<'a>(
[INFO] [stdout] 348 | |         signing_package: &'a SigningPackage<Self>,
[INFO] [stdout] 349 | |         signing_nonces: &'a SigningNonces<Self>,
[INFO] [stdout] 350 | |         _binding_factor_list: &'a BindingFactorList<Self>,
[INFO] [stdout] 351 | |     ) -> Result<(Cow<'a, SigningPackage<Self>>, Cow<'a, SigningNonces<Self>>), Error<Self>> {
[INFO] [stdout]     | |___________________________________________________________________________________________^ associated function `traits::Ciphersuite::pre_commitment_sign` is reachable at visibility `pub`
[INFO] [stdout]     |
[INFO] [stdout] note: but type `BindingFactorList<Self>` is only usable at visibility `pub(crate)`
[INFO] [stdout]    --> src/lib.rs:221:1
[INFO] [stdout]     |
[INFO] [stdout] 221 | pub(crate) struct BindingFactorList<C: Ciphersuite>(BTreeMap<Identifier<C>, BindingFactor<C>>);
[INFO] [stdout]     | ^^^^^^^^^^^^^^^^^^^^^^^^^^^^^^^^^^^^^^^^^^^^^^^^^^^
[INFO] [stdout]     = note: `#[warn(private_interfaces)]` on by default
[INFO] [stdout] 
[INFO] [stdout] 
[INFO] [stdout] warning: type `BindingFactorList<Self>` is more private than the item `traits::Ciphersuite::pre_commitment_aggregate`
[INFO] [stdout]    --> src/traits.rs:360:5
[INFO] [stdout]     |
[INFO] [stdout] 360 | /     fn pre_commitment_aggregate<'a>(
[INFO] [stdout] 361 | |         signing_package: &'a SigningPackage<Self>,
[INFO] [stdout] 362 | |         _binding_factor_list: &'a BindingFactorList<Self>,
[INFO] [stdout] 363 | |     ) -> Result<Cow<'a, SigningPackage<Self>>, Error<Self>> {
[INFO] [stdout]     | |___________________________________________________________^ associated function `traits::Ciphersuite::pre_commitment_aggregate` is reachable at visibility `pub`
[INFO] [stdout]     |
[INFO] [stdout] note: but type `BindingFactorList<Self>` is only usable at visibility `pub(crate)`
[INFO] [stdout]    --> src/lib.rs:221:1
[INFO] [stdout]     |
[INFO] [stdout] 221 | pub(crate) struct BindingFactorList<C: Ciphersuite>(BTreeMap<Identifier<C>, BindingFactor<C>>);
[INFO] [stdout]     | ^^^^^^^^^^^^^^^^^^^^^^^^^^^^^^^^^^^^^^^^^^^^^^^^^^^
[INFO] [stdout] 
[INFO] [stdout] 
[INFO] [stderr]    Compiling clap v4.5.53
[INFO] [stderr]    Compiling ppv-lite86 v0.2.21
[INFO] [stderr]    Compiling half v2.7.1
[INFO] [stderr]    Compiling ciborium-ll v0.2.2
[INFO] [stderr]    Compiling ciborium v0.2.2
[INFO] [stderr]    Compiling rand_chacha v0.3.1
[INFO] [stderr]    Compiling rand_chacha v0.9.0
[INFO] [stderr]    Compiling proptest v1.9.0
[INFO] [stderr]    Compiling rand v0.8.5
[INFO] [stderr]    Compiling criterion v0.6.0
[INFO] [stdout] error[E0433]: cannot find module or crate `tokio` in this scope
[INFO] [stdout]     --> src/tests/ciphersuite_generic.rs:1108:9
[INFO] [stdout]      |
[INFO] [stdout] 1108 |         tokio::time::sleep(core::time::Duration::from_millis(1)).await;
[INFO] [stdout]      |         ^^^^^ use of unresolved module or unlinked crate `tokio`
[INFO] [stdout]      |
[INFO] [stdout]      = help: if you wanted to use a crate named `tokio`, use `cargo add tokio` to add it to your `Cargo.toml`
[INFO] [stdout] 
[INFO] [stdout] 
[INFO] [stdout] error[E0433]: cannot find module or crate `tokio` in this scope
[INFO] [stdout]     --> src/tests/ciphersuite_generic.rs:1116:9
[INFO] [stdout]      |
[INFO] [stdout] 1116 |         tokio::time::sleep(core::time::Duration::from_millis(1)).await;
[INFO] [stdout]      |         ^^^^^ use of unresolved module or unlinked crate `tokio`
[INFO] [stdout]      |
[INFO] [stdout]      = help: if you wanted to use a crate named `tokio`, use `cargo add tokio` to add it to your `Cargo.toml`
[INFO] [stdout] 
[INFO] [stdout] 
[INFO] [stdout] error[E0433]: cannot find module or crate `tokio` in this scope
[INFO] [stdout]     --> src/tests/ciphersuite_generic.rs:1135:13
[INFO] [stdout]      |
[INFO] [stdout] 1135 |             tokio::time::sleep(core::time::Duration::from_millis(1)).await;
[INFO] [stdout]      |             ^^^^^ use of unresolved module or unlinked crate `tokio`
[INFO] [stdout]      |
[INFO] [stdout]      = help: if you wanted to use a crate named `tokio`, use `cargo add tokio` to add it to your `Cargo.toml`
[INFO] [stdout] 
[INFO] [stdout] 
[INFO] [stdout] error[E0433]: cannot find module or crate `tokio` in this scope
[INFO] [stdout]     --> src/tests/ciphersuite_generic.rs:1149:13
[INFO] [stdout]      |
[INFO] [stdout] 1149 |             tokio::time::sleep(core::time::Duration::from_millis(1)).await;
[INFO] [stdout]      |             ^^^^^ use of unresolved module or unlinked crate `tokio`
[INFO] [stdout]      |
[INFO] [stdout]      = help: if you wanted to use a crate named `tokio`, use `cargo add tokio` to add it to your `Cargo.toml`
[INFO] [stdout] 
[INFO] [stdout] 
[INFO] [stdout] error[E0433]: cannot find module or crate `tokio` in this scope
[INFO] [stdout]     --> src/tests/ciphersuite_generic.rs:1155:9
[INFO] [stdout]      |
[INFO] [stdout] 1155 |         tokio::time::sleep(core::time::Duration::from_millis(1)).await;
[INFO] [stdout]      |         ^^^^^ use of unresolved module or unlinked crate `tokio`
[INFO] [stdout]      |
[INFO] [stdout]      = help: if you wanted to use a crate named `tokio`, use `cargo add tokio` to add it to your `Cargo.toml`
[INFO] [stdout] 
[INFO] [stdout] 
[INFO] [stdout] error[E0433]: cannot find module or crate `tokio` in this scope
[INFO] [stdout]     --> src/tests/ciphersuite_generic.rs:1161:9
[INFO] [stdout]      |
[INFO] [stdout] 1161 |         tokio::time::sleep(core::time::Duration::from_millis(1)).await;
[INFO] [stdout]      |         ^^^^^ use of unresolved module or unlinked crate `tokio`
[INFO] [stdout]      |
[INFO] [stdout]      = help: if you wanted to use a crate named `tokio`, use `cargo add tokio` to add it to your `Cargo.toml`
[INFO] [stdout] 
[INFO] [stdout] 
[INFO] [stdout] error[E0433]: cannot find module or crate `tokio` in this scope
[INFO] [stdout]     --> src/tests/ciphersuite_generic.rs:1169:13
[INFO] [stdout]      |
[INFO] [stdout] 1169 |             tokio::time::sleep(core::time::Duration::from_millis(1)).await;
[INFO] [stdout]      |             ^^^^^ use of unresolved module or unlinked crate `tokio`
[INFO] [stdout]      |
[INFO] [stdout]      = help: if you wanted to use a crate named `tokio`, use `cargo add tokio` to add it to your `Cargo.toml`
[INFO] [stdout] 
[INFO] [stdout] 
[INFO] [stdout] error[E0433]: cannot find module or crate `tokio` in this scope
[INFO] [stdout]     --> src/tests/ciphersuite_generic.rs:1095:5
[INFO] [stdout]      |
[INFO] [stdout] 1095 |     tokio::spawn(async move {
[INFO] [stdout]      |     ^^^^^ use of unresolved module or unlinked crate `tokio`
[INFO] [stdout]      |
[INFO] [stdout]      = help: if you wanted to use a crate named `tokio`, use `cargo add tokio` to add it to your `Cargo.toml`
[INFO] [stdout] 
[INFO] [stdout] 
[INFO] [stdout] For more information about this error, try `rustc --explain E0433`.
[INFO] [stdout] 
[INFO] [stderr] error: could not compile `frost-core-myecoria` (lib test) due to 8 previous errors
[INFO] [stderr] warning: unused dependency `itertools`
[INFO] [stderr]   --> Cargo.toml:28:15
[INFO] [stderr]    |
[INFO] [stderr] 28 | [dependencies.itertools]
[INFO] [stderr]    |               ^^^^^^^^^^
[INFO] [stderr]    |
[INFO] [stderr]    = note: `cargo::unused_dependencies` is set to `warn` by default
[INFO] [stderr] help: consider removing the dependency on `itertools`
[INFO] [stderr] warning: unused dependency `visibility`
[INFO] [stderr]   --> Cargo.toml:68:15
[INFO] [stderr]    |
[INFO] [stderr] 68 | [dependencies.visibility]
[INFO] [stderr]    |               ^^^^^^^^^^^
[INFO] [stderr]    |
[INFO] [stderr] help: consider removing the dependency on `visibility`
[INFO] [stderr] warning: `frost-core-myecoria` (manifest) generated 2 warnings
[INFO] running `Command { std: "docker" "inspect" "a4c036933bf308a9123c9fa501fee2bd02e83c5ffc20fa1eea92bf84d4b192ce", kill_on_drop: false }`
[INFO] running `Command { std: "docker" "rm" "-f" "a4c036933bf308a9123c9fa501fee2bd02e83c5ffc20fa1eea92bf84d4b192ce", kill_on_drop: false }`
[INFO] [stdout] a4c036933bf308a9123c9fa501fee2bd02e83c5ffc20fa1eea92bf84d4b192ce
