[INFO] fetching crate from-singleton 3.0.1...
[INFO] testing from-singleton-3.0.1 against 1.100.0-beta.1+cargoflags=--release for beta-release-1.100-2
[INFO] extracting crate from-singleton 3.0.1 into /workspace/builds/worker-2-tc2/source
[INFO] started tweaking crates.io crate from-singleton 3.0.1
[INFO] finished tweaking crates.io crate from-singleton 3.0.1
[INFO] tweaked toml for crates.io crate from-singleton 3.0.1 written to /workspace/builds/worker-2-tc2/source/Cargo.toml
[INFO] validating manifest of crates.io crate from-singleton 3.0.1 on toolchain 1.100.0-beta.1
[INFO] running `Command { std: CARGO_HOME="/workspace/cargo-home" RUSTUP_HOME="/workspace/rustup-home" "/workspace/cargo-home/bin/cargo" "+1.100.0-beta.1" "metadata" "--manifest-path" "Cargo.toml" "--no-deps", kill_on_drop: false }`
[INFO] crate crates.io crate from-singleton 3.0.1 already has a lockfile, it will not be regenerated
[INFO] running `Command { std: CARGO_HOME="/workspace/cargo-home" RUSTUP_HOME="/workspace/rustup-home" "/workspace/cargo-home/bin/cargo" "+1.100.0-beta.1" "fetch" "--manifest-path" "Cargo.toml", kill_on_drop: false }`
[INFO] running `Command { std: "docker" "create" "-v" "/var/lib/crater-agent-workspace/builds/worker-2-tc2/source:/opt/rustwide/workdir:ro,Z" "-v" "/var/lib/crater-agent-workspace/builds/worker-2-tc2/target:/opt/rustwide/target:rw,Z" "-v" "/var/lib/crater-agent-workspace/cargo-home:/opt/rustwide/cargo-home:ro,Z" "-v" "/var/lib/crater-agent-workspace/rustup-home:/opt/rustwide/rustup-home:ro,Z" "-m" "1610612736" "--network" "none" "ghcr.io/rust-lang/crates-build-env/linux@sha256:77db811e55d90add9212f6832c23229e3de5f1c1f9905e8cb07319ea15df73ac" "sleep" "infinity", kill_on_drop: false }`
[INFO] [stdout] 707463ba5b371121df3987ee98d8d1442db57613c397bbbc7e1ca9b107fd39e3
[INFO] running `Command { std: "docker" "start" "707463ba5b371121df3987ee98d8d1442db57613c397bbbc7e1ca9b107fd39e3", kill_on_drop: false }`
[INFO] running `Command { std: "docker" "inspect" "707463ba5b371121df3987ee98d8d1442db57613c397bbbc7e1ca9b107fd39e3", kill_on_drop: false }`
[INFO] running `Command { std: "docker" "exec" "-e" "SOURCE_DIR=/opt/rustwide/workdir" "-e" "CARGO_HOME=/opt/rustwide/cargo-home" "-e" "RUSTUP_HOME=/opt/rustwide/rustup-home" "-e" "CARGO_TARGET_DIR=/opt/rustwide/target" "-w" "/opt/rustwide/workdir" "--user" "0:0" "707463ba5b371121df3987ee98d8d1442db57613c397bbbc7e1ca9b107fd39e3" "/opt/rustwide/cargo-home/bin/cargo" "+1.100.0-beta.1" "metadata" "--no-deps" "--format-version=1", kill_on_drop: false }`
[INFO] running `Command { std: "docker" "inspect" "707463ba5b371121df3987ee98d8d1442db57613c397bbbc7e1ca9b107fd39e3", kill_on_drop: false }`
[INFO] running `Command { std: "docker" "exec" "-e" "SOURCE_DIR=/opt/rustwide/workdir" "-e" "CARGO_HOME=/opt/rustwide/cargo-home" "-e" "RUSTUP_HOME=/opt/rustwide/rustup-home" "-e" "CARGO_TARGET_DIR=/opt/rustwide/target" "-e" "CARGO_INCREMENTAL=0" "-e" "RUST_BACKTRACE=full" "-e" "RUSTFLAGS=--cap-lints=warn" "-e" "RUSTDOCFLAGS=--cap-lints=warn" "-w" "/opt/rustwide/workdir" "--user" "0:0" "707463ba5b371121df3987ee98d8d1442db57613c397bbbc7e1ca9b107fd39e3" "/opt/rustwide/cargo-home/bin/cargo" "+1.100.0-beta.1" "build" "--frozen" "--message-format=json" "--release", kill_on_drop: false }`
[INFO] [stderr]    Compiling no-std-compat v0.4.1
[INFO] [stderr]    Compiling pelite-macros v0.1.1
[INFO] [stderr]    Compiling dataview v1.0.1
[INFO] [stderr]    Compiling windows-link v0.2.1
[INFO] [stderr]    Compiling fxhash v0.2.1
[INFO] [stderr]    Compiling windows-sys v0.61.2
[INFO] [stderr]    Compiling pelite v0.10.0
[INFO] [stderr]    Compiling from-singleton v3.0.1 (/opt/rustwide/workdir)
[INFO] [stdout] error[E0432]: unresolved import `pelite::pe`
[INFO] [stdout]   --> src/find.rs:11:13
[INFO] [stdout]    |
[INFO] [stdout] 11 | use pelite::pe::Pe;
[INFO] [stdout]    |             ^^ could not find `pe` in `pelite`
[INFO] [stdout]    |
[INFO] [stdout] note: found an item that was configured out
[INFO] [stdout]   --> /opt/rustwide/cargo-home/registry/src/index.crates.io-1949cf8c6b5b557f/pelite-0.10.0/src/lib.rs:53:23
[INFO] [stdout]    |
[INFO] [stdout] 52 | #[cfg(all(windows, target_pointer_width = "32"))]
[INFO] [stdout]    |           ------- the item is gated here
[INFO] [stdout] 53 | pub use self::pe32 as pe;
[INFO] [stdout]    |                       ^^
[INFO] [stdout] note: found an item that was configured out
[INFO] [stdout]   --> /opt/rustwide/cargo-home/registry/src/index.crates.io-1949cf8c6b5b557f/pelite-0.10.0/src/lib.rs:56:23
[INFO] [stdout]    |
[INFO] [stdout] 55 | #[cfg(all(windows, target_pointer_width = "64"))]
[INFO] [stdout]    |           ------- the item is gated here
[INFO] [stdout] 56 | pub use self::pe64 as pe;
[INFO] [stdout]    |                       ^^
[INFO] [stdout] 
[INFO] [stdout] 
[INFO] [stdout] error[E0433]: cannot find `pe` in `pelite`
[INFO] [stdout]    --> src/lib.rs:103:22
[INFO] [stdout]     |
[INFO] [stdout] 103 |     let pe = pelite::pe::PeView::module(image_base as _);
[INFO] [stdout]     |                      ^^ could not find `pe` in `pelite`
[INFO] [stdout]     |
[INFO] [stdout] note: found an item that was configured out
[INFO] [stdout]    --> /opt/rustwide/cargo-home/registry/src/index.crates.io-1949cf8c6b5b557f/pelite-0.10.0/src/lib.rs:53:23
[INFO] [stdout]     |
[INFO] [stdout]  52 | #[cfg(all(windows, target_pointer_width = "32"))]
[INFO] [stdout]     |           ------- the item is gated here
[INFO] [stdout]  53 | pub use self::pe32 as pe;
[INFO] [stdout]     |                       ^^
[INFO] [stdout] note: found an item that was configured out
[INFO] [stdout]    --> /opt/rustwide/cargo-home/registry/src/index.crates.io-1949cf8c6b5b557f/pelite-0.10.0/src/lib.rs:56:23
[INFO] [stdout]     |
[INFO] [stdout]  55 | #[cfg(all(windows, target_pointer_width = "64"))]
[INFO] [stdout]     |           ------- the item is gated here
[INFO] [stdout]  56 | pub use self::pe64 as pe;
[INFO] [stdout]     |                       ^^
[INFO] [stdout] 
[INFO] [stdout] 
[INFO] [stdout] error[E0433]: cannot find `pe` in `pelite`
[INFO] [stdout]    --> src/lib.rs:110:22
[INFO] [stdout]     |
[INFO] [stdout] 110 |     let pe = pelite::pe::PeView::module(image_base as _);
[INFO] [stdout]     |                      ^^ could not find `pe` in `pelite`
[INFO] [stdout]     |
[INFO] [stdout] note: found an item that was configured out
[INFO] [stdout]    --> /opt/rustwide/cargo-home/registry/src/index.crates.io-1949cf8c6b5b557f/pelite-0.10.0/src/lib.rs:53:23
[INFO] [stdout]     |
[INFO] [stdout]  52 | #[cfg(all(windows, target_pointer_width = "32"))]
[INFO] [stdout]     |           ------- the item is gated here
[INFO] [stdout]  53 | pub use self::pe32 as pe;
[INFO] [stdout]     |                       ^^
[INFO] [stdout] note: found an item that was configured out
[INFO] [stdout]    --> /opt/rustwide/cargo-home/registry/src/index.crates.io-1949cf8c6b5b557f/pelite-0.10.0/src/lib.rs:56:23
[INFO] [stdout]     |
[INFO] [stdout]  55 | #[cfg(all(windows, target_pointer_width = "64"))]
[INFO] [stdout]     |           ------- the item is gated here
[INFO] [stdout]  56 | pub use self::pe64 as pe;
[INFO] [stdout]     |                       ^^
[INFO] [stdout] 
[INFO] [stdout] 
[INFO] [stdout] Some errors have detailed explanations: E0432, E0433.
[INFO] [stdout] 
[INFO] [stdout] For more information about an error, try `rustc --explain E0432`.
[INFO] [stdout] 
[INFO] [stderr] error: could not compile `from-singleton` (lib) due to 3 previous errors
[INFO] [stderr] warning: build failed, waiting for other jobs to finish...
[INFO] running `Command { std: "docker" "inspect" "707463ba5b371121df3987ee98d8d1442db57613c397bbbc7e1ca9b107fd39e3", kill_on_drop: false }`
[INFO] running `Command { std: "docker" "rm" "-f" "707463ba5b371121df3987ee98d8d1442db57613c397bbbc7e1ca9b107fd39e3", kill_on_drop: false }`
[INFO] [stdout] 707463ba5b371121df3987ee98d8d1442db57613c397bbbc7e1ca9b107fd39e3
