[INFO] fetching crate frensense-providers 0.6.0...
[INFO] testing frensense-providers-0.6.0 against 1.99.0-beta.8+cargoflags=--release for beta-release-1.100-2
[INFO] extracting crate frensense-providers 0.6.0 into /workspace/builds/worker-2-tc1/source
[INFO] started tweaking crates.io crate frensense-providers 0.6.0
[INFO] finished tweaking crates.io crate frensense-providers 0.6.0
[INFO] tweaked toml for crates.io crate frensense-providers 0.6.0 written to /workspace/builds/worker-2-tc1/source/Cargo.toml
[INFO] validating manifest of crates.io crate frensense-providers 0.6.0 on toolchain 1.99.0-beta.8
[INFO] running `Command { std: CARGO_HOME="/workspace/cargo-home" RUSTUP_HOME="/workspace/rustup-home" "/workspace/cargo-home/bin/cargo" "+1.99.0-beta.8" "metadata" "--manifest-path" "Cargo.toml" "--no-deps", kill_on_drop: false }`
[INFO] crate crates.io crate frensense-providers 0.6.0 already has a lockfile, it will not be regenerated
[INFO] running `Command { std: CARGO_HOME="/workspace/cargo-home" RUSTUP_HOME="/workspace/rustup-home" "/workspace/cargo-home/bin/cargo" "+1.99.0-beta.8" "fetch" "--manifest-path" "Cargo.toml", kill_on_drop: false }`
[INFO] [stderr]     Updating crates.io index
[INFO] [stderr]  Downloading crates ...
[INFO] [stderr]   Downloaded ra_ap_vfs v0.0.345
[INFO] [stderr]   Downloaded ra_ap_stdx v0.0.345
[INFO] [stderr]   Downloaded miow v0.6.1
[INFO] [stderr]   Downloaded jod-thread v1.0.0
[INFO] [stderr]   Downloaded ra_ap_paths v0.0.345
[INFO] [stderr]   Downloaded temp-dir v0.2.0
[INFO] [stderr]   Downloaded ra_ap_toolchain v0.0.345
[INFO] [stderr]   Downloaded la-arena v0.3.1
[INFO] [stderr]   Downloaded salsa-macro-rules v0.27.2
[INFO] [stderr]   Downloaded boxcar v0.2.14
[INFO] [stderr]   Downloaded halfbrown v0.4.0
[INFO] [stderr]   Downloaded hashlink v0.12.2
[INFO] [stderr]   Downloaded fast-glob v1.1.1
[INFO] [stderr]   Downloaded cargo-platform v0.3.3
[INFO] [stderr]   Downloaded ra_ap_profile v0.0.345
[INFO] [stderr]   Downloaded tree-sitter-language v0.1.8
[INFO] [stderr]   Downloaded ra-ap-rustc_index_macros v0.166.0
[INFO] [stderr]   Downloaded ra-ap-rustc_ast_ir v0.166.0
[INFO] [stderr]   Downloaded ra-ap-rustc_parse_format v0.166.0
[INFO] [stderr]   Downloaded ra-ap-rustc_type_ir_macros v0.166.0
[INFO] [stderr]   Downloaded ra-ap-rustc_hashes v0.166.0
[INFO] [stderr]   Downloaded rustc-literal-escaper v0.0.7
[INFO] [stderr]   Downloaded icu_locale_fallback_data v2.3.0
[INFO] [stderr]   Downloaded ra_ap_intern v0.0.345
[INFO] [stderr]   Downloaded ra_ap_edition v0.0.345
[INFO] [stderr]   Downloaded ra_ap_cfg v0.0.345
[INFO] [stderr]   Downloaded frensense-engine v0.6.0
[INFO] [stderr]   Downloaded frensense-frc v0.6.0
[INFO] [stderr]   Downloaded frensense-lang v0.6.0
[INFO] [stderr]   Downloaded ra-ap-rustc_lexer v0.166.0
[INFO] [stderr]   Downloaded drop_bomb v0.1.5
[INFO] [stderr]   Downloaded ra_ap_macros v0.0.345
[INFO] [stderr]   Downloaded ena v0.14.4
[INFO] [stderr]   Downloaded phf_generator v0.14.0
[INFO] [stderr]   Downloaded oxc_estree v0.143.0
[INFO] [stderr]   Downloaded oxc_span v0.143.0
[INFO] [stderr]   Downloaded oxc_ast_macros v0.143.0
[INFO] [stderr]   Downloaded oxc-miette-derive v3.0.1
[INFO] [stderr]   Downloaded nonmax v0.5.5
[INFO] [stderr]   Downloaded cow-utils v0.1.3
[INFO] [stderr]   Downloaded oxc_diagnostics v0.143.0
[INFO] [stderr]   Downloaded value-trait v0.12.2
[INFO] [stderr]   Downloaded nodejs-built-in-modules v1.0.0
[INFO] [stderr]   Downloaded json-strip-comments v3.1.2
[INFO] [stderr]   Downloaded countme v3.0.1
[INFO] [stderr]   Downloaded ra_ap_span v0.0.345
[INFO] [stderr]   Downloaded ra_ap_tt v0.0.345
[INFO] [stderr]   Downloaded ra_ap_base_db v0.0.345
[INFO] [stderr]   Downloaded ra_ap_test_utils v0.0.345
[INFO] [stderr]   Downloaded dissimilar v1.0.11
[INFO] [stderr]   Downloaded ra_ap_test_fixture v0.0.345
[INFO] [stderr]   Downloaded ra_ap_syntax-bridge v0.0.345
[INFO] [stderr]   Downloaded cov-mark v2.2.0
[INFO] [stderr]   Downloaded tracing-tree v0.4.1
[INFO] [stderr]   Downloaded ra-ap-rustc_index v0.166.0
[INFO] [stderr]   Downloaded rustc-stable-hash v0.1.2
[INFO] [stderr]   Downloaded phf v0.14.0
[INFO] [stderr]   Downloaded phf_shared v0.14.0
[INFO] [stderr]   Downloaded phf_macros v0.14.0
[INFO] [stderr]   Downloaded oxc_str v0.143.0
[INFO] [stderr]   Downloaded smawk v0.3.3
[INFO] [stderr]   Downloaded icu_locale_fallback v2.3.0
[INFO] [stderr]   Downloaded oxc_syntax v0.143.0
[INFO] [stderr]   Downloaded oxc_index v5.0.0
[INFO] [stderr]   Downloaded dragonbox_ecma v0.1.12
[INFO] [stderr]   Downloaded tree-sitter v0.23.2
[INFO] [stderr]   Downloaded oxc_parser v0.143.0
[INFO] [stderr]   Downloaded camino v1.2.5
[INFO] [stderr]   Downloaded salsa-macros v0.27.2
[INFO] [stderr]   Downloaded ra_ap_project_model v0.0.345
[INFO] [stderr]   Downloaded perf-event v0.4.8
[INFO] [stderr]   Downloaded ra_ap_mbe v0.0.345
[INFO] [stderr]   Downloaded owo-colors v4.4.0
[INFO] [stderr]   Downloaded thin-vec v0.2.19
[INFO] [stderr]   Downloaded triomphe v0.1.16
[INFO] [stderr]   Downloaded rowan v0.17.0
[INFO] [stderr]   Downloaded derive-where v1.6.1
[INFO] [stderr]   Downloaded unicode-id-start v1.4.0
[INFO] [stderr]   Downloaded perf-event-open-sys v4.0.0
[INFO] [stderr]   Downloaded smol_str v0.3.6
[INFO] [stderr]   Downloaded ra-ap-rustc_pattern_analysis v0.166.0
[INFO] [stderr]   Downloaded oxc_data_structures v0.143.0
[INFO] [stderr]   Downloaded textwrap v0.16.3
[INFO] [stderr]   Downloaded oxc_regular_expression v0.143.0
[INFO] [stderr]   Downloaded intrusive-collections v0.10.3
[INFO] [stderr]   Downloaded ra-ap-rustc_abi v0.166.0
[INFO] [stderr]   Downloaded ra_ap_hir_expand v0.0.345
[INFO] [stderr]   Downloaded oxc_ecmascript v0.143.0
[INFO] [stderr]   Downloaded oxc_resolver v11.24.3
[INFO] [stderr]   Downloaded oxc_ast_visit v0.143.0
[INFO] [stderr]   Downloaded ra-ap-rustc_next_trait_solver v0.166.0
[INFO] [stderr]   Downloaded oxc-miette v3.0.1
[INFO] [stderr]   Downloaded oxc_semantic v0.143.0
[INFO] [stderr]   Downloaded rustc_apfloat v0.2.3+llvm-462a31f5a5ab
[INFO] [stderr]   Downloaded compact_str v0.10.0
[INFO] [stderr]   Downloaded num-bigint v0.5.1
[INFO] [stderr]   Downloaded ra_ap_syntax v0.0.345
[INFO] [stderr]   Downloaded ra-ap-rustc_type_ir v0.166.0
[INFO] [stderr]   Downloaded ra_ap_hir v0.0.345
[INFO] [stderr]   Downloaded oxc_allocator v0.143.0
[INFO] [stderr]   Downloaded ra_ap_parser v0.0.345
[INFO] [stderr]   Downloaded simd-json v0.18.1
[INFO] [stderr]   Downloaded oxc_ast v0.143.0
[INFO] [stderr]   Downloaded ra_ap_ide_db v0.0.345
[INFO] [stderr]   Downloaded ra_ap_hir_def v0.0.345
[INFO] [stderr]   Downloaded salsa v0.27.2
[INFO] [stderr]   Downloaded ra_ap_hir_ty v0.0.345
[INFO] [stderr]   Downloaded fst v0.4.7
[INFO] [stderr]   Downloaded icu_segmenter_data v2.3.0
[INFO] [stderr]   Downloaded icu_segmenter v2.3.0
[INFO] running `Command { std: "docker" "create" "-v" "/var/lib/crater-agent-workspace/builds/worker-2-tc1/source:/opt/rustwide/workdir:ro,Z" "-v" "/var/lib/crater-agent-workspace/builds/worker-2-tc1/target:/opt/rustwide/target:rw,Z" "-v" "/var/lib/crater-agent-workspace/cargo-home:/opt/rustwide/cargo-home:ro,Z" "-v" "/var/lib/crater-agent-workspace/rustup-home:/opt/rustwide/rustup-home:ro,Z" "-m" "1610612736" "--network" "none" "ghcr.io/rust-lang/crates-build-env/linux@sha256:77db811e55d90add9212f6832c23229e3de5f1c1f9905e8cb07319ea15df73ac" "sleep" "infinity", kill_on_drop: false }`
[INFO] [stdout] bd925427dd352ca24aa2ad0c42eff66b72cd94b3b189f0706b0de2818cdd09c0
[INFO] running `Command { std: "docker" "start" "bd925427dd352ca24aa2ad0c42eff66b72cd94b3b189f0706b0de2818cdd09c0", kill_on_drop: false }`
[INFO] running `Command { std: "docker" "inspect" "bd925427dd352ca24aa2ad0c42eff66b72cd94b3b189f0706b0de2818cdd09c0", kill_on_drop: false }`
[INFO] running `Command { std: "docker" "exec" "-e" "SOURCE_DIR=/opt/rustwide/workdir" "-e" "CARGO_HOME=/opt/rustwide/cargo-home" "-e" "RUSTUP_HOME=/opt/rustwide/rustup-home" "-e" "CARGO_TARGET_DIR=/opt/rustwide/target" "-w" "/opt/rustwide/workdir" "--user" "0:0" "bd925427dd352ca24aa2ad0c42eff66b72cd94b3b189f0706b0de2818cdd09c0" "/opt/rustwide/cargo-home/bin/cargo" "+1.99.0-beta.8" "metadata" "--no-deps" "--format-version=1", kill_on_drop: false }`
[INFO] running `Command { std: "docker" "inspect" "bd925427dd352ca24aa2ad0c42eff66b72cd94b3b189f0706b0de2818cdd09c0", kill_on_drop: false }`
[INFO] running `Command { std: "docker" "exec" "-e" "SOURCE_DIR=/opt/rustwide/workdir" "-e" "CARGO_HOME=/opt/rustwide/cargo-home" "-e" "RUSTUP_HOME=/opt/rustwide/rustup-home" "-e" "CARGO_TARGET_DIR=/opt/rustwide/target" "-e" "CARGO_INCREMENTAL=0" "-e" "RUST_BACKTRACE=full" "-e" "RUSTFLAGS=--cap-lints=warn" "-e" "RUSTDOCFLAGS=--cap-lints=warn" "-w" "/opt/rustwide/workdir" "--user" "0:0" "bd925427dd352ca24aa2ad0c42eff66b72cd94b3b189f0706b0de2818cdd09c0" "/opt/rustwide/cargo-home/bin/cargo" "+1.99.0-beta.8" "build" "--frozen" "--message-format=json" "--release", kill_on_drop: false }`
[INFO] [stderr]    Compiling syn v3.0.5
[INFO] [stderr]    Compiling syn v2.0.119
[INFO] [stderr]    Compiling allocator-api2 v0.2.21
[INFO] [stderr]    Compiling tree-sitter-language v0.1.8
[INFO] [stderr]    Compiling writeable v0.6.4
[INFO] [stderr]    Compiling icu_locale_fallback_data v2.3.0
[INFO] [stderr]    Compiling litemap v0.8.3
[INFO] [stderr]    Compiling cc v1.4.5
[INFO] [stderr]    Compiling icu_segmenter_data v2.3.0
[INFO] [stderr]    Compiling siphasher v1.0.3
[INFO] [stderr]    Compiling rustc-hash v2.1.3
[INFO] [stderr]    Compiling smawk v0.3.3
[INFO] [stderr]    Compiling castaway v0.2.4
[INFO] [stderr]    Compiling unicode-segmentation v1.13.3
[INFO] [stderr]    Compiling fastrand v2.5.0
[INFO] [stderr]    Compiling oxc_data_structures v0.143.0
[INFO] [stderr]    Compiling owo-colors v4.4.0
[INFO] [stderr]    Compiling oxc_estree v0.143.0
[INFO] [stderr]    Compiling compact_str v0.10.0
[INFO] [stderr]    Compiling bitflags v2.13.2
[INFO] [stderr]    Compiling phf_shared v0.14.0
[INFO] [stderr]    Compiling dragonbox_ecma v0.1.12
[INFO] [stderr]    Compiling cow-utils v0.1.3
[INFO] [stderr]    Compiling unicode-id-start v1.4.0
[INFO] [stderr]    Compiling nonmax v0.5.5
[INFO] [stderr]    Compiling foldhash v0.2.0
[INFO] [stderr]    Compiling arrayvec v0.7.8
[INFO] [stderr]    Compiling phf_generator v0.14.0
[INFO] [stderr]    Compiling phf v0.14.0
[INFO] [stderr]    Compiling regex-automata v0.4.18
[INFO] [stderr]    Compiling serde_json v1.0.151
[INFO] [stderr]    Compiling ref-cast v1.0.27
[INFO] [stderr]    Compiling either v1.18.0
[INFO] [stderr]    Compiling num-bigint v0.5.1
[INFO] [stderr]    Compiling float-cmp v0.10.0
[INFO] [stderr]    Compiling constant_time_eq v0.4.2
[INFO] [stderr]    Compiling rustc-hash v1.1.0
[INFO] [stderr]    Compiling cpufeatures v0.3.1
[INFO] [stderr]    Compiling self_cell v1.3.0
[INFO] [stderr]    Compiling hashbrown v0.14.5
[INFO] [stderr]    Compiling simdutf8 v0.1.5
[INFO] [stderr]    Compiling fixedbitset v0.4.2
[INFO] [stderr]    Compiling rustix v1.1.4
[INFO] [stderr]    Compiling hashbrown v0.17.1
[INFO] [stderr]    Compiling hashbrown v0.16.1
[INFO] [stderr]    Compiling rayon v1.12.0
[INFO] [stderr]    Compiling itertools v0.15.0
[INFO] [stderr]    Compiling fast-glob v1.1.1
[INFO] [stderr]    Compiling json-strip-comments v3.1.2
[INFO] [stderr]    Compiling seq-macro v0.3.6
[INFO] [stderr]    Compiling nodejs-built-in-modules v1.0.0
[INFO] [stderr]    Compiling tree-sitter-python v0.23.6
[INFO] [stderr]    Compiling tree-sitter-c v0.23.4
[INFO] [stderr]    Compiling tree-sitter-javascript v0.23.1
[INFO] [stderr]    Compiling tree-sitter v0.23.2
[INFO] [stderr]    Compiling blake3 v1.8.7
[INFO] [stderr]    Compiling tree-sitter-go v0.23.4
[INFO] [stderr]    Compiling tree-sitter-typescript v0.23.2
[INFO] [stderr]    Compiling tree-sitter-rust v0.23.3
[INFO] [stderr]    Compiling halfbrown v0.4.0
[INFO] [stderr]    Compiling oxc_allocator v0.143.0
[INFO] [stderr]    Compiling indexmap v2.14.2
[INFO] [stderr]    Compiling value-trait v0.12.2
[INFO] [stderr]    Compiling oxc_str v0.143.0
[INFO] [stderr]    Compiling petgraph v0.6.5
[INFO] [stderr]    Compiling regex v1.13.1
[INFO] [stderr]    Compiling synstructure v0.13.2
[INFO] [stderr]    Compiling serde_derive v1.0.229
[INFO] [stderr]    Compiling zerovec-derive v0.11.6
[INFO] [stderr]    Compiling displaydoc v0.2.7
[INFO] [stderr]    Compiling thiserror-impl v2.0.20
[INFO] [stderr]    Compiling oxc_ast_macros v0.143.0
[INFO] [stderr]    Compiling ref-cast-impl v1.0.27
[INFO] [stderr]    Compiling zerotrie v0.2.5
[INFO] [stderr]    Compiling simd-json v0.18.1
[INFO] [stderr]    Compiling zerofrom-derive v0.1.7
[INFO] [stderr]    Compiling yoke-derive v0.8.2
[INFO] [stderr]    Compiling oxc-miette-derive v3.0.1
[INFO] [stderr]    Compiling phf_macros v0.14.0
[INFO] [stderr]    Compiling tracing-attributes v0.1.31
[INFO] [stderr]    Compiling zerofrom v0.1.8
[INFO] [stderr]    Compiling yoke v0.8.3
[INFO] [stderr]    Compiling thiserror v2.0.20
[INFO] [stderr]    Compiling zerovec v0.11.8
[INFO] [stderr]    Compiling tracing v0.1.44
[INFO] [stderr]    Compiling serde v1.0.229
[INFO] [stderr]    Compiling tinystr v0.8.4
[INFO] [stderr]    Compiling potential_utf v0.1.6
[INFO] [stderr]    Compiling icu_collections v2.3.0
[INFO] [stderr]    Compiling icu_locale_core v2.3.0
[INFO] [stderr]    Compiling smallvec v1.16.1
[INFO] [stderr]    Compiling oxc_index v5.0.0
[INFO] [stderr]    Compiling toml_datetime v0.6.11
[INFO] [stderr]    Compiling serde_spanned v0.6.9
[INFO] [stderr]    Compiling bincode v1.3.3
[INFO] [stderr]    Compiling toml_edit v0.22.27
[INFO] [stderr]    Compiling parking_lot_core v0.9.12
[INFO] [stderr]    Compiling dashmap v6.2.1
[INFO] [stderr]    Compiling frensense-frc v0.6.0
[INFO] [stderr]    Compiling icu_provider v2.3.1
[INFO] [stderr]    Compiling oxc_resolver v11.24.3
[INFO] [stderr]    Compiling icu_locale_fallback v2.3.0
[INFO] [stderr]    Compiling icu_segmenter v2.3.0
[INFO] [stderr]    Compiling textwrap v0.16.3
[INFO] [stderr]    Compiling oxc-miette v3.0.1
[INFO] [stderr]    Compiling toml v0.8.23
[INFO] [stderr]    Compiling oxc_span v0.143.0
[INFO] [stderr]    Compiling oxc_diagnostics v0.143.0
[INFO] [stderr]    Compiling oxc_syntax v0.143.0
[INFO] [stderr]    Compiling oxc_regular_expression v0.143.0
[INFO] [stderr]    Compiling frensense-lang v0.6.0
[INFO] [stderr]    Compiling frensense-engine v0.6.0
[INFO] [stderr]    Compiling oxc_ast v0.143.0
[INFO] [stderr]    Compiling oxc_ecmascript v0.143.0
[INFO] [stderr]    Compiling oxc_ast_visit v0.143.0
[INFO] [stderr]    Compiling oxc_parser v0.143.0
[INFO] [stderr]    Compiling oxc_semantic v0.143.0
[INFO] [stderr]    Compiling frensense-providers v0.6.0 (/opt/rustwide/workdir)
[INFO] [stderr]     Finished `release` profile [optimized] target(s) in 1m 45s
[INFO] running `Command { std: "docker" "inspect" "bd925427dd352ca24aa2ad0c42eff66b72cd94b3b189f0706b0de2818cdd09c0", kill_on_drop: false }`
[INFO] running `Command { std: "docker" "exec" "-e" "SOURCE_DIR=/opt/rustwide/workdir" "-e" "CARGO_HOME=/opt/rustwide/cargo-home" "-e" "RUSTUP_HOME=/opt/rustwide/rustup-home" "-e" "CARGO_TARGET_DIR=/opt/rustwide/target" "-e" "CARGO_INCREMENTAL=0" "-e" "RUST_BACKTRACE=full" "-e" "RUSTFLAGS=--cap-lints=warn" "-e" "RUSTDOCFLAGS=--cap-lints=warn" "-w" "/opt/rustwide/workdir" "--user" "0:0" "bd925427dd352ca24aa2ad0c42eff66b72cd94b3b189f0706b0de2818cdd09c0" "/opt/rustwide/cargo-home/bin/cargo" "+1.99.0-beta.8" "test" "--frozen" "--no-run" "--message-format=json" "--release", kill_on_drop: false }`
[INFO] [stderr]    Compiling frensense-providers v0.6.0 (/opt/rustwide/workdir)
[INFO] [stdout] error[E0433]: cannot find module or crate `tempfile` in this scope
[INFO] [stdout]    --> src/oxc_provider.rs:640:19
[INFO] [stdout]     |
[INFO] [stdout] 640 |         let dir = tempfile::tempdir().expect("tempdir");
[INFO] [stdout]     |                   ^^^^^^^^ use of unresolved module or unlinked crate `tempfile`
[INFO] [stdout]     |
[INFO] [stdout]     = help: if you wanted to use a crate named `tempfile`, use `cargo add tempfile` to add it to your `Cargo.toml`
[INFO] [stdout] 
[INFO] [stdout] 
[INFO] [stdout] error[E0433]: cannot find module or crate `tempfile` in this scope
[INFO] [stdout]    --> src/oxc_provider.rs:765:19
[INFO] [stdout]     |
[INFO] [stdout] 765 |         let dir = tempfile::tempdir().expect("tempdir");
[INFO] [stdout]     |                   ^^^^^^^^ use of unresolved module or unlinked crate `tempfile`
[INFO] [stdout]     |
[INFO] [stdout]     = help: if you wanted to use a crate named `tempfile`, use `cargo add tempfile` to add it to your `Cargo.toml`
[INFO] [stdout] 
[INFO] [stdout] 
[INFO] [stdout] error[E0433]: cannot find module or crate `tempfile` in this scope
[INFO] [stdout]    --> src/oxc_provider.rs:639:26
[INFO] [stdout]     |
[INFO] [stdout] 639 |     fn fake_project() -> tempfile::TempDir {
[INFO] [stdout]     |                          ^^^^^^^^ use of unresolved module or unlinked crate `tempfile`
[INFO] [stdout]     |
[INFO] [stdout]     = help: if you wanted to use a crate named `tempfile`, use `cargo add tempfile` to add it to your `Cargo.toml`
[INFO] [stdout] 
[INFO] [stdout] 
[INFO] [stdout] error[E0433]: cannot find module or crate `tempfile` in this scope
[INFO] [stdout]    --> src/oxc_provider.rs:657:27
[INFO] [stdout]     |
[INFO] [stdout] 657 |     fn read_main_ts(dir: &tempfile::TempDir) -> PathBuf {
[INFO] [stdout]     |                           ^^^^^^^^ use of unresolved module or unlinked crate `tempfile`
[INFO] [stdout]     |
[INFO] [stdout]     = help: if you wanted to use a crate named `tempfile`, use `cargo add tempfile` to add it to your `Cargo.toml`
[INFO] [stdout] 
[INFO] [stdout] 
[INFO] [stdout] For more information about this error, try `rustc --explain E0433`.
[INFO] [stdout] 
[INFO] [stderr] error: could not compile `frensense-providers` (lib test) due to 4 previous errors
[INFO] running `Command { std: "docker" "inspect" "bd925427dd352ca24aa2ad0c42eff66b72cd94b3b189f0706b0de2818cdd09c0", kill_on_drop: false }`
[INFO] running `Command { std: "docker" "rm" "-f" "bd925427dd352ca24aa2ad0c42eff66b72cd94b3b189f0706b0de2818cdd09c0", kill_on_drop: false }`
[INFO] [stdout] bd925427dd352ca24aa2ad0c42eff66b72cd94b3b189f0706b0de2818cdd09c0
