[INFO] fetching crate freenukum 0.4.0...
[INFO] testing freenukum-0.4.0 against 1.99.0-beta.8+cargoflags=--release for beta-release-1.100-2
[INFO] extracting crate freenukum 0.4.0 into /workspace/builds/worker-3-tc1/source
[INFO] started tweaking crates.io crate freenukum 0.4.0
[INFO] finished tweaking crates.io crate freenukum 0.4.0
[INFO] tweaked toml for crates.io crate freenukum 0.4.0 written to /workspace/builds/worker-3-tc1/source/Cargo.toml
[INFO] validating manifest of crates.io crate freenukum 0.4.0 on toolchain 1.99.0-beta.8
[INFO] running `Command { std: CARGO_HOME="/workspace/cargo-home" RUSTUP_HOME="/workspace/rustup-home" "/workspace/cargo-home/bin/cargo" "+1.99.0-beta.8" "metadata" "--manifest-path" "Cargo.toml" "--no-deps", kill_on_drop: false }`
[INFO] crate crates.io crate freenukum 0.4.0 already has a lockfile, it will not be regenerated
[INFO] running `Command { std: CARGO_HOME="/workspace/cargo-home" RUSTUP_HOME="/workspace/rustup-home" "/workspace/cargo-home/bin/cargo" "+1.99.0-beta.8" "fetch" "--manifest-path" "Cargo.toml", kill_on_drop: false }`
[INFO] [stderr]     Updating crates.io index
[INFO] [stderr]  Downloading crates ...
[INFO] [stderr]   Downloaded zstd v0.10.2+zstd.1.5.2
[INFO] [stderr]   Downloaded zstd-safe v4.1.6+zstd.1.5.2
[INFO] [stderr]   Downloaded zip v0.6.2
[INFO] [stderr]   Downloaded version-compare v0.1.0
[INFO] [stderr]   Downloaded sha1 v0.10.1
[INFO] [stderr]   Downloaded itoa v1.0.3
[INFO] [stderr]   Downloaded generic-array v0.14.6
[INFO] [stderr]   Downloaded cpufeatures v0.2.3
[INFO] [stderr]   Downloaded rgb v0.8.31
[INFO] [stderr]   Downloaded pbkdf2 v0.10.1
[INFO] [stderr]   Downloaded base64ct v1.0.1
[INFO] [stderr]   Downloaded redox_users v0.4.0
[INFO] [stderr]   Downloaded explode v0.1.2
[INFO] [stderr]   Downloaded pkg-config v0.3.24
[INFO] [stderr]   Downloaded once_cell v1.13.1
[INFO] [stderr]   Downloaded digest v0.10.3
[INFO] [stderr]   Downloaded arraydeque v0.4.5
[INFO] [stderr]   Downloaded clap_derive v3.1.0
[INFO] [stderr]   Downloaded time-macros v0.2.4
[INFO] [stderr]   Downloaded sha2 v0.10.2
[INFO] [stderr]   Downloaded jobserver v0.1.24
[INFO] [stderr]   Downloaded block-buffer v0.10.2
[INFO] [stderr]   Downloaded password-hash v0.3.2
[INFO] [stderr]   Downloaded redox_syscall v0.2.10
[INFO] [stderr]   Downloaded bytemuck v1.7.3
[INFO] [stderr]   Downloaded typenum v1.15.0
[INFO] [stderr]   Downloaded crossbeam-utils v0.8.11
[INFO] [stderr]   Downloaded bzip2 v0.4.3
[INFO] [stderr]   Downloaded quote v1.0.14
[INFO] [stderr]   Downloaded proc-macro2 v1.0.36
[INFO] [stderr]   Downloaded os_str_bytes v6.0.0
[INFO] [stderr]   Downloaded indexmap v1.8.0
[INFO] [stderr]   Downloaded anyhow v1.0.52
[INFO] [stderr]   Downloaded cc v1.0.72
[INFO] [stderr]   Downloaded serde_derive v1.0.133
[INFO] [stderr]   Downloaded textwrap v0.14.2
[INFO] [stderr]   Downloaded serde v1.0.133
[INFO] [stderr]   Downloaded flate2 v1.0.22
[INFO] [stderr]   Downloaded time v0.3.13
[INFO] [stderr]   Downloaded aes v0.7.5
[INFO] [stderr]   Downloaded sdl2 v0.35.2
[INFO] [stderr]   Downloaded clap v3.1.0
[INFO] [stderr]   Downloaded syn v1.0.84
[INFO] [stderr]   Downloaded libc v0.2.112
[INFO] [stderr]   Downloaded zstd-sys v1.6.3+zstd.1.5.2
[INFO] [stderr]   Downloaded sdl2-sys v0.35.2
[INFO] running `Command { std: "docker" "create" "-v" "/var/lib/crater-agent-workspace/builds/worker-3-tc1/source:/opt/rustwide/workdir:ro,Z" "-v" "/var/lib/crater-agent-workspace/builds/worker-3-tc1/target:/opt/rustwide/target:rw,Z" "-v" "/var/lib/crater-agent-workspace/cargo-home:/opt/rustwide/cargo-home:ro,Z" "-v" "/var/lib/crater-agent-workspace/rustup-home:/opt/rustwide/rustup-home:ro,Z" "-m" "1610612736" "--network" "none" "ghcr.io/rust-lang/crates-build-env/linux@sha256:77db811e55d90add9212f6832c23229e3de5f1c1f9905e8cb07319ea15df73ac" "sleep" "infinity", kill_on_drop: false }`
[INFO] [stdout] 28452ced9c665b06cd817a6a1d8f50c9684bfa8375d2674292c37aacc9024bba
[INFO] running `Command { std: "docker" "start" "28452ced9c665b06cd817a6a1d8f50c9684bfa8375d2674292c37aacc9024bba", kill_on_drop: false }`
[INFO] running `Command { std: "docker" "inspect" "28452ced9c665b06cd817a6a1d8f50c9684bfa8375d2674292c37aacc9024bba", kill_on_drop: false }`
[INFO] running `Command { std: "docker" "exec" "-e" "SOURCE_DIR=/opt/rustwide/workdir" "-e" "CARGO_HOME=/opt/rustwide/cargo-home" "-e" "RUSTUP_HOME=/opt/rustwide/rustup-home" "-e" "CARGO_TARGET_DIR=/opt/rustwide/target" "-w" "/opt/rustwide/workdir" "--user" "0:0" "28452ced9c665b06cd817a6a1d8f50c9684bfa8375d2674292c37aacc9024bba" "/opt/rustwide/cargo-home/bin/cargo" "+1.99.0-beta.8" "metadata" "--no-deps" "--format-version=1", kill_on_drop: false }`
[INFO] running `Command { std: "docker" "inspect" "28452ced9c665b06cd817a6a1d8f50c9684bfa8375d2674292c37aacc9024bba", kill_on_drop: false }`
[INFO] running `Command { std: "docker" "exec" "-e" "SOURCE_DIR=/opt/rustwide/workdir" "-e" "CARGO_HOME=/opt/rustwide/cargo-home" "-e" "RUSTUP_HOME=/opt/rustwide/rustup-home" "-e" "CARGO_TARGET_DIR=/opt/rustwide/target" "-e" "CARGO_INCREMENTAL=0" "-e" "RUST_BACKTRACE=full" "-e" "RUSTFLAGS=--cap-lints=warn" "-e" "RUSTDOCFLAGS=--cap-lints=warn" "-w" "/opt/rustwide/workdir" "--user" "0:0" "28452ced9c665b06cd817a6a1d8f50c9684bfa8375d2674292c37aacc9024bba" "/opt/rustwide/cargo-home/bin/cargo" "+1.99.0-beta.8" "build" "--frozen" "--message-format=json" "--release", kill_on_drop: false }`
[INFO] [stderr]    Compiling libc v0.2.112
[INFO] [stderr]    Compiling typenum v1.15.0
[INFO] [stderr]    Compiling autocfg v1.0.1
[INFO] [stderr]    Compiling proc-macro2 v1.0.36
[INFO] [stderr]    Compiling subtle v2.4.1
[INFO] [stderr]    Compiling syn v1.0.84
[INFO] [stderr]    Compiling pkg-config v0.3.24
[INFO] [stderr]    Compiling cpufeatures v0.2.3
[INFO] [stderr]    Compiling version-compare v0.1.0
[INFO] [stderr]    Compiling serde v1.0.133
[INFO] [stderr]    Compiling crc32fast v1.3.2
[INFO] [stderr]    Compiling zstd-safe v4.1.6+zstd.1.5.2
[INFO] [stderr]    Compiling generic-array v0.14.6
[INFO] [stderr]    Compiling memchr v2.4.1
[INFO] [stderr]    Compiling adler v1.0.2
[INFO] [stderr]    Compiling base64ct v1.0.1
[INFO] [stderr]    Compiling arraydeque v0.4.5
[INFO] [stderr]    Compiling hashbrown v0.11.2
[INFO] [stderr]    Compiling anyhow v1.0.52
[INFO] [stderr]    Compiling serde_derive v1.0.133
[INFO] [stderr]    Compiling itoa v1.0.3
[INFO] [stderr]    Compiling sdl2 v0.35.2
[INFO] [stderr]    Compiling num_threads v0.1.6
[INFO] [stderr]    Compiling sdl2-sys v0.35.2
[INFO] [stderr]    Compiling log v0.4.14
[INFO] [stderr]    Compiling time-macros v0.2.4
[INFO] [stderr]    Compiling bytemuck v1.7.3
[INFO] [stderr]    Compiling textwrap v0.14.2
[INFO] [stderr]    Compiling miniz_oxide v0.4.4
[INFO] [stderr]    Compiling indexmap v1.8.0
[INFO] [stderr]    Compiling termcolor v1.1.2
[INFO] [stderr]    Compiling constant_time_eq v0.1.5
[INFO] [stderr]    Compiling rgb v0.8.31
[INFO] [stderr]    Compiling explode v0.1.2
[INFO] [stderr]    Compiling os_str_bytes v6.0.0
[INFO] [stderr]    Compiling quote v1.0.14
[INFO] [stderr]    Compiling jobserver v0.1.24
[INFO] [stderr]    Compiling getrandom v0.2.3
[INFO] [stderr]    Compiling flate2 v1.0.22
[INFO] [stderr]    Compiling atty v0.2.14
[INFO] [stderr]    Compiling dirs-sys-next v0.1.2
[INFO] [stderr]    Compiling directories-next v2.0.0
[INFO] [stderr]    Compiling rand_core v0.6.3
[INFO] [stderr]    Compiling proc-macro-error-attr v1.0.4
[INFO] [stderr]    Compiling cc v1.0.72
[INFO] [stderr]    Compiling time v0.3.13
[INFO] [stderr]    Compiling password-hash v0.3.2
[INFO] [stderr]    Compiling rand_chacha v0.3.1
[INFO] [stderr]    Compiling block-buffer v0.10.2
[INFO] [stderr]    Compiling crypto-common v0.1.6
[INFO] [stderr]    Compiling cipher v0.3.0
[INFO] [stderr]    Compiling aes v0.7.5
[INFO] [stderr]    Compiling rand v0.8.4
[INFO] [stderr]    Compiling digest v0.10.3
[INFO] [stderr]    Compiling zstd-sys v1.6.3+zstd.1.5.2
[INFO] [stderr]    Compiling bzip2-sys v0.1.11+1.0.8
[INFO] [stderr]    Compiling hmac v0.12.1
[INFO] [stderr]    Compiling sha2 v0.10.2
[INFO] [stderr]    Compiling sha1 v0.10.1
[INFO] [stderr]    Compiling bzip2 v0.4.3
[INFO] [stderr]    Compiling pbkdf2 v0.10.1
[INFO] [stderr]    Compiling proc-macro-error v1.0.4
[INFO] [stderr]    Compiling clap_derive v3.1.0
[INFO] [stderr]    Compiling toml v0.5.8
[INFO] [stderr]    Compiling uuid v0.8.2
[INFO] [stderr]    Compiling clap v3.1.0
[INFO] [stderr]    Compiling zstd v0.10.2+zstd.1.5.2
[INFO] [stderr]    Compiling zip v0.6.2
[INFO] [stderr]    Compiling freenukum v0.4.0 (/opt/rustwide/workdir)
[INFO] [stdout] warning: variable does not need to be mutable
[INFO] [stdout]   --> src/level.rs:95:17
[INFO] [stdout]    |
[INFO] [stdout] 95 |             let mut t = tiles.get_mut(x, y)?;
[INFO] [stdout]    |                 ----^
[INFO] [stdout]    |                 |
[INFO] [stdout]    |                 help: remove this `mut`
[INFO] [stdout]    |
[INFO] [stdout]    = note: `#[warn(unused_mut)]` (part of `#[warn(unused)]`) on by default
[INFO] [stdout] 
[INFO] [stdout] 
[INFO] [stdout] warning: hiding a lifetime that's elided elsewhere is confusing
[INFO] [stdout]   --> src/graphics.rs:26:39
[INFO] [stdout]    |
[INFO] [stdout] 26 | pub fn load_default_font(ttf_context: &Sdl2TtfContext) -> Result<Font> {
[INFO] [stdout]    |                                       ^^^^^^^^^^^^^^^            ^^^^ the same lifetimes are hidden here
[INFO] [stdout]    |                                       |
[INFO] [stdout]    |                                       the lifetime is elided here
[INFO] [stdout]    |
[INFO] [stdout]    = help: the same lifetime is referred to in inconsistent ways, making the signature confusing
[INFO] [stdout]    = note: `#[warn(mismatched_lifetime_syntaxes)]` on by default
[INFO] [stdout] help: use `'_` for type paths
[INFO] [stdout]    |
[INFO] [stdout] 26 | pub fn load_default_font(ttf_context: &Sdl2TtfContext) -> Result<Font<'_, '_>> {
[INFO] [stdout]    |                                                                      ++++++++
[INFO] [stdout] 
[INFO] [stdout] 
[INFO] [stdout] warning: hiding a lifetime that's elided elsewhere is confusing
[INFO] [stdout]   --> src/tilecache.rs:69:17
[INFO] [stdout]    |
[INFO] [stdout] 69 |     fn get_tile(&self, index: usize) -> Option<&Surface> {
[INFO] [stdout]    |                 ^^^^^                          ^^^^^^^^
[INFO] [stdout]    |                 |                              ||
[INFO] [stdout]    |                 |                              |the same lifetime is hidden here
[INFO] [stdout]    |                 |                              the same lifetime is elided here
[INFO] [stdout]    |                 the lifetime is elided here
[INFO] [stdout]    |
[INFO] [stdout]    = help: the same lifetime is referred to in inconsistent ways, making the signature confusing
[INFO] [stdout] help: use `'_` for type paths
[INFO] [stdout]    |
[INFO] [stdout] 69 |     fn get_tile(&self, index: usize) -> Option<&Surface<'_>> {
[INFO] [stdout]    |                                                        ++++
[INFO] [stdout] 
[INFO] [stdout] 
[INFO] [stdout] warning: hiding a lifetime that's elided elsewhere is confusing
[INFO] [stdout]  --> src/tileprovider.rs:9:17
[INFO] [stdout]   |
[INFO] [stdout] 9 |     fn get_tile(&self, index: TileIndex) -> Option<&Surface>;
[INFO] [stdout]   |                 ^^^^^                              ^^^^^^^^
[INFO] [stdout]   |                 |                                  ||
[INFO] [stdout]   |                 |                                  |the same lifetime is hidden here
[INFO] [stdout]   |                 the lifetime is elided here        the same lifetime is elided here
[INFO] [stdout]   |
[INFO] [stdout]   = help: the same lifetime is referred to in inconsistent ways, making the signature confusing
[INFO] [stdout] help: use `'_` for type paths
[INFO] [stdout]   |
[INFO] [stdout] 9 |     fn get_tile(&self, index: TileIndex) -> Option<&Surface<'_>>;
[INFO] [stdout]   |                                                            ++++
[INFO] [stdout] 
[INFO] [stdout] 
[INFO] [stdout] error: linking with `cc` failed: exit status: 1
[INFO] [stdout]   |
[INFO] [stdout]   = note:  "cc" "-m64" "/opt/rustwide/target/release/deps/rustcidj9RC/symbols.o" "<4 object files omitted>" "-Wl,--as-needed" "-Wl,-Bstatic" "/opt/rustwide/target/release/deps/{libfreenukum-552adca7e0d0b292,libdirectories_next-720f79da39cabfbd,libdirs_sys_next-50c80623127ca94f,libtoml-ae4f93b8776d4dde,liblog-a177ca17544118e1,libuuid-dd9222524d412065,libserde-a73e236af92e98fa,librgb-60c01441517cc95f,libbytemuck-652789e9e5a57b6c,librand-a0c6e2ee1877edaf,librand_chacha-1b813229d9227720,libppv_lite86-64c908eba0dc0fb7,librand_core-51692c0647720326,libgetrandom-939074864fa3ebcb,libcfg_if-193575a6b29a3ab9,libsdl2-c77e64a686c82a69,libsdl2_sys-82b50066e3493f02,libbitflags-68973b8086863992,liblazy_static-480433dca0d17907,liblibc-55b71310600cc593,libanyhow-52a89545f17c4e75}.rlib" "<sysroot>/lib/rustlib/x86_64-unknown-linux-gnu/lib/{libstd-*,libpanic_unwind-*,libobject-*,libmemchr-*,libaddr2line-*,libgimli-*,libcfg_if-*,librustc_demangle-*,libstd_detect-*,libhashbrown-*,librustc_std_workspace_alloc-*,libminiz_oxide-*,libadler2-*,libunwind-*,liblibc-*,librustc_std_workspace_core-*,liballoc-*,libcore-*,libcompiler_builtins-*}.rlib" "-Wl,-Bdynamic" "-lSDL2" "-lSDL2_image" "-lSDL2_ttf" "-lgcc_s" "-lutil" "-lrt" "-lpthread" "-lm" "-ldl" "-lc" "-L" "/opt/rustwide/target/release/deps/rustcidj9RC/raw-dylibs" "-B<sysroot>/lib/rustlib/x86_64-unknown-linux-gnu/bin/gcc-ld" "-fuse-ld=lld" "-Wl,--eh-frame-hdr" "-Wl,-z,noexecstack" "-L" "/opt/rustwide/target/release/build/zstd-sys-7e0b8e205d0043a1/out" "-L" "/usr/lib" "-L" "<sysroot>/lib/rustlib/x86_64-unknown-linux-gnu/lib" "-o" "/opt/rustwide/target/release/deps/freenukum-cb8f277807c5e5be" "-Wl,--gc-sections" "-pie" "-Wl,-z,relro,-z,now" "-Wl,-O1" "-Wl,--strip-debug" "-nodefaultlibs"
[INFO] [stdout]   = note: some arguments are omitted. use `--verbose` to show all linker arguments
[INFO] [stdout]   = note: rust-lld: error: unable to find library -lSDL2_image
[INFO] [stdout]           rust-lld: error: unable to find library -lSDL2_ttf
[INFO] [stdout]           collect2: error: ld returned 1 exit status
[INFO] [stdout]           
[INFO] [stdout] 
[INFO] [stdout] 
[INFO] [stderr] error: could not compile `freenukum` (bin "freenukum") due to 1 previous error
[INFO] [stderr] warning: build failed, waiting for other jobs to finish...
[INFO] [stdout] error: linking with `cc` failed: exit status: 1
[INFO] [stdout]   |
[INFO] [stdout]   = note:  "cc" "-m64" "/opt/rustwide/target/release/deps/rustcKdJbq3/symbols.o" "<6 object files omitted>" "-Wl,--as-needed" "-Wl,-Bstatic" "/opt/rustwide/target/release/deps/{libzip-387c31a6a2ca23e3,libpbkdf2-75d02f158a628fe4,libsha2-8c32887892607f5d,libpassword_hash-771a56d6da2a57a8,libbase64ct-797ac1ed0f9c3d69,libtime-788c74034f86c145,libitoa-2bb7b03bd9125a71,libzstd-f17ac8a0303fe45e,libzstd_safe-dbe7d880ebc34040,libzstd_sys-9e1de313c7c4af67,libbzip2-ad0aaea78ee180bf,libbzip2_sys-56a39a8277da4684,libflate2-afdb722d3ff9d131,libminiz_oxide-32b2dc951df2458e,libadler-f334a75a447e9ef2,libcrc32fast-6b35511fffef0fb5,libbyteorder-52d7e7679852098b,libaes-91f95ed4bf70343a,libopaque_debug-3c7f88476b12ca94,libcipher-f0849329e2438845,libsha1-e47fa622f87fcd3e,libcpufeatures-50101e4e9edc67bb,libhmac-391e76e0cefc7d10,libdigest-9682ea673e35c735,libsubtle-d0672fd6efb518df,libblock_buffer-7f6937b364ab7837,libcrypto_common-30c568ae9cdcf5b7,libgeneric_array-ac23f6230a44c128,libtypenum-15320cb8a9930e74,libconstant_time_eq-978188fd015b48cb,libfreenukum-552adca7e0d0b292,libdirectories_next-720f79da39cabfbd,libdirs_sys_next-50c80623127ca94f,libtoml-ae4f93b8776d4dde,liblog-a177ca17544118e1,libuuid-dd9222524d412065,libserde-a73e236af92e98fa,librgb-60c01441517cc95f,libbytemuck-652789e9e5a57b6c,librand-a0c6e2ee1877edaf,librand_chacha-1b813229d9227720,libppv_lite86-64c908eba0dc0fb7,librand_core-51692c0647720326,libgetrandom-939074864fa3ebcb,libcfg_if-193575a6b29a3ab9,libsdl2-c77e64a686c82a69,libsdl2_sys-82b50066e3493f02,libexplode-38d081a8dd907046,libarraydeque-33853d60c0747483,libclap-805aa5a14f6d3e2a,libstrsim-4d90d417acaad1e9,libatty-eb6b8268916b4d1e,liblibc-55b71310600cc593,libtermcolor-f8ecccb5048e12a3,libtextwrap-f423272e30980296,libindexmap-6a7fc2e4dc3357b5,libhashbrown-2c516be90586790d,libos_str_bytes-3c10efd4d549f359,libmemchr-4f1ace6183a6b8a7,libbitflags-68973b8086863992,liblazy_static-480433dca0d17907,libanyhow-52a89545f17c4e75}.rlib" "<sysroot>/lib/rustlib/x86_64-unknown-linux-gnu/lib/{libstd-*,libpanic_unwind-*,libobject-*,libmemchr-*,libaddr2line-*,libgimli-*,libcfg_if-*,librustc_demangle-*,libstd_detect-*,libhashbrown-*,librustc_std_workspace_alloc-*,libminiz_oxide-*,libadler2-*,libunwind-*,liblibc-*,librustc_std_workspace_core-*,liballoc-*,libcore-*,libcompiler_builtins-*}.rlib" "-Wl,-Bdynamic" "-lbz2" "-lSDL2" "-lSDL2_image" "-lSDL2_ttf" "-lgcc_s" "-lutil" "-lrt" "-lpthread" "-lm" "-ldl" "-lc" "-L" "/opt/rustwide/target/release/deps/rustcKdJbq3/raw-dylibs" "-B<sysroot>/lib/rustlib/x86_64-unknown-linux-gnu/bin/gcc-ld" "-fuse-ld=lld" "-Wl,--eh-frame-hdr" "-Wl,-z,noexecstack" "-L" "/opt/rustwide/target/release/build/zstd-sys-7e0b8e205d0043a1/out" "-L" "/usr/lib" "-L" "<sysroot>/lib/rustlib/x86_64-unknown-linux-gnu/lib" "-o" "/opt/rustwide/target/release/deps/freenukum_data_tool-5f4942667163cb11" "-Wl,--gc-sections" "-pie" "-Wl,-z,relro,-z,now" "-Wl,-O1" "-Wl,--strip-debug" "-nodefaultlibs"
[INFO] [stdout]   = note: some arguments are omitted. use `--verbose` to show all linker arguments
[INFO] [stdout]   = note: rust-lld: error: unable to find library -lSDL2_image
[INFO] [stdout]           rust-lld: error: unable to find library -lSDL2_ttf
[INFO] [stdout]           collect2: error: ld returned 1 exit status
[INFO] [stdout]           
[INFO] [stdout] 
[INFO] [stdout] 
[INFO] [stderr] error: could not compile `freenukum` (bin "freenukum-data-tool") due to 1 previous error
[INFO] running `Command { std: "docker" "inspect" "28452ced9c665b06cd817a6a1d8f50c9684bfa8375d2674292c37aacc9024bba", kill_on_drop: false }`
[INFO] running `Command { std: "docker" "rm" "-f" "28452ced9c665b06cd817a6a1d8f50c9684bfa8375d2674292c37aacc9024bba", kill_on_drop: false }`
[INFO] [stdout] 28452ced9c665b06cd817a6a1d8f50c9684bfa8375d2674292c37aacc9024bba
