[INFO] fetching crate frankenhnsw 0.3.5...
[INFO] testing frankenhnsw-0.3.5 against 1.100.0-beta.1+cargoflags=--release for beta-release-1.100-2
[INFO] extracting crate frankenhnsw 0.3.5 into /workspace/builds/worker-4-tc2/source
[INFO] started tweaking crates.io crate frankenhnsw 0.3.5
[INFO] removed 0 missing examples
[INFO] removed 0 missing tests
[INFO] finished tweaking crates.io crate frankenhnsw 0.3.5
[INFO] tweaked toml for crates.io crate frankenhnsw 0.3.5 written to /workspace/builds/worker-4-tc2/source/Cargo.toml
[INFO] validating manifest of crates.io crate frankenhnsw 0.3.5 on toolchain 1.100.0-beta.1
[INFO] running `Command { std: CARGO_HOME="/workspace/cargo-home" RUSTUP_HOME="/workspace/rustup-home" "/workspace/cargo-home/bin/cargo" "+1.100.0-beta.1" "metadata" "--manifest-path" "Cargo.toml" "--no-deps", kill_on_drop: false }`
[INFO] crate crates.io crate frankenhnsw 0.3.5 already has a lockfile, it will not be regenerated
[INFO] running `Command { std: CARGO_HOME="/workspace/cargo-home" RUSTUP_HOME="/workspace/rustup-home" "/workspace/cargo-home/bin/cargo" "+1.100.0-beta.1" "fetch" "--manifest-path" "Cargo.toml", kill_on_drop: false }`
[INFO] running `Command { std: "docker" "create" "-v" "/var/lib/crater-agent-workspace/builds/worker-4-tc2/source:/opt/rustwide/workdir:ro,Z" "-v" "/var/lib/crater-agent-workspace/builds/worker-4-tc2/target:/opt/rustwide/target:rw,Z" "-v" "/var/lib/crater-agent-workspace/cargo-home:/opt/rustwide/cargo-home:ro,Z" "-v" "/var/lib/crater-agent-workspace/rustup-home:/opt/rustwide/rustup-home:ro,Z" "-m" "1610612736" "--network" "none" "ghcr.io/rust-lang/crates-build-env/linux@sha256:77db811e55d90add9212f6832c23229e3de5f1c1f9905e8cb07319ea15df73ac" "sleep" "infinity", kill_on_drop: false }`
[INFO] [stdout] 23f24bd4aabc88379a94c8e8a19c5f853829bf20bee69a934cc4d19580320a2f
[INFO] running `Command { std: "docker" "start" "23f24bd4aabc88379a94c8e8a19c5f853829bf20bee69a934cc4d19580320a2f", kill_on_drop: false }`
[INFO] running `Command { std: "docker" "inspect" "23f24bd4aabc88379a94c8e8a19c5f853829bf20bee69a934cc4d19580320a2f", kill_on_drop: false }`
[INFO] running `Command { std: "docker" "exec" "-e" "SOURCE_DIR=/opt/rustwide/workdir" "-e" "CARGO_HOME=/opt/rustwide/cargo-home" "-e" "RUSTUP_HOME=/opt/rustwide/rustup-home" "-e" "CARGO_TARGET_DIR=/opt/rustwide/target" "-w" "/opt/rustwide/workdir" "--user" "0:0" "23f24bd4aabc88379a94c8e8a19c5f853829bf20bee69a934cc4d19580320a2f" "/opt/rustwide/cargo-home/bin/cargo" "+1.100.0-beta.1" "metadata" "--no-deps" "--format-version=1", kill_on_drop: false }`
[INFO] running `Command { std: "docker" "inspect" "23f24bd4aabc88379a94c8e8a19c5f853829bf20bee69a934cc4d19580320a2f", kill_on_drop: false }`
[INFO] running `Command { std: "docker" "exec" "-e" "SOURCE_DIR=/opt/rustwide/workdir" "-e" "CARGO_HOME=/opt/rustwide/cargo-home" "-e" "RUSTUP_HOME=/opt/rustwide/rustup-home" "-e" "CARGO_TARGET_DIR=/opt/rustwide/target" "-e" "CARGO_INCREMENTAL=0" "-e" "RUST_BACKTRACE=full" "-e" "RUSTFLAGS=--cap-lints=warn" "-e" "RUSTDOCFLAGS=--cap-lints=warn" "-w" "/opt/rustwide/workdir" "--user" "0:0" "23f24bd4aabc88379a94c8e8a19c5f853829bf20bee69a934cc4d19580320a2f" "/opt/rustwide/cargo-home/bin/cargo" "+1.100.0-beta.1" "build" "--frozen" "--message-format=json" "--release", kill_on_drop: false }`
[INFO] [stderr]    Compiling proc-macro2 v1.0.107
[INFO] [stderr]    Compiling quote v1.0.47
[INFO] [stderr]    Compiling unicode-ident v1.0.24
[INFO] [stderr]    Compiling libc v0.2.189
[INFO] [stderr]    Compiling cfg-if v1.0.4
[INFO] [stderr]    Compiling memchr v2.8.3
[INFO] [stderr]    Compiling crossbeam-utils v0.8.22
[INFO] [stderr]    Compiling crossbeam-epoch v0.9.20
[INFO] [stderr]    Compiling regex-syntax v0.8.11
[INFO] [stderr]    Compiling crossbeam-deque v0.8.7
[INFO] [stderr]    Compiling utf8parse v0.2.2
[INFO] [stderr]    Compiling autocfg v1.5.1
[INFO] [stderr]    Compiling thiserror v1.0.69
[INFO] [stderr]    Compiling cfg_aliases v0.2.2
[INFO] [stderr]    Compiling rayon-core v1.13.0
[INFO] [stderr]    Compiling parking_lot_core v0.9.12
[INFO] [stderr]    Compiling nix v0.30.1
[INFO] [stderr]    Compiling thiserror v2.0.20
[INFO] [stderr]    Compiling anstyle-parse v1.0.0
[INFO] [stderr]    Compiling rand_core v0.10.1
[INFO] [stderr]    Compiling serde_core v1.0.229
[INFO] [stderr]    Compiling bitflags v2.13.1
[INFO] [stderr]    Compiling heck v0.5.0
[INFO] [stderr]    Compiling colorchoice v1.0.5
[INFO] [stderr]    Compiling log v0.4.34
[INFO] [stderr]    Compiling anstyle v1.0.14
[INFO] [stderr]    Compiling is_terminal_polyfill v1.70.2
[INFO] [stderr]    Compiling anyhow v1.0.104
[INFO] [stderr]    Compiling getrandom v0.4.3
[INFO] [stderr]    Compiling same-file v1.0.6
[INFO] [stderr]    Compiling anstyle-query v1.1.5
[INFO] [stderr]    Compiling jiff-core v0.1.0
[INFO] [stderr]    Compiling walkdir v2.5.0
[INFO] [stderr]    Compiling smallvec v1.15.2
[INFO] [stderr]    Compiling byteorder v1.5.0
[INFO] [stderr]    Compiling anstream v1.0.0
[INFO] [stderr]    Compiling equivalent v1.0.2
[INFO] [stderr]    Compiling num-traits v0.2.19
[INFO] [stderr]    Compiling scopeguard v1.2.0
[INFO] [stderr]    Compiling either v1.18.0
[INFO] [stderr]    Compiling cpufeatures v0.3.0
[INFO] [stderr]    Compiling bytes v1.12.1
[INFO] [stderr]    Compiling serde v1.0.229
[INFO] [stderr]    Compiling lock_api v0.4.14
[INFO] [stderr]    Compiling chacha20 v0.10.1
[INFO] [stderr]    Compiling hashbrown v0.17.1
[INFO] [stderr]    Compiling aho-corasick v1.1.5
[INFO] [stderr]    Compiling lazy_static v1.5.0
[INFO] [stderr]    Compiling foldhash v0.1.5
[INFO] [stderr]    Compiling allocator-api2 v0.2.21
[INFO] [stderr]    Compiling syn v2.0.119
[INFO] [stderr]    Compiling syn v3.0.4
[INFO] [stderr]    Compiling hashbrown v0.15.5
[INFO] [stderr]    Compiling combine v4.6.7
[INFO] [stderr]    Compiling indexmap v2.14.0
[INFO] [stderr]    Compiling jiff v0.2.35
[INFO] [stderr]    Compiling rayon v1.12.0
[INFO] [stderr]    Compiling regex-automata v0.4.18
[INFO] [stderr]    Compiling cpu-time v1.0.0
[INFO] [stderr]    Compiling num_cpus v1.17.0
[INFO] [stderr]    Compiling rand v0.10.2
[INFO] [stderr]    Compiling parking_lot v0.12.5
[INFO] [stderr]    Compiling thiserror-impl v1.0.69
[INFO] [stderr]    Compiling enum-as-inner v0.6.1
[INFO] [stderr]    Compiling thiserror-impl v2.0.20
[INFO] [stderr]    Compiling serde_derive v1.0.229
[INFO] [stderr]    Compiling sysctl v0.6.0
[INFO] [stderr]    Compiling regex v1.13.1
[INFO] [stderr]    Compiling env_filter v2.0.0
[INFO] [stderr]    Compiling env_logger v0.11.11
[INFO] [stderr]    Compiling anndists v0.1.5
[INFO] [stderr]    Compiling mmap-rs v0.7.0
[INFO] [stderr]    Compiling frankenhnsw v0.3.5 (/opt/rustwide/workdir)
[INFO] [stderr]     Finished `release` profile [optimized] target(s) in 46.95s
[INFO] running `Command { std: "docker" "inspect" "23f24bd4aabc88379a94c8e8a19c5f853829bf20bee69a934cc4d19580320a2f", kill_on_drop: false }`
[INFO] running `Command { std: "docker" "exec" "-e" "SOURCE_DIR=/opt/rustwide/workdir" "-e" "CARGO_HOME=/opt/rustwide/cargo-home" "-e" "RUSTUP_HOME=/opt/rustwide/rustup-home" "-e" "CARGO_TARGET_DIR=/opt/rustwide/target" "-e" "CARGO_INCREMENTAL=0" "-e" "RUST_BACKTRACE=full" "-e" "RUSTFLAGS=--cap-lints=warn" "-e" "RUSTDOCFLAGS=--cap-lints=warn" "-w" "/opt/rustwide/workdir" "--user" "0:0" "23f24bd4aabc88379a94c8e8a19c5f853829bf20bee69a934cc4d19580320a2f" "/opt/rustwide/cargo-home/bin/cargo" "+1.100.0-beta.1" "test" "--frozen" "--no-run" "--message-format=json" "--release", kill_on_drop: false }`
[INFO] [stderr]    Compiling memchr v2.8.3
[INFO] [stderr]    Compiling regex-syntax v0.8.11
[INFO] [stderr]    Compiling cfg-if v1.0.4
[INFO] [stderr]    Compiling bitflags v2.13.1
[INFO] [stderr]    Compiling pkg-config v0.3.34
[INFO] [stderr]    Compiling num-traits v0.2.19
[INFO] [stderr]    Compiling equivalent v1.0.2
[INFO] [stderr]    Compiling winnow v1.0.4
[INFO] [stderr]    Compiling hashbrown v0.17.1
[INFO] [stderr]    Compiling syn v3.0.4
[INFO] [stderr]    Compiling matrixmultiply v0.3.11
[INFO] [stderr]    Compiling toml_datetime v1.1.1+spec-1.1.0
[INFO] [stderr]    Compiling either v1.18.0
[INFO] [stderr]    Compiling libloading v0.8.9
[INFO] [stderr]    Compiling rawpointer v0.2.1
[INFO] [stderr]    Compiling rustix v1.1.4
[INFO] [stderr]    Compiling hdf5-metno-types v0.11.1
[INFO] [stderr]    Compiling sysctl v0.6.0
[INFO] [stderr]    Compiling nix v0.30.1
[INFO] [stderr]    Compiling rayon v1.12.0
[INFO] [stderr]    Compiling linux-raw-sys v0.12.1
[INFO] [stderr]    Compiling hdf5-metno v0.12.6
[INFO] [stderr]    Compiling ascii v1.1.0
[INFO] [stderr]    Compiling fastrand v2.5.0
[INFO] [stderr]    Compiling pastey v0.2.3
[INFO] [stderr]    Compiling arrayvec v0.7.8
[INFO] [stderr]    Compiling once_cell v1.21.4
[INFO] [stderr]    Compiling aho-corasick v1.1.5
[INFO] [stderr]    Compiling skiplist v1.1.0
[INFO] [stderr]    Compiling itertools v0.14.0
[INFO] [stderr]    Compiling indexmap v2.14.0
[INFO] [stderr]    Compiling num-integer v0.1.47
[INFO] [stderr]    Compiling num-complex v0.4.6
[INFO] [stderr]    Compiling toml_parser v1.1.3+spec-1.1.0
[INFO] [stderr]    Compiling toml_edit v0.25.13+spec-1.1.0
[INFO] [stderr]    Compiling ndarray v0.17.2
[INFO] [stderr]    Compiling regex-automata v0.4.18
[INFO] [stderr]    Compiling proc-macro-crate v3.5.0
[INFO] [stderr]    Compiling thiserror-impl v2.0.20
[INFO] [stderr]    Compiling serde_derive v1.0.229
[INFO] [stderr]    Compiling anndists v0.1.5
[INFO] [stderr]    Compiling hdf5-metno-derive v0.10.2
[INFO] [stderr]    Compiling tempfile v3.27.0
[INFO] [stderr]    Compiling thiserror v2.0.20
[INFO] [stderr]    Compiling mmap-rs v0.7.0
[INFO] [stderr]    Compiling regex v1.13.1
[INFO] [stderr]    Compiling hdf5-metno-sys v0.12.2
[INFO] [stderr]    Compiling serde v1.0.229
[INFO] [stderr]    Compiling frankenhnsw v0.3.5 (/opt/rustwide/workdir)
[INFO] [stdout] error[E0433]: cannot find module or crate `hnsw_rs` in this scope
[INFO] [stdout]   --> tests/serpar.rs:14:5
[INFO] [stdout]    |
[INFO] [stdout] 14 | use hnsw_rs::prelude::*;
[INFO] [stdout]    |     ^^^^^^^ use of unresolved module or unlinked crate `hnsw_rs`
[INFO] [stdout]    |
[INFO] [stdout]    = help: if you wanted to use a crate named `hnsw_rs`, use `cargo add hnsw_rs` to add it to your `Cargo.toml`
[INFO] [stdout] 
[INFO] [stdout] 
[INFO] [stdout] error[E0433]: cannot find module or crate `hnsw_rs` in this scope
[INFO] [stdout]   --> tests/malformed_reload.rs:20:5
[INFO] [stdout]    |
[INFO] [stdout] 20 | use hnsw_rs::anndists::dist::{self, DistL1};
[INFO] [stdout]    |     ^^^^^^^ use of unresolved module or unlinked crate `hnsw_rs`
[INFO] [stdout]    |
[INFO] [stdout]    = help: if you wanted to use a crate named `hnsw_rs`, use `cargo add hnsw_rs` to add it to your `Cargo.toml`
[INFO] [stdout] 
[INFO] [stdout] 
[INFO] [stdout] error[E0433]: cannot find module or crate `hnsw_rs` in this scope
[INFO] [stdout]   --> tests/malformed_reload.rs:21:5
[INFO] [stdout]    |
[INFO] [stdout] 21 | use hnsw_rs::api::AnnT;
[INFO] [stdout]    |     ^^^^^^^ use of unresolved module or unlinked crate `hnsw_rs`
[INFO] [stdout]    |
[INFO] [stdout]    = help: if you wanted to use a crate named `hnsw_rs`, use `cargo add hnsw_rs` to add it to your `Cargo.toml`
[INFO] [stdout] 
[INFO] [stdout] 
[INFO] [stdout] error[E0433]: cannot find module or crate `hnsw_rs` in this scope
[INFO] [stdout]   --> tests/malformed_reload.rs:22:5
[INFO] [stdout]    |
[INFO] [stdout] 22 | use hnsw_rs::hnsw::Hnsw;
[INFO] [stdout]    |     ^^^^^^^ use of unresolved module or unlinked crate `hnsw_rs`
[INFO] [stdout]    |
[INFO] [stdout]    = help: if you wanted to use a crate named `hnsw_rs`, use `cargo add hnsw_rs` to add it to your `Cargo.toml`
[INFO] [stdout] 
[INFO] [stdout] 
[INFO] [stdout] error[E0433]: cannot find module or crate `hnsw_rs` in this scope
[INFO] [stdout]   --> tests/malformed_reload.rs:23:5
[INFO] [stdout]    |
[INFO] [stdout] 23 | use hnsw_rs::hnswio::{HnswIo, load_description};
[INFO] [stdout]    |     ^^^^^^^ use of unresolved module or unlinked crate `hnsw_rs`
[INFO] [stdout]    |
[INFO] [stdout]    = help: if you wanted to use a crate named `hnsw_rs`, use `cargo add hnsw_rs` to add it to your `Cargo.toml`
[INFO] [stdout] 
[INFO] [stdout] 
[INFO] [stdout] error[E0433]: cannot find module or crate `hnsw_rs` in this scope
[INFO] [stdout]  --> tests/deallocation_test.rs:4:5
[INFO] [stdout]   |
[INFO] [stdout] 4 | use hnsw_rs::hnsw::Hnsw;
[INFO] [stdout]   |     ^^^^^^^ use of unresolved module or unlinked crate `hnsw_rs`
[INFO] [stdout]   |
[INFO] [stdout]   = help: if you wanted to use a crate named `hnsw_rs`, use `cargo add hnsw_rs` to add it to your `Cargo.toml`
[INFO] [stdout] 
[INFO] [stdout] 
[INFO] [stdout] error[E0433]: cannot find module or crate `hnsw_rs` in this scope
[INFO] [stdout]   --> tests/equality.rs:15:5
[INFO] [stdout]    |
[INFO] [stdout] 15 | use hnsw_rs::prelude::*;
[INFO] [stdout]    |     ^^^^^^^ use of unresolved module or unlinked crate `hnsw_rs`
[INFO] [stdout]    |
[INFO] [stdout]    = help: if you wanted to use a crate named `hnsw_rs`, use `cargo add hnsw_rs` to add it to your `Cargo.toml`
[INFO] [stdout] 
[INFO] [stdout] 
[INFO] [stdout] error[E0433]: cannot find module or crate `hnsw_rs` in this scope
[INFO] [stdout]   --> examples/random.rs:10:5
[INFO] [stdout]    |
[INFO] [stdout] 10 | use hnsw_rs::prelude::*;
[INFO] [stdout]    |     ^^^^^^^ use of unresolved module or unlinked crate `hnsw_rs`
[INFO] [stdout]    |
[INFO] [stdout]    = help: if you wanted to use a crate named `hnsw_rs`, use `cargo add hnsw_rs` to add it to your `Cargo.toml`
[INFO] [stdout] 
[INFO] [stdout] 
[INFO] [stdout] error[E0433]: cannot find module or crate `hnsw_rs` in this scope
[INFO] [stdout]  --> examples/levensthein.rs:3:5
[INFO] [stdout]   |
[INFO] [stdout] 3 | use hnsw_rs::prelude::*;
[INFO] [stdout]   |     ^^^^^^^ use of unresolved module or unlinked crate `hnsw_rs`
[INFO] [stdout]   |
[INFO] [stdout]   = help: if you wanted to use a crate named `hnsw_rs`, use `cargo add hnsw_rs` to add it to your `Cargo.toml`
[INFO] [stdout] 
[INFO] [stdout] 
[INFO] [stdout] error[E0433]: cannot find module or crate `hnsw_rs` in this scope
[INFO] [stdout]   --> examples/ann-mnist-784-euclidean.rs:27:5
[INFO] [stdout]    |
[INFO] [stdout] 27 | use hnsw_rs::prelude::*;
[INFO] [stdout]    |     ^^^^^^^ use of unresolved module or unlinked crate `hnsw_rs`
[INFO] [stdout]    |
[INFO] [stdout]    = help: if you wanted to use a crate named `hnsw_rs`, use `cargo add hnsw_rs` to add it to your `Cargo.toml`
[INFO] [stdout] 
[INFO] [stdout] 
[INFO] [stdout] error[E0433]: cannot find module or crate `hnsw_rs` in this scope
[INFO] [stdout]  --> tests/filtertest.rs:5:5
[INFO] [stdout]   |
[INFO] [stdout] 5 | use hnsw_rs::prelude::*;
[INFO] [stdout]   |     ^^^^^^^ use of unresolved module or unlinked crate `hnsw_rs`
[INFO] [stdout]   |
[INFO] [stdout]   = help: if you wanted to use a crate named `hnsw_rs`, use `cargo add hnsw_rs` to add it to your `Cargo.toml`
[INFO] [stdout] 
[INFO] [stdout] 
[INFO] [stdout] For more information about this error, try `rustc --explain E0433`.
[INFO] [stdout] 
[INFO] [stdout] error[E0433]: cannot find module or crate `hnsw_rs` in this scope
[INFO] [stdout]   --> examples/ann-glove25-angular.rs:66:5
[INFO] [stdout]    |
[INFO] [stdout] 66 | use hnsw_rs::prelude::*;
[INFO] [stdout]    |     ^^^^^^^ use of unresolved module or unlinked crate `hnsw_rs`
[INFO] [stdout]    |
[INFO] [stdout]    = help: if you wanted to use a crate named `hnsw_rs`, use `cargo add hnsw_rs` to add it to your `Cargo.toml`
[INFO] [stdout] 
[INFO] [stdout] 
[INFO] [stderr] error: could not compile `frankenhnsw` (test "deallocation_test") due to 1 previous error
[INFO] [stderr] warning: build failed, waiting for other jobs to finish...
[INFO] [stdout] For more information about this error, try `rustc --explain E0433`.
[INFO] [stdout] 
[INFO] [stdout] error[E0433]: cannot find module or crate `hnsw_rs` in this scope
[INFO] [stdout]   --> examples/ann-sift1m-128-euclidean.rs:46:5
[INFO] [stdout]    |
[INFO] [stdout] 46 | use hnsw_rs::prelude::*;
[INFO] [stdout]    |     ^^^^^^^ use of unresolved module or unlinked crate `hnsw_rs`
[INFO] [stdout]    |
[INFO] [stdout]    = help: if you wanted to use a crate named `hnsw_rs`, use `cargo add hnsw_rs` to add it to your `Cargo.toml`
[INFO] [stdout] 
[INFO] [stdout] 
[INFO] [stderr] error: could not compile `frankenhnsw` (test "malformed_reload") due to 4 previous errors
[INFO] [stdout] error[E0433]: cannot find type `Hnsw` in this scope
[INFO] [stdout]   --> examples/random.rs:31:15
[INFO] [stdout]    |
[INFO] [stdout] 31 |     let hns = Hnsw::<f32, DistL2>::new(max_nb_connection, nb_elem, nb_layer, ef_c, DistL2 {});
[INFO] [stdout]    |               ^^^^ use of undeclared type `Hnsw`
[INFO] [stdout] 
[INFO] [stdout] 
[INFO] [stdout] error[E0433]: cannot find type `Hnsw` in this scope
[INFO] [stdout]   --> examples/random.rs:49:15
[INFO] [stdout]    |
[INFO] [stdout] 49 |     let hns = Hnsw::<f32, DistL2>::new(max_nb_connection, nb_elem, nb_layer, ef_c, DistL2 {});
[INFO] [stdout]    |               ^^^^ use of undeclared type `Hnsw`
[INFO] [stdout] 
[INFO] [stdout] 
[INFO] [stdout] For more information about this error, try `rustc --explain E0433`.
[INFO] [stdout] 
[INFO] [stdout] error[E0433]: cannot find type `Hnsw` in this scope
[INFO] [stdout]   --> examples/levensthein.rs:21:15
[INFO] [stdout]    |
[INFO] [stdout] 21 |     let hns = Hnsw::<u16, DistLevenshtein>::new(
[INFO] [stdout]    |               ^^^^ use of undeclared type `Hnsw`
[INFO] [stdout] 
[INFO] [stdout] 
[INFO] [stdout] error[E0425]: cannot find type `Neighbour` in this scope
[INFO] [stdout]   --> examples/ann-mnist-784-euclidean.rs:98:50
[INFO] [stdout]    |
[INFO] [stdout] 98 |     let mut knn_neighbours_for_tests = Vec::<Vec<Neighbour>>::with_capacity(nb_elem);
[INFO] [stdout]    |                                                  ^^^^^^^^^ not found in this scope
[INFO] [stdout] 
[INFO] [stdout] 
[INFO] [stdout] error[E0425]: cannot find type `Neighbour` in this scope
[INFO] [stdout]    --> examples/ann-mnist-784-euclidean.rs:113:37
[INFO] [stdout]     |
[INFO] [stdout] 113 |             let knn_neighbours: Vec<Neighbour> = hnsw.search(&anndata.test_data[i], knbn, ef_c);
[INFO] [stdout]     |                                     ^^^^^^^^^ not found in this scope
[INFO] [stdout] 
[INFO] [stdout] 
[INFO] [stderr] error: could not compile `frankenhnsw` (example "random") due to 3 previous errors
[INFO] [stdout] error[E0425]: cannot find type `Hnsw` in this scope
[INFO] [stdout]    --> examples/ann-glove25-angular.rs:152:16
[INFO] [stdout]     |
[INFO] [stdout] 152 |     hnsw: &mut Hnsw<f32, Dist>,
[INFO] [stdout]     |                ^^^^ not found in this scope
[INFO] [stdout] 
[INFO] [stdout] 
[INFO] [stdout] error[E0425]: cannot find type `Neighbour` in this scope
[INFO] [stdout]    --> examples/ann-glove25-angular.rs:168:50
[INFO] [stdout]     |
[INFO] [stdout] 168 |     let mut knn_neighbours_for_tests = Vec::<Vec<Neighbour>>::with_capacity(nb_elem);
[INFO] [stdout]     |                                                  ^^^^^^^^^ not found in this scope
[INFO] [stdout]     |
[INFO] [stdout] help: you might be missing a type parameter
[INFO] [stdout]     |
[INFO] [stdout] 151 | pub fn search<Dist, Neighbour>(
[INFO] [stdout]     |                   +++++++++++
[INFO] [stdout] 
[INFO] [stdout] 
[INFO] [stdout] error[E0425]: cannot find type `Neighbour` in this scope
[INFO] [stdout]    --> examples/ann-glove25-angular.rs:180:37
[INFO] [stdout]     |
[INFO] [stdout] 180 |             let knn_neighbours: Vec<Neighbour> =
[INFO] [stdout]     |                                     ^^^^^^^^^ not found in this scope
[INFO] [stdout]     |
[INFO] [stdout] help: you might be missing a type parameter
[INFO] [stdout]     |
[INFO] [stdout] 151 | pub fn search<Dist, Neighbour>(
[INFO] [stdout]     |                   +++++++++++
[INFO] [stdout] 
[INFO] [stdout] 
[INFO] [stdout] For more information about this error, try `rustc --explain E0433`.
[INFO] [stdout] 
[INFO] [stdout] error[E0425]: cannot find type `Hnsw` in this scope
[INFO] [stdout]    --> examples/ann-sift1m-128-euclidean.rs:129:16
[INFO] [stdout]     |
[INFO] [stdout] 129 |     hnsw: &mut Hnsw<f32, Dist>,
[INFO] [stdout]     |                ^^^^ not found in this scope
[INFO] [stdout] 
[INFO] [stdout] 
[INFO] [stdout] error[E0425]: cannot find type `Neighbour` in this scope
[INFO] [stdout]    --> examples/ann-sift1m-128-euclidean.rs:145:50
[INFO] [stdout]     |
[INFO] [stdout] 145 |     let mut knn_neighbours_for_tests = Vec::<Vec<Neighbour>>::with_capacity(nb_elem);
[INFO] [stdout]     |                                                  ^^^^^^^^^ not found in this scope
[INFO] [stdout]     |
[INFO] [stdout] help: you might be missing a type parameter
[INFO] [stdout]     |
[INFO] [stdout] 128 | pub fn search<Dist, Neighbour>(
[INFO] [stdout]     |                   +++++++++++
[INFO] [stdout] 
[INFO] [stdout] 
[INFO] [stdout] error[E0425]: cannot find type `Neighbour` in this scope
[INFO] [stdout]    --> examples/ann-sift1m-128-euclidean.rs:157:37
[INFO] [stdout]     |
[INFO] [stdout] 157 |             let knn_neighbours: Vec<Neighbour> =
[INFO] [stdout]     |                                     ^^^^^^^^^ not found in this scope
[INFO] [stdout]     |
[INFO] [stdout] help: you might be missing a type parameter
[INFO] [stdout]     |
[INFO] [stdout] 128 | pub fn search<Dist, Neighbour>(
[INFO] [stdout]     |                   +++++++++++
[INFO] [stdout] 
[INFO] [stdout] 
[INFO] [stderr] error: could not compile `frankenhnsw` (example "levenshtein") due to 2 previous errors
[INFO] [stdout] error[E0433]: cannot find type `Hnsw` in this scope
[INFO] [stdout]   --> examples/ann-mnist-784-euclidean.rs:62:20
[INFO] [stdout]    |
[INFO] [stdout] 62 |     let mut hnsw = Hnsw::<f32, DistL2>::new(max_nb_connection, nb_elem, nb_layer, ef_c, DistL2 {});
[INFO] [stdout]    |                    ^^^^ use of undeclared type `Hnsw`
[INFO] [stdout] 
[INFO] [stdout] 
[INFO] [stdout] error[E0433]: cannot find type `Hnsw` in this scope
[INFO] [stdout]   --> examples/ann-sift1m-128-euclidean.rs:83:20
[INFO] [stdout]    |
[INFO] [stdout] 83 |     let mut hnsw = Hnsw::<f32, DistL2>::new(max_nb_connection, nb_elem, nb_layer, ef_c, DistL2 {});
[INFO] [stdout]    |                    ^^^^ use of undeclared type `Hnsw`
[INFO] [stdout] 
[INFO] [stdout] 
[INFO] [stdout] error[E0425]: cannot find type `Neighbour` in this scope
[INFO] [stdout]   --> tests/equality.rs:28:28
[INFO] [stdout]    |
[INFO] [stdout] 28 |     data_neighbours: &[Vec<Neighbour>],
[INFO] [stdout]    |                            ^^^^^^^^^ not found in this scope
[INFO] [stdout]    |
[INFO] [stdout] help: you might be missing a type parameter
[INFO] [stdout]    |
[INFO] [stdout] 26 | fn report_search_results<Neighbour>(
[INFO] [stdout]    |                         +++++++++++
[INFO] [stdout] 
[INFO] [stdout] 
[INFO] [stdout] error[E0433]: cannot find type `Hnsw` in this scope
[INFO] [stdout]    --> examples/ann-glove25-angular.rs:108:9
[INFO] [stdout]     |
[INFO] [stdout] 108 |         Hnsw::<f32, DistDot>::new(max_nb_connection, nb_elem, nb_layer, ef_c, DistDot {});
[INFO] [stdout]     |         ^^^^ use of undeclared type `Hnsw`
[INFO] [stdout] 
[INFO] [stdout] 
[INFO] [stdout] error[E0433]: cannot find type `Hnsw` in this scope
[INFO] [stdout]    --> tests/equality.rs:121:9
[INFO] [stdout]     |
[INFO] [stdout] 121 |         Hnsw::<f32, DistL1>::new(nb_connection, nbdata, max_layer, ef_construct, DistL1 {});
[INFO] [stdout]     |         ^^^^ use of undeclared type `Hnsw`
[INFO] [stdout] 
[INFO] [stdout] 
[INFO] [stdout] error[E0433]: cannot find type `Hnsw` in this scope
[INFO] [stdout]    --> tests/equality.rs:139:9
[INFO] [stdout]     |
[INFO] [stdout] 139 |         Hnsw::<f32, DistL1>::new(nb_connection, nbdata, max_layer, ef_construct, DistL1 {});
[INFO] [stdout]     |         ^^^^ use of undeclared type `Hnsw`
[INFO] [stdout] 
[INFO] [stdout] 
[INFO] [stdout] error[E0433]: cannot find type `Hnsw` in this scope
[INFO] [stdout]    --> tests/equality.rs:199:19
[INFO] [stdout]     |
[INFO] [stdout] 199 |     let mut hns = Hnsw::<f32, DistCosine>::new(
[INFO] [stdout]     |                   ^^^^ use of undeclared type `Hnsw`
[INFO] [stdout] 
[INFO] [stdout] 
[INFO] [stdout] error[E0433]: cannot find type `Hnsw` in this scope
[INFO] [stdout]    --> tests/equality.rs:222:19
[INFO] [stdout]     |
[INFO] [stdout] 222 |     let mut hns = Hnsw::<f32, DistCosine>::new(
[INFO] [stdout]     |                   ^^^^ use of undeclared type `Hnsw`
[INFO] [stdout] 
[INFO] [stdout] 
[INFO] [stdout] error[E0433]: cannot find type `Hnsw` in this scope
[INFO] [stdout]    --> tests/equality.rs:289:15
[INFO] [stdout]     |
[INFO] [stdout] 289 |     let hns = Hnsw::<u32, DistJaccard>::new(
[INFO] [stdout]     |               ^^^^ use of undeclared type `Hnsw`
[INFO] [stdout] 
[INFO] [stdout] 
[INFO] [stdout] error[E0433]: cannot find type `Hnsw` in this scope
[INFO] [stdout]    --> tests/equality.rs:311:15
[INFO] [stdout]     |
[INFO] [stdout] 311 |     let hns = Hnsw::<u32, DistJaccard>::new(
[INFO] [stdout]     |               ^^^^ use of undeclared type `Hnsw`
[INFO] [stdout] 
[INFO] [stdout] 
[INFO] [stdout] Some errors have detailed explanations: E0425, E0433.
[INFO] [stdout] 
[INFO] [stdout] For more information about an error, try `rustc --explain E0425`.
[INFO] [stdout] 
[INFO] [stderr] error: could not compile `frankenhnsw` (test "equality") due to 8 previous errors
[INFO] [stdout] error[E0425]: cannot find type `Hnsw` in this scope
[INFO] [stdout]   --> tests/filtertest.rs:30:11
[INFO] [stdout]    |
[INFO] [stdout] 30 |     hns: &Hnsw<u16, DistLevenshtein>,
[INFO] [stdout]    |           ^^^^ not found in this scope
[INFO] [stdout] 
[INFO] [stdout] 
[INFO] [stdout] error[E0425]: cannot find type `Neighbour` in this scope
[INFO] [stdout]    --> tests/filtertest.rs:112:18
[INFO] [stdout]     |
[INFO] [stdout] 112 |     let res: Vec<Neighbour> = filtered_hns.search(&vec, knbn, ef_search);
[INFO] [stdout]     |                  ^^^^^^^^^ not found in this scope
[INFO] [stdout]     |
[INFO] [stdout] help: you might be missing a type parameter
[INFO] [stdout]     |
[INFO] [stdout]  54 | fn filter_levenstein<Neighbour>() {
[INFO] [stdout]     |                     +++++++++++
[INFO] [stdout] 
[INFO] [stdout] 
[INFO] [stdout] error[E0425]: cannot find type `Neighbour` in this scope
[INFO] [stdout]    --> tests/filtertest.rs:200:18
[INFO] [stdout]     |
[INFO] [stdout] 200 |     let res: Vec<Neighbour> = filtered_hns.search(&vec_tosearch, knbn, ef_search);
[INFO] [stdout]     |                  ^^^^^^^^^ not found in this scope
[INFO] [stdout]     |
[INFO] [stdout] help: you might be missing a type parameter
[INFO] [stdout]     |
[INFO] [stdout] 154 | fn filter_l2<Neighbour>() {
[INFO] [stdout]     |             +++++++++++
[INFO] [stdout] 
[INFO] [stdout] 
[INFO] [stdout] error[E0425]: cannot find type `PointIdWithOrder` in this scope
[INFO] [stdout]   --> tests/serpar.rs:18:17
[INFO] [stdout]    |
[INFO] [stdout] 18 | impl Comparator<PointIdWithOrder> for CompareByDist {
[INFO] [stdout]    |                 ^^^^^^^^^^^^^^^^ not found in this scope
[INFO] [stdout]    |
[INFO] [stdout] help: you might be missing a type parameter
[INFO] [stdout]    |
[INFO] [stdout] 18 | impl<PointIdWithOrder> Comparator<PointIdWithOrder> for CompareByDist {
[INFO] [stdout]    |     ++++++++++++++++++
[INFO] [stdout] 
[INFO] [stdout] 
[INFO] [stdout] error[E0425]: cannot find type `PointIdWithOrder` in this scope
[INFO] [stdout]   --> tests/serpar.rs:19:28
[INFO] [stdout]    |
[INFO] [stdout] 19 |     fn compare(&self, p1: &PointIdWithOrder, p2: &PointIdWithOrder) -> std::cmp::Ordering {
[INFO] [stdout]    |                            ^^^^^^^^^^^^^^^^ not found in this scope
[INFO] [stdout] 
[INFO] [stdout] 
[INFO] [stdout] error[E0425]: cannot find type `PointIdWithOrder` in this scope
[INFO] [stdout]   --> tests/serpar.rs:19:51
[INFO] [stdout]    |
[INFO] [stdout] 19 |     fn compare(&self, p1: &PointIdWithOrder, p2: &PointIdWithOrder) -> std::cmp::Ordering {
[INFO] [stdout]    |                                                   ^^^^^^^^^^^^^^^^ not found in this scope
[INFO] [stdout] 
[INFO] [stdout] 
[INFO] [stdout] error[E0425]: cannot find type `PointIndexation` in this scope
[INFO] [stdout]   --> tests/serpar.rs:44:15
[INFO] [stdout]    |
[INFO] [stdout] 44 |     refdata: &PointIndexation<T>,
[INFO] [stdout]    |               ^^^^^^^^^^^^^^^ not found in this scope
[INFO] [stdout] 
[INFO] [stdout] 
[INFO] [stdout] error[E0425]: cannot find type `PointDistance` in this scope
[INFO] [stdout]   --> tests/serpar.rs:45:15
[INFO] [stdout]    |
[INFO] [stdout] 45 |     distance: PointDistance<T>,
[INFO] [stdout]    |               ^^^^^^^^^^^^^ not found in this scope
[INFO] [stdout] 
[INFO] [stdout] 
[INFO] [stdout] error[E0425]: cannot find type `PointIdWithOrder` in this scope
[INFO] [stdout]   --> tests/serpar.rs:47:22
[INFO] [stdout]    |
[INFO] [stdout] 47 | ) -> OrderedSkipList<PointIdWithOrder, 16, CompareByDist> {
[INFO] [stdout]    |                      ^^^^^^^^^^^^^^^^ not found in this scope
[INFO] [stdout]    |
[INFO] [stdout] help: you might be missing a type parameter
[INFO] [stdout]    |
[INFO] [stdout] 42 | fn brute_force_neighbours<T: Serialize + DeserializeOwned + Copy + Send + Sync, PointIdWithOrder>(
[INFO] [stdout]    |                                                                               ++++++++++++++++++
[INFO] [stdout] 
[INFO] [stdout] 
[INFO] [stdout] error[E0425]: cannot find type `PointIdWithOrder` in this scope
[INFO] [stdout]   --> tests/serpar.rs:49:41
[INFO] [stdout]    |
[INFO] [stdout] 49 |     let mut neighbours: OrderedSkipList<PointIdWithOrder, 16, CompareByDist> =
[INFO] [stdout]    |                                         ^^^^^^^^^^^^^^^^ not found in this scope
[INFO] [stdout]    |
[INFO] [stdout] help: you might be missing a type parameter
[INFO] [stdout]    |
[INFO] [stdout] 42 | fn brute_force_neighbours<T: Serialize + DeserializeOwned + Copy + Send + Sync, PointIdWithOrder>(
[INFO] [stdout]    |                                                                               ++++++++++++++++++
[INFO] [stdout] 
[INFO] [stdout] 
[INFO] [stdout] error[E0425]: cannot find type `PointIdWithOrder` in this scope
[INFO] [stdout]   --> tests/serpar.rs:50:27
[INFO] [stdout]    |
[INFO] [stdout] 50 |         OrderedSkipList::<PointIdWithOrder, 16, CompareByDist>::with_comparator(CompareByDist {});
[INFO] [stdout]    |                           ^^^^^^^^^^^^^^^^ not found in this scope
[INFO] [stdout]    |
[INFO] [stdout] help: you might be missing a type parameter
[INFO] [stdout]    |
[INFO] [stdout] 42 | fn brute_force_neighbours<T: Serialize + DeserializeOwned + Copy + Send + Sync, PointIdWithOrder>(
[INFO] [stdout]    |                                                                               ++++++++++++++++++
[INFO] [stdout] 
[INFO] [stdout] 
[INFO] [stdout] error[E0425]: cannot find type `PointId` in this scope
[INFO] [stdout]    --> tests/serpar.rs:307:44
[INFO] [stdout]     |
[INFO] [stdout] 307 |             let mut knn_neighbours_id: Vec<PointId> =
[INFO] [stdout]     |                                            ^^^^^^^ not found in this scope
[INFO] [stdout]     |
[INFO] [stdout] help: you might be missing a type parameter
[INFO] [stdout]     |
[INFO] [stdout] 201 |     fn test_parallel<PointId>() {
[INFO] [stdout]     |                     +++++++++
[INFO] [stdout] 
[INFO] [stdout] 
[INFO] [stdout] Some errors have detailed explanations: E0425, E0433.
[INFO] [stdout] 
[INFO] [stdout] For more information about an error, try `rustc --explain E0425`.
[INFO] [stdout] 
[INFO] [stdout] Some errors have detailed explanations: E0425, E0433.
[INFO] [stdout] 
[INFO] [stdout] For more information about an error, try `rustc --explain E0425`.
[INFO] [stdout] 
[INFO] [stdout] error[E0433]: cannot find type `Hnsw` in this scope
[INFO] [stdout]   --> tests/filtertest.rs:59:15
[INFO] [stdout]    |
[INFO] [stdout] 59 |     let hns = Hnsw::<u16, DistLevenshtein>::new(
[INFO] [stdout]    |               ^^^^ use of undeclared type `Hnsw`
[INFO] [stdout] 
[INFO] [stdout] 
[INFO] [stdout] error[E0433]: cannot find type `Hnsw` in this scope
[INFO] [stdout]   --> tests/filtertest.rs:81:24
[INFO] [stdout]    |
[INFO] [stdout] 81 |     let filtered_hns = Hnsw::<u16, DistLevenshtein>::new(
[INFO] [stdout]    |                        ^^^^ use of undeclared type `Hnsw`
[INFO] [stdout] 
[INFO] [stdout] 
[INFO] [stdout] Some errors have detailed explanations: E0425, E0433.
[INFO] [stdout] 
[INFO] [stdout] For more information about an error, try `rustc --explain E0425`.
[INFO] [stdout] 
[INFO] [stderr] error: could not compile `frankenhnsw` (example "ann-sift1m") due to 5 previous errors
[INFO] [stderr] error: could not compile `frankenhnsw` (example "ann-glove") due to 5 previous errors
[INFO] [stderr] error: could not compile `frankenhnsw` (example "ann-mnist") due to 4 previous errors
[INFO] [stdout] error[E0433]: cannot find type `Hnsw` in this scope
[INFO] [stdout]    --> tests/filtertest.rs:173:16
[INFO] [stdout]     |
[INFO] [stdout] 173 |     let hnsw = Hnsw::<f32, DistL2>::new(max_nb_connection, nb_elem, nb_layer, ef_c, DistL2 {});
[INFO] [stdout]     |                ^^^^ use of undeclared type `Hnsw`
[INFO] [stdout] 
[INFO] [stdout] 
[INFO] [stdout] error[E0433]: cannot find type `Hnsw` in this scope
[INFO] [stdout]    --> tests/filtertest.rs:186:9
[INFO] [stdout]     |
[INFO] [stdout] 186 |         Hnsw::<f32, DistL2>::new(max_nb_connection, nb_elem, nb_layer, ef_c, DistL2 {});
[INFO] [stdout]     |         ^^^^ use of undeclared type `Hnsw`
[INFO] [stdout] 
[INFO] [stdout] 
[INFO] [stdout] error[E0689]: can't call method `abs` on ambiguous numeric type `{float}`
[INFO] [stdout]    --> tests/filtertest.rs:209:56
[INFO] [stdout]     |
[INFO] [stdout] 209 |             assert!((1. - n.distance / found.distance).abs() < 1.0e-5);
[INFO] [stdout]     |                                                        ^^^
[INFO] [stdout] 
[INFO] [stdout] 
[INFO] [stdout] error[E0433]: cannot find type `Hnsw` in this scope
[INFO] [stdout]    --> tests/filtertest.rs:228:20
[INFO] [stdout]     |
[INFO] [stdout] 228 |     let mut hnsw = Hnsw::<f64, DistL2>::new(4, grid_size * grid_size, 16, 100, DistL2);
[INFO] [stdout]     |                    ^^^^ use of undeclared type `Hnsw`
[INFO] [stdout] 
[INFO] [stdout] 
[INFO] [stdout] error[E0433]: cannot find type `PointIdWithOrder` in this scope
[INFO] [stdout]   --> tests/serpar.rs:57:33
[INFO] [stdout]    |
[INFO] [stdout] 57 |             let ordered_point = PointIdWithOrder::new(point.get_point_id(), dist_p);
[INFO] [stdout]    |                                 ^^^^^^^^^^^^^^^^ use of undeclared type `PointIdWithOrder`
[INFO] [stdout] 
[INFO] [stdout] 
[INFO] [stdout] error[E0433]: cannot find type `Hnsw` in this scope
[INFO] [stdout]   --> tests/serpar.rs:99:23
[INFO] [stdout]    |
[INFO] [stdout] 99 |         let mut hns = Hnsw::<f32, dist::DistL1>::new(
[INFO] [stdout]    |                       ^^^^ use of undeclared type `Hnsw`
[INFO] [stdout] 
[INFO] [stdout] 
[INFO] [stdout] error[E0433]: cannot find type `Hnsw` in this scope
[INFO] [stdout]    --> tests/serpar.rs:217:23
[INFO] [stdout]     |
[INFO] [stdout] 217 |         let mut hns = Hnsw::<f32, dist::DistDot>::new(
[INFO] [stdout]     |                       ^^^^ use of undeclared type `Hnsw`
[INFO] [stdout] 
[INFO] [stdout] 
[INFO] [stdout] Some errors have detailed explanations: E0425, E0433, E0689.
[INFO] [stdout] 
[INFO] [stdout] For more information about an error, try `rustc --explain E0425`.
[INFO] [stdout] 
[INFO] [stderr] error: could not compile `frankenhnsw` (test "filtertest") due to 10 previous errors
[INFO] [stdout] Some errors have detailed explanations: E0425, E0433.
[INFO] [stdout] 
[INFO] [stdout] For more information about an error, try `rustc --explain E0425`.
[INFO] [stdout] 
[INFO] [stderr] error: could not compile `frankenhnsw` (test "serpar") due to 13 previous errors
[INFO] running `Command { std: "docker" "inspect" "23f24bd4aabc88379a94c8e8a19c5f853829bf20bee69a934cc4d19580320a2f", kill_on_drop: false }`
[INFO] running `Command { std: "docker" "rm" "-f" "23f24bd4aabc88379a94c8e8a19c5f853829bf20bee69a934cc4d19580320a2f", kill_on_drop: false }`
[INFO] [stdout] 23f24bd4aabc88379a94c8e8a19c5f853829bf20bee69a934cc4d19580320a2f
