[INFO] fetching crate fpp_analysis 3.4.0...
[INFO] testing fpp_analysis-3.4.0 against 1.99.0-beta.8+cargoflags=--release for beta-release-1.100-2
[INFO] extracting crate fpp_analysis 3.4.0 into /workspace/builds/worker-4-tc1/source
[INFO] started tweaking crates.io crate fpp_analysis 3.4.0
[INFO] removed 0 missing tests
[INFO] finished tweaking crates.io crate fpp_analysis 3.4.0
[INFO] tweaked toml for crates.io crate fpp_analysis 3.4.0 written to /workspace/builds/worker-4-tc1/source/Cargo.toml
[INFO] validating manifest of crates.io crate fpp_analysis 3.4.0 on toolchain 1.99.0-beta.8
[INFO] running `Command { std: CARGO_HOME="/workspace/cargo-home" RUSTUP_HOME="/workspace/rustup-home" "/workspace/cargo-home/bin/cargo" "+1.99.0-beta.8" "metadata" "--manifest-path" "Cargo.toml" "--no-deps", kill_on_drop: false }`
[INFO] crate crates.io crate fpp_analysis 3.4.0 already has a lockfile, it will not be regenerated
[INFO] running `Command { std: CARGO_HOME="/workspace/cargo-home" RUSTUP_HOME="/workspace/rustup-home" "/workspace/cargo-home/bin/cargo" "+1.99.0-beta.8" "fetch" "--manifest-path" "Cargo.toml", kill_on_drop: false }`
[INFO] [stderr]     Updating crates.io index
[INFO] [stderr]  Downloading crates ...
[INFO] [stderr]   Downloaded fpp_lexer v3.4.0
[INFO] [stderr]   Downloaded fpp_util v3.4.0
[INFO] [stderr]   Downloaded fpp_parser v3.4.0
[INFO] [stderr]   Downloaded fpp_ast v3.4.0
[INFO] [stderr]   Downloaded fpp_core v3.4.0
[INFO] [stderr]   Downloaded fpp_macros v3.4.0
[INFO] running `Command { std: "docker" "create" "-v" "/var/lib/crater-agent-workspace/builds/worker-4-tc1/source:/opt/rustwide/workdir:ro,Z" "-v" "/var/lib/crater-agent-workspace/builds/worker-4-tc1/target:/opt/rustwide/target:rw,Z" "-v" "/var/lib/crater-agent-workspace/cargo-home:/opt/rustwide/cargo-home:ro,Z" "-v" "/var/lib/crater-agent-workspace/rustup-home:/opt/rustwide/rustup-home:ro,Z" "-m" "1610612736" "--network" "none" "ghcr.io/rust-lang/crates-build-env/linux@sha256:77db811e55d90add9212f6832c23229e3de5f1c1f9905e8cb07319ea15df73ac" "sleep" "infinity", kill_on_drop: false }`
[INFO] [stdout] 3e2f80032a668d8cd6f7e09b44500142ee2dc0938323e884bddd3e5e9f82de03
[INFO] running `Command { std: "docker" "start" "3e2f80032a668d8cd6f7e09b44500142ee2dc0938323e884bddd3e5e9f82de03", kill_on_drop: false }`
[INFO] running `Command { std: "docker" "inspect" "3e2f80032a668d8cd6f7e09b44500142ee2dc0938323e884bddd3e5e9f82de03", kill_on_drop: false }`
[INFO] running `Command { std: "docker" "exec" "-e" "SOURCE_DIR=/opt/rustwide/workdir" "-e" "CARGO_HOME=/opt/rustwide/cargo-home" "-e" "RUSTUP_HOME=/opt/rustwide/rustup-home" "-e" "CARGO_TARGET_DIR=/opt/rustwide/target" "-w" "/opt/rustwide/workdir" "--user" "0:0" "3e2f80032a668d8cd6f7e09b44500142ee2dc0938323e884bddd3e5e9f82de03" "/opt/rustwide/cargo-home/bin/cargo" "+1.99.0-beta.8" "metadata" "--no-deps" "--format-version=1", kill_on_drop: false }`
[INFO] running `Command { std: "docker" "inspect" "3e2f80032a668d8cd6f7e09b44500142ee2dc0938323e884bddd3e5e9f82de03", kill_on_drop: false }`
[INFO] running `Command { std: "docker" "exec" "-e" "SOURCE_DIR=/opt/rustwide/workdir" "-e" "CARGO_HOME=/opt/rustwide/cargo-home" "-e" "RUSTUP_HOME=/opt/rustwide/rustup-home" "-e" "CARGO_TARGET_DIR=/opt/rustwide/target" "-e" "CARGO_INCREMENTAL=0" "-e" "RUST_BACKTRACE=full" "-e" "RUSTFLAGS=--cap-lints=warn" "-e" "RUSTDOCFLAGS=--cap-lints=warn" "-w" "/opt/rustwide/workdir" "--user" "0:0" "3e2f80032a668d8cd6f7e09b44500142ee2dc0938323e884bddd3e5e9f82de03" "/opt/rustwide/cargo-home/bin/cargo" "+1.99.0-beta.8" "build" "--frozen" "--message-format=json" "--release", kill_on_drop: false }`
[INFO] [stderr]    Compiling text-size v1.1.1
[INFO] [stderr]    Compiling nohash-hasher v0.2.0
[INFO] [stderr]    Compiling rustc-hash v2.1.3
[INFO] [stderr]    Compiling fpp_util v3.4.0
[INFO] [stderr]    Compiling fpp_lexer v3.4.0
[INFO] [stderr]    Compiling syn v3.0.6
[INFO] [stderr]    Compiling syn v2.0.119
[INFO] [stderr]    Compiling line-index v0.1.2
[INFO] [stderr]    Compiling fpp_core v3.4.0
[INFO] [stderr]    Compiling serde_derive v1.0.229
[INFO] [stderr]    Compiling synstructure v0.13.2
[INFO] [stderr]    Compiling fpp_macros v3.4.0
[INFO] [stderr]    Compiling serde v1.0.229
[INFO] [stderr]    Compiling fpp_ast v3.4.0
[INFO] [stderr]    Compiling fpp_parser v3.4.0
[INFO] [stderr]    Compiling fpp_analysis v3.4.0 (/opt/rustwide/workdir)
[INFO] [stderr]     Finished `release` profile [optimized] target(s) in 34.76s
[INFO] running `Command { std: "docker" "inspect" "3e2f80032a668d8cd6f7e09b44500142ee2dc0938323e884bddd3e5e9f82de03", kill_on_drop: false }`
[INFO] running `Command { std: "docker" "exec" "-e" "SOURCE_DIR=/opt/rustwide/workdir" "-e" "CARGO_HOME=/opt/rustwide/cargo-home" "-e" "RUSTUP_HOME=/opt/rustwide/rustup-home" "-e" "CARGO_TARGET_DIR=/opt/rustwide/target" "-e" "CARGO_INCREMENTAL=0" "-e" "RUST_BACKTRACE=full" "-e" "RUSTFLAGS=--cap-lints=warn" "-e" "RUSTDOCFLAGS=--cap-lints=warn" "-w" "/opt/rustwide/workdir" "--user" "0:0" "3e2f80032a668d8cd6f7e09b44500142ee2dc0938323e884bddd3e5e9f82de03" "/opt/rustwide/cargo-home/bin/cargo" "+1.99.0-beta.8" "test" "--frozen" "--no-run" "--message-format=json" "--release", kill_on_drop: false }`
[INFO] [stderr]    Compiling fpp_analysis v3.4.0 (/opt/rustwide/workdir)
[INFO] [stdout] error[E0433]: cannot find module or crate `fpp_errors` in this scope
[INFO] [stdout]   --> tests/semantics.rs:20:50
[INFO] [stdout]    |
[INFO] [stdout] 20 |     let mut ctx = fpp_core::CompilerContext::new(fpp_errors::WriteEmitter::new(&mut diagnostics));
[INFO] [stdout]    |                                                  ^^^^^^^^^^ use of unresolved module or unlinked crate `fpp_errors`
[INFO] [stdout]    |
[INFO] [stdout]    = help: if you wanted to use a crate named `fpp_errors`, use `cargo add fpp_errors` to add it to your `Cargo.toml`
[INFO] [stdout] 
[INFO] [stdout] 
[INFO] [stdout] For more information about this error, try `rustc --explain E0433`.
[INFO] [stdout] 
[INFO] [stderr] error: could not compile `fpp_analysis` (test "semantics") due to 1 previous error
[INFO] [stderr] warning: build failed, waiting for other jobs to finish...
[INFO] [stdout] error[E0433]: cannot find module or crate `fpp_errors` in this scope
[INFO] [stdout]    --> src/passes/compute_dependencies/mod.rs:111:44
[INFO] [stdout]     |
[INFO] [stdout] 111 |             fpp_core::CompilerContext::new(fpp_errors::WriteEmitter::new(&mut diagnostics));
[INFO] [stdout]     |                                            ^^^^^^^^^^ use of unresolved module or unlinked crate `fpp_errors`
[INFO] [stdout]     |
[INFO] [stdout]     = help: if you wanted to use a crate named `fpp_errors`, use `cargo add fpp_errors` to add it to your `Cargo.toml`
[INFO] [stdout] 
[INFO] [stdout] 
[INFO] [stdout] error[E0433]: cannot find module or crate `fpp_errors` in this scope
[INFO] [stdout]    --> src/passes/compute_dependencies/mod.rs:150:44
[INFO] [stdout]     |
[INFO] [stdout] 150 |             fpp_core::CompilerContext::new(fpp_errors::WriteEmitter::new(&mut diagnostics));
[INFO] [stdout]     |                                            ^^^^^^^^^^ use of unresolved module or unlinked crate `fpp_errors`
[INFO] [stdout]     |
[INFO] [stdout]     = help: if you wanted to use a crate named `fpp_errors`, use `cargo add fpp_errors` to add it to your `Cargo.toml`
[INFO] [stdout] 
[INFO] [stdout] 
[INFO] [stdout] error[E0433]: cannot find module or crate `fpp_errors` in this scope
[INFO] [stdout]    --> src/passes/compute_dependencies/mod.rs:175:44
[INFO] [stdout]     |
[INFO] [stdout] 175 |             fpp_core::CompilerContext::new(fpp_errors::WriteEmitter::new(&mut diagnostics));
[INFO] [stdout]     |                                            ^^^^^^^^^^ use of unresolved module or unlinked crate `fpp_errors`
[INFO] [stdout]     |
[INFO] [stdout]     = help: if you wanted to use a crate named `fpp_errors`, use `cargo add fpp_errors` to add it to your `Cargo.toml`
[INFO] [stdout] 
[INFO] [stdout] 
[INFO] [stdout] error[E0433]: cannot find module or crate `fpp_errors` in this scope
[INFO] [stdout]    --> src/passes/compute_dependencies/mod.rs:210:44
[INFO] [stdout]     |
[INFO] [stdout] 210 |             fpp_core::CompilerContext::new(fpp_errors::WriteEmitter::new(&mut diagnostics));
[INFO] [stdout]     |                                            ^^^^^^^^^^ use of unresolved module or unlinked crate `fpp_errors`
[INFO] [stdout]     |
[INFO] [stdout]     = help: if you wanted to use a crate named `fpp_errors`, use `cargo add fpp_errors` to add it to your `Cargo.toml`
[INFO] [stdout] 
[INFO] [stdout] 
[INFO] [stdout] error[E0433]: cannot find module or crate `fpp_errors` in this scope
[INFO] [stdout]     --> src/semantics/interface.rs:1072:44
[INFO] [stdout]      |
[INFO] [stdout] 1072 |             fpp_core::CompilerContext::new(fpp_errors::WriteEmitter::new(&mut diagnostics));
[INFO] [stdout]      |                                            ^^^^^^^^^^ use of unresolved module or unlinked crate `fpp_errors`
[INFO] [stdout]      |
[INFO] [stdout]      = help: if you wanted to use a crate named `fpp_errors`, use `cargo add fpp_errors` to add it to your `Cargo.toml`
[INFO] [stdout] 
[INFO] [stdout] 
[INFO] [stdout] error[E0433]: cannot find module or crate `fpp_errors` in this scope
[INFO] [stdout]     --> src/semantics/interface.rs:1244:44
[INFO] [stdout]      |
[INFO] [stdout] 1244 |             fpp_core::CompilerContext::new(fpp_errors::WriteEmitter::new(&mut diagnostics));
[INFO] [stdout]      |                                            ^^^^^^^^^^ use of unresolved module or unlinked crate `fpp_errors`
[INFO] [stdout]      |
[INFO] [stdout]      = help: if you wanted to use a crate named `fpp_errors`, use `cargo add fpp_errors` to add it to your `Cargo.toml`
[INFO] [stdout] 
[INFO] [stdout] 
[INFO] [stdout] error[E0433]: cannot find module or crate `fpp_errors` in this scope
[INFO] [stdout]     --> src/semantics/component.rs:1177:44
[INFO] [stdout]      |
[INFO] [stdout] 1177 |             fpp_core::CompilerContext::new(fpp_errors::WriteEmitter::new(&mut diagnostics));
[INFO] [stdout]      |                                            ^^^^^^^^^^ use of unresolved module or unlinked crate `fpp_errors`
[INFO] [stdout]      |
[INFO] [stdout]      = help: if you wanted to use a crate named `fpp_errors`, use `cargo add fpp_errors` to add it to your `Cargo.toml`
[INFO] [stdout] 
[INFO] [stdout] 
[INFO] [stdout] error[E0433]: cannot find module or crate `fpp_errors` in this scope
[INFO] [stdout]    --> src/semantics/component_instance.rs:316:44
[INFO] [stdout]     |
[INFO] [stdout] 316 |         let mut ctx = CompilerContext::new(fpp_errors::WriteEmitter::new(&mut buf));
[INFO] [stdout]     |                                            ^^^^^^^^^^ use of unresolved module or unlinked crate `fpp_errors`
[INFO] [stdout]     |
[INFO] [stdout]     = help: if you wanted to use a crate named `fpp_errors`, use `cargo add fpp_errors` to add it to your `Cargo.toml`
[INFO] [stdout] 
[INFO] [stdout] 
[INFO] [stdout] error[E0433]: cannot find module or crate `fpp_errors` in this scope
[INFO] [stdout]    --> src/semantics/topology.rs:522:44
[INFO] [stdout]     |
[INFO] [stdout] 522 |             fpp_core::CompilerContext::new(fpp_errors::WriteEmitter::new(&mut diagnostics));
[INFO] [stdout]     |                                            ^^^^^^^^^^ use of unresolved module or unlinked crate `fpp_errors`
[INFO] [stdout]     |
[INFO] [stdout]     = help: if you wanted to use a crate named `fpp_errors`, use `cargo add fpp_errors` to add it to your `Cargo.toml`
[INFO] [stdout] 
[INFO] [stdout] 
[INFO] [stdout] error[E0433]: cannot find module or crate `fpp_errors` in this scope
[INFO] [stdout]    --> src/semantics/dictionary.rs:267:44
[INFO] [stdout]     |
[INFO] [stdout] 267 |             fpp_core::CompilerContext::new(fpp_errors::WriteEmitter::new(&mut diagnostics));
[INFO] [stdout]     |                                            ^^^^^^^^^^ use of unresolved module or unlinked crate `fpp_errors`
[INFO] [stdout]     |
[INFO] [stdout]     = help: if you wanted to use a crate named `fpp_errors`, use `cargo add fpp_errors` to add it to your `Cargo.toml`
[INFO] [stdout] 
[INFO] [stdout] 
[INFO] [stdout] error[E0433]: cannot find module or crate `fpp_errors` in this scope
[INFO] [stdout]    --> src/semantics/types.rs:931:54
[INFO] [stdout]     |
[INFO] [stdout] 931 |         let mut ctx = fpp_core::CompilerContext::new(fpp_errors::WriteEmitter::new(&mut buf));
[INFO] [stdout]     |                                                      ^^^^^^^^^^ use of unresolved module or unlinked crate `fpp_errors`
[INFO] [stdout]     |
[INFO] [stdout]     = help: if you wanted to use a crate named `fpp_errors`, use `cargo add fpp_errors` to add it to your `Cargo.toml`
[INFO] [stdout] 
[INFO] [stdout] 
[INFO] [stdout] error[E0432]: unresolved import `fpp_fs`
[INFO] [stdout]  --> tests/integration.rs:3:5
[INFO] [stdout]   |
[INFO] [stdout] 3 | use fpp_fs::FsReader;
[INFO] [stdout]   |     ^^^^^^ use of unresolved module or unlinked crate `fpp_fs`
[INFO] [stdout]   |
[INFO] [stdout] help: there is a crate or module with a similar name
[INFO] [stdout]   |
[INFO] [stdout] 3 - use fpp_fs::FsReader;
[INFO] [stdout] 3 + use fpp_ast::FsReader;
[INFO] [stdout]   |
[INFO] [stdout] 
[INFO] [stdout] 
[INFO] [stdout] error[E0433]: cannot find module or crate `fpp_errors` in this scope
[INFO] [stdout]   --> src/semantics/test_helpers.rs:30:50
[INFO] [stdout]    |
[INFO] [stdout] 30 |     let mut ctx = fpp_core::CompilerContext::new(fpp_errors::WriteEmitter::new(&mut buf));
[INFO] [stdout]    |                                                  ^^^^^^^^^^ use of unresolved module or unlinked crate `fpp_errors`
[INFO] [stdout]    |
[INFO] [stdout]    = help: if you wanted to use a crate named `fpp_errors`, use `cargo add fpp_errors` to add it to your `Cargo.toml`
[INFO] [stdout] 
[INFO] [stdout] 
[INFO] [stdout] error[E0433]: cannot find module or crate `fpp_errors` in this scope
[INFO] [stdout]   --> tests/integration.rs:41:40
[INFO] [stdout]    |
[INFO] [stdout] 41 |         fpp_core::CompilerContext::new(fpp_errors::WriteEmitter::new(&mut diagnostics_str));
[INFO] [stdout]    |                                        ^^^^^^^^^^ use of unresolved module or unlinked crate `fpp_errors`
[INFO] [stdout]    |
[INFO] [stdout]    = help: if you wanted to use a crate named `fpp_errors`, use `cargo add fpp_errors` to add it to your `Cargo.toml`
[INFO] [stdout] 
[INFO] [stdout] 
[INFO] [stdout] error[E0433]: cannot find module or crate `fpp_errors` in this scope
[INFO] [stdout]    --> src/semantics/type_spec.rs:830:50
[INFO] [stdout]     |
[INFO] [stdout] 830 |     let mut ctx = fpp_core::CompilerContext::new(fpp_errors::WriteEmitter::new(&mut diagnostics));
[INFO] [stdout]     |                                                  ^^^^^^^^^^ use of unresolved module or unlinked crate `fpp_errors`
[INFO] [stdout]     |
[INFO] [stdout]     = help: if you wanted to use a crate named `fpp_errors`, use `cargo add fpp_errors` to add it to your `Cargo.toml`
[INFO] [stdout] 
[INFO] [stdout] 
[INFO] [stdout] Some errors have detailed explanations: E0432, E0433.
[INFO] [stdout] 
[INFO] [stdout] For more information about an error, try `rustc --explain E0432`.
[INFO] [stdout] 
[INFO] [stderr] error: could not compile `fpp_analysis` (test "integration") due to 2 previous errors
[INFO] [stdout] For more information about this error, try `rustc --explain E0433`.
[INFO] [stdout] 
[INFO] [stderr] error: could not compile `fpp_analysis` (lib test) due to 13 previous errors
[INFO] running `Command { std: "docker" "inspect" "3e2f80032a668d8cd6f7e09b44500142ee2dc0938323e884bddd3e5e9f82de03", kill_on_drop: false }`
[INFO] running `Command { std: "docker" "rm" "-f" "3e2f80032a668d8cd6f7e09b44500142ee2dc0938323e884bddd3e5e9f82de03", kill_on_drop: false }`
[INFO] [stdout] 3e2f80032a668d8cd6f7e09b44500142ee2dc0938323e884bddd3e5e9f82de03
