[INFO] fetching crate foundation_packager 0.1.2...
[INFO] testing foundation_packager-0.1.2 against 1.100.0-beta.1+cargoflags=--release for beta-release-1.100-2
[INFO] extracting crate foundation_packager 0.1.2 into /workspace/builds/worker-7-tc2/source
[INFO] started tweaking crates.io crate foundation_packager 0.1.2
[INFO] finished tweaking crates.io crate foundation_packager 0.1.2
[INFO] tweaked toml for crates.io crate foundation_packager 0.1.2 written to /workspace/builds/worker-7-tc2/source/Cargo.toml
[INFO] validating manifest of crates.io crate foundation_packager 0.1.2 on toolchain 1.100.0-beta.1
[INFO] running `Command { std: CARGO_HOME="/workspace/cargo-home" RUSTUP_HOME="/workspace/rustup-home" "/workspace/cargo-home/bin/cargo" "+1.100.0-beta.1" "metadata" "--manifest-path" "Cargo.toml" "--no-deps", kill_on_drop: false }`
[INFO] crate crates.io crate foundation_packager 0.1.2 already has a lockfile, it will not be regenerated
[INFO] running `Command { std: CARGO_HOME="/workspace/cargo-home" RUSTUP_HOME="/workspace/rustup-home" "/workspace/cargo-home/bin/cargo" "+1.100.0-beta.1" "fetch" "--manifest-path" "Cargo.toml", kill_on_drop: false }`
[INFO] running `Command { std: "docker" "create" "-v" "/var/lib/crater-agent-workspace/builds/worker-7-tc2/source:/opt/rustwide/workdir:ro,Z" "-v" "/var/lib/crater-agent-workspace/builds/worker-7-tc2/target:/opt/rustwide/target:rw,Z" "-v" "/var/lib/crater-agent-workspace/cargo-home:/opt/rustwide/cargo-home:ro,Z" "-v" "/var/lib/crater-agent-workspace/rustup-home:/opt/rustwide/rustup-home:ro,Z" "-m" "1610612736" "--network" "none" "ghcr.io/rust-lang/crates-build-env/linux@sha256:77db811e55d90add9212f6832c23229e3de5f1c1f9905e8cb07319ea15df73ac" "sleep" "infinity", kill_on_drop: false }`
[INFO] [stdout] 7cd0434a958a0ce9d65d0ff8b58d20a01595ce02720e41117b76e291149c79ef
[INFO] running `Command { std: "docker" "start" "7cd0434a958a0ce9d65d0ff8b58d20a01595ce02720e41117b76e291149c79ef", kill_on_drop: false }`
[INFO] running `Command { std: "docker" "inspect" "7cd0434a958a0ce9d65d0ff8b58d20a01595ce02720e41117b76e291149c79ef", kill_on_drop: false }`
[INFO] running `Command { std: "docker" "exec" "-e" "SOURCE_DIR=/opt/rustwide/workdir" "-e" "CARGO_HOME=/opt/rustwide/cargo-home" "-e" "RUSTUP_HOME=/opt/rustwide/rustup-home" "-e" "CARGO_TARGET_DIR=/opt/rustwide/target" "-w" "/opt/rustwide/workdir" "--user" "0:0" "7cd0434a958a0ce9d65d0ff8b58d20a01595ce02720e41117b76e291149c79ef" "/opt/rustwide/cargo-home/bin/cargo" "+1.100.0-beta.1" "metadata" "--no-deps" "--format-version=1", kill_on_drop: false }`
[INFO] running `Command { std: "docker" "inspect" "7cd0434a958a0ce9d65d0ff8b58d20a01595ce02720e41117b76e291149c79ef", kill_on_drop: false }`
[INFO] running `Command { std: "docker" "exec" "-e" "SOURCE_DIR=/opt/rustwide/workdir" "-e" "CARGO_HOME=/opt/rustwide/cargo-home" "-e" "RUSTUP_HOME=/opt/rustwide/rustup-home" "-e" "CARGO_TARGET_DIR=/opt/rustwide/target" "-e" "CARGO_INCREMENTAL=0" "-e" "RUST_BACKTRACE=full" "-e" "RUSTFLAGS=--cap-lints=warn" "-e" "RUSTDOCFLAGS=--cap-lints=warn" "-w" "/opt/rustwide/workdir" "--user" "0:0" "7cd0434a958a0ce9d65d0ff8b58d20a01595ce02720e41117b76e291149c79ef" "/opt/rustwide/cargo-home/bin/cargo" "+1.100.0-beta.1" "build" "--frozen" "--message-format=json" "--release", kill_on_drop: false }`
[INFO] [stderr]    Compiling zerocopy v0.8.55
[INFO] [stderr]    Compiling libc v0.2.189
[INFO] [stderr]    Compiling generic-array v0.14.7
[INFO] [stderr]    Compiling syn v2.0.119
[INFO] [stderr]    Compiling syn v3.0.3
[INFO] [stderr]    Compiling alloc-no-stdlib v2.0.4
[INFO] [stderr]    Compiling proc-macro2 v1.0.107
[INFO] [stderr]    Compiling toml_parser v1.0.2
[INFO] [stderr]    Compiling alloc-stdlib v0.2.4
[INFO] [stderr]    Compiling new_mime_guess v4.0.4
[INFO] [stderr]    Compiling indexmap v2.11.4
[INFO] [stderr]    Compiling crypto-common v0.1.7
[INFO] [stderr]    Compiling block-buffer v0.10.4
[INFO] [stderr]    Compiling toml_datetime v0.7.1
[INFO] [stderr]    Compiling simd-adler32 v0.3.10
[INFO] [stderr]    Compiling adler2 v2.0.1
[INFO] [stderr]    Compiling digest v0.10.7
[INFO] [stderr]    Compiling miniz_oxide v0.8.9
[INFO] [stderr]    Compiling regex-automata v0.4.16
[INFO] [stderr]    Compiling toml_edit v0.23.5
[INFO] [stderr]    Compiling brotli-decompressor v5.0.3
[INFO] [stderr]    Compiling log v0.4.33
[INFO] [stderr]    Compiling crossbeam-utils v0.8.22
[INFO] [stderr]    Compiling thiserror v2.0.19
[INFO] [stderr]    Compiling sha2 v0.10.9
[INFO] [stderr]    Compiling brotli v8.0.4
[INFO] [stderr]    Compiling tracing-log v0.2.0
[INFO] [stderr]    Compiling serde_derive v1.0.229
[INFO] [stderr]    Compiling thiserror-impl v2.0.19
[INFO] [stderr]    Compiling quote v1.0.47
[INFO] [stderr]    Compiling flate2 v1.1.9
[INFO] [stderr]    Compiling matchers v0.2.0
[INFO] [stderr]    Compiling proc-macro-crate v3.4.0
[INFO] [stderr]    Compiling chrono v0.4.45
[INFO] [stderr]    Compiling darling_core v0.20.11
[INFO] [stderr]    Compiling synstructure v0.13.2
[INFO] [stderr]    Compiling darling_core v0.23.0
[INFO] [stderr]    Compiling ppv-lite86 v0.2.21
[INFO] [stderr]    Compiling tracing-attributes v0.1.31
[INFO] [stderr]    Compiling derive_more-impl v2.1.1
[INFO] [stderr]    Compiling serde v1.0.229
[INFO] [stderr]    Compiling serde_spanned v1.0.1
[INFO] [stderr]    Compiling thread_local v1.1.10
[INFO] [stderr]    Compiling foundation_nostd v0.0.5
[INFO] [stderr]    Compiling clap_lex v1.0.1
[INFO] [stderr]    Compiling toml_datetime v0.6.11
[INFO] [stderr]    Compiling serde_spanned v0.6.9
[INFO] [stderr]    Compiling tracing v0.1.44
[INFO] [stderr]    Compiling darling_macro v0.20.11
[INFO] [stderr]    Compiling toml_writer v1.0.2
[INFO] [stderr]    Compiling smallvec v1.15.2
[INFO] [stderr]    Compiling darling v0.20.11
[INFO] [stderr]    Compiling toml_edit v0.22.27
[INFO] [stderr]    Compiling custom_debug_derive v0.6.2
[INFO] [stderr]    Compiling uuid v1.20.0
[INFO] [stderr]    Compiling base85rs v0.1.3
[INFO] [stderr]    Compiling foundation_theme v0.0.2
[INFO] [stderr]    Compiling clap_derive v4.5.61
[INFO] [stderr]    Compiling clap_builder v4.5.61
[INFO] [stderr]    Compiling foundation_macros v0.0.5
[INFO] [stderr]    Compiling custom_debug v0.6.2
[INFO] [stderr]    Compiling tracing-subscriber v0.3.23
[INFO] [stderr]    Compiling darling_macro v0.23.0
[INFO] [stderr]    Compiling toml v0.9.6
[INFO] [stderr]    Compiling zeroize_derive v1.4.3
[INFO] [stderr]    Compiling derive_more v2.1.1
[INFO] [stderr]    Compiling getrandom v0.3.4
[INFO] [stderr]    Compiling foundation_buildtools v0.0.1
[INFO] [stderr]    Compiling leb128 v0.2.7
[INFO] [stderr]    Compiling rand_chacha v0.10.0
[INFO] [stderr]    Compiling foundation_core v0.0.5
[INFO] [stderr]    Compiling rand_core v0.9.5
[INFO] [stderr]    Compiling concurrent-queue v2.5.0
[INFO] [stderr]    Compiling clap v4.5.61
[INFO] [stderr]    Compiling zeroize v1.8.2
[INFO] [stderr]    Compiling darling v0.23.0
[INFO] [stderr]    Compiling fstr v0.2.22
[INFO] [stderr]    Compiling serde_with_macros v3.21.0
[INFO] [stderr]    Compiling foundation_compact v0.2.1
[INFO] [stderr]    Compiling rand_chacha v0.9.0
[INFO] [stderr]    Compiling toml v0.8.23
[INFO] [stderr]    Compiling memo-map v0.3.3
[INFO] [stderr]    Compiling futures-core v0.3.33
[INFO] [stderr]    Compiling minijinja v2.21.0
[INFO] [stderr]    Compiling serde_with v3.21.0
[INFO] [stderr]    Compiling foundation_codegen v0.1.1
[INFO] [stderr]    Compiling cargo_toml v0.20.5
[INFO] [stderr]    Compiling rand v0.9.5
[INFO] [stderr]    Compiling foundation_errstacks v0.0.2
[INFO] [stderr]    Compiling foundation_conditional v0.1.1
[INFO] [stderr]    Compiling foundation_wasm v0.0.4
[INFO] [stderr]    Compiling foundation_packager v0.1.2 (/opt/rustwide/workdir)
[INFO] [stdout] warning: use of deprecated constant `std::usize::MAX`: replaced by the `MAX` associated constant on this type
[INFO] [stdout]    --> src/tinytemplate/template.rs:235:47
[INFO] [stdout]     |
[INFO] [stdout] 235 | ...                   ::std::usize::MAX,
[INFO] [stdout]     |                                     ^^^
[INFO] [stdout]     |
[INFO] [stdout]     = note: `#[warn(deprecated)]` on by default
[INFO] [stdout] 
[INFO] [stdout] 
[INFO] [stderr] warning: unused dependency `foundation_conditional`
[INFO] [stderr]  --> Cargo.toml:8:15
[INFO] [stderr]   |
[INFO] [stderr] 8 | [dependencies.foundation_conditional]
[INFO] [stderr]   |               ^^^^^^^^^^^^^^^^^^^^^^^
[INFO] [stderr]   |
[INFO] [stderr]   = note: `cargo::unused_dependencies` is set to `warn` by default
[INFO] [stderr] help: consider removing the dependency on `foundation_conditional`
[INFO] [stderr] warning: unused dependency `rand`
[INFO] [stderr]   --> Cargo.toml:27:15
[INFO] [stderr]    |
[INFO] [stderr] 27 | [dependencies.rand]
[INFO] [stderr]    |               ^^^^^
[INFO] [stderr]    |
[INFO] [stderr] help: consider removing the dependency on `rand`
[INFO] [stderr] warning: unused dependency `serde_with`
[INFO] [stderr]   --> Cargo.toml:37:15
[INFO] [stderr]    |
[INFO] [stderr] 37 | [dependencies.serde_with]
[INFO] [stderr]    |               ^^^^^^^^^^^
[INFO] [stderr]    |
[INFO] [stderr] help: consider removing the dependency on `serde_with`
[INFO] [stderr] warning: `foundation_packager` (manifest) generated 3 warnings
[INFO] [stderr]     Finished `release` profile [optimized] target(s) in 4m 06s
[INFO] running `Command { std: "docker" "inspect" "7cd0434a958a0ce9d65d0ff8b58d20a01595ce02720e41117b76e291149c79ef", kill_on_drop: false }`
[INFO] running `Command { std: "docker" "exec" "-e" "SOURCE_DIR=/opt/rustwide/workdir" "-e" "CARGO_HOME=/opt/rustwide/cargo-home" "-e" "RUSTUP_HOME=/opt/rustwide/rustup-home" "-e" "CARGO_TARGET_DIR=/opt/rustwide/target" "-e" "CARGO_INCREMENTAL=0" "-e" "RUST_BACKTRACE=full" "-e" "RUSTFLAGS=--cap-lints=warn" "-e" "RUSTDOCFLAGS=--cap-lints=warn" "-w" "/opt/rustwide/workdir" "--user" "0:0" "7cd0434a958a0ce9d65d0ff8b58d20a01595ce02720e41117b76e291149c79ef" "/opt/rustwide/cargo-home/bin/cargo" "+1.100.0-beta.1" "test" "--frozen" "--no-run" "--message-format=json" "--release", kill_on_drop: false }`
[INFO] [stderr]    Compiling tracing-test-macro v0.2.6
[INFO] [stdout] warning: use of deprecated constant `std::usize::MAX`: replaced by the `MAX` associated constant on this type
[INFO] [stdout]    --> src/tinytemplate/template.rs:235:47
[INFO] [stdout]     |
[INFO] [stdout] 235 | ...                   ::std::usize::MAX,
[INFO] [stdout]     |                                     ^^^
[INFO] [stdout]     |
[INFO] [stdout]     = note: `#[warn(deprecated)]` on by default
[INFO] [stdout] 
[INFO] [stdout] 
[INFO] [stderr]    Compiling tracing-test v0.2.6
[INFO] [stderr]    Compiling foundation_packager v0.1.2 (/opt/rustwide/workdir)
[INFO] [stdout] error: proc-macro derive panicked
[INFO] [stdout]    --> src/package.rs:157:14
[INFO] [stdout]     |
[INFO] [stdout] 157 |     #[derive(EmbedDirectoryAs, Default)]
[INFO] [stdout]     |              ^^^^^^^^^^^^^^^^
[INFO] [stdout]     |
[INFO] [stdout]     = help: message: get environment variable: {:first_part}: NotPresent
[INFO] [stdout] 
[INFO] [stdout] 
[INFO] [stdout] error: proc-macro derive panicked
[INFO] [stdout]    --> src/package.rs:817:14
[INFO] [stdout]     |
[INFO] [stdout] 817 |     #[derive(EmbedDirectoryAs, Default)]
[INFO] [stdout]     |              ^^^^^^^^^^^^^^^^
[INFO] [stdout]     |
[INFO] [stdout]     = help: message: get environment variable: {:first_part}: NotPresent
[INFO] [stdout] 
[INFO] [stdout] 
[INFO] [stdout] warning: use of deprecated constant `std::usize::MAX`: replaced by the `MAX` associated constant on this type
[INFO] [stdout]    --> src/tinytemplate/template.rs:235:47
[INFO] [stdout]     |
[INFO] [stdout] 235 | ...                   ::std::usize::MAX,
[INFO] [stdout]     |                                     ^^^
[INFO] [stdout]     |
[INFO] [stdout]     = note: `#[warn(deprecated)]` on by default
[INFO] [stdout] 
[INFO] [stdout] 
[INFO] [stdout] error[E0277]: the trait bound `Directory: EmbeddableDirectory` is not satisfied
[INFO] [stdout]    --> src/package.rs:163:25
[INFO] [stdout]     |
[INFO] [stdout] 163 |         let generator = Directorate::<Directory>::default();
[INFO] [stdout]     |                         ^^^^^^^^^^^^^^^^^^^^^^^^ unsatisfied trait bound
[INFO] [stdout]     |
[INFO] [stdout] help: the trait `EmbeddableDirectory` is not implemented for `Directory`
[INFO] [stdout]    --> src/package.rs:159:5
[INFO] [stdout]     |
[INFO] [stdout] 159 |     struct Directory;
[INFO] [stdout]     |     ^^^^^^^^^^^^^^^^
[INFO] [stdout] note: required by a bound in `package::Directorate`
[INFO] [stdout]    --> src/package.rs:36:27
[INFO] [stdout]     |
[INFO] [stdout]  36 | pub struct Directorate<T: EmbeddableDirectory + Default> {
[INFO] [stdout]     |                           ^^^^^^^^^^^^^^^^^^^ required by this bound in `Directorate`
[INFO] [stdout] 
[INFO] [stdout] 
[INFO] [stdout] error[E0599]: the associated function or constant `default` exists for struct `package::Directorate<Directory>`, but its trait bounds were not satisfied
[INFO] [stdout]    --> src/package.rs:163:51
[INFO] [stdout]     |
[INFO] [stdout]  36 | pub struct Directorate<T: EmbeddableDirectory + Default> {
[INFO] [stdout]     | -------------------------------------------------------- associated function or constant `default` not found for this struct because it doesn't satisfy `package::Directorate<Directory>: Default`
[INFO] [stdout] ...
[INFO] [stdout] 159 |     struct Directory;
[INFO] [stdout]     |     ---------------- doesn't satisfy `Directory: EmbeddableDirectory`
[INFO] [stdout] ...
[INFO] [stdout] 163 |         let generator = Directorate::<Directory>::default();
[INFO] [stdout]     |                                                   ^^^^^^^ associated function or constant cannot be called on `package::Directorate<Directory>` due to unsatisfied trait bounds
[INFO] [stdout]     |
[INFO] [stdout] note: trait bound `Directory: EmbeddableDirectory` was not satisfied
[INFO] [stdout]    --> src/package.rs:40:9
[INFO] [stdout]     |
[INFO] [stdout]  40 | impl<T: EmbeddableDirectory + Default> Default for Directorate<T> {
[INFO] [stdout]     |         ^^^^^^^^^^^^^^^^^^^            -------     --------------
[INFO] [stdout]     |         |
[INFO] [stdout]     |         unsatisfied trait bound introduced here
[INFO] [stdout] note: the trait `EmbeddableDirectory` must be implemented
[INFO] [stdout]    --> /opt/rustwide/cargo-home/registry/src/index.crates.io-1949cf8c6b5b557f/foundation_nostd-0.0.5/src/embeddable.rs:245:1
[INFO] [stdout]     |
[INFO] [stdout] 245 | pub trait EmbeddableDirectory: DirectoryData {
[INFO] [stdout]     | ^^^^^^^^^^^^^^^^^^^^^^^^^^^^^^^^^^^^^^^^^^^^
[INFO] [stdout]     = help: items from traits can only be used if the trait is implemented and in scope
[INFO] [stdout]     = note: the following trait defines an item `default`, perhaps you need to implement it:
[INFO] [stdout]             candidate #1: `Default`
[INFO] [stdout] 
[INFO] [stdout] 
[INFO] [stdout] error[E0277]: the trait bound `Directory: EmbeddableDirectory` is not satisfied
[INFO] [stdout]    --> src/package.rs:169:25
[INFO] [stdout]     |
[INFO] [stdout] 169 |         let generator = Directorate::<Directory>::default();
[INFO] [stdout]     |                         ^^^^^^^^^^^^^^^^^^^^^^^^ unsatisfied trait bound
[INFO] [stdout]     |
[INFO] [stdout] help: the trait `EmbeddableDirectory` is not implemented for `Directory`
[INFO] [stdout]    --> src/package.rs:159:5
[INFO] [stdout]     |
[INFO] [stdout] 159 |     struct Directory;
[INFO] [stdout]     |     ^^^^^^^^^^^^^^^^
[INFO] [stdout] note: required by a bound in `package::Directorate`
[INFO] [stdout]    --> src/package.rs:36:27
[INFO] [stdout]     |
[INFO] [stdout]  36 | pub struct Directorate<T: EmbeddableDirectory + Default> {
[INFO] [stdout]     |                           ^^^^^^^^^^^^^^^^^^^ required by this bound in `Directorate`
[INFO] [stdout] 
[INFO] [stdout] 
[INFO] [stdout] error[E0599]: the associated function or constant `default` exists for struct `package::Directorate<Directory>`, but its trait bounds were not satisfied
[INFO] [stdout]    --> src/package.rs:169:51
[INFO] [stdout]     |
[INFO] [stdout]  36 | pub struct Directorate<T: EmbeddableDirectory + Default> {
[INFO] [stdout]     | -------------------------------------------------------- associated function or constant `default` not found for this struct because it doesn't satisfy `package::Directorate<Directory>: Default`
[INFO] [stdout] ...
[INFO] [stdout] 159 |     struct Directory;
[INFO] [stdout]     |     ---------------- doesn't satisfy `Directory: EmbeddableDirectory`
[INFO] [stdout] ...
[INFO] [stdout] 169 |         let generator = Directorate::<Directory>::default();
[INFO] [stdout]     |                                                   ^^^^^^^ associated function or constant cannot be called on `package::Directorate<Directory>` due to unsatisfied trait bounds
[INFO] [stdout]     |
[INFO] [stdout] note: trait bound `Directory: EmbeddableDirectory` was not satisfied
[INFO] [stdout]    --> src/package.rs:40:9
[INFO] [stdout]     |
[INFO] [stdout]  40 | impl<T: EmbeddableDirectory + Default> Default for Directorate<T> {
[INFO] [stdout]     |         ^^^^^^^^^^^^^^^^^^^            -------     --------------
[INFO] [stdout]     |         |
[INFO] [stdout]     |         unsatisfied trait bound introduced here
[INFO] [stdout] note: the trait `EmbeddableDirectory` must be implemented
[INFO] [stdout]    --> /opt/rustwide/cargo-home/registry/src/index.crates.io-1949cf8c6b5b557f/foundation_nostd-0.0.5/src/embeddable.rs:245:1
[INFO] [stdout]     |
[INFO] [stdout] 245 | pub trait EmbeddableDirectory: DirectoryData {
[INFO] [stdout]     | ^^^^^^^^^^^^^^^^^^^^^^^^^^^^^^^^^^^^^^^^^^^^
[INFO] [stdout]     = help: items from traits can only be used if the trait is implemented and in scope
[INFO] [stdout]     = note: the following trait defines an item `default`, perhaps you need to implement it:
[INFO] [stdout]             candidate #1: `Default`
[INFO] [stdout] 
[INFO] [stdout] 
[INFO] [stdout] error[E0277]: the trait bound `Directory: EmbeddableDirectory` is not satisfied
[INFO] [stdout]    --> src/package.rs:177:25
[INFO] [stdout]     |
[INFO] [stdout] 177 |         let generator = Directorate::<Directory>::default();
[INFO] [stdout]     |                         ^^^^^^^^^^^^^^^^^^^^^^^^ unsatisfied trait bound
[INFO] [stdout]     |
[INFO] [stdout] help: the trait `EmbeddableDirectory` is not implemented for `Directory`
[INFO] [stdout]    --> src/package.rs:159:5
[INFO] [stdout]     |
[INFO] [stdout] 159 |     struct Directory;
[INFO] [stdout]     |     ^^^^^^^^^^^^^^^^
[INFO] [stdout] note: required by a bound in `package::Directorate`
[INFO] [stdout]    --> src/package.rs:36:27
[INFO] [stdout]     |
[INFO] [stdout]  36 | pub struct Directorate<T: EmbeddableDirectory + Default> {
[INFO] [stdout]     |                           ^^^^^^^^^^^^^^^^^^^ required by this bound in `Directorate`
[INFO] [stdout] 
[INFO] [stdout] 
[INFO] [stdout] error[E0599]: the associated function or constant `default` exists for struct `package::Directorate<Directory>`, but its trait bounds were not satisfied
[INFO] [stdout]    --> src/package.rs:177:51
[INFO] [stdout]     |
[INFO] [stdout]  36 | pub struct Directorate<T: EmbeddableDirectory + Default> {
[INFO] [stdout]     | -------------------------------------------------------- associated function or constant `default` not found for this struct because it doesn't satisfy `package::Directorate<Directory>: Default`
[INFO] [stdout] ...
[INFO] [stdout] 159 |     struct Directory;
[INFO] [stdout]     |     ---------------- doesn't satisfy `Directory: EmbeddableDirectory`
[INFO] [stdout] ...
[INFO] [stdout] 177 |         let generator = Directorate::<Directory>::default();
[INFO] [stdout]     |                                                   ^^^^^^^ associated function or constant cannot be called on `package::Directorate<Directory>` due to unsatisfied trait bounds
[INFO] [stdout]     |
[INFO] [stdout] note: trait bound `Directory: EmbeddableDirectory` was not satisfied
[INFO] [stdout]    --> src/package.rs:40:9
[INFO] [stdout]     |
[INFO] [stdout]  40 | impl<T: EmbeddableDirectory + Default> Default for Directorate<T> {
[INFO] [stdout]     |         ^^^^^^^^^^^^^^^^^^^            -------     --------------
[INFO] [stdout]     |         |
[INFO] [stdout]     |         unsatisfied trait bound introduced here
[INFO] [stdout] note: the trait `EmbeddableDirectory` must be implemented
[INFO] [stdout]    --> /opt/rustwide/cargo-home/registry/src/index.crates.io-1949cf8c6b5b557f/foundation_nostd-0.0.5/src/embeddable.rs:245:1
[INFO] [stdout]     |
[INFO] [stdout] 245 | pub trait EmbeddableDirectory: DirectoryData {
[INFO] [stdout]     | ^^^^^^^^^^^^^^^^^^^^^^^^^^^^^^^^^^^^^^^^^^^^
[INFO] [stdout]     = help: items from traits can only be used if the trait is implemented and in scope
[INFO] [stdout]     = note: the following trait defines an item `default`, perhaps you need to implement it:
[INFO] [stdout]             candidate #1: `Default`
[INFO] [stdout] 
[INFO] [stdout] 
[INFO] [stdout] error[E0277]: the trait bound `Directory: EmbeddableDirectory` is not satisfied
[INFO] [stdout]    --> src/package.rs:188:25
[INFO] [stdout]     |
[INFO] [stdout] 188 |         let generator = Directorate::<Directory>::default();
[INFO] [stdout]     |                         ^^^^^^^^^^^^^^^^^^^^^^^^ unsatisfied trait bound
[INFO] [stdout]     |
[INFO] [stdout] help: the trait `EmbeddableDirectory` is not implemented for `Directory`
[INFO] [stdout]    --> src/package.rs:159:5
[INFO] [stdout]     |
[INFO] [stdout] 159 |     struct Directory;
[INFO] [stdout]     |     ^^^^^^^^^^^^^^^^
[INFO] [stdout] note: required by a bound in `package::Directorate`
[INFO] [stdout]    --> src/package.rs:36:27
[INFO] [stdout]     |
[INFO] [stdout]  36 | pub struct Directorate<T: EmbeddableDirectory + Default> {
[INFO] [stdout]     |                           ^^^^^^^^^^^^^^^^^^^ required by this bound in `Directorate`
[INFO] [stdout] 
[INFO] [stdout] 
[INFO] [stdout] error[E0599]: the associated function or constant `default` exists for struct `package::Directorate<Directory>`, but its trait bounds were not satisfied
[INFO] [stdout]    --> src/package.rs:188:51
[INFO] [stdout]     |
[INFO] [stdout]  36 | pub struct Directorate<T: EmbeddableDirectory + Default> {
[INFO] [stdout]     | -------------------------------------------------------- associated function or constant `default` not found for this struct because it doesn't satisfy `package::Directorate<Directory>: Default`
[INFO] [stdout] ...
[INFO] [stdout] 159 |     struct Directory;
[INFO] [stdout]     |     ---------------- doesn't satisfy `Directory: EmbeddableDirectory`
[INFO] [stdout] ...
[INFO] [stdout] 188 |         let generator = Directorate::<Directory>::default();
[INFO] [stdout]     |                                                   ^^^^^^^ associated function or constant cannot be called on `package::Directorate<Directory>` due to unsatisfied trait bounds
[INFO] [stdout]     |
[INFO] [stdout] note: trait bound `Directory: EmbeddableDirectory` was not satisfied
[INFO] [stdout]    --> src/package.rs:40:9
[INFO] [stdout]     |
[INFO] [stdout]  40 | impl<T: EmbeddableDirectory + Default> Default for Directorate<T> {
[INFO] [stdout]     |         ^^^^^^^^^^^^^^^^^^^            -------     --------------
[INFO] [stdout]     |         |
[INFO] [stdout]     |         unsatisfied trait bound introduced here
[INFO] [stdout] note: the trait `EmbeddableDirectory` must be implemented
[INFO] [stdout]    --> /opt/rustwide/cargo-home/registry/src/index.crates.io-1949cf8c6b5b557f/foundation_nostd-0.0.5/src/embeddable.rs:245:1
[INFO] [stdout]     |
[INFO] [stdout] 245 | pub trait EmbeddableDirectory: DirectoryData {
[INFO] [stdout]     | ^^^^^^^^^^^^^^^^^^^^^^^^^^^^^^^^^^^^^^^^^^^^
[INFO] [stdout]     = help: items from traits can only be used if the trait is implemented and in scope
[INFO] [stdout]     = note: the following trait defines an item `default`, perhaps you need to implement it:
[INFO] [stdout]             candidate #1: `Default`
[INFO] [stdout] 
[INFO] [stdout] 
[INFO] [stdout] error[E0277]: the trait bound `TemplateDefinitions: EmbeddableDirectory` is not satisfied
[INFO] [stdout]    --> src/package.rs:845:36
[INFO] [stdout]     |
[INFO] [stdout] 845 |         let template_directories = Directorate::<TemplateDefinitions>::default();
[INFO] [stdout]     |                                    ^^^^^^^^^^^^^^^^^^^^^^^^^^^^^^^^^^ unsatisfied trait bound
[INFO] [stdout]     |
[INFO] [stdout] help: the trait `EmbeddableDirectory` is not implemented for `TemplateDefinitions`
[INFO] [stdout]    --> src/package.rs:819:5
[INFO] [stdout]     |
[INFO] [stdout] 819 |     struct TemplateDefinitions;
[INFO] [stdout]     |     ^^^^^^^^^^^^^^^^^^^^^^^^^^
[INFO] [stdout] note: required by a bound in `package::Directorate`
[INFO] [stdout]    --> src/package.rs:36:27
[INFO] [stdout]     |
[INFO] [stdout]  36 | pub struct Directorate<T: EmbeddableDirectory + Default> {
[INFO] [stdout]     |                           ^^^^^^^^^^^^^^^^^^^ required by this bound in `Directorate`
[INFO] [stdout] 
[INFO] [stdout] 
[INFO] [stdout] error[E0599]: the associated function or constant `default` exists for struct `package::Directorate<TemplateDefinitions>`, but its trait bounds were not satisfied
[INFO] [stdout]    --> src/package.rs:845:72
[INFO] [stdout]     |
[INFO] [stdout]  36 | pub struct Directorate<T: EmbeddableDirectory + Default> {
[INFO] [stdout]     | -------------------------------------------------------- associated function or constant `default` not found for this struct because it doesn't satisfy `package::Directorate<TemplateDefinitions>: Default`
[INFO] [stdout] ...
[INFO] [stdout] 819 |     struct TemplateDefinitions;
[INFO] [stdout]     |     -------------------------- doesn't satisfy `TemplateDefinitions: EmbeddableDirectory`
[INFO] [stdout] ...
[INFO] [stdout] 845 |         let template_directories = Directorate::<TemplateDefinitions>::default();
[INFO] [stdout]     |                                                                        ^^^^^^^ associated function or constant cannot be called on `package::Directorate<TemplateDefinitions>` due to unsatisfied trait bounds
[INFO] [stdout]     |
[INFO] [stdout] note: trait bound `TemplateDefinitions: EmbeddableDirectory` was not satisfied
[INFO] [stdout]    --> src/package.rs:40:9
[INFO] [stdout]     |
[INFO] [stdout]  40 | impl<T: EmbeddableDirectory + Default> Default for Directorate<T> {
[INFO] [stdout]     |         ^^^^^^^^^^^^^^^^^^^            -------     --------------
[INFO] [stdout]     |         |
[INFO] [stdout]     |         unsatisfied trait bound introduced here
[INFO] [stdout] note: the trait `EmbeddableDirectory` must be implemented
[INFO] [stdout]    --> /opt/rustwide/cargo-home/registry/src/index.crates.io-1949cf8c6b5b557f/foundation_nostd-0.0.5/src/embeddable.rs:245:1
[INFO] [stdout]     |
[INFO] [stdout] 245 | pub trait EmbeddableDirectory: DirectoryData {
[INFO] [stdout]     | ^^^^^^^^^^^^^^^^^^^^^^^^^^^^^^^^^^^^^^^^^^^^
[INFO] [stdout]     = help: items from traits can only be used if the trait is implemented and in scope
[INFO] [stdout]     = note: the following trait defines an item `default`, perhaps you need to implement it:
[INFO] [stdout]             candidate #1: `Default`
[INFO] [stdout] 
[INFO] [stdout] 
[INFO] [stdout] error[E0277]: the trait bound `TemplateDefinitions: EmbeddableDirectory` is not satisfied
[INFO] [stdout]    --> src/package.rs:901:36
[INFO] [stdout]     |
[INFO] [stdout] 901 |         let template_directories = Directorate::<TemplateDefinitions>::default();
[INFO] [stdout]     |                                    ^^^^^^^^^^^^^^^^^^^^^^^^^^^^^^^^^^ unsatisfied trait bound
[INFO] [stdout]     |
[INFO] [stdout] help: the trait `EmbeddableDirectory` is not implemented for `TemplateDefinitions`
[INFO] [stdout]    --> src/package.rs:819:5
[INFO] [stdout]     |
[INFO] [stdout] 819 |     struct TemplateDefinitions;
[INFO] [stdout]     |     ^^^^^^^^^^^^^^^^^^^^^^^^^^
[INFO] [stdout] note: required by a bound in `package::Directorate`
[INFO] [stdout]    --> src/package.rs:36:27
[INFO] [stdout]     |
[INFO] [stdout]  36 | pub struct Directorate<T: EmbeddableDirectory + Default> {
[INFO] [stdout]     |                           ^^^^^^^^^^^^^^^^^^^ required by this bound in `Directorate`
[INFO] [stdout] 
[INFO] [stdout] 
[INFO] [stdout] error[E0599]: the associated function or constant `default` exists for struct `package::Directorate<TemplateDefinitions>`, but its trait bounds were not satisfied
[INFO] [stdout]    --> src/package.rs:901:72
[INFO] [stdout]     |
[INFO] [stdout]  36 | pub struct Directorate<T: EmbeddableDirectory + Default> {
[INFO] [stdout]     | -------------------------------------------------------- associated function or constant `default` not found for this struct because it doesn't satisfy `package::Directorate<TemplateDefinitions>: Default`
[INFO] [stdout] ...
[INFO] [stdout] 819 |     struct TemplateDefinitions;
[INFO] [stdout]     |     -------------------------- doesn't satisfy `TemplateDefinitions: EmbeddableDirectory`
[INFO] [stdout] ...
[INFO] [stdout] 901 |         let template_directories = Directorate::<TemplateDefinitions>::default();
[INFO] [stdout]     |                                                                        ^^^^^^^ associated function or constant cannot be called on `package::Directorate<TemplateDefinitions>` due to unsatisfied trait bounds
[INFO] [stdout]     |
[INFO] [stdout] note: trait bound `TemplateDefinitions: EmbeddableDirectory` was not satisfied
[INFO] [stdout]    --> src/package.rs:40:9
[INFO] [stdout]     |
[INFO] [stdout]  40 | impl<T: EmbeddableDirectory + Default> Default for Directorate<T> {
[INFO] [stdout]     |         ^^^^^^^^^^^^^^^^^^^            -------     --------------
[INFO] [stdout]     |         |
[INFO] [stdout]     |         unsatisfied trait bound introduced here
[INFO] [stdout] note: the trait `EmbeddableDirectory` must be implemented
[INFO] [stdout]    --> /opt/rustwide/cargo-home/registry/src/index.crates.io-1949cf8c6b5b557f/foundation_nostd-0.0.5/src/embeddable.rs:245:1
[INFO] [stdout]     |
[INFO] [stdout] 245 | pub trait EmbeddableDirectory: DirectoryData {
[INFO] [stdout]     | ^^^^^^^^^^^^^^^^^^^^^^^^^^^^^^^^^^^^^^^^^^^^
[INFO] [stdout]     = help: items from traits can only be used if the trait is implemented and in scope
[INFO] [stdout]     = note: the following trait defines an item `default`, perhaps you need to implement it:
[INFO] [stdout]             candidate #1: `Default`
[INFO] [stdout] 
[INFO] [stdout] 
[INFO] [stdout] error[E0277]: the trait bound `TemplateDefinitions: EmbeddableDirectory` is not satisfied
[INFO] [stdout]    --> src/package.rs:957:36
[INFO] [stdout]     |
[INFO] [stdout] 957 |         let template_directories = Directorate::<TemplateDefinitions>::default();
[INFO] [stdout]     |                                    ^^^^^^^^^^^^^^^^^^^^^^^^^^^^^^^^^^ unsatisfied trait bound
[INFO] [stdout]     |
[INFO] [stdout] help: the trait `EmbeddableDirectory` is not implemented for `TemplateDefinitions`
[INFO] [stdout]    --> src/package.rs:819:5
[INFO] [stdout]     |
[INFO] [stdout] 819 |     struct TemplateDefinitions;
[INFO] [stdout]     |     ^^^^^^^^^^^^^^^^^^^^^^^^^^
[INFO] [stdout] note: required by a bound in `package::Directorate`
[INFO] [stdout]    --> src/package.rs:36:27
[INFO] [stdout]     |
[INFO] [stdout]  36 | pub struct Directorate<T: EmbeddableDirectory + Default> {
[INFO] [stdout]     |                           ^^^^^^^^^^^^^^^^^^^ required by this bound in `Directorate`
[INFO] [stdout] 
[INFO] [stdout] 
[INFO] [stdout] error[E0599]: the associated function or constant `default` exists for struct `package::Directorate<TemplateDefinitions>`, but its trait bounds were not satisfied
[INFO] [stdout]    --> src/package.rs:957:72
[INFO] [stdout]     |
[INFO] [stdout]  36 | pub struct Directorate<T: EmbeddableDirectory + Default> {
[INFO] [stdout]     | -------------------------------------------------------- associated function or constant `default` not found for this struct because it doesn't satisfy `package::Directorate<TemplateDefinitions>: Default`
[INFO] [stdout] ...
[INFO] [stdout] 819 |     struct TemplateDefinitions;
[INFO] [stdout]     |     -------------------------- doesn't satisfy `TemplateDefinitions: EmbeddableDirectory`
[INFO] [stdout] ...
[INFO] [stdout] 957 |         let template_directories = Directorate::<TemplateDefinitions>::default();
[INFO] [stdout]     |                                                                        ^^^^^^^ associated function or constant cannot be called on `package::Directorate<TemplateDefinitions>` due to unsatisfied trait bounds
[INFO] [stdout]     |
[INFO] [stdout] note: trait bound `TemplateDefinitions: EmbeddableDirectory` was not satisfied
[INFO] [stdout]    --> src/package.rs:40:9
[INFO] [stdout]     |
[INFO] [stdout]  40 | impl<T: EmbeddableDirectory + Default> Default for Directorate<T> {
[INFO] [stdout]     |         ^^^^^^^^^^^^^^^^^^^            -------     --------------
[INFO] [stdout]     |         |
[INFO] [stdout]     |         unsatisfied trait bound introduced here
[INFO] [stdout] note: the trait `EmbeddableDirectory` must be implemented
[INFO] [stdout]    --> /opt/rustwide/cargo-home/registry/src/index.crates.io-1949cf8c6b5b557f/foundation_nostd-0.0.5/src/embeddable.rs:245:1
[INFO] [stdout]     |
[INFO] [stdout] 245 | pub trait EmbeddableDirectory: DirectoryData {
[INFO] [stdout]     | ^^^^^^^^^^^^^^^^^^^^^^^^^^^^^^^^^^^^^^^^^^^^
[INFO] [stdout]     = help: items from traits can only be used if the trait is implemented and in scope
[INFO] [stdout]     = note: the following trait defines an item `default`, perhaps you need to implement it:
[INFO] [stdout]             candidate #1: `Default`
[INFO] [stdout] 
[INFO] [stdout] 
[INFO] [stdout] Some errors have detailed explanations: E0277, E0599.
[INFO] [stdout] 
[INFO] [stdout] For more information about an error, try `rustc --explain E0277`.
[INFO] [stdout] 
[INFO] [stderr] error: could not compile `foundation_packager` (lib test) due to 16 previous errors; 1 warning emitted
[INFO] [stderr] warning: unused dependency `foundation_conditional`
[INFO] [stderr]  --> Cargo.toml:8:15
[INFO] [stderr]   |
[INFO] [stderr] 8 | [dependencies.foundation_conditional]
[INFO] [stderr]   |               ^^^^^^^^^^^^^^^^^^^^^^^
[INFO] [stderr]   |
[INFO] [stderr]   = note: `cargo::unused_dependencies` is set to `warn` by default
[INFO] [stderr] help: consider removing the dependency on `foundation_conditional`
[INFO] [stderr] warning: unused dependency `rand`
[INFO] [stderr]   --> Cargo.toml:27:15
[INFO] [stderr]    |
[INFO] [stderr] 27 | [dependencies.rand]
[INFO] [stderr]    |               ^^^^^
[INFO] [stderr]    |
[INFO] [stderr] help: consider removing the dependency on `rand`
[INFO] [stderr] help: to still use for development builds, move to `dev-dependencies`
[INFO] [stderr] warning: unused dependency `serde_with`
[INFO] [stderr]   --> Cargo.toml:37:15
[INFO] [stderr]    |
[INFO] [stderr] 37 | [dependencies.serde_with]
[INFO] [stderr]    |               ^^^^^^^^^^^
[INFO] [stderr]    |
[INFO] [stderr] help: consider removing the dependency on `serde_with`
[INFO] [stderr] warning: `foundation_packager` (manifest) generated 3 warnings
[INFO] running `Command { std: "docker" "inspect" "7cd0434a958a0ce9d65d0ff8b58d20a01595ce02720e41117b76e291149c79ef", kill_on_drop: false }`
[INFO] running `Command { std: "docker" "rm" "-f" "7cd0434a958a0ce9d65d0ff8b58d20a01595ce02720e41117b76e291149c79ef", kill_on_drop: false }`
[INFO] [stdout] 7cd0434a958a0ce9d65d0ff8b58d20a01595ce02720e41117b76e291149c79ef
