[INFO] fetching crate forky_bevy 0.2.1-rc.1...
[INFO] testing forky_bevy-0.2.1-rc.1 against 1.99.0-beta.8+cargoflags=--release for beta-release-1.100-2
[INFO] extracting crate forky_bevy 0.2.1-rc.1 into /workspace/builds/worker-7-tc1/source
[INFO] started tweaking crates.io crate forky_bevy 0.2.1-rc.1
[INFO] finished tweaking crates.io crate forky_bevy 0.2.1-rc.1
[INFO] tweaked toml for crates.io crate forky_bevy 0.2.1-rc.1 written to /workspace/builds/worker-7-tc1/source/Cargo.toml
[INFO] validating manifest of crates.io crate forky_bevy 0.2.1-rc.1 on toolchain 1.99.0-beta.8
[INFO] running `Command { std: CARGO_HOME="/workspace/cargo-home" RUSTUP_HOME="/workspace/rustup-home" "/workspace/cargo-home/bin/cargo" "+1.99.0-beta.8" "metadata" "--manifest-path" "Cargo.toml" "--no-deps", kill_on_drop: false }`
[INFO] crate crates.io crate forky_bevy 0.2.1-rc.1 already has a lockfile, it will not be regenerated
[INFO] running `Command { std: CARGO_HOME="/workspace/cargo-home" RUSTUP_HOME="/workspace/rustup-home" "/workspace/cargo-home/bin/cargo" "+1.99.0-beta.8" "fetch" "--manifest-path" "Cargo.toml", kill_on_drop: false }`
[INFO] [stderr]     Updating crates.io index
[INFO] [stderr]  Downloading crates ...
[INFO] [stderr]   Downloaded wasm-bindgen-futures v0.4.49
[INFO] [stderr]   Downloaded bevy_internal v0.15.1
[INFO] [stderr]   Downloaded forky_core v0.2.1-rc.1
[INFO] [stderr]   Downloaded forky_web v0.2.1-rc.1
[INFO] [stderr]   Downloaded typeid v1.0.2
[INFO] [stderr]   Downloaded bevy_macro_utils v0.15.1
[INFO] [stderr]   Downloaded bevy_ptr v0.15.1
[INFO] [stderr]   Downloaded ctrlc v3.4.5
[INFO] [stderr]   Downloaded bevy_derive v0.15.1
[INFO] [stderr]   Downloaded bevy_log v0.15.1
[INFO] [stderr]   Downloaded bevy_utils v0.15.1
[INFO] [stderr]   Downloaded bevy_core v0.15.1
[INFO] [stderr]   Downloaded bevy_diagnostic v0.15.1
[INFO] [stderr]   Downloaded bevy_utils_proc_macros v0.15.1
[INFO] [stderr]   Downloaded bevy_ecs_macros v0.15.1
[INFO] [stderr]   Downloaded tracing-oslog v0.2.0
[INFO] [stderr]   Downloaded bevy_transform v0.15.1
[INFO] [stderr]   Downloaded android_log-sys v0.3.1
[INFO] [stderr]   Downloaded bevy_hierarchy v0.15.1
[INFO] [stderr]   Downloaded bevy_tasks v0.15.1
[INFO] [stderr]   Downloaded libloading v0.8.6
[INFO] [stderr]   Downloaded erased-serde v0.4.5
[INFO] [stderr]   Downloaded bevy_app v0.15.1
[INFO] [stderr]   Downloaded bevy_time v0.15.1
[INFO] [stderr]   Downloaded bitflags v2.7.0
[INFO] [stderr]   Downloaded bevy_reflect_derive v0.15.1
[INFO] [stderr]   Downloaded uuid v1.11.1
[INFO] [stderr]   Downloaded prettyplease v0.2.27
[INFO] [stderr]   Downloaded bevy_input v0.15.1
[INFO] [stderr]   Downloaded crossbeam-channel v0.5.14
[INFO] [stderr]   Downloaded cc v1.2.8
[INFO] [stderr]   Downloaded bevy_math v0.15.1
[INFO] [stderr]   Downloaded winnow v0.6.24
[INFO] [stderr]   Downloaded bevy_reflect v0.15.1
[INFO] [stderr]   Downloaded bindgen v0.70.1
[INFO] [stderr]   Downloaded bevy v0.15.1
[INFO] [stderr]   Downloaded bevy_ecs v0.15.1
[INFO] [stderr]   Downloaded glam v0.29.2
[INFO] running `Command { std: "docker" "create" "-v" "/var/lib/crater-agent-workspace/builds/worker-7-tc1/source:/opt/rustwide/workdir:ro,Z" "-v" "/var/lib/crater-agent-workspace/builds/worker-7-tc1/target:/opt/rustwide/target:rw,Z" "-v" "/var/lib/crater-agent-workspace/cargo-home:/opt/rustwide/cargo-home:ro,Z" "-v" "/var/lib/crater-agent-workspace/rustup-home:/opt/rustwide/rustup-home:ro,Z" "-m" "1610612736" "--network" "none" "ghcr.io/rust-lang/crates-build-env/linux@sha256:77db811e55d90add9212f6832c23229e3de5f1c1f9905e8cb07319ea15df73ac" "sleep" "infinity", kill_on_drop: false }`
[INFO] [stdout] 64ff175fc00ca6eed74703275e89a139f092c4d4bb2f462ac79c100c04bc8dc5
[INFO] running `Command { std: "docker" "start" "64ff175fc00ca6eed74703275e89a139f092c4d4bb2f462ac79c100c04bc8dc5", kill_on_drop: false }`
[INFO] running `Command { std: "docker" "inspect" "64ff175fc00ca6eed74703275e89a139f092c4d4bb2f462ac79c100c04bc8dc5", kill_on_drop: false }`
[INFO] running `Command { std: "docker" "exec" "-e" "SOURCE_DIR=/opt/rustwide/workdir" "-e" "CARGO_HOME=/opt/rustwide/cargo-home" "-e" "RUSTUP_HOME=/opt/rustwide/rustup-home" "-e" "CARGO_TARGET_DIR=/opt/rustwide/target" "-w" "/opt/rustwide/workdir" "--user" "0:0" "64ff175fc00ca6eed74703275e89a139f092c4d4bb2f462ac79c100c04bc8dc5" "/opt/rustwide/cargo-home/bin/cargo" "+1.99.0-beta.8" "metadata" "--no-deps" "--format-version=1", kill_on_drop: false }`
[INFO] running `Command { std: "docker" "inspect" "64ff175fc00ca6eed74703275e89a139f092c4d4bb2f462ac79c100c04bc8dc5", kill_on_drop: false }`
[INFO] running `Command { std: "docker" "exec" "-e" "SOURCE_DIR=/opt/rustwide/workdir" "-e" "CARGO_HOME=/opt/rustwide/cargo-home" "-e" "RUSTUP_HOME=/opt/rustwide/rustup-home" "-e" "CARGO_TARGET_DIR=/opt/rustwide/target" "-e" "CARGO_INCREMENTAL=0" "-e" "RUST_BACKTRACE=full" "-e" "RUSTFLAGS=--cap-lints=warn" "-e" "RUSTDOCFLAGS=--cap-lints=warn" "-w" "/opt/rustwide/workdir" "--user" "0:0" "64ff175fc00ca6eed74703275e89a139f092c4d4bb2f462ac79c100c04bc8dc5" "/opt/rustwide/cargo-home/bin/cargo" "+1.99.0-beta.8" "build" "--frozen" "--message-format=json" "--release", kill_on_drop: false }`
[INFO] [stderr]    Compiling proc-macro2 v1.0.93
[INFO] [stderr]    Compiling libc v0.2.169
[INFO] [stderr]    Compiling byteorder v1.5.0
[INFO] [stderr]    Compiling crunchy v0.2.2
[INFO] [stderr]    Compiling serde v1.0.217
[INFO] [stderr]    Compiling hashbrown v0.15.2
[INFO] [stderr]    Compiling equivalent v1.0.1
[INFO] [stderr]    Compiling winnow v0.6.24
[INFO] [stderr]    Compiling toml_datetime v0.6.8
[INFO] [stderr]    Compiling once_cell v1.20.2
[INFO] [stderr]    Compiling tiny-keccak v2.0.2
[INFO] [stderr]    Compiling ahash v0.8.11
[INFO] [stderr]    Compiling tracing-core v0.1.33
[INFO] [stderr]    Compiling typeid v1.0.2
[INFO] [stderr]    Compiling thread_local v1.1.8
[INFO] [stderr]    Compiling futures-io v0.3.31
[INFO] [stderr]    Compiling quote v1.0.38
[INFO] [stderr]    Compiling indexmap v2.7.0
[INFO] [stderr]    Compiling bytemuck v1.21.0
[INFO] [stderr]    Compiling fastrand v2.3.0
[INFO] [stderr]    Compiling syn v2.0.96
[INFO] [stderr]    Compiling tracing v0.1.41
[INFO] [stderr]    Compiling getrandom v0.2.15
[INFO] [stderr]    Compiling smallvec v1.13.2
[INFO] [stderr]    Compiling const-random-macro v0.1.16
[INFO] [stderr]    Compiling uuid v1.11.1
[INFO] [stderr]    Compiling futures-core v0.3.31
[INFO] [stderr]    Compiling const-random v0.1.18
[INFO] [stderr]    Compiling nix v0.29.0
[INFO] [stderr]    Compiling futures-lite v2.6.0
[INFO] [stderr]    Compiling concurrent-queue v2.5.0
[INFO] [stderr]    Compiling disqualified v1.0.0
[INFO] [stderr]    Compiling downcast-rs v1.2.1
[INFO] [stderr]    Compiling bitflags v2.7.0
[INFO] [stderr]    Compiling bevy_ptr v0.15.1
[INFO] [stderr]    Compiling fixedbitset v0.4.2
[INFO] [stderr]    Compiling fixedbitset v0.5.7
[INFO] [stderr]    Compiling nonmax v0.5.5
[INFO] [stderr]    Compiling libm v0.2.11
[INFO] [stderr]    Compiling num-traits v0.2.19
[INFO] [stderr]    Compiling rand_core v0.6.4
[INFO] [stderr]    Compiling toml_edit v0.22.22
[INFO] [stderr]    Compiling async-executor v1.13.1
[INFO] [stderr]    Compiling petgraph v0.6.5
[INFO] [stderr]    Compiling either v1.13.0
[INFO] [stderr]    Compiling bevy_tasks v0.15.1
[INFO] [stderr]    Compiling regex-syntax v0.8.5
[INFO] [stderr]    Compiling regex-syntax v0.6.29
[INFO] [stderr]    Compiling itertools v0.13.0
[INFO] [stderr]    Compiling ctrlc v3.4.5
[INFO] [stderr]    Compiling log v0.4.22
[INFO] [stderr]    Compiling overload v0.1.1
[INFO] [stderr]    Compiling nu-ansi-term v0.46.0
[INFO] [stderr]    Compiling tracing-log v0.2.0
[INFO] [stderr]    Compiling crossbeam-channel v0.5.14
[INFO] [stderr]    Compiling bevy_macro_utils v0.15.1
[INFO] [stderr]    Compiling const-fnv1a-hash v1.1.0
[INFO] [stderr]    Compiling anyhow v1.0.95
[INFO] [stderr]    Compiling regex-automata v0.4.9
[INFO] [stderr]    Compiling regex-automata v0.1.10
[INFO] [stderr]    Compiling zerocopy-derive v0.7.35
[INFO] [stderr]    Compiling serde_derive v1.0.217
[INFO] [stderr]    Compiling bevy_utils_proc_macros v0.15.1
[INFO] [stderr]    Compiling derive_more-impl v1.0.0
[INFO] [stderr]    Compiling zerocopy v0.7.35
[INFO] [stderr]    Compiling ppv-lite86 v0.2.20
[INFO] [stderr]    Compiling rand_chacha v0.3.1
[INFO] [stderr]    Compiling rand v0.8.5
[INFO] [stderr]    Compiling bevy_reflect_derive v0.15.1
[INFO] [stderr]    Compiling assert_type_match v0.1.1
[INFO] [stderr]    Compiling bevy_ecs_macros v0.15.1
[INFO] [stderr]    Compiling bevy_derive v0.15.1
[INFO] [stderr]    Compiling rand_distr v0.4.3
[INFO] [stderr]    Compiling regex v1.11.1
[INFO] [stderr]    Compiling matchers v0.1.0
[INFO] [stderr]    Compiling extend v1.2.0
[INFO] [stderr]    Compiling derive_more v1.0.0
[INFO] [stderr]    Compiling tracing-subscriber v0.3.19
[INFO] [stderr]    Compiling forky_core v0.2.1-rc.1
[INFO] [stderr]    Compiling hashbrown v0.14.5
[INFO] [stderr]    Compiling erased-serde v0.4.5
[INFO] [stderr]    Compiling glam v0.29.2
[INFO] [stderr]    Compiling smol_str v0.2.2
[INFO] [stderr]    Compiling bevy_utils v0.15.1
[INFO] [stderr]    Compiling bevy_reflect v0.15.1
[INFO] [stderr]    Compiling bevy_ecs v0.15.1
[INFO] [stderr]    Compiling bevy_math v0.15.1
[INFO] [stderr]    Compiling bevy_app v0.15.1
[INFO] [stderr]    Compiling bevy_core v0.15.1
[INFO] [stderr]    Compiling bevy_time v0.15.1
[INFO] [stderr]    Compiling bevy_log v0.15.1
[INFO] [stderr]    Compiling bevy_hierarchy v0.15.1
[INFO] [stderr]    Compiling bevy_transform v0.15.1
[INFO] [stderr]    Compiling bevy_diagnostic v0.15.1
[INFO] [stderr]    Compiling bevy_input v0.15.1
[INFO] [stderr]    Compiling bevy_internal v0.15.1
[INFO] [stderr]    Compiling bevy v0.15.1
[INFO] [stderr]    Compiling forky_bevy v0.2.1-rc.1 (/opt/rustwide/workdir)
[INFO] [stderr]     Finished `release` profile [optimized] target(s) in 4m 11s
[INFO] running `Command { std: "docker" "inspect" "64ff175fc00ca6eed74703275e89a139f092c4d4bb2f462ac79c100c04bc8dc5", kill_on_drop: false }`
[INFO] running `Command { std: "docker" "exec" "-e" "SOURCE_DIR=/opt/rustwide/workdir" "-e" "CARGO_HOME=/opt/rustwide/cargo-home" "-e" "RUSTUP_HOME=/opt/rustwide/rustup-home" "-e" "CARGO_TARGET_DIR=/opt/rustwide/target" "-e" "CARGO_INCREMENTAL=0" "-e" "RUST_BACKTRACE=full" "-e" "RUSTFLAGS=--cap-lints=warn" "-e" "RUSTDOCFLAGS=--cap-lints=warn" "-w" "/opt/rustwide/workdir" "--user" "0:0" "64ff175fc00ca6eed74703275e89a139f092c4d4bb2f462ac79c100c04bc8dc5" "/opt/rustwide/cargo-home/bin/cargo" "+1.99.0-beta.8" "test" "--frozen" "--no-run" "--message-format=json" "--release", kill_on_drop: false }`
[INFO] [stderr]    Compiling forky_bevy v0.2.1-rc.1 (/opt/rustwide/workdir)
[INFO] [stdout] error[E0433]: cannot find module or crate `sweet` in this scope
[INFO] [stdout]   --> src/extensions/app.rs:24:6
[INFO] [stdout]    |
[INFO] [stdout] 24 |     use sweet::prelude::*;
[INFO] [stdout]    |         ^^^^^ use of unresolved module or unlinked crate `sweet`
[INFO] [stdout]    |
[INFO] [stdout]    = help: if you wanted to use a crate named `sweet`, use `cargo add sweet` to add it to your `Cargo.toml`
[INFO] [stdout] 
[INFO] [stdout] 
[INFO] [stdout] error[E0433]: cannot find module or crate `sweet` in this scope
[INFO] [stdout]   --> src/extensions/quat.rs:55:6
[INFO] [stdout]    |
[INFO] [stdout] 55 |     use sweet::prelude::*;
[INFO] [stdout]    |         ^^^^^ use of unresolved module or unlinked crate `sweet`
[INFO] [stdout]    |
[INFO] [stdout]    = help: if you wanted to use a crate named `sweet`, use `cargo add sweet` to add it to your `Cargo.toml`
[INFO] [stdout] 
[INFO] [stdout] 
[INFO] [stdout] error[E0433]: cannot find module or crate `sweet` in this scope
[INFO] [stdout]    --> src/extensions/vec3.rs:109:6
[INFO] [stdout]     |
[INFO] [stdout] 109 |     use sweet::prelude::*;
[INFO] [stdout]     |         ^^^^^ use of unresolved module or unlinked crate `sweet`
[INFO] [stdout]     |
[INFO] [stdout]     = help: if you wanted to use a crate named `sweet`, use `cargo add sweet` to add it to your `Cargo.toml`
[INFO] [stdout] 
[INFO] [stdout] 
[INFO] [stdout] error[E0554]: `#![feature]` may not be used on the beta release channel
[INFO] [stdout]  --> src/lib.rs:1:19
[INFO] [stdout]   |
[INFO] [stdout] 1 | #![cfg_attr(test, feature(test, custom_test_frameworks))]
[INFO] [stdout]   |                   ^^^^^^^^^^^^^^^^^^^^^^^^^^^^^^^^^^^^^
[INFO] [stdout] 
[INFO] [stdout] 
[INFO] [stdout] error[E0423]: cannot find function `expect` in this scope
[INFO] [stdout]   --> src/extensions/app.rs:29:4
[INFO] [stdout]    |
[INFO] [stdout] 29 |             expect(app.world().contains_non_send::<AppRes>()).to_be_true();
[INFO] [stdout]    |             ^^^^^^ not found in this scope
[INFO] [stdout]    |
[INFO] [stdout]    = note: a built-in attribute named `expect` exists in another namespace
[INFO] [stdout] 
[INFO] [stdout] 
[INFO] [stdout] error[E0423]: cannot find function `expect` in this scope
[INFO] [stdout]   --> src/extensions/quat.rs:60:3
[INFO] [stdout]    |
[INFO] [stdout] 60 |         expect(v.forward().x).to_be_close_to(1.);
[INFO] [stdout]    |         ^^^^^^ not found in this scope
[INFO] [stdout]    |
[INFO] [stdout]    = note: a built-in attribute named `expect` exists in another namespace
[INFO] [stdout] 
[INFO] [stdout] 
[INFO] [stdout] error[E0423]: cannot find function `expect` in this scope
[INFO] [stdout]   --> src/extensions/quat.rs:62:3
[INFO] [stdout]    |
[INFO] [stdout] 62 |         expect(v.forward().x).to_be_close_to(-1.);
[INFO] [stdout]    |         ^^^^^^ not found in this scope
[INFO] [stdout]    |
[INFO] [stdout]    = note: a built-in attribute named `expect` exists in another namespace
[INFO] [stdout] 
[INFO] [stdout] 
[INFO] [stdout] error[E0423]: cannot find function `expect` in this scope
[INFO] [stdout]   --> src/extensions/quat.rs:64:3
[INFO] [stdout]    |
[INFO] [stdout] 64 |         expect(v.forward().y).to_be_close_to(1.);
[INFO] [stdout]    |         ^^^^^^ not found in this scope
[INFO] [stdout]    |
[INFO] [stdout]    = note: a built-in attribute named `expect` exists in another namespace
[INFO] [stdout] 
[INFO] [stdout] 
[INFO] [stdout] error[E0423]: cannot find function `expect` in this scope
[INFO] [stdout]   --> src/extensions/quat.rs:66:3
[INFO] [stdout]    |
[INFO] [stdout] 66 |         expect(v.forward().y).to_be_close_to(-1.);
[INFO] [stdout]    |         ^^^^^^ not found in this scope
[INFO] [stdout]    |
[INFO] [stdout]    = note: a built-in attribute named `expect` exists in another namespace
[INFO] [stdout] 
[INFO] [stdout] 
[INFO] [stdout] error[E0423]: cannot find function `expect` in this scope
[INFO] [stdout]   --> src/extensions/quat.rs:68:3
[INFO] [stdout]    |
[INFO] [stdout] 68 |         expect(v.forward().z).to_be_close_to(1.);
[INFO] [stdout]    |         ^^^^^^ not found in this scope
[INFO] [stdout]    |
[INFO] [stdout]    = note: a built-in attribute named `expect` exists in another namespace
[INFO] [stdout] 
[INFO] [stdout] 
[INFO] [stdout] error[E0423]: cannot find function `expect` in this scope
[INFO] [stdout]   --> src/extensions/quat.rs:70:3
[INFO] [stdout]    |
[INFO] [stdout] 70 |         expect(v.forward().z).to_be_close_to(-1.);
[INFO] [stdout]    |         ^^^^^^ not found in this scope
[INFO] [stdout]    |
[INFO] [stdout]    = note: a built-in attribute named `expect` exists in another namespace
[INFO] [stdout] 
[INFO] [stdout] 
[INFO] [stdout] error[E0423]: cannot find function `expect` in this scope
[INFO] [stdout]    --> src/extensions/vec3.rs:115:4
[INFO] [stdout]     |
[INFO] [stdout] 115 |             expect(val.length()).to_be_less_than(2.);
[INFO] [stdout]     |             ^^^^^^ not found in this scope
[INFO] [stdout]     |
[INFO] [stdout]     = note: a built-in attribute named `expect` exists in another namespace
[INFO] [stdout] 
[INFO] [stdout] 
[INFO] [stdout] error[E0423]: cannot find function `expect` in this scope
[INFO] [stdout]    --> src/extensions/vec3.rs:120:4
[INFO] [stdout]     |
[INFO] [stdout] 120 |             expect(val.length()).to_be_close_to(1.);
[INFO] [stdout]     |             ^^^^^^ not found in this scope
[INFO] [stdout]     |
[INFO] [stdout]     = note: a built-in attribute named `expect` exists in another namespace
[INFO] [stdout] 
[INFO] [stdout] 
[INFO] [stdout] error[E0423]: cannot find function `expect` in this scope
[INFO] [stdout]    --> src/extensions/vec3.rs:125:4
[INFO] [stdout]     |
[INFO] [stdout] 125 |             expect(val.length()).to_be_less_than(1.);
[INFO] [stdout]     |             ^^^^^^ not found in this scope
[INFO] [stdout]     |
[INFO] [stdout]     = note: a built-in attribute named `expect` exists in another namespace
[INFO] [stdout] 
[INFO] [stdout] 
[INFO] [stderr] error: could not compile `forky_bevy` (lib test) due to 15 previous errors
[INFO] [stdout] error[E0433]: cannot find module or crate `sweet` in this scope
[INFO] [stdout]  --> src/lib.rs:2:31
[INFO] [stdout]   |
[INFO] [stdout] 2 | #![cfg_attr(test, test_runner(sweet::test_runner))]
[INFO] [stdout]   |                               ^^^^^ use of unresolved module or unlinked crate `sweet`
[INFO] [stdout]   |
[INFO] [stdout]   = help: if you wanted to use a crate named `sweet`, use `cargo add sweet` to add it to your `Cargo.toml`
[INFO] [stdout] 
[INFO] [stdout] 
[INFO] [stdout] Some errors have detailed explanations: E0423, E0433, E0554.
[INFO] [stdout] 
[INFO] [stdout] For more information about an error, try `rustc --explain E0423`.
[INFO] [stdout] 
[INFO] running `Command { std: "docker" "inspect" "64ff175fc00ca6eed74703275e89a139f092c4d4bb2f462ac79c100c04bc8dc5", kill_on_drop: false }`
[INFO] running `Command { std: "docker" "rm" "-f" "64ff175fc00ca6eed74703275e89a139f092c4d4bb2f462ac79c100c04bc8dc5", kill_on_drop: false }`
[INFO] [stdout] 64ff175fc00ca6eed74703275e89a139f092c4d4bb2f462ac79c100c04bc8dc5
